| Back to Multiple platform build/check report for BioC 3.21: simplified long |
|
This page was generated on 2025-10-16 11:39 -0400 (Thu, 16 Oct 2025).
| Hostname | OS | Arch (*) | R version | Installed pkgs |
|---|---|---|---|---|
| nebbiolo1 | Linux (Ubuntu 24.04.3 LTS) | x86_64 | 4.5.1 (2025-06-13) -- "Great Square Root" | 4833 |
| merida1 | macOS 12.7.6 Monterey | x86_64 | 4.5.1 RC (2025-06-05 r88288) -- "Great Square Root" | 4614 |
| kjohnson1 | macOS 13.7.5 Ventura | arm64 | 4.5.1 Patched (2025-06-14 r88325) -- "Great Square Root" | 4555 |
| kunpeng2 | Linux (openEuler 24.03 LTS) | aarch64 | R Under development (unstable) (2025-02-19 r87757) -- "Unsuffered Consequences" | 4586 |
| Click on any hostname to see more info about the system (e.g. compilers) (*) as reported by 'uname -p', except on Windows and Mac OS X | ||||
| Package 1530/2341 | Hostname | OS / Arch | INSTALL | BUILD | CHECK | BUILD BIN | ||||||||
Kim Philipp Jablonski
| nebbiolo1 | Linux (Ubuntu 24.04.3 LTS) / x86_64 | OK | ERROR | skipped | |||||||||
| merida1 | macOS 12.7.6 Monterey / x86_64 | OK | ERROR | skipped | skipped | |||||||||
| kjohnson1 | macOS 13.7.5 Ventura / arm64 | OK | ERROR | skipped | skipped | |||||||||
| kunpeng2 | Linux (openEuler 24.03 LTS) / aarch64 | OK | ERROR | skipped | ||||||||||
|
To the developers/maintainers of the pareg package: - Allow up to 24 hours (and sometimes 48 hours) for your latest push to git@git.bioconductor.org:packages/pareg.git to reflect on this report. See Troubleshooting Build Report for more information. - Use the following Renviron settings to reproduce errors and warnings. - If 'R CMD check' started to fail recently on the Linux builder(s) over a missing dependency, add the missing dependency to 'Suggests:' in your DESCRIPTION file. See Renviron.bioc for more information. |
| Package: pareg |
| Version: 1.12.0 |
| Command: /Library/Frameworks/R.framework/Resources/bin/R CMD build --keep-empty-dirs --no-resave-data pareg |
| StartedAt: 2025-10-13 21:24:02 -0400 (Mon, 13 Oct 2025) |
| EndedAt: 2025-10-13 21:28:34 -0400 (Mon, 13 Oct 2025) |
| EllapsedTime: 272.0 seconds |
| RetCode: 1 |
| Status: ERROR |
| PackageFile: None |
| PackageFileSize: NA |
##############################################################################
##############################################################################
###
### Running command:
###
### /Library/Frameworks/R.framework/Resources/bin/R CMD build --keep-empty-dirs --no-resave-data pareg
###
##############################################################################
##############################################################################
* checking for file ‘pareg/DESCRIPTION’ ... OK
* preparing ‘pareg’:
* checking DESCRIPTION meta-information ... OK
* installing the package to build vignettes
* creating vignettes ... ERROR
--- re-building ‘pareg.Rmd’ using rmarkdown
2025-10-13 21:25:54.239 R[9836:2936407] XType: com.apple.fonts is not accessible.
2025-10-13 21:25:54.239 R[9836:2936407] XType: XTFontStaticRegistry is enabled.
Channels:
- anaconda
Platform: osx-64
Collecting package metadata (repodata.json): ...working... done
Solving environment: ...working... done
## Package Plan ##
environment location: /Users/biocbuild/Library/Caches/org.R-project.R/R/basilisk/1.20.0/pareg/1.12.0/pareg
added / updated specs:
- python=3.12.8
The following NEW packages will be INSTALLED:
bzip2 anaconda/osx-64::bzip2-1.0.8-h6c40b1e_6
ca-certificates anaconda/osx-64::ca-certificates-2025.7.15-hecd8cb5_0
expat anaconda/osx-64::expat-2.7.1-h6d0c2b6_0
libcxx anaconda/osx-64::libcxx-19.1.7-haebbb44_3
libffi anaconda/osx-64::libffi-3.4.4-hecd8cb5_1
ncurses anaconda/osx-64::ncurses-6.5-h923df54_0
openssl anaconda/osx-64::openssl-3.0.17-hee2dfae_0
pip anaconda/noarch::pip-25.2-pyhc872135_0
python anaconda/osx-64::python-3.12.8-hcd54a6c_0
readline anaconda/osx-64::readline-8.3-h49f2429_0
setuptools anaconda/osx-64::setuptools-78.1.1-py312hecd8cb5_0
sqlite anaconda/osx-64::sqlite-3.50.2-hc8b0dd6_1
tk anaconda/osx-64::tk-8.6.15-h3a5a201_0
tzdata anaconda/noarch::tzdata-2025b-h04d1e81_0
wheel anaconda/osx-64::wheel-0.45.1-py312hecd8cb5_0
xz anaconda/osx-64::xz-5.6.4-h46256e1_1
zlib anaconda/osx-64::zlib-1.2.13-h4b97444_1
Preparing transaction: ...working... done
Verifying transaction: ...working... done
Executing transaction: ...working... done
Channels:
- anaconda
Platform: osx-64
Collecting package metadata (repodata.json): ...working... done
Solving environment: ...working... done
# All requested packages already installed.
Channels:
- anaconda
Platform: osx-64
Collecting package metadata (repodata.json): ...working... done
Solving environment: ...working... failed
LibMambaUnsatisfiableError: Encountered problems while solving:
- nothing provides openssl >=1.1.1,<1.1.2.0a0 needed by python-3.7.1-haf84260_3
Could not solve for environment specs
The following packages are incompatible
├─ python 3.12.8** is requested and can be installed;
└─ tensorflow 2.10.0** is not installable because there are no viable options
├─ tensorflow 2.10.0 would require
│ └─ tensorflow-base 2.10.0 eigen_py37h61e1807_0, which requires
│ └─ python >=3.7,<3.8.0a0 but there are no viable options
│ ├─ python [3.7.0|3.7.1|...|3.7.9] conflicts with any installable versions previously reported;
│ └─ python 3.7.1 would require
│ └─ openssl >=1.1.1,<1.1.2.0a0 , which does not exist (perhaps a missing channel);
├─ tensorflow 2.10.0 would require
│ └─ tensorflow-base 2.10.0 eigen_py310h61e1807_0, which requires
│ └─ python >=3.10,<3.11.0a0 , which conflicts with any installable versions previously reported;
├─ tensorflow 2.10.0 would require
│ └─ tensorflow-base 2.10.0 eigen_py38h61e1807_0, which requires
│ └─ python >=3.8,<3.9.0a0 , which conflicts with any installable versions previously reported;
└─ tensorflow 2.10.0 would require
└─ tensorflow-base 2.10.0 eigen_py39h61e1807_0, which requires
└─ python >=3.9,<3.10.0a0 , which conflicts with any installable versions previously reported.
Quitting from pareg.Rmd:144-150 [unnamed-chunk-9]
~~~~~~~~~~~~~~~~~~~~~~~~~~~~~~~~~~~~~~~~~~~~~~~~~~~~~~~~~~~~~~~~~~~~~~~~~~~~~~~~
<error/rlang_error>
Error:
! one or more Python packages failed to install [error code 1]
---
Backtrace:
▆
1. └─pareg::pareg(...)
2. └─basilisk::basiliskStart(...)
3. └─basilisk::obtainEnvironmentPath(env)
4. └─basilisk::setupBasiliskEnv(...)
5. └─reticulate::conda_install(...)
6. └─reticulate:::stopf(fmt, result)
~~~~~~~~~~~~~~~~~~~~~~~~~~~~~~~~~~~~~~~~~~~~~~~~~~~~~~~~~~~~~~~~~~~~~~~~~~~~~~~~
Error: processing vignette 'pareg.Rmd' failed with diagnostics:
one or more Python packages failed to install [error code 1]
--- failed re-building ‘pareg.Rmd’
--- re-building ‘pathway_similarities.Rmd’ using rmarkdown
--- finished re-building ‘pathway_similarities.Rmd’
SUMMARY: processing the following file failed:
‘pareg.Rmd’
Error: Vignette re-building failed.
Execution halted