| Back to Multiple platform build/check report for BioC 3.22: simplified long |
|
This page was generated on 2025-11-04 12:04 -0500 (Tue, 04 Nov 2025).
| Hostname | OS | Arch (*) | R version | Installed pkgs |
|---|---|---|---|---|
| nebbiolo2 | Linux (Ubuntu 24.04.3 LTS) | x86_64 | 4.5.1 Patched (2025-08-23 r88802) -- "Great Square Root" | 4902 |
| lconway | macOS 12.7.6 Monterey | x86_64 | 4.5.1 Patched (2025-09-10 r88807) -- "Great Square Root" | 4692 |
| kjohnson3 | macOS 13.7.7 Ventura | arm64 | 4.5.1 Patched (2025-09-10 r88807) -- "Great Square Root" | 4638 |
| Click on any hostname to see more info about the system (e.g. compilers) (*) as reported by 'uname -p', except on Windows and Mac OS X | ||||
| Package 1306/2361 | Hostname | OS / Arch | INSTALL | BUILD | CHECK | BUILD BIN | ||||||||
| mina 1.18.0 (landing page) Rui Guan
| nebbiolo2 | Linux (Ubuntu 24.04.3 LTS) / x86_64 | OK | OK | WARNINGS | |||||||||
| lconway | macOS 12.7.6 Monterey / x86_64 | OK | OK | WARNINGS | OK | |||||||||
| kjohnson3 | macOS 13.7.7 Ventura / arm64 | OK | OK | WARNINGS | OK | |||||||||
|
To the developers/maintainers of the mina package: - Allow up to 24 hours (and sometimes 48 hours) for your latest push to git@git.bioconductor.org:packages/mina.git to reflect on this report. See Troubleshooting Build Report for more information. - Use the following Renviron settings to reproduce errors and warnings. - If 'R CMD check' started to fail recently on the Linux builder(s) over a missing dependency, add the missing dependency to 'Suggests:' in your DESCRIPTION file. See Renviron.bioc for more information. |
| Package: mina |
| Version: 1.18.0 |
| Command: /Library/Frameworks/R.framework/Resources/bin/R CMD check --install=check:mina.install-out.txt --library=/Library/Frameworks/R.framework/Resources/library --no-vignettes --timings mina_1.18.0.tar.gz |
| StartedAt: 2025-11-03 22:31:25 -0500 (Mon, 03 Nov 2025) |
| EndedAt: 2025-11-03 22:35:32 -0500 (Mon, 03 Nov 2025) |
| EllapsedTime: 246.7 seconds |
| RetCode: 0 |
| Status: WARNINGS |
| CheckDir: mina.Rcheck |
| Warnings: 1 |
##############################################################################
##############################################################################
###
### Running command:
###
### /Library/Frameworks/R.framework/Resources/bin/R CMD check --install=check:mina.install-out.txt --library=/Library/Frameworks/R.framework/Resources/library --no-vignettes --timings mina_1.18.0.tar.gz
###
##############################################################################
##############################################################################
* using log directory ‘/Users/biocbuild/bbs-3.22-bioc/meat/mina.Rcheck’
* using R version 4.5.1 Patched (2025-09-10 r88807)
* using platform: x86_64-apple-darwin20
* R was compiled by
Apple clang version 14.0.0 (clang-1400.0.29.202)
GNU Fortran (GCC) 14.2.0
* running under: macOS Monterey 12.7.6
* using session charset: UTF-8
* using option ‘--no-vignettes’
* checking for file ‘mina/DESCRIPTION’ ... OK
* this is package ‘mina’ version ‘1.18.0’
* package encoding: UTF-8
* checking package namespace information ... OK
* checking package dependencies ... OK
* checking if this is a source package ... OK
* checking if there is a namespace ... OK
* checking for hidden files and directories ... OK
* checking for portable file names ... OK
* checking for sufficient/correct file permissions ... OK
* checking whether package ‘mina’ can be installed ... OK
* used C++ compiler: ‘Apple clang version 14.0.0 (clang-1400.0.29.202)’
* used SDK: ‘MacOSX11.3.1.sdk’
* checking installed package size ... INFO
installed size is 8.2Mb
sub-directories of 1Mb or more:
data 7.6Mb
* checking package directory ... OK
* checking ‘build’ directory ... OK
* checking DESCRIPTION meta-information ... OK
* checking top-level files ... OK
* checking for left-over files ... OK
* checking index information ... OK
* checking package subdirectories ... OK
* checking code files for non-ASCII characters ... OK
* checking R files for syntax errors ... OK
* checking whether the package can be loaded ... OK
* checking whether the package can be loaded with stated dependencies ... OK
* checking whether the package can be unloaded cleanly ... OK
* checking whether the namespace can be loaded with stated dependencies ... OK
* checking whether the namespace can be unloaded cleanly ... OK
* checking dependencies in R code ... OK
* checking S3 generic/method consistency ... OK
* checking replacement functions ... OK
* checking foreign function calls ... OK
* checking R code for possible problems ... NOTE
sparcc: no visible binding for global variable ‘i’
net_dis_pcoa,character: no visible binding for global variable ‘y’
net_dis_pcoa,character: no visible binding for global variable ‘Group’
net_dis_plot,mina: no visible binding for global variable ‘Group1’
net_dis_plot,mina: no visible binding for global variable ‘Group2’
net_dis_plot,mina: no visible binding for global variable ‘Distance’
net_dis_plot,mina: no visible binding for global variable ‘Sig’
Undefined global functions or variables:
Distance Group Group1 Group2 Sig i y
* checking Rd files ... NOTE
checkRd: (-1) re_format_AP.Rd:10: Lost braces; missing escapes or markup?
10 | \item{x}{an {APResult} object from \pkg{apcluster}.}
| ^
* checking Rd metadata ... OK
* checking Rd cross-references ... OK
* checking for missing documentation entries ... OK
* checking for code/documentation mismatches ... OK
* checking Rd \usage sections ... OK
* checking Rd contents ... OK
* checking for unstated dependencies in examples ... OK
* checking contents of ‘data’ directory ... OK
* checking data for non-ASCII characters ... OK
* checking LazyData ... WARNING
LazyData DB of 7.6 MB without LazyDataCompression set
See §1.1.6 of 'Writing R Extensions'
* checking data for ASCII and uncompressed saves ... OK
* checking line endings in C/C++/Fortran sources/headers ... OK
* checking compiled code ... NOTE
Note: information on .o files is not available
* checking files in ‘vignettes’ ... OK
* checking examples ... OK
Examples with CPU (user + system) or elapsed time > 5s
user system elapsed
net_dis_plot 32.569 41.317 33.532
net_dis-mina 16.666 23.693 17.188
dis_stat_accessor 13.715 17.144 13.918
bs_pm-mina 8.233 19.734 6.734
net_cls-mina 17.514 0.576 17.640
com_plot-mina 12.226 2.927 1.996
net_cls 6.434 0.668 6.609
net_cls-matrix 5.890 0.449 5.825
net_dis 2.027 3.605 2.135
bs_pm 1.970 3.581 1.951
* checking for unstated dependencies in vignettes ... OK
* checking package vignettes ... OK
* checking running R code from vignettes ... SKIPPED
* checking re-building of vignette outputs ... SKIPPED
* checking PDF version of manual ... OK
* DONE
Status: 1 WARNING, 3 NOTEs
See
‘/Users/biocbuild/bbs-3.22-bioc/meat/mina.Rcheck/00check.log’
for details.
mina.Rcheck/00install.out
############################################################################## ############################################################################## ### ### Running command: ### ### /Library/Frameworks/R.framework/Resources/bin/R CMD INSTALL mina ### ############################################################################## ############################################################################## * installing to library ‘/Library/Frameworks/R.framework/Versions/4.5-x86_64/Resources/library’ * installing *source* package ‘mina’ ... ** this is package ‘mina’ version ‘1.18.0’ ** using staged installation ** libs using C++ compiler: ‘Apple clang version 14.0.0 (clang-1400.0.29.202)’ using SDK: ‘MacOSX11.3.1.sdk’ clang++ -arch x86_64 -std=gnu++17 -I"/Library/Frameworks/R.framework/Resources/include" -DNDEBUG -I'/Library/Frameworks/R.framework/Versions/4.5-x86_64/Resources/library/Rcpp/include' -I'/Library/Frameworks/R.framework/Versions/4.5-x86_64/Resources/library/RcppParallel/include' -I'/Library/Frameworks/R.framework/Versions/4.5-x86_64/Resources/library/RcppArmadillo/include' -I/opt/R/x86_64/include -fPIC -falign-functions=64 -Wall -g -O2 -c RcppExports.cpp -o RcppExports.o clang++ -arch x86_64 -std=gnu++17 -I"/Library/Frameworks/R.framework/Resources/include" -DNDEBUG -I'/Library/Frameworks/R.framework/Versions/4.5-x86_64/Resources/library/Rcpp/include' -I'/Library/Frameworks/R.framework/Versions/4.5-x86_64/Resources/library/RcppParallel/include' -I'/Library/Frameworks/R.framework/Versions/4.5-x86_64/Resources/library/RcppArmadillo/include' -I/opt/R/x86_64/include -fPIC -falign-functions=64 -Wall -g -O2 -c cp_cor.cpp -o cp_cor.o clang++ -arch x86_64 -std=gnu++17 -dynamiclib -Wl,-headerpad_max_install_names -undefined dynamic_lookup -L/Library/Frameworks/R.framework/Resources/lib -L/opt/R/x86_64/lib -o mina.so RcppExports.o cp_cor.o -F/Library/Frameworks/R.framework/.. -framework R installing to /Library/Frameworks/R.framework/Versions/4.5-x86_64/Resources/library/00LOCK-mina/00new/mina/libs ** R ** data *** moving datasets to lazyload DB ** byte-compile and prepare package for lazy loading Creating a new generic function for ‘norm’ in package ‘mina’ ** help *** installing help indices ** building package indices ** installing vignettes ** testing if installed package can be loaded from temporary location ** checking absolute paths in shared objects and dynamic libraries ** testing if installed package can be loaded from final location ** testing if installed package keeps a record of temporary installation path * DONE (mina)
mina.Rcheck/mina-Ex.timings
| name | user | system | elapsed | |
| adj-matrix | 0.617 | 0.109 | 0.371 | |
| adj-mina | 0.950 | 0.289 | 0.698 | |
| adj | 0.884 | 0.114 | 0.627 | |
| adj_method_list | 0.073 | 0.210 | 0.148 | |
| bs_pm-mina | 8.233 | 19.734 | 6.734 | |
| bs_pm | 1.970 | 3.581 | 1.951 | |
| check_mina | 0.052 | 0.021 | 0.073 | |
| check_mina_de | 0.052 | 0.019 | 0.071 | |
| check_mina_qu | 0.049 | 0.019 | 0.068 | |
| cls_tab | 0.051 | 0.043 | 0.094 | |
| com_dis-matrix | 0.451 | 0.075 | 0.225 | |
| com_dis-mina | 0.297 | 0.231 | 0.063 | |
| com_dis | 0.452 | 0.226 | 0.222 | |
| com_dis_list | 0.106 | 0.165 | 0.161 | |
| com_plot-mina | 12.226 | 2.927 | 1.996 | |
| com_plot | 0.231 | 0.175 | 0.232 | |
| com_r2-mina | 0.719 | 0.169 | 0.493 | |
| com_r2 | 0.896 | 0.318 | 0.592 | |
| data-hmp | 0.002 | 0.002 | 0.004 | |
| data-maize | 0.001 | 0.001 | 0.001 | |
| des_accessor | 0.003 | 0.000 | 0.003 | |
| dis_accessor | 0.279 | 0.047 | 0.044 | |
| dis_stat_accessor | 13.715 | 17.144 | 13.918 | |
| dmr-matrix | 0.545 | 0.178 | 0.313 | |
| dmr-mina | 0.540 | 0.253 | 0.375 | |
| dmr | 0.556 | 0.165 | 0.325 | |
| dmr_accessor | 0.541 | 0.183 | 0.311 | |
| fit_tabs-mina | 0.700 | 0.184 | 0.890 | |
| fit_tabs | 1.091 | 0.267 | 1.371 | |
| get_net_cls_tab-matrix-data.frame-method | 4.350 | 0.453 | 4.318 | |
| get_net_cls_tab | 4.537 | 0.371 | 4.433 | |
| get_r2-mat | 0.659 | 0.163 | 0.432 | |
| get_r2 | 0.645 | 0.212 | 0.416 | |
| get_rep-matrix | 0.229 | 0.006 | 0.237 | |
| get_rep-mima | 0.585 | 0.106 | 0.695 | |
| hmp_des | 0.001 | 0.001 | 0.001 | |
| hmp_otu | 0.001 | 0.001 | 0.002 | |
| maize_asv | 0.000 | 0.001 | 0.001 | |
| maize_asv2 | 0.000 | 0.002 | 0.002 | |
| maize_des | 0.000 | 0.001 | 0.002 | |
| maize_des2 | 0.001 | 0.001 | 0.002 | |
| mina-class | 0.001 | 0.000 | 0.002 | |
| net_cls-matrix | 5.890 | 0.449 | 5.825 | |
| net_cls-mina | 17.514 | 0.576 | 17.640 | |
| net_cls | 6.434 | 0.668 | 6.609 | |
| net_cls_tab-mina-method | 1.580 | 0.316 | 1.323 | |
| net_cls_tab | 4.256 | 0.432 | 4.203 | |
| net_dis-mina | 16.666 | 23.693 | 17.188 | |
| net_dis | 2.027 | 3.605 | 2.135 | |
| net_dis_indi | 0 | 0 | 0 | |
| net_dis_pcoa | 0.000 | 0.000 | 0.001 | |
| net_dis_plot | 32.569 | 41.317 | 33.532 | |
| net_grp_cmp | 0.000 | 0.000 | 0.001 | |
| net_node_cmp | 0.000 | 0.000 | 0.001 | |
| norm_accessor | 0.034 | 0.001 | 0.034 | |
| norm_tab-matrix | 0.669 | 0.158 | 0.834 | |
| norm_tab-mina | 0.649 | 0.005 | 0.658 | |
| norm_tab | 0.035 | 0.000 | 0.036 | |
| norm_tab_method_list | 0.061 | 0.037 | 0.129 | |
| pcoa_plot | 1.412 | 0.313 | 1.006 | |
| sim_par | 0.000 | 0.001 | 0.001 | |
| sparcc | 0.000 | 0.001 | 0.001 | |
| tab_accessor | 0 | 0 | 0 | |
| tina-matrix-method | 0.000 | 0.000 | 0.001 | |
| tina | 0.000 | 0.000 | 0.001 | |