| Back to Multiple platform build/check report for BioC 3.21: simplified long |
|
This page was generated on 2025-04-22 13:18 -0400 (Tue, 22 Apr 2025).
| Hostname | OS | Arch (*) | R version | Installed pkgs |
|---|---|---|---|---|
| nebbiolo1 | Linux (Ubuntu 24.04.1 LTS) | x86_64 | 4.5.0 RC (2025-04-04 r88126) -- "How About a Twenty-Six" | 4831 |
| palomino7 | Windows Server 2022 Datacenter | x64 | 4.5.0 RC (2025-04-04 r88126 ucrt) -- "How About a Twenty-Six" | 4573 |
| lconway | macOS 12.7.1 Monterey | x86_64 | 4.5.0 RC (2025-04-04 r88126) -- "How About a Twenty-Six" | 4599 |
| kjohnson3 | macOS 13.7.1 Ventura | arm64 | 4.5.0 RC (2025-04-04 r88126) -- "How About a Twenty-Six" | 4553 |
| kunpeng2 | Linux (openEuler 24.03 LTS) | aarch64 | R Under development (unstable) (2025-02-19 r87757) -- "Unsuffered Consequences" | 4570 |
| Click on any hostname to see more info about the system (e.g. compilers) (*) as reported by 'uname -p', except on Windows and Mac OS X | ||||
| Package 1289/2341 | Hostname | OS / Arch | INSTALL | BUILD | CHECK | BUILD BIN | ||||||||
| mina 1.16.0 (landing page) Rui Guan
| nebbiolo1 | Linux (Ubuntu 24.04.1 LTS) / x86_64 | OK | OK | WARNINGS | |||||||||
| palomino7 | Windows Server 2022 Datacenter / x64 | OK | OK | WARNINGS | OK | |||||||||
| lconway | macOS 12.7.1 Monterey / x86_64 | OK | OK | WARNINGS | OK | |||||||||
| kjohnson3 | macOS 13.7.1 Ventura / arm64 | OK | OK | WARNINGS | OK | |||||||||
| kunpeng2 | Linux (openEuler 24.03 LTS) / aarch64 | OK | ERROR | skipped | ||||||||||
|
To the developers/maintainers of the mina package: - Allow up to 24 hours (and sometimes 48 hours) for your latest push to git@git.bioconductor.org:packages/mina.git to reflect on this report. See Troubleshooting Build Report for more information. - Use the following Renviron settings to reproduce errors and warnings. - If 'R CMD check' started to fail recently on the Linux builder(s) over a missing dependency, add the missing dependency to 'Suggests:' in your DESCRIPTION file. See Renviron.bioc for more information. |
| Package: mina |
| Version: 1.16.0 |
| Command: /Library/Frameworks/R.framework/Resources/bin/R CMD check --install=check:mina.install-out.txt --library=/Library/Frameworks/R.framework/Resources/library --no-vignettes --timings mina_1.16.0.tar.gz |
| StartedAt: 2025-04-21 20:19:57 -0400 (Mon, 21 Apr 2025) |
| EndedAt: 2025-04-21 20:21:36 -0400 (Mon, 21 Apr 2025) |
| EllapsedTime: 99.1 seconds |
| RetCode: 0 |
| Status: WARNINGS |
| CheckDir: mina.Rcheck |
| Warnings: 1 |
##############################################################################
##############################################################################
###
### Running command:
###
### /Library/Frameworks/R.framework/Resources/bin/R CMD check --install=check:mina.install-out.txt --library=/Library/Frameworks/R.framework/Resources/library --no-vignettes --timings mina_1.16.0.tar.gz
###
##############################################################################
##############################################################################
* using log directory ‘/Users/biocbuild/bbs-3.21-bioc/meat/mina.Rcheck’
* using R version 4.5.0 RC (2025-04-04 r88126)
* using platform: aarch64-apple-darwin20
* R was compiled by
Apple clang version 14.0.0 (clang-1400.0.29.202)
GNU Fortran (GCC) 14.2.0
* running under: macOS Ventura 13.7.1
* using session charset: UTF-8
* using option ‘--no-vignettes’
* checking for file ‘mina/DESCRIPTION’ ... OK
* this is package ‘mina’ version ‘1.16.0’
* package encoding: UTF-8
* checking package namespace information ... OK
* checking package dependencies ... OK
* checking if this is a source package ... OK
* checking if there is a namespace ... OK
* checking for hidden files and directories ... OK
* checking for portable file names ... OK
* checking for sufficient/correct file permissions ... OK
* checking whether package ‘mina’ can be installed ... OK
* used C++ compiler: ‘Apple clang version 15.0.0 (clang-1500.1.0.2.5)’
* used SDK: ‘MacOSX11.3.sdk’
* checking installed package size ... INFO
installed size is 8.2Mb
sub-directories of 1Mb or more:
data 7.6Mb
* checking package directory ... OK
* checking ‘build’ directory ... OK
* checking DESCRIPTION meta-information ... OK
* checking top-level files ... OK
* checking for left-over files ... OK
* checking index information ... OK
* checking package subdirectories ... OK
* checking code files for non-ASCII characters ... OK
* checking R files for syntax errors ... OK
* checking whether the package can be loaded ... OK
* checking whether the package can be loaded with stated dependencies ... OK
* checking whether the package can be unloaded cleanly ... OK
* checking whether the namespace can be loaded with stated dependencies ... OK
* checking whether the namespace can be unloaded cleanly ... OK
* checking dependencies in R code ... OK
* checking S3 generic/method consistency ... OK
* checking replacement functions ... OK
* checking foreign function calls ... OK
* checking R code for possible problems ... NOTE
sparcc: no visible binding for global variable ‘i’
net_dis_pcoa,character: no visible binding for global variable ‘y’
net_dis_pcoa,character: no visible binding for global variable ‘Group’
net_dis_plot,mina: no visible binding for global variable ‘Group1’
net_dis_plot,mina: no visible binding for global variable ‘Group2’
net_dis_plot,mina: no visible binding for global variable ‘Distance’
net_dis_plot,mina: no visible binding for global variable ‘Sig’
Undefined global functions or variables:
Distance Group Group1 Group2 Sig i y
* checking Rd files ... NOTE
checkRd: (-1) re_format_AP.Rd:10: Lost braces; missing escapes or markup?
10 | \item{x}{an {APResult} object from \pkg{apcluster}.}
| ^
* checking Rd metadata ... OK
* checking Rd cross-references ... OK
* checking for missing documentation entries ... OK
* checking for code/documentation mismatches ... OK
* checking Rd \usage sections ... OK
* checking Rd contents ... OK
* checking for unstated dependencies in examples ... OK
* checking contents of ‘data’ directory ... OK
* checking data for non-ASCII characters ... OK
* checking LazyData ... WARNING
LazyData DB of 7.6 MB without LazyDataCompression set
See §1.1.6 of 'Writing R Extensions'
* checking data for ASCII and uncompressed saves ... OK
* checking line endings in C/C++/Fortran sources/headers ... OK
* checking compiled code ... NOTE
Note: information on .o files is not available
* checking files in ‘vignettes’ ... OK
* checking examples ... OK
Examples with CPU (user + system) or elapsed time > 5s
user system elapsed
net_dis_plot 14.123 4.879 16.743
net_dis-mina 6.910 2.372 8.018
net_cls-mina 6.901 0.437 7.240
dis_stat_accessor 5.412 1.387 5.898
net_cls 5.506 0.324 5.669
net_cls-matrix 5.518 0.311 5.734
* checking for unstated dependencies in vignettes ... OK
* checking package vignettes ... OK
* checking running R code from vignettes ... SKIPPED
* checking re-building of vignette outputs ... SKIPPED
* checking PDF version of manual ... OK
* DONE
Status: 1 WARNING, 3 NOTEs
See
‘/Users/biocbuild/bbs-3.21-bioc/meat/mina.Rcheck/00check.log’
for details.
mina.Rcheck/00install.out
############################################################################## ############################################################################## ### ### Running command: ### ### /Library/Frameworks/R.framework/Resources/bin/R CMD INSTALL mina ### ############################################################################## ############################################################################## * installing to library ‘/Library/Frameworks/R.framework/Versions/4.5-arm64/Resources/library’ * installing *source* package ‘mina’ ... ** this is package ‘mina’ version ‘1.16.0’ ** using staged installation ** libs using C++ compiler: ‘Apple clang version 15.0.0 (clang-1500.1.0.2.5)’ using SDK: ‘MacOSX11.3.sdk’ clang++ -arch arm64 -std=gnu++17 -I"/Library/Frameworks/R.framework/Resources/include" -DNDEBUG -I'/Library/Frameworks/R.framework/Versions/4.5-arm64/Resources/library/Rcpp/include' -I'/Library/Frameworks/R.framework/Versions/4.5-arm64/Resources/library/RcppParallel/include' -I'/Library/Frameworks/R.framework/Versions/4.5-arm64/Resources/library/RcppArmadillo/include' -I/opt/R/arm64/include -fPIC -falign-functions=64 -Wall -g -O2 -c RcppExports.cpp -o RcppExports.o clang++ -arch arm64 -std=gnu++17 -I"/Library/Frameworks/R.framework/Resources/include" -DNDEBUG -I'/Library/Frameworks/R.framework/Versions/4.5-arm64/Resources/library/Rcpp/include' -I'/Library/Frameworks/R.framework/Versions/4.5-arm64/Resources/library/RcppParallel/include' -I'/Library/Frameworks/R.framework/Versions/4.5-arm64/Resources/library/RcppArmadillo/include' -I/opt/R/arm64/include -fPIC -falign-functions=64 -Wall -g -O2 -c cp_cor.cpp -o cp_cor.o clang++ -arch arm64 -std=gnu++17 -dynamiclib -Wl,-headerpad_max_install_names -undefined dynamic_lookup -L/Library/Frameworks/R.framework/Resources/lib -L/opt/R/arm64/lib -o mina.so RcppExports.o cp_cor.o -F/Library/Frameworks/R.framework/.. -framework R installing to /Library/Frameworks/R.framework/Versions/4.5-arm64/Resources/library/00LOCK-mina/00new/mina/libs ** R ** data *** moving datasets to lazyload DB ** byte-compile and prepare package for lazy loading Creating a new generic function for ‘norm’ in package ‘mina’ ** help *** installing help indices ** building package indices ** installing vignettes ** testing if installed package can be loaded from temporary location ** checking absolute paths in shared objects and dynamic libraries ** testing if installed package can be loaded from final location ** testing if installed package keeps a record of temporary installation path * DONE (mina)
mina.Rcheck/mina-Ex.timings
| name | user | system | elapsed | |
| adj-matrix | 0.290 | 0.013 | 0.111 | |
| adj-mina | 0.445 | 0.019 | 0.264 | |
| adj | 0.350 | 0.079 | 0.176 | |
| adj_method_list | 0.022 | 0.013 | 0.042 | |
| bs_pm-mina | 3.096 | 0.509 | 2.568 | |
| bs_pm | 0.764 | 0.241 | 0.767 | |
| check_mina | 0.020 | 0.007 | 0.027 | |
| check_mina_de | 0.018 | 0.005 | 0.023 | |
| check_mina_qu | 0.017 | 0.005 | 0.024 | |
| cls_tab | 0.021 | 0.012 | 0.034 | |
| com_dis-matrix | 0.274 | 0.016 | 0.107 | |
| com_dis-mina | 0.219 | 0.007 | 0.052 | |
| com_dis | 0.288 | 0.012 | 0.118 | |
| com_dis_list | 0.032 | 0.013 | 0.054 | |
| com_plot-mina | 3.805 | 0.562 | 0.845 | |
| com_plot | 0.045 | 0.006 | 0.045 | |
| com_r2-mina | 0.320 | 0.015 | 0.170 | |
| com_r2 | 0.402 | 0.041 | 0.290 | |
| data-hmp | 0.000 | 0.000 | 0.001 | |
| data-maize | 0.000 | 0.001 | 0.001 | |
| des_accessor | 0.001 | 0.000 | 0.001 | |
| dis_accessor | 0.198 | 0.012 | 0.042 | |
| dis_stat_accessor | 5.412 | 1.387 | 5.898 | |
| dmr-matrix | 0.285 | 0.007 | 0.157 | |
| dmr-mina | 0.293 | 0.015 | 0.146 | |
| dmr | 0.303 | 0.017 | 0.172 | |
| dmr_accessor | 0.296 | 0.011 | 0.145 | |
| fit_tabs-mina | 0.233 | 0.073 | 0.312 | |
| fit_tabs | 0.295 | 0.067 | 0.369 | |
| get_net_cls_tab-matrix-data.frame-method | 0.741 | 0.096 | 0.670 | |
| get_net_cls_tab | 0.893 | 0.131 | 0.851 | |
| get_r2-mat | 0.313 | 0.012 | 0.164 | |
| get_r2 | 0.331 | 0.034 | 0.206 | |
| get_rep-matrix | 0.085 | 0.019 | 0.104 | |
| get_rep-mima | 0.225 | 0.035 | 0.268 | |
| hmp_des | 0.001 | 0.000 | 0.001 | |
| hmp_otu | 0.000 | 0.001 | 0.000 | |
| maize_asv | 0 | 0 | 0 | |
| maize_asv2 | 0.001 | 0.001 | 0.001 | |
| maize_des | 0.000 | 0.000 | 0.001 | |
| maize_des2 | 0.000 | 0.001 | 0.001 | |
| mina-class | 0 | 0 | 0 | |
| net_cls-matrix | 5.518 | 0.311 | 5.734 | |
| net_cls-mina | 6.901 | 0.437 | 7.240 | |
| net_cls | 5.506 | 0.324 | 5.669 | |
| net_cls_tab-mina-method | 1.382 | 0.108 | 1.320 | |
| net_cls_tab | 0.712 | 0.141 | 0.686 | |
| net_dis-mina | 6.910 | 2.372 | 8.018 | |
| net_dis | 0.778 | 0.287 | 0.843 | |
| net_dis_indi | 0 | 0 | 0 | |
| net_dis_pcoa | 0 | 0 | 0 | |
| net_dis_plot | 14.123 | 4.879 | 16.743 | |
| net_grp_cmp | 0.000 | 0.000 | 0.001 | |
| net_node_cmp | 0 | 0 | 0 | |
| norm_accessor | 0.011 | 0.001 | 0.012 | |
| norm_tab-matrix | 0.222 | 0.017 | 0.240 | |
| norm_tab-mina | 0.217 | 0.025 | 0.245 | |
| norm_tab | 0.012 | 0.002 | 0.014 | |
| norm_tab_method_list | 0.019 | 0.013 | 0.034 | |
| pcoa_plot | 0.606 | 0.033 | 0.316 | |
| sim_par | 0.000 | 0.001 | 0.000 | |
| sparcc | 0.000 | 0.000 | 0.001 | |
| tab_accessor | 0 | 0 | 0 | |
| tina-matrix-method | 0 | 0 | 0 | |
| tina | 0 | 0 | 0 | |