Back to Multiple platform build/check report for BioC 3.22:   simplified   long
ABCDEF[G]HIJKLMNOPQRSTUVWXYZ

This page was generated on 2025-11-04 12:04 -0500 (Tue, 04 Nov 2025).

HostnameOSArch (*)R versionInstalled pkgs
nebbiolo2Linux (Ubuntu 24.04.3 LTS)x86_644.5.1 Patched (2025-08-23 r88802) -- "Great Square Root" 4902
lconwaymacOS 12.7.6 Montereyx86_644.5.1 Patched (2025-09-10 r88807) -- "Great Square Root" 4692
kjohnson3macOS 13.7.7 Venturaarm644.5.1 Patched (2025-09-10 r88807) -- "Great Square Root" 4638
Click on any hostname to see more info about the system (e.g. compilers)      (*) as reported by 'uname -p', except on Windows and Mac OS X

Package 837/2361HostnameOS / ArchINSTALLBUILDCHECKBUILD BIN
genomation 1.42.0  (landing page)
Altuna Akalin , Vedran Franke
Snapshot Date: 2025-11-03 13:45 -0500 (Mon, 03 Nov 2025)
git_url: https://git.bioconductor.org/packages/genomation
git_branch: RELEASE_3_22
git_last_commit: 01d23ac
git_last_commit_date: 2025-10-29 10:23:07 -0500 (Wed, 29 Oct 2025)
nebbiolo2Linux (Ubuntu 24.04.3 LTS) / x86_64  OK    OK    WARNINGS  UNNEEDED, same version is already published
lconwaymacOS 12.7.6 Monterey / x86_64  OK    OK    WARNINGS    OK  UNNEEDED, same version is already published
kjohnson3macOS 13.7.7 Ventura / arm64  OK    OK    WARNINGS    OK  UNNEEDED, same version is already published


CHECK results for genomation on lconway

To the developers/maintainers of the genomation package:
- Allow up to 24 hours (and sometimes 48 hours) for your latest push to git@git.bioconductor.org:packages/genomation.git to reflect on this report. See Troubleshooting Build Report for more information.
- Use the following Renviron settings to reproduce errors and warnings.
- If 'R CMD check' started to fail recently on the Linux builder(s) over a missing dependency, add the missing dependency to 'Suggests:' in your DESCRIPTION file. See Renviron.bioc for more information.

raw results


Summary

Package: genomation
Version: 1.42.0
Command: /Library/Frameworks/R.framework/Resources/bin/R CMD check --install=check:genomation.install-out.txt --library=/Library/Frameworks/R.framework/Resources/library --no-vignettes --timings genomation_1.42.0.tar.gz
StartedAt: 2025-11-03 21:26:55 -0500 (Mon, 03 Nov 2025)
EndedAt: 2025-11-03 21:32:50 -0500 (Mon, 03 Nov 2025)
EllapsedTime: 354.8 seconds
RetCode: 0
Status:   WARNINGS  
CheckDir: genomation.Rcheck
Warnings: 1

Command output

##############################################################################
##############################################################################
###
### Running command:
###
###   /Library/Frameworks/R.framework/Resources/bin/R CMD check --install=check:genomation.install-out.txt --library=/Library/Frameworks/R.framework/Resources/library --no-vignettes --timings genomation_1.42.0.tar.gz
###
##############################################################################
##############################################################################


* using log directory ‘/Users/biocbuild/bbs-3.22-bioc/meat/genomation.Rcheck’
* using R version 4.5.1 Patched (2025-09-10 r88807)
* using platform: x86_64-apple-darwin20
* R was compiled by
    Apple clang version 14.0.0 (clang-1400.0.29.202)
    GNU Fortran (GCC) 14.2.0
* running under: macOS Monterey 12.7.6
* using session charset: UTF-8
* using option ‘--no-vignettes’
* checking for file ‘genomation/DESCRIPTION’ ... OK
* checking extension type ... Package
* this is package ‘genomation’ version ‘1.42.0’
* package encoding: latin1
* checking package namespace information ... OK
* checking package dependencies ... OK
* checking if this is a source package ... OK
* checking if there is a namespace ... OK
* checking for hidden files and directories ... OK
* checking for portable file names ... OK
* checking for sufficient/correct file permissions ... OK
* checking whether package ‘genomation’ can be installed ... WARNING
Found the following significant warnings:
  Warning: replacing previous import ‘Biostrings::pattern’ by ‘grid::pattern’ when loading ‘genomation’
See ‘/Users/biocbuild/bbs-3.22-bioc/meat/genomation.Rcheck/00install.out’ for details.
* used C++ compiler: ‘Apple clang version 14.0.0 (clang-1400.0.29.202)’
* used SDK: ‘MacOSX11.3.1.sdk’
* checking installed package size ... OK
* checking package directory ... OK
* checking ‘build’ directory ... OK
* checking DESCRIPTION meta-information ... OK
* checking top-level files ... OK
* checking for left-over files ... OK
* checking index information ... OK
* checking package subdirectories ... NOTE
Problems with news in ‘NEWS’:
  Cannot process chunk/lines:
    in ScoreMatrixBin() function.
  Cannot process chunk/lines:
    NEW FUNCTIONS AND FEATURES
  Cannot process chunk/lines:
    The character vectors will label the x-axis of heatmaps. Examples: xcoords=c("-2kb","0","2kb")
  Cannot process chunk/lines:
    Implemented by Bozena Mika-Gospodorz.
  Cannot process chunk/lines:
    Implemented by Bozena Mika-Gospodorz.
  Cannot process chunk/lines:
    Implemented by Bozena Mika-Gospodorz.
  Cannot process chunk/lines:
    Implemented by Bozena Mika-Gospodorz.
* checking code files for non-ASCII characters ... OK
* checking R files for syntax errors ... OK
* checking whether the package can be loaded ... OK
* checking whether the package can be loaded with stated dependencies ... OK
* checking whether the package can be unloaded cleanly ... OK
* checking whether the namespace can be loaded with stated dependencies ... OK
* checking whether the namespace can be unloaded cleanly ... OK
* checking dependencies in R code ... NOTE
Unexported object imported by a ':::' call: ‘BiocGenerics:::testPackage’
  See the note in ?`:::` about the use of this operator.
* checking S3 generic/method consistency ... OK
* checking replacement functions ... OK
* checking foreign function calls ... OK
* checking R code for possible problems ... NOTE
ScoreMatrixBin,RleList-GRangesList: no visible binding for global
  variable ‘id’
ScoreMatrixBin,RleList-GRangesList: no visible global function
  definition for ‘:=’
Undefined global functions or variables:
  := id
* checking Rd files ... NOTE
checkRd: (-1) plotMeta.Rd:57: Lost braces in \itemize; meant \describe ?
checkRd: (-1) plotMeta.Rd:58: Lost braces in \itemize; meant \describe ?
checkRd: (-1) plotMeta.Rd:59-60: Lost braces in \itemize; meant \describe ?
* checking Rd metadata ... OK
* checking Rd cross-references ... NOTE
Found the following Rd file(s) with Rd \link{} targets missing package
anchors:
  annotateWithGeneParts-methods.Rd: GRanges, GRangesList
  cage.Rd: GRanges
  convertBed2Exons-methods.Rd: GRanges
  convertBed2Introns-methods.Rd: GRanges
  convertBedDf-methods.Rd: GRanges
  cpgi.Rd: GRanges
  genes.Rd: GRanges
  patternMatrix-methods.Rd: GRanges, DNAStringSet, BSgenome
  promoters.Rd: GRanges
  readBed.Rd: GRanges
  readGeneric.Rd: GRanges
  readTranscriptFeatures-methods.Rd: GRangesList
Please provide package anchors for all Rd \link{} targets not in the
package itself and the base packages.
* checking for missing documentation entries ... OK
* checking for code/documentation mismatches ... OK
* checking Rd \usage sections ... OK
* checking Rd contents ... OK
* checking for unstated dependencies in examples ... OK
* checking contents of ‘data’ directory ... OK
* checking data for non-ASCII characters ... OK
* checking data for ASCII and uncompressed saves ... OK
* checking line endings in C/C++/Fortran sources/headers ... OK
* checking compiled code ... NOTE
Note: information on .o files is not available
* checking files in ‘vignettes’ ... OK
* checking examples ... OK
Examples with CPU (user + system) or elapsed time > 5s
                                                     user system elapsed
enrichmentMatrix-ScoreMatrixList-method             3.733  1.722   5.531
enrichmentMatrix-ScoreMatrixList-ScoreMatrix-method 3.649  1.335   5.064
* checking for unstated dependencies in ‘tests’ ... OK
* checking tests ...
  Running ‘genomation_unit_tests.R’
 OK
* checking for unstated dependencies in vignettes ... OK
* checking package vignettes ... OK
* checking running R code from vignettes ... SKIPPED
* checking re-building of vignette outputs ... SKIPPED
* checking PDF version of manual ... OK
* DONE

Status: 1 WARNING, 6 NOTEs
See
  ‘/Users/biocbuild/bbs-3.22-bioc/meat/genomation.Rcheck/00check.log’
for details.


Installation output

genomation.Rcheck/00install.out

##############################################################################
##############################################################################
###
### Running command:
###
###   /Library/Frameworks/R.framework/Resources/bin/R CMD INSTALL genomation
###
##############################################################################
##############################################################################


* installing to library ‘/Library/Frameworks/R.framework/Versions/4.5-x86_64/Resources/library’
* installing *source* package ‘genomation’ ...
** this is package ‘genomation’ version ‘1.42.0’
** using staged installation
** libs
using C++ compiler: ‘Apple clang version 14.0.0 (clang-1400.0.29.202)’
using SDK: ‘MacOSX11.3.1.sdk’
clang++ -arch x86_64 -std=gnu++17 -I"/Library/Frameworks/R.framework/Resources/include" -DNDEBUG  -I'/Library/Frameworks/R.framework/Versions/4.5-x86_64/Resources/library/Rcpp/include' -I/opt/R/x86_64/include    -fPIC  -falign-functions=64 -Wall -g -O2   -c RcppExports.cpp -o RcppExports.o
clang++ -arch x86_64 -std=gnu++17 -I"/Library/Frameworks/R.framework/Resources/include" -DNDEBUG  -I'/Library/Frameworks/R.framework/Versions/4.5-x86_64/Resources/library/Rcpp/include' -I/opt/R/x86_64/include    -fPIC  -falign-functions=64 -Wall -g -O2   -c binSum.cpp -o binSum.o
clang++ -arch x86_64 -std=gnu++17 -dynamiclib -Wl,-headerpad_max_install_names -undefined dynamic_lookup -L/Library/Frameworks/R.framework/Resources/lib -L/opt/R/x86_64/lib -o genomation.so RcppExports.o binSum.o -F/Library/Frameworks/R.framework/.. -framework R
installing to /Library/Frameworks/R.framework/Versions/4.5-x86_64/Resources/library/00LOCK-genomation/00new/genomation/libs
** R
** data
** inst
** byte-compile and prepare package for lazy loading
Warning: replacing previous import ‘Biostrings::pattern’ by ‘grid::pattern’ when loading ‘genomation’
** help
*** installing help indices
** building package indices
** installing vignettes
** testing if installed package can be loaded from temporary location
Warning: replacing previous import ‘Biostrings::pattern’ by ‘grid::pattern’ when loading ‘genomation’
** checking absolute paths in shared objects and dynamic libraries
** testing if installed package can be loaded from final location
Warning: replacing previous import ‘Biostrings::pattern’ by ‘grid::pattern’ when loading ‘genomation’
** testing if installed package keeps a record of temporary installation path
* DONE (genomation)

Tests output

genomation.Rcheck/tests/genomation_unit_tests.Rout


R version 4.5.1 Patched (2025-09-10 r88807) -- "Great Square Root"
Copyright (C) 2025 The R Foundation for Statistical Computing
Platform: x86_64-apple-darwin20

R is free software and comes with ABSOLUTELY NO WARRANTY.
You are welcome to redistribute it under certain conditions.
Type 'license()' or 'licence()' for distribution details.

R is a collaborative project with many contributors.
Type 'contributors()' for more information and
'citation()' on how to cite R or R packages in publications.

Type 'demo()' for some demos, 'help()' for on-line help, or
'help.start()' for an HTML browser interface to help.
Type 'q()' to quit R.

> (require("genomation") & require("GenomicRanges") & require("GenomicAlignments") & require("rtracklayer") & require("readr") & require("Biostrings")) || stop("unable to load genomation package")
Loading required package: genomation
Loading required package: grid
Loading required package: GenomicRanges
Loading required package: stats4
Loading required package: BiocGenerics
Loading required package: generics

Attaching package: 'generics'

The following objects are masked from 'package:base':

    as.difftime, as.factor, as.ordered, intersect, is.element, setdiff,
    setequal, union


Attaching package: 'BiocGenerics'

The following objects are masked from 'package:stats':

    IQR, mad, sd, var, xtabs

The following objects are masked from 'package:base':

    Filter, Find, Map, Position, Reduce, anyDuplicated, aperm, append,
    as.data.frame, basename, cbind, colnames, dirname, do.call,
    duplicated, eval, evalq, get, grep, grepl, is.unsorted, lapply,
    mapply, match, mget, order, paste, pmax, pmax.int, pmin, pmin.int,
    rank, rbind, rownames, sapply, saveRDS, table, tapply, unique,
    unsplit, which.max, which.min

Loading required package: S4Vectors

Attaching package: 'S4Vectors'

The following object is masked from 'package:utils':

    findMatches

The following objects are masked from 'package:base':

    I, expand.grid, unname

Loading required package: IRanges
Loading required package: Seqinfo
Loading required package: GenomicAlignments
Loading required package: SummarizedExperiment
Loading required package: MatrixGenerics
Loading required package: matrixStats

Attaching package: 'MatrixGenerics'

The following objects are masked from 'package:matrixStats':

    colAlls, colAnyNAs, colAnys, colAvgsPerRowSet, colCollapse,
    colCounts, colCummaxs, colCummins, colCumprods, colCumsums,
    colDiffs, colIQRDiffs, colIQRs, colLogSumExps, colMadDiffs,
    colMads, colMaxs, colMeans2, colMedians, colMins, colOrderStats,
    colProds, colQuantiles, colRanges, colRanks, colSdDiffs, colSds,
    colSums2, colTabulates, colVarDiffs, colVars, colWeightedMads,
    colWeightedMeans, colWeightedMedians, colWeightedSds,
    colWeightedVars, rowAlls, rowAnyNAs, rowAnys, rowAvgsPerColSet,
    rowCollapse, rowCounts, rowCummaxs, rowCummins, rowCumprods,
    rowCumsums, rowDiffs, rowIQRDiffs, rowIQRs, rowLogSumExps,
    rowMadDiffs, rowMads, rowMaxs, rowMeans2, rowMedians, rowMins,
    rowOrderStats, rowProds, rowQuantiles, rowRanges, rowRanks,
    rowSdDiffs, rowSds, rowSums2, rowTabulates, rowVarDiffs, rowVars,
    rowWeightedMads, rowWeightedMeans, rowWeightedMedians,
    rowWeightedSds, rowWeightedVars

Loading required package: Biobase
Welcome to Bioconductor

    Vignettes contain introductory material; view with
    'browseVignettes()'. To cite Bioconductor, see
    'citation("Biobase")', and for packages 'citation("pkgname")'.


Attaching package: 'Biobase'

The following object is masked from 'package:MatrixGenerics':

    rowMedians

The following objects are masked from 'package:matrixStats':

    anyMissing, rowMedians

Loading required package: Biostrings
Loading required package: XVector

Attaching package: 'Biostrings'

The following object is masked from 'package:grid':

    pattern

The following object is masked from 'package:base':

    strsplit

Loading required package: Rsamtools
Loading required package: rtracklayer
Loading required package: readr
[1] TRUE
Warning message:
replacing previous import 'Biostrings::pattern' by 'grid::pattern' when loading 'genomation' 
> genomation:::.test()
Normalizing to rpm ...
Normalizing to rpm ...
Normalizing to rpm ...
testing:min
testing:max
testing:median
Normalizing to rpm ...
Normalizing to rpm ...
Normalizing to rpm ...
Normalizing to rpm ...
Normalizing to rpm ...
Normalizing to rpm ...
Normalizing to rpm ...
Rows: 2 Columns: 9
── Column specification ────────────────────────────────────────────────────────
Delimiter: "\t"
chr (3): X1, X4, X6
dbl (5): X2, X3, X5, X7, X8
num (1): X9

ℹ Use `spec()` to retrieve the full column specification for this data.
ℹ Specify the column types or set `show_col_types = FALSE` to quiet this message.
Rows: 2 Columns: 9
── Column specification ────────────────────────────────────────────────────────
Delimiter: "\t"
chr (3): X1, X4, X6
dbl (5): X2, X3, X5, X7, X8
num (1): X9

ℹ Use `spec()` to retrieve the full column specification for this data.
ℹ Specify the column types or set `show_col_types = FALSE` to quiet this message.


RUNIT TEST PROTOCOL -- Mon Nov  3 21:32:39 2025 
*********************************************** 
Number of test functions: 24 
Number of errors: 0 
Number of failures: 0 

 
1 Test Suite : 
genomation RUnit Tests - 24 test functions, 0 errors, 0 failures
Number of test functions: 24 
Number of errors: 0 
Number of failures: 0 
There were 50 or more warnings (use warnings() to see the first 50)
> 
> proc.time()
   user  system elapsed 
 30.691   1.613  32.348 

Example timings

genomation.Rcheck/genomation-Ex.timings

nameusersystemelapsed
AnnotationByGeneParts-methods0.8060.0650.876
ScoreMatrix-methods2.6010.0852.699
ScoreMatrixBin-methods2.1850.1042.292
ScoreMatrixList-methods0.6630.0720.738
annotateWithFeature-methods0.0470.0030.051
annotateWithFeatureFlank-methods0.3540.0050.360
annotateWithFeatures-methods0.7320.0320.754
annotateWithGeneParts-methods0.4420.0190.452
binMatrix-methods0.2500.0120.263
convertBed2Exons-methods0.0590.0020.061
convertBed2Introns-methods0.0540.0020.056
enrichmentMatrix-ScoreMatrix-method3.4710.6984.286
enrichmentMatrix-ScoreMatrixList-ScoreMatrix-method3.6491.3355.064
enrichmentMatrix-ScoreMatrixList-method3.7331.7225.531
findFeatureComb-methods0.4020.1260.533
getFeatsWithTargetsStats-methods0.3870.0620.439
getFlanks-methods0.2030.0210.226
getRandomEnrichment-methods0.0030.0030.007
getTargetAnnotationStats-methods0.4160.0740.482
gffToGRanges0.0900.0090.102
heatMatrix0.2430.0360.282
heatMeta0.3810.0430.426
heatTargetAnnotation-methods0.6410.0420.673
intersectScoreMatrixList-methods0.3060.0110.318
multiHeatMatrix0.4300.0430.476
orderBy-methods0.6360.0680.707
patternMatrix-methods0.1900.0140.205
plotMeta0.3700.0250.396
plotTargetAnnotation-methods0.3590.0220.370
readBed0.1740.0510.200
readBroadPeak0.0350.0140.039
readFeatureFlank-methods0.2100.0090.216
readGeneric0.0440.0400.052
readNarrowPeak0.0360.0180.043
readTranscriptFeatures-methods0.1910.0170.197
scaleScoreMatrix-methods0.2240.0100.236
scaleScoreMatrixList0.7450.0760.825