| Back to Multiple platform build/check report for BioC 3.21: simplified long |
|
This page was generated on 2025-04-22 13:18 -0400 (Tue, 22 Apr 2025).
| Hostname | OS | Arch (*) | R version | Installed pkgs |
|---|---|---|---|---|
| nebbiolo1 | Linux (Ubuntu 24.04.1 LTS) | x86_64 | 4.5.0 RC (2025-04-04 r88126) -- "How About a Twenty-Six" | 4831 |
| palomino7 | Windows Server 2022 Datacenter | x64 | 4.5.0 RC (2025-04-04 r88126 ucrt) -- "How About a Twenty-Six" | 4573 |
| lconway | macOS 12.7.1 Monterey | x86_64 | 4.5.0 RC (2025-04-04 r88126) -- "How About a Twenty-Six" | 4599 |
| kjohnson3 | macOS 13.7.1 Ventura | arm64 | 4.5.0 RC (2025-04-04 r88126) -- "How About a Twenty-Six" | 4553 |
| kunpeng2 | Linux (openEuler 24.03 LTS) | aarch64 | R Under development (unstable) (2025-02-19 r87757) -- "Unsuffered Consequences" | 4570 |
| Click on any hostname to see more info about the system (e.g. compilers) (*) as reported by 'uname -p', except on Windows and Mac OS X | ||||
| Package 829/2341 | Hostname | OS / Arch | INSTALL | BUILD | CHECK | BUILD BIN | ||||||||
| genomation 1.40.0 (landing page) Altuna Akalin
| nebbiolo1 | Linux (Ubuntu 24.04.1 LTS) / x86_64 | OK | OK | WARNINGS | |||||||||
| palomino7 | Windows Server 2022 Datacenter / x64 | OK | OK | WARNINGS | OK | |||||||||
| lconway | macOS 12.7.1 Monterey / x86_64 | OK | OK | WARNINGS | OK | |||||||||
| kjohnson3 | macOS 13.7.1 Ventura / arm64 | OK | OK | WARNINGS | OK | |||||||||
| kunpeng2 | Linux (openEuler 24.03 LTS) / aarch64 | OK | OK | WARNINGS | ||||||||||
|
To the developers/maintainers of the genomation package: - Allow up to 24 hours (and sometimes 48 hours) for your latest push to git@git.bioconductor.org:packages/genomation.git to reflect on this report. See Troubleshooting Build Report for more information. - Use the following Renviron settings to reproduce errors and warnings. - If 'R CMD check' started to fail recently on the Linux builder(s) over a missing dependency, add the missing dependency to 'Suggests:' in your DESCRIPTION file. See Renviron.bioc for more information. |
| Package: genomation |
| Version: 1.40.0 |
| Command: /Library/Frameworks/R.framework/Resources/bin/R CMD check --install=check:genomation.install-out.txt --library=/Library/Frameworks/R.framework/Resources/library --no-vignettes --timings genomation_1.40.0.tar.gz |
| StartedAt: 2025-04-21 19:32:02 -0400 (Mon, 21 Apr 2025) |
| EndedAt: 2025-04-21 19:34:05 -0400 (Mon, 21 Apr 2025) |
| EllapsedTime: 123.4 seconds |
| RetCode: 0 |
| Status: WARNINGS |
| CheckDir: genomation.Rcheck |
| Warnings: 1 |
##############################################################################
##############################################################################
###
### Running command:
###
### /Library/Frameworks/R.framework/Resources/bin/R CMD check --install=check:genomation.install-out.txt --library=/Library/Frameworks/R.framework/Resources/library --no-vignettes --timings genomation_1.40.0.tar.gz
###
##############################################################################
##############################################################################
* using log directory ‘/Users/biocbuild/bbs-3.21-bioc/meat/genomation.Rcheck’
* using R version 4.5.0 RC (2025-04-04 r88126)
* using platform: aarch64-apple-darwin20
* R was compiled by
Apple clang version 14.0.0 (clang-1400.0.29.202)
GNU Fortran (GCC) 14.2.0
* running under: macOS Ventura 13.7.1
* using session charset: UTF-8
* using option ‘--no-vignettes’
* checking for file ‘genomation/DESCRIPTION’ ... OK
* checking extension type ... Package
* this is package ‘genomation’ version ‘1.40.0’
* package encoding: latin1
* checking package namespace information ... OK
* checking package dependencies ... OK
* checking if this is a source package ... OK
* checking if there is a namespace ... OK
* checking for hidden files and directories ... OK
* checking for portable file names ... OK
* checking for sufficient/correct file permissions ... OK
* checking whether package ‘genomation’ can be installed ... WARNING
Found the following significant warnings:
Warning: replacing previous import ‘Biostrings::pattern’ by ‘grid::pattern’ when loading ‘genomation’
See ‘/Users/biocbuild/bbs-3.21-bioc/meat/genomation.Rcheck/00install.out’ for details.
* used C++ compiler: ‘Apple clang version 15.0.0 (clang-1500.1.0.2.5)’
* used SDK: ‘MacOSX11.3.sdk’
* checking installed package size ... OK
* checking package directory ... OK
* checking ‘build’ directory ... OK
* checking DESCRIPTION meta-information ... OK
* checking top-level files ... OK
* checking for left-over files ... OK
* checking index information ... OK
* checking package subdirectories ... NOTE
Problems with news in ‘NEWS’:
Cannot process chunk/lines:
in ScoreMatrixBin() function.
Cannot process chunk/lines:
NEW FUNCTIONS AND FEATURES
Cannot process chunk/lines:
The character vectors will label the x-axis of heatmaps. Examples: xcoords=c("-2kb","0","2kb")
Cannot process chunk/lines:
Implemented by Bozena Mika-Gospodorz.
Cannot process chunk/lines:
Implemented by Bozena Mika-Gospodorz.
Cannot process chunk/lines:
Implemented by Bozena Mika-Gospodorz.
Cannot process chunk/lines:
Implemented by Bozena Mika-Gospodorz.
* checking code files for non-ASCII characters ... OK
* checking R files for syntax errors ... OK
* checking whether the package can be loaded ... OK
* checking whether the package can be loaded with stated dependencies ... OK
* checking whether the package can be unloaded cleanly ... OK
* checking whether the namespace can be loaded with stated dependencies ... OK
* checking whether the namespace can be unloaded cleanly ... OK
* checking dependencies in R code ... NOTE
Unexported object imported by a ':::' call: ‘BiocGenerics:::testPackage’
See the note in ?`:::` about the use of this operator.
* checking S3 generic/method consistency ... OK
* checking replacement functions ... OK
* checking foreign function calls ... OK
* checking R code for possible problems ... NOTE
ScoreMatrixBin,RleList-GRangesList: no visible binding for global
variable ‘id’
ScoreMatrixBin,RleList-GRangesList: no visible global function
definition for ‘:=’
Undefined global functions or variables:
:= id
* checking Rd files ... NOTE
checkRd: (-1) plotMeta.Rd:57: Lost braces in \itemize; meant \describe ?
checkRd: (-1) plotMeta.Rd:58: Lost braces in \itemize; meant \describe ?
checkRd: (-1) plotMeta.Rd:59-60: Lost braces in \itemize; meant \describe ?
* checking Rd metadata ... OK
* checking Rd cross-references ... NOTE
Found the following Rd file(s) with Rd \link{} targets missing package
anchors:
annotateWithGeneParts-methods.Rd: GRanges, GRangesList
cage.Rd: GRanges
convertBed2Exons-methods.Rd: GRanges
convertBed2Introns-methods.Rd: GRanges
convertBedDf-methods.Rd: GRanges
cpgi.Rd: GRanges
genes.Rd: GRanges
patternMatrix-methods.Rd: GRanges, DNAStringSet, BSgenome
promoters.Rd: GRanges
readBed.Rd: GRanges
readGeneric.Rd: GRanges
readTranscriptFeatures-methods.Rd: GRangesList
Please provide package anchors for all Rd \link{} targets not in the
package itself and the base packages.
* checking for missing documentation entries ... OK
* checking for code/documentation mismatches ... OK
* checking Rd \usage sections ... OK
* checking Rd contents ... OK
* checking for unstated dependencies in examples ... OK
* checking contents of ‘data’ directory ... OK
* checking data for non-ASCII characters ... OK
* checking data for ASCII and uncompressed saves ... OK
* checking line endings in C/C++/Fortran sources/headers ... OK
* checking compiled code ... NOTE
Note: information on .o files is not available
* checking files in ‘vignettes’ ... OK
* checking examples ... OK
* checking for unstated dependencies in ‘tests’ ... OK
* checking tests ...
Running ‘genomation_unit_tests.R’
OK
* checking for unstated dependencies in vignettes ... OK
* checking package vignettes ... OK
* checking running R code from vignettes ... SKIPPED
* checking re-building of vignette outputs ... SKIPPED
* checking PDF version of manual ... OK
* DONE
Status: 1 WARNING, 6 NOTEs
See
‘/Users/biocbuild/bbs-3.21-bioc/meat/genomation.Rcheck/00check.log’
for details.
genomation.Rcheck/00install.out
############################################################################## ############################################################################## ### ### Running command: ### ### /Library/Frameworks/R.framework/Resources/bin/R CMD INSTALL genomation ### ############################################################################## ############################################################################## * installing to library ‘/Library/Frameworks/R.framework/Versions/4.5-arm64/Resources/library’ * installing *source* package ‘genomation’ ... ** this is package ‘genomation’ version ‘1.40.0’ ** using staged installation ** libs using C++ compiler: ‘Apple clang version 15.0.0 (clang-1500.1.0.2.5)’ using SDK: ‘MacOSX11.3.sdk’ clang++ -arch arm64 -std=gnu++17 -I"/Library/Frameworks/R.framework/Resources/include" -DNDEBUG -I'/Library/Frameworks/R.framework/Versions/4.5-arm64/Resources/library/Rcpp/include' -I/opt/R/arm64/include -fPIC -falign-functions=64 -Wall -g -O2 -c RcppExports.cpp -o RcppExports.o clang++ -arch arm64 -std=gnu++17 -I"/Library/Frameworks/R.framework/Resources/include" -DNDEBUG -I'/Library/Frameworks/R.framework/Versions/4.5-arm64/Resources/library/Rcpp/include' -I/opt/R/arm64/include -fPIC -falign-functions=64 -Wall -g -O2 -c binSum.cpp -o binSum.o clang++ -arch arm64 -std=gnu++17 -dynamiclib -Wl,-headerpad_max_install_names -undefined dynamic_lookup -L/Library/Frameworks/R.framework/Resources/lib -L/opt/R/arm64/lib -o genomation.so RcppExports.o binSum.o -F/Library/Frameworks/R.framework/.. -framework R installing to /Library/Frameworks/R.framework/Versions/4.5-arm64/Resources/library/00LOCK-genomation/00new/genomation/libs ** R ** data ** inst ** byte-compile and prepare package for lazy loading Warning: replacing previous import ‘Biostrings::pattern’ by ‘grid::pattern’ when loading ‘genomation’ ** help *** installing help indices ** building package indices ** installing vignettes ** testing if installed package can be loaded from temporary location Warning: replacing previous import ‘Biostrings::pattern’ by ‘grid::pattern’ when loading ‘genomation’ ** checking absolute paths in shared objects and dynamic libraries ** testing if installed package can be loaded from final location Warning: replacing previous import ‘Biostrings::pattern’ by ‘grid::pattern’ when loading ‘genomation’ ** testing if installed package keeps a record of temporary installation path * DONE (genomation)
genomation.Rcheck/tests/genomation_unit_tests.Rout
R version 4.5.0 RC (2025-04-04 r88126) -- "How About a Twenty-Six"
Copyright (C) 2025 The R Foundation for Statistical Computing
Platform: aarch64-apple-darwin20
R is free software and comes with ABSOLUTELY NO WARRANTY.
You are welcome to redistribute it under certain conditions.
Type 'license()' or 'licence()' for distribution details.
R is a collaborative project with many contributors.
Type 'contributors()' for more information and
'citation()' on how to cite R or R packages in publications.
Type 'demo()' for some demos, 'help()' for on-line help, or
'help.start()' for an HTML browser interface to help.
Type 'q()' to quit R.
> (require("genomation") & require("GenomicRanges") & require("GenomicAlignments") & require("rtracklayer") & require("readr") & require("Biostrings")) || stop("unable to load genomation package")
Loading required package: genomation
Loading required package: grid
Loading required package: GenomicRanges
Loading required package: stats4
Loading required package: BiocGenerics
Loading required package: generics
Attaching package: 'generics'
The following objects are masked from 'package:base':
as.difftime, as.factor, as.ordered, intersect, is.element, setdiff,
setequal, union
Attaching package: 'BiocGenerics'
The following objects are masked from 'package:stats':
IQR, mad, sd, var, xtabs
The following objects are masked from 'package:base':
Filter, Find, Map, Position, Reduce, anyDuplicated, aperm, append,
as.data.frame, basename, cbind, colnames, dirname, do.call,
duplicated, eval, evalq, get, grep, grepl, is.unsorted, lapply,
mapply, match, mget, order, paste, pmax, pmax.int, pmin, pmin.int,
rank, rbind, rownames, sapply, saveRDS, table, tapply, unique,
unsplit, which.max, which.min
Loading required package: S4Vectors
Attaching package: 'S4Vectors'
The following object is masked from 'package:utils':
findMatches
The following objects are masked from 'package:base':
I, expand.grid, unname
Loading required package: IRanges
Loading required package: GenomeInfoDb
Loading required package: GenomicAlignments
Loading required package: SummarizedExperiment
Loading required package: MatrixGenerics
Loading required package: matrixStats
Attaching package: 'MatrixGenerics'
The following objects are masked from 'package:matrixStats':
colAlls, colAnyNAs, colAnys, colAvgsPerRowSet, colCollapse,
colCounts, colCummaxs, colCummins, colCumprods, colCumsums,
colDiffs, colIQRDiffs, colIQRs, colLogSumExps, colMadDiffs,
colMads, colMaxs, colMeans2, colMedians, colMins, colOrderStats,
colProds, colQuantiles, colRanges, colRanks, colSdDiffs, colSds,
colSums2, colTabulates, colVarDiffs, colVars, colWeightedMads,
colWeightedMeans, colWeightedMedians, colWeightedSds,
colWeightedVars, rowAlls, rowAnyNAs, rowAnys, rowAvgsPerColSet,
rowCollapse, rowCounts, rowCummaxs, rowCummins, rowCumprods,
rowCumsums, rowDiffs, rowIQRDiffs, rowIQRs, rowLogSumExps,
rowMadDiffs, rowMads, rowMaxs, rowMeans2, rowMedians, rowMins,
rowOrderStats, rowProds, rowQuantiles, rowRanges, rowRanks,
rowSdDiffs, rowSds, rowSums2, rowTabulates, rowVarDiffs, rowVars,
rowWeightedMads, rowWeightedMeans, rowWeightedMedians,
rowWeightedSds, rowWeightedVars
Loading required package: Biobase
Welcome to Bioconductor
Vignettes contain introductory material; view with
'browseVignettes()'. To cite Bioconductor, see
'citation("Biobase")', and for packages 'citation("pkgname")'.
Attaching package: 'Biobase'
The following object is masked from 'package:MatrixGenerics':
rowMedians
The following objects are masked from 'package:matrixStats':
anyMissing, rowMedians
Loading required package: Biostrings
Loading required package: XVector
Attaching package: 'Biostrings'
The following object is masked from 'package:grid':
pattern
The following object is masked from 'package:base':
strsplit
Loading required package: Rsamtools
Loading required package: rtracklayer
Loading required package: readr
[1] TRUE
Warning message:
replacing previous import 'Biostrings::pattern' by 'grid::pattern' when loading 'genomation'
> genomation:::.test()
Normalizing to rpm ...
Normalizing to rpm ...
Normalizing to rpm ...
testing:min
testing:max
testing:median
Normalizing to rpm ...
Normalizing to rpm ...
Normalizing to rpm ...
Normalizing to rpm ...
Normalizing to rpm ...
Normalizing to rpm ...
Normalizing to rpm ...
Rows: 2 Columns: 9
── Column specification ────────────────────────────────────────────────────────
Delimiter: "\t"
chr (3): X1, X4, X6
dbl (5): X2, X3, X5, X7, X8
num (1): X9
ℹ Use `spec()` to retrieve the full column specification for this data.
ℹ Specify the column types or set `show_col_types = FALSE` to quiet this message.
Rows: 2 Columns: 9
── Column specification ────────────────────────────────────────────────────────
Delimiter: "\t"
chr (3): X1, X4, X6
dbl (5): X2, X3, X5, X7, X8
num (1): X9
ℹ Use `spec()` to retrieve the full column specification for this data.
ℹ Specify the column types or set `show_col_types = FALSE` to quiet this message.
RUNIT TEST PROTOCOL -- Mon Apr 21 19:34:01 2025
***********************************************
Number of test functions: 24
Number of errors: 0
Number of failures: 0
1 Test Suite :
genomation RUnit Tests - 24 test functions, 0 errors, 0 failures
Number of test functions: 24
Number of errors: 0
Number of failures: 0
There were 50 or more warnings (use warnings() to see the first 50)
>
> proc.time()
user system elapsed
9.601 0.489 10.061
genomation.Rcheck/genomation-Ex.timings
| name | user | system | elapsed | |
| AnnotationByGeneParts-methods | 0.250 | 0.029 | 0.275 | |
| ScoreMatrix-methods | 1.101 | 0.022 | 1.125 | |
| ScoreMatrixBin-methods | 0.788 | 0.055 | 0.636 | |
| ScoreMatrixList-methods | 0.198 | 0.022 | 0.222 | |
| annotateWithFeature-methods | 0.011 | 0.002 | 0.012 | |
| annotateWithFeatureFlank-methods | 0.091 | 0.001 | 0.092 | |
| annotateWithFeatures-methods | 0.264 | 0.019 | 0.216 | |
| annotateWithGeneParts-methods | 0.234 | 0.014 | 0.122 | |
| binMatrix-methods | 0.120 | 0.007 | 0.063 | |
| convertBed2Exons-methods | 0.019 | 0.001 | 0.018 | |
| convertBed2Introns-methods | 0.017 | 0.001 | 0.019 | |
| enrichmentMatrix-ScoreMatrix-method | 0.750 | 0.118 | 0.905 | |
| enrichmentMatrix-ScoreMatrixList-ScoreMatrix-method | 1.465 | 0.336 | 1.719 | |
| enrichmentMatrix-ScoreMatrixList-method | 1.425 | 0.744 | 2.189 | |
| findFeatureComb-methods | 0.093 | 0.035 | 0.129 | |
| getFeatsWithTargetsStats-methods | 0.102 | 0.034 | 0.132 | |
| getFlanks-methods | 0.049 | 0.018 | 0.067 | |
| getRandomEnrichment-methods | 0.001 | 0.001 | 0.003 | |
| getTargetAnnotationStats-methods | 0.124 | 0.024 | 0.142 | |
| gffToGRanges | 0.033 | 0.003 | 0.037 | |
| heatMatrix | 0.068 | 0.016 | 0.086 | |
| heatMeta | 0.131 | 0.016 | 0.147 | |
| heatTargetAnnotation-methods | 0.246 | 0.023 | 0.209 | |
| intersectScoreMatrixList-methods | 0.156 | 0.007 | 0.082 | |
| multiHeatMatrix | 0.213 | 0.017 | 0.122 | |
| orderBy-methods | 0.204 | 0.064 | 0.268 | |
| patternMatrix-methods | 0.052 | 0.009 | 0.067 | |
| plotMeta | 0.588 | 0.137 | 0.728 | |
| plotTargetAnnotation-methods | 0.101 | 0.008 | 0.106 | |
| readBed | 0.045 | 0.016 | 0.049 | |
| readBroadPeak | 0.012 | 0.007 | 0.014 | |
| readFeatureFlank-methods | 0.057 | 0.005 | 0.062 | |
| readGeneric | 0.012 | 0.007 | 0.015 | |
| readNarrowPeak | 0.013 | 0.009 | 0.016 | |
| readTranscriptFeatures-methods | 0.064 | 0.010 | 0.069 | |
| scaleScoreMatrix-methods | 0.057 | 0.004 | 0.061 | |
| scaleScoreMatrixList | 0.179 | 0.028 | 0.207 | |