Back to Multiple platform build/check report for BioC 3.21:   simplified   long
ABCDEFGHIJKLMNOPQ[R]STUVWXYZ

This page was generated on 2025-05-15 11:46 -0400 (Thu, 15 May 2025).

HostnameOSArch (*)R versionInstalled pkgs
nebbiolo1Linux (Ubuntu 24.04.1 LTS)x86_644.5.0 RC (2025-04-04 r88126) -- "How About a Twenty-Six" 4833
palomino7Windows Server 2022 Datacenterx644.5.0 RC (2025-04-04 r88126 ucrt) -- "How About a Twenty-Six" 4575
merida1macOS 12.7.5 Montereyx86_644.5.0 RC (2025-04-04 r88126) -- "How About a Twenty-Six" 4600
kjohnson1macOS 13.6.6 Venturaarm644.5.0 RC (2025-04-04 r88129) -- "How About a Twenty-Six" 4554
kunpeng2Linux (openEuler 24.03 LTS)aarch64R Under development (unstable) (2025-02-19 r87757) -- "Unsuffered Consequences" 4571
Click on any hostname to see more info about the system (e.g. compilers)      (*) as reported by 'uname -p', except on Windows and Mac OS X

Package 1728/2341HostnameOS / ArchINSTALLBUILDCHECKBUILD BIN
ReactomeGSA 1.22.0  (landing page)
Johannes Griss
Snapshot Date: 2025-05-12 13:40 -0400 (Mon, 12 May 2025)
git_url: https://git.bioconductor.org/packages/ReactomeGSA
git_branch: RELEASE_3_21
git_last_commit: 6e8adbb
git_last_commit_date: 2025-04-15 11:49:59 -0400 (Tue, 15 Apr 2025)
nebbiolo1Linux (Ubuntu 24.04.1 LTS) / x86_64  OK    OK    ERROR  
palomino7Windows Server 2022 Datacenter / x64  OK    OK    OK    OK  UNNEEDED, same version is already published
merida1macOS 12.7.5 Monterey / x86_64  OK    OK    OK    OK  UNNEEDED, same version is already published
kjohnson1macOS 13.6.6 Ventura / arm64  OK    OK    ERROR    OK  
kunpeng2Linux (openEuler 24.03 LTS) / aarch64  OK    OK    OK  


CHECK results for ReactomeGSA on kjohnson1

To the developers/maintainers of the ReactomeGSA package:
- Allow up to 24 hours (and sometimes 48 hours) for your latest push to git@git.bioconductor.org:packages/ReactomeGSA.git to reflect on this report. See Troubleshooting Build Report for more information.
- Use the following Renviron settings to reproduce errors and warnings.
- If 'R CMD check' started to fail recently on the Linux builder(s) over a missing dependency, add the missing dependency to 'Suggests:' in your DESCRIPTION file. See Renviron.bioc for more information.

raw results


Summary

Package: ReactomeGSA
Version: 1.22.0
Command: /Library/Frameworks/R.framework/Resources/bin/R CMD check --install=check:ReactomeGSA.install-out.txt --library=/Library/Frameworks/R.framework/Resources/library --no-vignettes --timings ReactomeGSA_1.22.0.tar.gz
StartedAt: 2025-05-14 06:02:25 -0400 (Wed, 14 May 2025)
EndedAt: 2025-05-14 06:10:53 -0400 (Wed, 14 May 2025)
EllapsedTime: 508.3 seconds
RetCode: 1
Status:   ERROR  
CheckDir: ReactomeGSA.Rcheck
Warnings: NA

Command output

##############################################################################
##############################################################################
###
### Running command:
###
###   /Library/Frameworks/R.framework/Resources/bin/R CMD check --install=check:ReactomeGSA.install-out.txt --library=/Library/Frameworks/R.framework/Resources/library --no-vignettes --timings ReactomeGSA_1.22.0.tar.gz
###
##############################################################################
##############################################################################


* using log directory ‘/Users/biocbuild/bbs-3.21-bioc/meat/ReactomeGSA.Rcheck’
* using R version 4.5.0 RC (2025-04-04 r88129)
* using platform: aarch64-apple-darwin20
* R was compiled by
    Apple clang version 14.0.0 (clang-1400.0.29.202)
    GNU Fortran (GCC) 14.2.0
* running under: macOS Ventura 13.7.5
* using session charset: UTF-8
* using option ‘--no-vignettes’
* checking for file ‘ReactomeGSA/DESCRIPTION’ ... OK
* checking extension type ... Package
* this is package ‘ReactomeGSA’ version ‘1.22.0’
* package encoding: UTF-8
* checking package namespace information ... OK
* checking package dependencies ... OK
* checking if this is a source package ... OK
* checking if there is a namespace ... OK
* checking for hidden files and directories ... OK
* checking for portable file names ... OK
* checking for sufficient/correct file permissions ... OK
* checking whether package ‘ReactomeGSA’ can be installed ... OK
* checking installed package size ... OK
* checking package directory ... OK
* checking ‘build’ directory ... OK
* checking DESCRIPTION meta-information ... OK
* checking top-level files ... OK
* checking for left-over files ... OK
* checking index information ... OK
* checking package subdirectories ... OK
* checking code files for non-ASCII characters ... OK
* checking R files for syntax errors ... OK
* checking whether the package can be loaded ... OK
* checking whether the package can be loaded with stated dependencies ... OK
* checking whether the package can be unloaded cleanly ... OK
* checking whether the namespace can be loaded with stated dependencies ... OK
* checking whether the namespace can be unloaded cleanly ... OK
* checking whether startup messages can be suppressed ... OK
* checking dependencies in R code ... OK
* checking S3 generic/method consistency ... OK
* checking replacement functions ... OK
* checking foreign function calls ... OK
* checking R code for possible problems ... NOTE
plot_correlations,ReactomeAnalysisResult: no visible binding for global
  variable ‘combined_sig’
plot_correlations,ReactomeAnalysisResult: no visible binding for global
  variable ‘alpha’
plot_gsva_pathway,ReactomeAnalysisResult: no visible binding for global
  variable ‘cluster_id’
plot_gsva_pathway,ReactomeAnalysisResult: no visible binding for global
  variable ‘expr’
plot_gsva_pca,ReactomeAnalysisResult: no visible binding for global
  variable ‘gsva_result’
plot_gsva_pca,ReactomeAnalysisResult: no visible binding for global
  variable ‘PC1’
plot_gsva_pca,ReactomeAnalysisResult: no visible binding for global
  variable ‘PC2’
plot_heatmap,ReactomeAnalysisResult: no visible global function
  definition for ‘desc’
plot_heatmap,ReactomeAnalysisResult: no visible binding for global
  variable ‘n_sig’
plot_heatmap,ReactomeAnalysisResult: no visible binding for global
  variable ‘dataset’
plot_heatmap,ReactomeAnalysisResult: no visible binding for global
  variable ‘Name’
plot_volcano,ReactomeAnalysisResult: no visible binding for global
  variable ‘av_foldchange’
plot_volcano,ReactomeAnalysisResult: no visible binding for global
  variable ‘FDR’
Undefined global functions or variables:
  FDR Name PC1 PC2 alpha av_foldchange cluster_id combined_sig dataset
  desc expr gsva_result n_sig
* checking Rd files ... OK
* checking Rd metadata ... OK
* checking Rd cross-references ... OK
* checking for missing documentation entries ... OK
* checking for code/documentation mismatches ... OK
* checking Rd \usage sections ... OK
* checking Rd contents ... OK
* checking for unstated dependencies in examples ... OK
* checking files in ‘vignettes’ ... OK
* checking examples ... ERROR
Running examples in ‘ReactomeGSA-Ex.R’ failed
The error most likely occurred in:

> base::assign(".ptime", proc.time(), pos = "CheckExEnv")
> ### Name: plot_gsva_heatmap
> ### Title: plot_gsva_heatmap
> ### Aliases: plot_gsva_heatmap
> 
> ### ** Examples
> 
> # load the scRNA-seq example data
> library(ReactomeGSA.data)
Loading required package: limma
Loading required package: edgeR
Loading required package: Seurat
Loading required package: SeuratObject
Loading required package: sp

Attaching package: 'SeuratObject'

The following objects are masked from 'package:base':

    intersect, t

> data(jerby_b_cells)
> 
> # perform the GSVA analysis
> gsva_result <- analyse_sc_clusters(jerby_b_cells, verbose = FALSE)
Converting expression data to string... (This may take a moment)
Conversion complete
Compressing request data...
Reactome Analysis submitted succesfully
> 
> # plot the heatmap
> relevant_pathways <- c("R-HSA-983170", "R-HSA-388841", "R-HSA-2132295", 
+                        "R-HSA-983705", "R-HSA-5690714")
> plot_gsva_heatmap(gsva_result, 
+                   pathway_ids = relevant_pathways, # limit to these pathways
+                   margins = c(6,30), # adapt the figure margins in heatmap.2
+                   dendrogram = "col", # only plot column dendrogram
+                   scale = "row", # scale for each pathway
+                   key = FALSE, # don't display the color key
+                   lwid=c(0.1,4)) # remove the white space on the left
Error: C stack usage  7953856 is too close to the limit
Execution halted
Examples with CPU (user + system) or elapsed time > 5s
                                                  user system elapsed
plot_gsva_heatmap-ReactomeAnalysisResult-method 32.648  1.908  66.497
analyse_sc_clusters-Seurat-method               30.630  2.165  67.649
analyse_sc_clusters-SingleCellExperiment-method 30.005  2.072  63.033
analyse_sc_clusters                             28.952  2.082 100.495
generate_pseudo_bulk_data                       17.433  1.473  19.000
ReactomeAnalysisRequest                          5.258  0.292   5.588
perform_reactome_analysis                        2.856  0.282  62.298
* checking for unstated dependencies in ‘tests’ ... OK
* checking tests ...
  Running ‘testthat.R’
 OK
* checking for unstated dependencies in vignettes ... OK
* checking package vignettes ... OK
* checking running R code from vignettes ... SKIPPED
* checking re-building of vignette outputs ... SKIPPED
* checking PDF version of manual ... OK
* DONE

Status: 1 ERROR, 1 NOTE
See
  ‘/Users/biocbuild/bbs-3.21-bioc/meat/ReactomeGSA.Rcheck/00check.log’
for details.


Installation output

ReactomeGSA.Rcheck/00install.out

##############################################################################
##############################################################################
###
### Running command:
###
###   /Library/Frameworks/R.framework/Resources/bin/R CMD INSTALL ReactomeGSA
###
##############################################################################
##############################################################################


* installing to library ‘/Library/Frameworks/R.framework/Versions/4.5-arm64/Resources/library’
* installing *source* package ‘ReactomeGSA’ ...
** this is package ‘ReactomeGSA’ version ‘1.22.0’
** using staged installation
** R
** inst
** byte-compile and prepare package for lazy loading
in method for ‘analyse_sc_clusters’ with signature ‘object="Seurat"’: no definition for class “Seurat”
in method for ‘analyse_sc_clusters’ with signature ‘object="SingleCellExperiment"’: no definition for class “SingleCellExperiment”
in method for ‘add_dataset’ with signature ‘request="ReactomeAnalysisRequest",expression_values="EList"’: no definition for class “EList”
in method for ‘add_dataset’ with signature ‘request="ReactomeAnalysisRequest",expression_values="DGEList"’: no definition for class “DGEList”
in method for ‘generate_pseudo_bulk_data’ with signature ‘object="Seurat"’: no definition for class “Seurat”
in method for ‘generate_pseudo_bulk_data’ with signature ‘object="SingleCellExperiment"’: no definition for class “SingleCellExperiment”
** help
*** installing help indices
** building package indices
** installing vignettes
** testing if installed package can be loaded from temporary location
** testing if installed package can be loaded from final location
** testing if installed package keeps a record of temporary installation path
* DONE (ReactomeGSA)

Tests output

ReactomeGSA.Rcheck/tests/testthat.Rout


R version 4.5.0 RC (2025-04-04 r88129) -- "How About a Twenty-Six"
Copyright (C) 2025 The R Foundation for Statistical Computing
Platform: aarch64-apple-darwin20

R is free software and comes with ABSOLUTELY NO WARRANTY.
You are welcome to redistribute it under certain conditions.
Type 'license()' or 'licence()' for distribution details.

R is a collaborative project with many contributors.
Type 'contributors()' for more information and
'citation()' on how to cite R or R packages in publications.

Type 'demo()' for some demos, 'help()' for on-line help, or
'help.start()' for an HTML browser interface to help.
Type 'q()' to quit R.

> library(testthat)
> library(ReactomeGSA)
> 
> test_check("ReactomeGSA")
[ FAIL 0 | WARN 0 | SKIP 0 | PASS 17 ]
> 
> proc.time()
   user  system elapsed 
  1.951   0.167   2.208 

Example timings

ReactomeGSA.Rcheck/ReactomeGSA-Ex.timings

nameusersystemelapsed
ReactomeAnalysisRequest5.2580.2925.588
ReactomeAnalysisResult-class0.2720.0120.294
add_dataset-ReactomeAnalysisRequest-DGEList-method0.8430.0690.915
add_dataset-ReactomeAnalysisRequest-EList-method0.8590.0720.935
add_dataset-ReactomeAnalysisRequest-ExpressionSet-method0.8680.0570.931
add_dataset-ReactomeAnalysisRequest-data.frame-method0.8440.0740.920
add_dataset-ReactomeAnalysisRequest-matrix-method0.8690.0440.913
add_dataset0.8490.0660.917
analyse_sc_clusters-Seurat-method30.630 2.16567.649
analyse_sc_clusters-SingleCellExperiment-method30.005 2.07263.033
analyse_sc_clusters 28.952 2.082100.495
find_public_datasets0.0780.0152.847
generate_metadata0.0010.0010.000
generate_pseudo_bulk_data17.433 1.47319.000
get_public_species0.0320.0050.161
get_reactome_data_types0.0660.0140.562
get_reactome_methods0.1080.0200.998
get_result-ReactomeAnalysisResult-method0.3020.0150.317
get_result0.2940.0150.310
load_public_dataset0.7570.0722.199
names-ReactomeAnalysisResult-method0.2530.0100.264
open_reactome-ReactomeAnalysisResult-method0.2910.0140.306
open_reactome0.2860.0140.321
pathways-ReactomeAnalysisResult-method0.3430.0160.359
pathways0.3100.0160.326
perform_reactome_analysis 2.856 0.28262.298
plot_correlations-ReactomeAnalysisResult-method0.3320.0120.346
plot_correlations0.3370.0150.353
plot_gsva_heatmap-ReactomeAnalysisResult-method32.648 1.90866.497