| Back to Rapid builds (Linux only) of a subset of BioC 3.22 Report updated every 6 hours |
This page was generated on 2025-07-24 09:37 -0400 (Thu, 24 Jul 2025).
| Hostname | OS | Arch (*) | R version | Installed pkgs |
|---|---|---|---|---|
| teran2 | Linux (Ubuntu 24.04.1 LTS) | x86_64 | 4.5.0 (2025-04-11) -- "How About a Twenty-Six" | 914 |
| Click on any hostname to see more info about the system (e.g. compilers) (*) as reported by 'uname -p', except on Windows and Mac OS X | ||||
| Package 111/229 | Hostname | OS / Arch | INSTALL | BUILD | CHECK | |||||||
| gpls 1.81.0 (landing page) Bioconductor Package Maintainer
| teran2 | Linux (Ubuntu 24.04.1 LTS) / x86_64 | OK | OK | WARNINGS | |||||||
|
To the developers/maintainers of the gpls package: - Use the following Renviron settings to reproduce errors and warnings. - If 'R CMD check' started to fail recently on the Linux builder(s) over a missing dependency, add the missing dependency to 'Suggests:' in your DESCRIPTION file. See Renviron.bioc for more information. |
| Package: gpls |
| Version: 1.81.0 |
| Command: /home/rapidbuild/bbs-3.22-bioc-rapid/R/bin/R CMD check --install=check:gpls.install-out.txt --library=/home/rapidbuild/bbs-3.22-bioc-rapid/R/site-library --timings gpls_1.81.0.tar.gz |
| StartedAt: 2025-07-24 08:22:09 -0400 (Thu, 24 Jul 2025) |
| EndedAt: 2025-07-24 08:22:25 -0400 (Thu, 24 Jul 2025) |
| EllapsedTime: 16.0 seconds |
| RetCode: 0 |
| Status: WARNINGS |
| CheckDir: gpls.Rcheck |
| Warnings: 1 |
##############################################################################
##############################################################################
###
### Running command:
###
### /home/rapidbuild/bbs-3.22-bioc-rapid/R/bin/R CMD check --install=check:gpls.install-out.txt --library=/home/rapidbuild/bbs-3.22-bioc-rapid/R/site-library --timings gpls_1.81.0.tar.gz
###
##############################################################################
##############################################################################
* using log directory ‘/media/volume/teran2_disk/rapidbuild/bbs-3.22-bioc-rapid/meat/gpls.Rcheck’
* using R version 4.5.0 (2025-04-11)
* using platform: x86_64-pc-linux-gnu
* R was compiled by
gcc (Ubuntu 13.3.0-6ubuntu2~24.04) 13.3.0
GNU Fortran (Ubuntu 13.3.0-6ubuntu2~24.04) 13.3.0
* running under: Ubuntu 24.04.2 LTS
* using session charset: UTF-8
* checking for file ‘gpls/DESCRIPTION’ ... OK
* this is package ‘gpls’ version ‘1.81.0’
* checking package namespace information ... OK
* checking package dependencies ... OK
* checking if this is a source package ... OK
* checking if there is a namespace ... OK
* checking for hidden files and directories ... OK
* checking for portable file names ... OK
* checking for sufficient/correct file permissions ... OK
* checking whether package ‘gpls’ can be installed ... WARNING
Found the following significant warnings:
Note: break used in wrong context: no loop is visible
See ‘/media/volume/teran2_disk/rapidbuild/bbs-3.22-bioc-rapid/meat/gpls.Rcheck/00install.out’ for details.
Information on the location(s) of code generating the ‘Note’s can be
obtained by re-running with environment variable R_KEEP_PKG_SOURCE set
to ‘yes’.
* checking installed package size ... OK
* checking package directory ... OK
* checking ‘build’ directory ... OK
* checking DESCRIPTION meta-information ... OK
* checking top-level files ... OK
* checking for left-over files ... OK
* checking index information ... OK
* checking package subdirectories ... OK
* checking code files for non-ASCII characters ... OK
* checking R files for syntax errors ... OK
* checking whether the package can be loaded ... OK
* checking whether the package can be loaded with stated dependencies ... OK
* checking whether the package can be unloaded cleanly ... OK
* checking whether the namespace can be loaded with stated dependencies ... OK
* checking whether the namespace can be unloaded cleanly ... OK
* checking loading without being on the library search path ... OK
* checking dependencies in R code ... OK
* checking S3 generic/method consistency ... OK
* checking replacement functions ... OK
* checking foreign function calls ... OK
* checking R code for possible problems ... OK
* checking Rd files ... NOTE
prepare_Rd: glpls1a.Rd:26-28: Dropping empty section \details
prepare_Rd: glpls1a.Rd:47: Dropping empty section \note
prepare_Rd: glpls1a.cv.error.Rd:24-26: Dropping empty section \details
prepare_Rd: glpls1a.cv.error.Rd:42: Dropping empty section \note
prepare_Rd: glpls1a.logit.all.Rd:28-30: Dropping empty section \details
prepare_Rd: glpls1a.logit.all.Rd:45: Dropping empty section \note
prepare_Rd: glpls1a.mlogit.Rd:27-29: Dropping empty section \details
prepare_Rd: glpls1a.mlogit.Rd:47: Dropping empty section \note
prepare_Rd: glpls1a.mlogit.cv.error.Rd:24: Dropping empty section \details
prepare_Rd: glpls1a.mlogit.cv.error.Rd:40: Dropping empty section \note
prepare_Rd: glpls1a.train.test.error.Rd:27-29: Dropping empty section \details
prepare_Rd: glpls1a.train.test.error.Rd:46: Dropping empty section \note
* checking Rd metadata ... OK
* checking Rd cross-references ... OK
* checking for missing documentation entries ... OK
* checking for code/documentation mismatches ... OK
* checking Rd \usage sections ... OK
* checking Rd contents ... OK
* checking for unstated dependencies in examples ... OK
* checking files in ‘vignettes’ ... OK
* checking examples ... OK
* checking for unstated dependencies in vignettes ... OK
* checking package vignettes ... OK
* checking re-building of vignette outputs ... OK
* checking PDF version of manual ... OK
* DONE
Status: 1 WARNING, 1 NOTE
See
‘/media/volume/teran2_disk/rapidbuild/bbs-3.22-bioc-rapid/meat/gpls.Rcheck/00check.log’
for details.
gpls.Rcheck/00install.out
############################################################################## ############################################################################## ### ### Running command: ### ### /home/rapidbuild/bbs-3.22-bioc-rapid/R/bin/R CMD INSTALL gpls ### ############################################################################## ############################################################################## * installing to library ‘/media/volume/teran2_disk/rapidbuild/bbs-3.22-bioc-rapid/R/site-library’ * installing *source* package ‘gpls’ ... ** this is package ‘gpls’ version ‘1.81.0’ ** using staged installation ** R ** byte-compile and prepare package for lazy loading Note: break used in wrong context: no loop is visible Note: break used in wrong context: no loop is visible ** help *** installing help indices ** building package indices ** installing vignettes ** testing if installed package can be loaded from temporary location ** testing if installed package can be loaded from final location ** testing if installed package keeps a record of temporary installation path * DONE (gpls)
gpls.Rcheck/gpls-Ex.timings
| name | user | system | elapsed | |
| glpls1a | 0.020 | 0.003 | 0.023 | |
| glpls1a.cv.error | 0.103 | 0.000 | 0.102 | |
| glpls1a.logit.all | 0.015 | 0.000 | 0.015 | |
| glpls1a.mlogit | 0.056 | 0.000 | 0.056 | |
| glpls1a.mlogit.cv.error | 1.061 | 0.001 | 1.062 | |
| glpls1a.train.test.error | 0.005 | 0.000 | 0.005 | |
| gpls | 0.03 | 0.01 | 0.04 | |
| predict.gpls | 0.036 | 0.003 | 0.041 | |