Back to Long Tests report for BioC 3.22

This page was generated on 2025-10-25 23:55 -0400 (Sat, 25 Oct 2025).

HostnameOSArch (*)R versionInstalled pkgs
nebbiolo2Linux (Ubuntu 24.04.3 LTS)x86_644.5.1 Patched (2025-08-23 r88802) -- "Great Square Root" 4901
lconwaymacOS 12.7.6 Montereyx86_644.5.1 Patched (2025-09-10 r88807) -- "Great Square Root" 4691
Click on any hostname to see more info about the system (e.g. compilers)      (*) as reported by 'uname -p', except on Windows and Mac OS X

Package 6/31HostnameOS / ArchCHECK
biodbHmdb 1.15.1  (landing page)
Pierrick Roger
Snapshot Date: 2025-10-25 09:55 -0400 (Sat, 25 Oct 2025)
git_url: https://git.bioconductor.org/packages/biodbHmdb
git_branch: devel
git_last_commit: fa89c02
git_last_commit_date: 2025-07-24 10:45:35 -0400 (Thu, 24 Jul 2025)
nebbiolo2Linux (Ubuntu 24.04.3 LTS) / x86_64  ERROR  
lconwaymacOS 12.7.6 Monterey / x86_64  ERROR  


CHECK results for biodbHmdb on nebbiolo2

To the developers/maintainers of the biodbHmdb package:
- Use the following Renviron settings to reproduce errors and warnings.
- If 'R CMD check' started to fail recently on the Linux builder(s) over a missing dependency, add the missing dependency to 'Suggests:' in your DESCRIPTION file. See Renviron.bioc for more information.

raw results


Summary

Package: biodbHmdb
Version: 1.15.1
Command: /home/biocbuild/bbs-3.22-bioc/R/bin/R CMD check --test-dir=longtests --no-stop-on-test-error --no-codoc --no-examples --no-manual --ignore-vignettes --check-subdirs=no biodbHmdb_1.15.1.tar.gz
StartedAt: 2025-10-25 16:01:11 -0400 (Sat, 25 Oct 2025)
EndedAt: 2025-10-25 16:02:19 -0400 (Sat, 25 Oct 2025)
EllapsedTime: 68.0 seconds
RetCode: 1
Status:   ERROR  
CheckDir: biodbHmdb.Rcheck
Warnings: NA

Tests output

biodbHmdb.Rcheck/tests/testthat.Rout.fail


R version 4.5.1 Patched (2025-08-23 r88802) -- "Great Square Root"
Copyright (C) 2025 The R Foundation for Statistical Computing
Platform: x86_64-pc-linux-gnu

R is free software and comes with ABSOLUTELY NO WARRANTY.
You are welcome to redistribute it under certain conditions.
Type 'license()' or 'licence()' for distribution details.

R is a collaborative project with many contributors.
Type 'contributors()' for more information and
'citation()' on how to cite R or R packages in publications.

Type 'demo()' for some demos, 'help()' for on-line help, or
'help.start()' for an HTML browser interface to help.
Type 'q()' to quit R.

> # Script needed to run testthat automatically from ‘R CMD check’. See
> # testthat::test_dir documentation.
> library(testthat)
> library(biodbHmdb)
Warning message:
In fun(libname, pkgname) :
  Package 'biodbHmdb' is deprecated and will be removed from Bioconductor
  version 3.23
> Sys.setenv(TESTTHAT_REPORTER="summary")
> Sys.setenv(BIODB_LOG_DST="console")
> test_check("biodbHmdb")
biodb.INFO [2025-10-25 16:02:16.662][biodb::testContext]
biodb.INFO [2025-10-25 16:02:16.664][biodb::testContext] ********************************************************************************
biodb.INFO [2025-10-25 16:02:16.665][biodb::testContext] Test context - Generic long tests
biodb.INFO [2025-10-25 16:02:16.666][biodb::testContext] ********************************************************************************
biodb.INFO [2025-10-25 16:02:16.667][biodb::testContext]
biodb.INFO [2025-10-25 16:02:16.673][private$loadBiodbPkgsDefinitions] Loading definitions from package biodb version 1.17.2.
biodb.DEBUG[2025-10-25 16:02:16.675][self$loadDefinitions] Load definitions from file "/home/biocbuild/bbs-3.22-bioc/R/site-library/biodb/definitions.yml".
biodb.DEBUG[2025-10-25 16:02:16.682][notifyObservers] Notify observers for notifyNewObservers.
biodb.DEBUG[2025-10-25 16:02:16.683][self$getConfig()$define] Define config key allow.huge.downloads.
biodb.DEBUG[2025-10-25 16:02:16.684][self$set] Set key allow.huge.downloads to TRUE.
biodb.DEBUG[2025-10-25 16:02:16.685][notifyObservers] Notify observers for notifyCfgUpdate.
biodb.DEBUG[2025-10-25 16:02:16.686][FUN] Trying to call function notifyCfgUpdate on observer BiodbConfig.
biodb.DEBUG[2025-10-25 16:02:16.687][FUN] Functions in observer BiodbConfig: [21]: ".__enclos_env__, clone, terminate, notifyNewObservers, define, getAssocEnvVar, listKeys, print, disable, enable, reset, set, get, isEnabled, isDefined, hasKey, getDefaultValue, getDescription, getTitle, getKeys, initialize".
biodb.DEBUG[2025-10-25 16:02:16.688][self$getConfig()$define] Define config key autoload.extra.pkgs.
biodb.DEBUG[2025-10-25 16:02:16.705][self$set] Set key autoload.extra.pkgs to TRUE.
biodb.DEBUG[2025-10-25 16:02:16.706][notifyObservers] Notify observers for notifyCfgUpdate.
biodb.DEBUG[2025-10-25 16:02:16.716][FUN] Trying to call function notifyCfgUpdate on observer BiodbConfig.
biodb.DEBUG[2025-10-25 16:02:16.716][FUN] Functions in observer BiodbConfig: [21]: ".__enclos_env__, clone, terminate, notifyNewObservers, define, getAssocEnvVar, listKeys, print, disable, enable, reset, set, get, isEnabled, isDefined, hasKey, getDefaultValue, getDescription, getTitle, getKeys, initialize".
biodb.DEBUG[2025-10-25 16:02:16.717][self$getConfig()$define] Define config key cache.all.requests.
biodb.DEBUG[2025-10-25 16:02:16.718][self$set] Set key cache.all.requests to TRUE.
biodb.DEBUG[2025-10-25 16:02:16.719][notifyObservers] Notify observers for notifyCfgUpdate.
biodb.DEBUG[2025-10-25 16:02:16.720][FUN] Trying to call function notifyCfgUpdate on observer BiodbConfig.
biodb.DEBUG[2025-10-25 16:02:16.721][FUN] Functions in observer BiodbConfig: [21]: ".__enclos_env__, clone, terminate, notifyNewObservers, define, getAssocEnvVar, listKeys, print, disable, enable, reset, set, get, isEnabled, isDefined, hasKey, getDefaultValue, getDescription, getTitle, getKeys, initialize".
biodb.DEBUG[2025-10-25 16:02:16.722][self$getConfig()$define] Define config key cache.directory.
biodb.DEBUG[2025-10-25 16:02:16.723][self$getConfig()$define] Define config key cache.read.only.
biodb.DEBUG[2025-10-25 16:02:16.724][self$set] Set key cache.read.only to FALSE.
biodb.DEBUG[2025-10-25 16:02:16.724][notifyObservers] Notify observers for notifyCfgUpdate.
biodb.DEBUG[2025-10-25 16:02:16.725][FUN] Trying to call function notifyCfgUpdate on observer BiodbConfig.
biodb.DEBUG[2025-10-25 16:02:16.726][FUN] Functions in observer BiodbConfig: [21]: ".__enclos_env__, clone, terminate, notifyNewObservers, define, getAssocEnvVar, listKeys, print, disable, enable, reset, set, get, isEnabled, isDefined, hasKey, getDefaultValue, getDescription, getTitle, getKeys, initialize".
biodb.DEBUG[2025-10-25 16:02:16.727][self$getConfig()$define] Define config key cache.subfolders.
biodb.DEBUG[2025-10-25 16:02:16.728][self$getConfig()$define] Define config key cache.system.
biodb.DEBUG[2025-10-25 16:02:16.729][self$set] Set key cache.system to TRUE.
biodb.DEBUG[2025-10-25 16:02:16.730][notifyObservers] Notify observers for notifyCfgUpdate.
biodb.DEBUG[2025-10-25 16:02:16.730][FUN] Trying to call function notifyCfgUpdate on observer BiodbConfig.
biodb.DEBUG[2025-10-25 16:02:16.731][FUN] Functions in observer BiodbConfig: [21]: ".__enclos_env__, clone, terminate, notifyNewObservers, define, getAssocEnvVar, listKeys, print, disable, enable, reset, set, get, isEnabled, isDefined, hasKey, getDefaultValue, getDescription, getTitle, getKeys, initialize".
biodb.DEBUG[2025-10-25 16:02:16.732][self$getConfig()$define] Define config key use.cache.for.local.db.
biodb.DEBUG[2025-10-25 16:02:16.733][self$set] Set key use.cache.for.local.db to FALSE.
biodb.DEBUG[2025-10-25 16:02:16.734][notifyObservers] Notify observers for notifyCfgUpdate.
biodb.DEBUG[2025-10-25 16:02:16.735][FUN] Trying to call function notifyCfgUpdate on observer BiodbConfig.
biodb.DEBUG[2025-10-25 16:02:16.736][FUN] Functions in observer BiodbConfig: [21]: ".__enclos_env__, clone, terminate, notifyNewObservers, define, getAssocEnvVar, listKeys, print, disable, enable, reset, set, get, isEnabled, isDefined, hasKey, getDefaultValue, getDescription, getTitle, getKeys, initialize".
biodb.DEBUG[2025-10-25 16:02:16.737][self$getConfig()$define] Define config key dwnld.chunk.size.
biodb.DEBUG[2025-10-25 16:02:16.738][self$getConfig()$define] Define config key dwnld.timeout.
biodb.DEBUG[2025-10-25 16:02:16.739][self$set] Set key dwnld.timeout to 3600.
biodb.DEBUG[2025-10-25 16:02:16.739][notifyObservers] Notify observers for notifyCfgUpdate.
biodb.DEBUG[2025-10-25 16:02:16.740][FUN] Trying to call function notifyCfgUpdate on observer BiodbConfig.
biodb.DEBUG[2025-10-25 16:02:16.741][FUN] Functions in observer BiodbConfig: [21]: ".__enclos_env__, clone, terminate, notifyNewObservers, define, getAssocEnvVar, listKeys, print, disable, enable, reset, set, get, isEnabled, isDefined, hasKey, getDefaultValue, getDescription, getTitle, getKeys, initialize".
biodb.DEBUG[2025-10-25 16:02:16.742][self$getConfig()$define] Define config key compute.fields.
biodb.DEBUG[2025-10-25 16:02:16.743][self$set] Set key compute.fields to TRUE.
biodb.DEBUG[2025-10-25 16:02:16.744][notifyObservers] Notify observers for notifyCfgUpdate.
biodb.DEBUG[2025-10-25 16:02:16.745][FUN] Trying to call function notifyCfgUpdate on observer BiodbConfig.
biodb.DEBUG[2025-10-25 16:02:16.745][FUN] Functions in observer BiodbConfig: [21]: ".__enclos_env__, clone, terminate, notifyNewObservers, define, getAssocEnvVar, listKeys, print, disable, enable, reset, set, get, isEnabled, isDefined, hasKey, getDefaultValue, getDescription, getTitle, getKeys, initialize".
biodb.DEBUG[2025-10-25 16:02:16.746][self$getConfig()$define] Define config key factory.cache.
biodb.DEBUG[2025-10-25 16:02:16.747][self$getConfig()$define] Define config key force.locale.
biodb.DEBUG[2025-10-25 16:02:16.748][self$set] Set key force.locale to TRUE.
biodb.DEBUG[2025-10-25 16:02:16.749][notifyObservers] Notify observers for notifyCfgUpdate.
biodb.DEBUG[2025-10-25 16:02:16.750][FUN] Trying to call function notifyCfgUpdate on observer BiodbConfig.
biodb.DEBUG[2025-10-25 16:02:16.751][FUN] Functions in observer BiodbConfig: [21]: ".__enclos_env__, clone, terminate, notifyNewObservers, define, getAssocEnvVar, listKeys, print, disable, enable, reset, set, get, isEnabled, isDefined, hasKey, getDefaultValue, getDescription, getTitle, getKeys, initialize".
biodb.DEBUG[2025-10-25 16:02:16.752][self$getConfig()$define] Define config key longterm.cache.subfolder.
biodb.DEBUG[2025-10-25 16:02:16.752][self$getConfig()$define] Define config key msg.caution.lvl.
biodb.DEBUG[2025-10-25 16:02:16.753][self$getConfig()$define] Define config key msg.debug.lvl.
biodb.DEBUG[2025-10-25 16:02:16.754][self$getConfig()$define] Define config key msg.info.lvl.
biodb.DEBUG[2025-10-25 16:02:16.755][self$getConfig()$define] Define config key multival.field.sep.
biodb.DEBUG[2025-10-25 16:02:16.756][self$set] Set key multival.field.sep to ";".
biodb.DEBUG[2025-10-25 16:02:16.757][notifyObservers] Notify observers for notifyCfgUpdate.
biodb.DEBUG[2025-10-25 16:02:16.758][FUN] Trying to call function notifyCfgUpdate on observer BiodbConfig.
biodb.DEBUG[2025-10-25 16:02:16.759][FUN] Functions in observer BiodbConfig: [21]: ".__enclos_env__, clone, terminate, notifyNewObservers, define, getAssocEnvVar, listKeys, print, disable, enable, reset, set, get, isEnabled, isDefined, hasKey, getDefaultValue, getDescription, getTitle, getKeys, initialize".
biodb.DEBUG[2025-10-25 16:02:16.760][self$getConfig()$define] Define config key intra.field.name.sep.
biodb.DEBUG[2025-10-25 16:02:16.761][self$set] Set key intra.field.name.sep to ".".
biodb.DEBUG[2025-10-25 16:02:16.761][notifyObservers] Notify observers for notifyCfgUpdate.
biodb.DEBUG[2025-10-25 16:02:16.762][FUN] Trying to call function notifyCfgUpdate on observer BiodbConfig.
biodb.DEBUG[2025-10-25 16:02:16.763][FUN] Functions in observer BiodbConfig: [21]: ".__enclos_env__, clone, terminate, notifyNewObservers, define, getAssocEnvVar, listKeys, print, disable, enable, reset, set, get, isEnabled, isDefined, hasKey, getDefaultValue, getDescription, getTitle, getKeys, initialize".
biodb.DEBUG[2025-10-25 16:02:16.764][self$getConfig()$define] Define config key entries.sep.
biodb.DEBUG[2025-10-25 16:02:16.765][self$set] Set key entries.sep to "|".
biodb.DEBUG[2025-10-25 16:02:16.766][notifyObservers] Notify observers for notifyCfgUpdate.
biodb.DEBUG[2025-10-25 16:02:16.767][FUN] Trying to call function notifyCfgUpdate on observer BiodbConfig.
biodb.DEBUG[2025-10-25 16:02:16.767][FUN] Functions in observer BiodbConfig: [21]: ".__enclos_env__, clone, terminate, notifyNewObservers, define, getAssocEnvVar, listKeys, print, disable, enable, reset, set, get, isEnabled, isDefined, hasKey, getDefaultValue, getDescription, getTitle, getKeys, initialize".
biodb.DEBUG[2025-10-25 16:02:16.768][self$getConfig()$define] Define config key offline.
biodb.DEBUG[2025-10-25 16:02:16.769][self$set] Set key offline to FALSE.
biodb.DEBUG[2025-10-25 16:02:16.770][notifyObservers] Notify observers for notifyCfgUpdate.
biodb.DEBUG[2025-10-25 16:02:16.771][FUN] Trying to call function notifyCfgUpdate on observer BiodbConfig.
biodb.DEBUG[2025-10-25 16:02:16.772][FUN] Functions in observer BiodbConfig: [21]: ".__enclos_env__, clone, terminate, notifyNewObservers, define, getAssocEnvVar, listKeys, print, disable, enable, reset, set, get, isEnabled, isDefined, hasKey, getDefaultValue, getDescription, getTitle, getKeys, initialize".
biodb.DEBUG[2025-10-25 16:02:16.773][self$getConfig()$define] Define config key persistent.cache.impl.
biodb.DEBUG[2025-10-25 16:02:16.774][self$getConfig()$define] Define config key proton.mass.
biodb.DEBUG[2025-10-25 16:02:16.774][self$set] Set key proton.mass to 1.0072765.
biodb.DEBUG[2025-10-25 16:02:16.775][notifyObservers] Notify observers for notifyCfgUpdate.
biodb.DEBUG[2025-10-25 16:02:16.776][FUN] Trying to call function notifyCfgUpdate on observer BiodbConfig.
biodb.DEBUG[2025-10-25 16:02:16.777][FUN] Functions in observer BiodbConfig: [21]: ".__enclos_env__, clone, terminate, notifyNewObservers, define, getAssocEnvVar, listKeys, print, disable, enable, reset, set, get, isEnabled, isDefined, hasKey, getDefaultValue, getDescription, getTitle, getKeys, initialize".
biodb.DEBUG[2025-10-25 16:02:16.778][self$getConfig()$define] Define config key shortterm.cache.subfolder.
biodb.DEBUG[2025-10-25 16:02:16.779][self$getConfig()$define] Define config key svn.binary.path.
biodb.DEBUG[2025-10-25 16:02:16.782][self$set] Set key svn.binary.path to "".
biodb.DEBUG[2025-10-25 16:02:16.782][notifyObservers] Notify observers for notifyCfgUpdate.
biodb.DEBUG[2025-10-25 16:02:16.783][FUN] Trying to call function notifyCfgUpdate on observer BiodbConfig.
biodb.DEBUG[2025-10-25 16:02:16.784][FUN] Functions in observer BiodbConfig: [21]: ".__enclos_env__, clone, terminate, notifyNewObservers, define, getAssocEnvVar, listKeys, print, disable, enable, reset, set, get, isEnabled, isDefined, hasKey, getDefaultValue, getDescription, getTitle, getKeys, initialize".
biodb.DEBUG[2025-10-25 16:02:16.785][self$getConfig()$define] Define config key test.functions.
biodb.DEBUG[2025-10-25 16:02:16.786][self$getConfig()$define] Define config key useragent.
biodb.DEBUG[2025-10-25 16:02:16.787][self$set] Set key useragent to "R Bioconductor biodb library.".
biodb.DEBUG[2025-10-25 16:02:16.788][notifyObservers] Notify observers for notifyCfgUpdate.
biodb.DEBUG[2025-10-25 16:02:16.789][FUN] Trying to call function notifyCfgUpdate on observer BiodbConfig.
biodb.DEBUG[2025-10-25 16:02:16.789][FUN] Functions in observer BiodbConfig: [21]: ".__enclos_env__, clone, terminate, notifyNewObservers, define, getAssocEnvVar, listKeys, print, disable, enable, reset, set, get, isEnabled, isDefined, hasKey, getDefaultValue, getDescription, getTitle, getKeys, initialize".
biodb.DEBUG[2025-10-25 16:02:16.793][self$getDbsInfo()$define] Define connector comp.csv.file.
biodb.DEBUG[2025-10-25 16:02:16.823][self$setPropertyValue] Setting property "compound.db" to "TRUE".
biodb.DEBUG[2025-10-25 16:02:16.838][self$setPropertyValue] Setting property "description" to "A connector to handle a compound database stored inside a CSV file. It is possible to choose the separator for the CSV file, as well as match the column names with the biodb entry fields.".
biodb.DEBUG[2025-10-25 16:02:16.839][self$setPropertyValue] Setting property "disabled" to "FALSE".
biodb.DEBUG[2025-10-25 16:02:16.840][self$setPropertyValue] Setting property "disabling.reason" to "".
biodb.DEBUG[2025-10-25 16:02:16.841][self$setPropertyValue] Setting property "downloadable" to "FALSE".
biodb.DEBUG[2025-10-25 16:02:16.842][self$setPropertyValue] Setting property "dwnld.ext" to "NA".
biodb.DEBUG[2025-10-25 16:02:16.842][self$setPropertyValue] Setting property "editable" to "TRUE".
biodb.DEBUG[2025-10-25 16:02:16.843][self$setPropertyValue] Setting property "entry.content.encoding" to "NA".
biodb.DEBUG[2025-10-25 16:02:16.844][self$setPropertyValue] Setting property "entry.content.type" to "tsv".
biodb.DEBUG[2025-10-25 16:02:16.845][self$setPropertyValue] Setting property "matching.fields" to "c("peak.mztheo", "peak.mzexp")".
biodb.DEBUG[2025-10-25 16:02:16.846][self$setPropertyValue] Setting property "mass.db" to "FALSE".
biodb.DEBUG[2025-10-25 16:02:16.847][self$setPropertyValue] Setting property "name" to "Compound CSV File".
biodb.DEBUG[2025-10-25 16:02:16.848][self$setPropertyValue] Setting property "package" to "biodb".
biodb.DEBUG[2025-10-25 16:02:16.849][self$setPropertyValue] Setting property "parsing.expr" to "<NULL>".
biodb.DEBUG[2025-10-25 16:02:16.850][self$setPropertyValue] Setting property "remote" to "FALSE".
biodb.DEBUG[2025-10-25 16:02:16.851][self$setPropertyValue] Setting property "searchable.fields" to "name".
biodb.DEBUG[2025-10-25 16:02:16.851][self$setPropertyValue] Setting property "searchable.fields" to "monoisotopic.mass".
biodb.DEBUG[2025-10-25 16:02:16.851][self$setPropertyValue] Setting property "searchable.fields" to "molecular.mass".
biodb.DEBUG[2025-10-25 16:02:16.851][self$setPropertyValue] Setting property "searchable.fields" to "average.mass".
biodb.DEBUG[2025-10-25 16:02:16.851][self$setPropertyValue] Setting property "searchable.fields" to "nominal.mass".
biodb.DEBUG[2025-10-25 16:02:16.852][self$setPropertyValue] Setting property "scheduler.n" to "1".
biodb.DEBUG[2025-10-25 16:02:16.853][self$setPropertyValue] Notifying observers about frequency change.
biodb.DEBUG[2025-10-25 16:02:16.854][notifyObservers] Notify observers for notifyConnSchedulerFrequencyUpdated.
biodb.DEBUG[2025-10-25 16:02:16.854][self$setPropertyValue] Setting property "scheduler.t" to "1".
biodb.DEBUG[2025-10-25 16:02:16.855][self$setPropertyValue] Notifying observers about frequency change.
biodb.DEBUG[2025-10-25 16:02:16.856][notifyObservers] Notify observers for notifyConnSchedulerFrequencyUpdated.
biodb.DEBUG[2025-10-25 16:02:16.857][self$setPropertyValue] Setting property "token" to "NA".
biodb.DEBUG[2025-10-25 16:02:16.858][self$setPropertyValue] Setting property "urls" to "<NULL>".
biodb.DEBUG[2025-10-25 16:02:16.859][self$setPropertyValue] Notifying observers about URLs change.
biodb.DEBUG[2025-10-25 16:02:16.860][notifyObservers] Notify observers for notifyConnUrlsUpdated.
biodb.DEBUG[2025-10-25 16:02:16.861][self$setPropertyValue] Setting property "writable" to "TRUE".
biodb.DEBUG[2025-10-25 16:02:16.862][self$setPropertyValue] Setting property "xml.ns" to "<NULL>".
biodb.DEBUG[2025-10-25 16:02:16.867][self$getDbsInfo()$define] Define connector comp.sqlite.
biodb.DEBUG[2025-10-25 16:02:16.868][self$setPropertyValue] Setting property "compound.db" to "TRUE".
biodb.DEBUG[2025-10-25 16:02:16.869][self$setPropertyValue] Setting property "description" to "A connector to handle a compound database stored inside an SQLite file.".
biodb.DEBUG[2025-10-25 16:02:16.870][self$setPropertyValue] Setting property "disabled" to "FALSE".
biodb.DEBUG[2025-10-25 16:02:16.871][self$setPropertyValue] Setting property "disabling.reason" to "".
biodb.DEBUG[2025-10-25 16:02:16.872][self$setPropertyValue] Setting property "downloadable" to "FALSE".
biodb.DEBUG[2025-10-25 16:02:16.873][self$setPropertyValue] Setting property "dwnld.ext" to "NA".
biodb.DEBUG[2025-10-25 16:02:16.874][self$setPropertyValue] Setting property "editable" to "TRUE".
biodb.DEBUG[2025-10-25 16:02:16.875][self$setPropertyValue] Setting property "entry.content.encoding" to "NA".
biodb.DEBUG[2025-10-25 16:02:16.876][self$setPropertyValue] Setting property "entry.content.type" to "list".
biodb.DEBUG[2025-10-25 16:02:16.877][self$setPropertyValue] Setting property "matching.fields" to "c("peak.mztheo", "peak.mzexp")".
biodb.DEBUG[2025-10-25 16:02:16.878][self$setPropertyValue] Setting property "mass.db" to "FALSE".
biodb.DEBUG[2025-10-25 16:02:16.878][self$setPropertyValue] Setting property "name" to "Compound SQLite".
biodb.DEBUG[2025-10-25 16:02:16.879][self$setPropertyValue] Setting property "package" to "biodb".
biodb.DEBUG[2025-10-25 16:02:16.880][self$setPropertyValue] Setting property "parsing.expr" to "<NULL>".
biodb.DEBUG[2025-10-25 16:02:16.881][self$setPropertyValue] Setting property "remote" to "FALSE".
biodb.DEBUG[2025-10-25 16:02:16.882][self$setPropertyValue] Setting property "searchable.fields" to "name".
biodb.DEBUG[2025-10-25 16:02:16.882][self$setPropertyValue] Setting property "searchable.fields" to "monoisotopic.mass".
biodb.DEBUG[2025-10-25 16:02:16.882][self$setPropertyValue] Setting property "searchable.fields" to "molecular.mass".
biodb.DEBUG[2025-10-25 16:02:16.882][self$setPropertyValue] Setting property "searchable.fields" to "average.mass".
biodb.DEBUG[2025-10-25 16:02:16.882][self$setPropertyValue] Setting property "searchable.fields" to "nominal.mass".
biodb.DEBUG[2025-10-25 16:02:16.883][self$setPropertyValue] Setting property "scheduler.n" to "1".
biodb.DEBUG[2025-10-25 16:02:16.884][self$setPropertyValue] Notifying observers about frequency change.
biodb.DEBUG[2025-10-25 16:02:16.885][notifyObservers] Notify observers for notifyConnSchedulerFrequencyUpdated.
biodb.DEBUG[2025-10-25 16:02:16.886][self$setPropertyValue] Setting property "scheduler.t" to "1".
biodb.DEBUG[2025-10-25 16:02:16.887][self$setPropertyValue] Notifying observers about frequency change.
biodb.DEBUG[2025-10-25 16:02:16.888][notifyObservers] Notify observers for notifyConnSchedulerFrequencyUpdated.
biodb.DEBUG[2025-10-25 16:02:16.888][self$setPropertyValue] Setting property "token" to "NA".
biodb.DEBUG[2025-10-25 16:02:16.889][self$setPropertyValue] Setting property "urls" to "<NULL>".
biodb.DEBUG[2025-10-25 16:02:16.890][self$setPropertyValue] Notifying observers about URLs change.
biodb.DEBUG[2025-10-25 16:02:16.891][notifyObservers] Notify observers for notifyConnUrlsUpdated.
biodb.DEBUG[2025-10-25 16:02:16.892][self$setPropertyValue] Setting property "writable" to "TRUE".
biodb.DEBUG[2025-10-25 16:02:16.893][self$setPropertyValue] Setting property "xml.ns" to "<NULL>".
biodb.DEBUG[2025-10-25 16:02:16.894][self$getDbsInfo()$define] Define connector mass.csv.file.
biodb.DEBUG[2025-10-25 16:02:16.896][self$setPropertyValue] Setting property "compound.db" to "FALSE".
biodb.DEBUG[2025-10-25 16:02:16.897][self$setPropertyValue] Setting property "description" to "A connector to handle a mass spectra database stored inside a CSV file. It is possible to choose the separator for the CSV file, as well as match the column names with the biodb entry fields..".
biodb.DEBUG[2025-10-25 16:02:16.898][self$setPropertyValue] Setting property "disabled" to "FALSE".
biodb.DEBUG[2025-10-25 16:02:16.898][self$setPropertyValue] Setting property "disabling.reason" to "".
biodb.DEBUG[2025-10-25 16:02:16.899][self$setPropertyValue] Setting property "downloadable" to "FALSE".
biodb.DEBUG[2025-10-25 16:02:16.900][self$setPropertyValue] Setting property "dwnld.ext" to "NA".
biodb.DEBUG[2025-10-25 16:02:16.901][self$setPropertyValue] Setting property "editable" to "TRUE".
biodb.DEBUG[2025-10-25 16:02:16.902][self$setPropertyValue] Setting property "entry.content.encoding" to "NA".
biodb.DEBUG[2025-10-25 16:02:16.903][self$setPropertyValue] Setting property "entry.content.type" to "tsv".
biodb.DEBUG[2025-10-25 16:02:16.904][self$setPropertyValue] Setting property "matching.fields" to "c("peak.mztheo", "peak.mzexp")".
biodb.DEBUG[2025-10-25 16:02:16.905][self$setPropertyValue] Setting property "mass.db" to "TRUE".
biodb.DEBUG[2025-10-25 16:02:16.906][self$setPropertyValue] Setting property "name" to "Mass spectra CSV File".
biodb.DEBUG[2025-10-25 16:02:16.907][self$setPropertyValue] Setting property "package" to "biodb".
biodb.DEBUG[2025-10-25 16:02:16.908][self$setPropertyValue] Setting property "parsing.expr" to "<NULL>".
biodb.DEBUG[2025-10-25 16:02:16.909][self$setPropertyValue] Setting property "remote" to "FALSE".
biodb.DEBUG[2025-10-25 16:02:16.910][self$setPropertyValue] Setting property "searchable.fields" to "<NULL>".
biodb.DEBUG[2025-10-25 16:02:16.911][self$setPropertyValue] Setting property "scheduler.n" to "1".
biodb.DEBUG[2025-10-25 16:02:16.911][self$setPropertyValue] Notifying observers about frequency change.
biodb.DEBUG[2025-10-25 16:02:16.912][notifyObservers] Notify observers for notifyConnSchedulerFrequencyUpdated.
biodb.DEBUG[2025-10-25 16:02:16.913][self$setPropertyValue] Setting property "scheduler.t" to "1".
biodb.DEBUG[2025-10-25 16:02:16.914][self$setPropertyValue] Notifying observers about frequency change.
biodb.DEBUG[2025-10-25 16:02:16.915][notifyObservers] Notify observers for notifyConnSchedulerFrequencyUpdated.
biodb.DEBUG[2025-10-25 16:02:16.916][self$setPropertyValue] Setting property "token" to "NA".
biodb.DEBUG[2025-10-25 16:02:16.917][self$setPropertyValue] Setting property "urls" to "<NULL>".
biodb.DEBUG[2025-10-25 16:02:16.918][self$setPropertyValue] Notifying observers about URLs change.
biodb.DEBUG[2025-10-25 16:02:16.918][notifyObservers] Notify observers for notifyConnUrlsUpdated.
biodb.DEBUG[2025-10-25 16:02:16.919][self$setPropertyValue] Setting property "writable" to "TRUE".
biodb.DEBUG[2025-10-25 16:02:16.920][self$setPropertyValue] Setting property "xml.ns" to "<NULL>".
biodb.DEBUG[2025-10-25 16:02:16.921][self$getDbsInfo()$define] Define connector mass.sqlite.
biodb.DEBUG[2025-10-25 16:02:16.923][self$setPropertyValue] Setting property "compound.db" to "FALSE".
biodb.DEBUG[2025-10-25 16:02:16.924][self$setPropertyValue] Setting property "description" to "A connector to handle a mass spectra database stored inside an SQLite file.".
biodb.DEBUG[2025-10-25 16:02:16.925][self$setPropertyValue] Setting property "disabled" to "FALSE".
biodb.DEBUG[2025-10-25 16:02:16.926][self$setPropertyValue] Setting property "disabling.reason" to "".
biodb.DEBUG[2025-10-25 16:02:16.927][self$setPropertyValue] Setting property "downloadable" to "FALSE".
biodb.DEBUG[2025-10-25 16:02:16.928][self$setPropertyValue] Setting property "dwnld.ext" to "NA".
biodb.DEBUG[2025-10-25 16:02:16.929][self$setPropertyValue] Setting property "editable" to "TRUE".
biodb.DEBUG[2025-10-25 16:02:16.930][self$setPropertyValue] Setting property "entry.content.encoding" to "NA".
biodb.DEBUG[2025-10-25 16:02:16.930][self$setPropertyValue] Setting property "entry.content.type" to "list".
biodb.DEBUG[2025-10-25 16:02:16.931][self$setPropertyValue] Setting property "matching.fields" to "c("peak.mztheo", "peak.mzexp")".
biodb.DEBUG[2025-10-25 16:02:16.932][self$setPropertyValue] Setting property "mass.db" to "TRUE".
biodb.DEBUG[2025-10-25 16:02:16.933][self$setPropertyValue] Setting property "name" to "Mass spectra SQLite".
biodb.DEBUG[2025-10-25 16:02:16.934][self$setPropertyValue] Setting property "package" to "biodb".
biodb.DEBUG[2025-10-25 16:02:16.935][self$setPropertyValue] Setting property "parsing.expr" to "<NULL>".
biodb.DEBUG[2025-10-25 16:02:16.936][self$setPropertyValue] Setting property "remote" to "FALSE".
biodb.DEBUG[2025-10-25 16:02:16.937][self$setPropertyValue] Setting property "searchable.fields" to "<NULL>".
biodb.DEBUG[2025-10-25 16:02:16.938][self$setPropertyValue] Setting property "scheduler.n" to "1".
biodb.DEBUG[2025-10-25 16:02:16.939][self$setPropertyValue] Notifying observers about frequency change.
biodb.DEBUG[2025-10-25 16:02:16.940][notifyObservers] Notify observers for notifyConnSchedulerFrequencyUpdated.
biodb.DEBUG[2025-10-25 16:02:16.941][self$setPropertyValue] Setting property "scheduler.t" to "1".
biodb.DEBUG[2025-10-25 16:02:16.942][self$setPropertyValue] Notifying observers about frequency change.
biodb.DEBUG[2025-10-25 16:02:16.942][notifyObservers] Notify observers for notifyConnSchedulerFrequencyUpdated.
biodb.DEBUG[2025-10-25 16:02:16.943][self$setPropertyValue] Setting property "token" to "NA".
biodb.DEBUG[2025-10-25 16:02:16.944][self$setPropertyValue] Setting property "urls" to "<NULL>".
biodb.DEBUG[2025-10-25 16:02:16.945][self$setPropertyValue] Notifying observers about URLs change.
biodb.DEBUG[2025-10-25 16:02:16.946][notifyObservers] Notify observers for notifyConnUrlsUpdated.
biodb.DEBUG[2025-10-25 16:02:16.947][self$setPropertyValue] Setting property "writable" to "TRUE".
biodb.DEBUG[2025-10-25 16:02:16.948][self$setPropertyValue] Setting property "xml.ns" to "<NULL>".
biodb.DEBUG[2025-10-25 16:02:16.951][notifyObservers] Notify observers for notifyNewObservers.
biodb.DEBUG[2025-10-25 16:02:16.952][FUN] Trying to call function notifyNewObservers on observer BiodbConfig.
biodb.DEBUG[2025-10-25 16:02:16.953][FUN] Functions in observer BiodbConfig: [21]: ".__enclos_env__, clone, terminate, notifyNewObservers, define, getAssocEnvVar, listKeys, print, disable, enable, reset, set, get, isEnabled, isDefined, hasKey, getDefaultValue, getDescription, getTitle, getKeys, initialize".
biodb.DEBUG[2025-10-25 16:02:16.954][notifyObservers] Notify observers for notifyCfgUpdate.
biodb.DEBUG[2025-10-25 16:02:16.955][FUN] Trying to call function notifyCfgUpdate on observer BiodbEntryFields.
biodb.DEBUG[2025-10-25 16:02:16.955][FUN] Functions in observer BiodbEntryFields: [15]: ".__enclos_env__, clone, terminate, define, print, getDatabaseIdField, getFieldNames, get, getRealName, checkIsDefined, isDefined, formatName, isAlias, notifyCfgUpdate, initialize".
biodb.DEBUG[2025-10-25 16:02:16.956][FUN] Trying to call function notifyCfgUpdate on observer BiodbConfig.
biodb.DEBUG[2025-10-25 16:02:16.957][FUN] Functions in observer BiodbConfig: [21]: ".__enclos_env__, clone, terminate, notifyNewObservers, define, getAssocEnvVar, listKeys, print, disable, enable, reset, set, get, isEnabled, isDefined, hasKey, getDefaultValue, getDescription, getTitle, getKeys, initialize".
biodb.DEBUG[2025-10-25 16:02:16.958][notifyObservers] Notify observers for notifyCfgUpdate.
biodb.DEBUG[2025-10-25 16:02:16.959][FUN] Trying to call function notifyCfgUpdate on observer BiodbEntryFields.
biodb.DEBUG[2025-10-25 16:02:16.960][FUN] Functions in observer BiodbEntryFields: [15]: ".__enclos_env__, clone, terminate, define, print, getDatabaseIdField, getFieldNames, get, getRealName, checkIsDefined, isDefined, formatName, isAlias, notifyCfgUpdate, initialize".
biodb.DEBUG[2025-10-25 16:02:16.960][FUN] Trying to call function notifyCfgUpdate on observer BiodbConfig.
biodb.DEBUG[2025-10-25 16:02:16.961][FUN] Functions in observer BiodbConfig: [21]: ".__enclos_env__, clone, terminate, notifyNewObservers, define, getAssocEnvVar, listKeys, print, disable, enable, reset, set, get, isEnabled, isDefined, hasKey, getDefaultValue, getDescription, getTitle, getKeys, initialize".
biodb.DEBUG[2025-10-25 16:02:16.962][notifyObservers] Notify observers for notifyCfgUpdate.
biodb.DEBUG[2025-10-25 16:02:16.963][FUN] Trying to call function notifyCfgUpdate on observer BiodbEntryFields.
biodb.DEBUG[2025-10-25 16:02:16.964][FUN] Functions in observer BiodbEntryFields: [15]: ".__enclos_env__, clone, terminate, define, print, getDatabaseIdField, getFieldNames, get, getRealName, checkIsDefined, isDefined, formatName, isAlias, notifyCfgUpdate, initialize".
biodb.DEBUG[2025-10-25 16:02:16.965][FUN] Trying to call function notifyCfgUpdate on observer BiodbConfig.
biodb.DEBUG[2025-10-25 16:02:16.965][FUN] Functions in observer BiodbConfig: [21]: ".__enclos_env__, clone, terminate, notifyNewObservers, define, getAssocEnvVar, listKeys, print, disable, enable, reset, set, get, isEnabled, isDefined, hasKey, getDefaultValue, getDescription, getTitle, getKeys, initialize".
biodb.DEBUG[2025-10-25 16:02:16.966][notifyObservers] Notify observers for notifyCfgUpdate.
biodb.DEBUG[2025-10-25 16:02:16.967][FUN] Trying to call function notifyCfgUpdate on observer BiodbEntryFields.
biodb.DEBUG[2025-10-25 16:02:16.968][FUN] Functions in observer BiodbEntryFields: [15]: ".__enclos_env__, clone, terminate, define, print, getDatabaseIdField, getFieldNames, get, getRealName, checkIsDefined, isDefined, formatName, isAlias, notifyCfgUpdate, initialize".
biodb.DEBUG[2025-10-25 16:02:16.969][FUN] Trying to call function notifyCfgUpdate on observer BiodbConfig.
biodb.DEBUG[2025-10-25 16:02:16.970][FUN] Functions in observer BiodbConfig: [21]: ".__enclos_env__, clone, terminate, notifyNewObservers, define, getAssocEnvVar, listKeys, print, disable, enable, reset, set, get, isEnabled, isDefined, hasKey, getDefaultValue, getDescription, getTitle, getKeys, initialize".
biodb.DEBUG[2025-10-25 16:02:16.970][notifyObservers] Notify observers for notifyCfgUpdate.
biodb.DEBUG[2025-10-25 16:02:16.971][FUN] Trying to call function notifyCfgUpdate on observer BiodbEntryFields.
biodb.DEBUG[2025-10-25 16:02:16.972][FUN] Functions in observer BiodbEntryFields: [15]: ".__enclos_env__, clone, terminate, define, print, getDatabaseIdField, getFieldNames, get, getRealName, checkIsDefined, isDefined, formatName, isAlias, notifyCfgUpdate, initialize".
biodb.DEBUG[2025-10-25 16:02:16.973][FUN] Trying to call function notifyCfgUpdate on observer BiodbConfig.
biodb.DEBUG[2025-10-25 16:02:16.974][FUN] Functions in observer BiodbConfig: [21]: ".__enclos_env__, clone, terminate, notifyNewObservers, define, getAssocEnvVar, listKeys, print, disable, enable, reset, set, get, isEnabled, isDefined, hasKey, getDefaultValue, getDescription, getTitle, getKeys, initialize".
biodb.DEBUG[2025-10-25 16:02:16.975][notifyObservers] Notify observers for notifyCfgUpdate.
biodb.DEBUG[2025-10-25 16:02:16.975][FUN] Trying to call function notifyCfgUpdate on observer BiodbEntryFields.
biodb.DEBUG[2025-10-25 16:02:16.976][FUN] Functions in observer BiodbEntryFields: [15]: ".__enclos_env__, clone, terminate, define, print, getDatabaseIdField, getFieldNames, get, getRealName, checkIsDefined, isDefined, formatName, isAlias, notifyCfgUpdate, initialize".
biodb.DEBUG[2025-10-25 16:02:16.977][FUN] Trying to call function notifyCfgUpdate on observer BiodbConfig.
biodb.DEBUG[2025-10-25 16:02:16.978][FUN] Functions in observer BiodbConfig: [21]: ".__enclos_env__, clone, terminate, notifyNewObservers, define, getAssocEnvVar, listKeys, print, disable, enable, reset, set, get, isEnabled, isDefined, hasKey, getDefaultValue, getDescription, getTitle, getKeys, initialize".
biodb.DEBUG[2025-10-25 16:02:16.979][notifyObservers] Notify observers for notifyCfgUpdate.
biodb.DEBUG[2025-10-25 16:02:16.980][FUN] Trying to call function notifyCfgUpdate on observer BiodbEntryFields.
biodb.DEBUG[2025-10-25 16:02:16.980][FUN] Functions in observer BiodbEntryFields: [15]: ".__enclos_env__, clone, terminate, define, print, getDatabaseIdField, getFieldNames, get, getRealName, checkIsDefined, isDefined, formatName, isAlias, notifyCfgUpdate, initialize".
biodb.DEBUG[2025-10-25 16:02:16.981][FUN] Trying to call function notifyCfgUpdate on observer BiodbConfig.
biodb.DEBUG[2025-10-25 16:02:16.982][FUN] Functions in observer BiodbConfig: [21]: ".__enclos_env__, clone, terminate, notifyNewObservers, define, getAssocEnvVar, listKeys, print, disable, enable, reset, set, get, isEnabled, isDefined, hasKey, getDefaultValue, getDescription, getTitle, getKeys, initialize".
biodb.DEBUG[2025-10-25 16:02:16.983][notifyObservers] Notify observers for notifyCfgUpdate.
biodb.DEBUG[2025-10-25 16:02:16.984][FUN] Trying to call function notifyCfgUpdate on observer BiodbEntryFields.
biodb.DEBUG[2025-10-25 16:02:16.985][FUN] Functions in observer BiodbEntryFields: [15]: ".__enclos_env__, clone, terminate, define, print, getDatabaseIdField, getFieldNames, get, getRealName, checkIsDefined, isDefined, formatName, isAlias, notifyCfgUpdate, initialize".
biodb.DEBUG[2025-10-25 16:02:16.985][FUN] Trying to call function notifyCfgUpdate on observer BiodbConfig.
biodb.DEBUG[2025-10-25 16:02:16.986][FUN] Functions in observer BiodbConfig: [21]: ".__enclos_env__, clone, terminate, notifyNewObservers, define, getAssocEnvVar, listKeys, print, disable, enable, reset, set, get, isEnabled, isDefined, hasKey, getDefaultValue, getDescription, getTitle, getKeys, initialize".
biodb.DEBUG[2025-10-25 16:02:16.987][notifyObservers] Notify observers for notifyCfgUpdate.
biodb.DEBUG[2025-10-25 16:02:16.988][FUN] Trying to call function notifyCfgUpdate on observer BiodbEntryFields.
biodb.DEBUG[2025-10-25 16:02:16.989][FUN] Functions in observer BiodbEntryFields: [15]: ".__enclos_env__, clone, terminate, define, print, getDatabaseIdField, getFieldNames, get, getRealName, checkIsDefined, isDefined, formatName, isAlias, notifyCfgUpdate, initialize".
biodb.DEBUG[2025-10-25 16:02:16.990][FUN] Trying to call function notifyCfgUpdate on observer BiodbConfig.
biodb.DEBUG[2025-10-25 16:02:16.990][FUN] Functions in observer BiodbConfig: [21]: ".__enclos_env__, clone, terminate, notifyNewObservers, define, getAssocEnvVar, listKeys, print, disable, enable, reset, set, get, isEnabled, isDefined, hasKey, getDefaultValue, getDescription, getTitle, getKeys, initialize".
biodb.DEBUG[2025-10-25 16:02:16.991][notifyObservers] Notify observers for notifyCfgUpdate.
biodb.DEBUG[2025-10-25 16:02:16.992][FUN] Trying to call function notifyCfgUpdate on observer BiodbEntryFields.
biodb.DEBUG[2025-10-25 16:02:16.993][FUN] Functions in observer BiodbEntryFields: [15]: ".__enclos_env__, clone, terminate, define, print, getDatabaseIdField, getFieldNames, get, getRealName, checkIsDefined, isDefined, formatName, isAlias, notifyCfgUpdate, initialize".
biodb.DEBUG[2025-10-25 16:02:16.994][FUN] Trying to call function notifyCfgUpdate on observer BiodbConfig.
biodb.DEBUG[2025-10-25 16:02:16.995][FUN] Functions in observer BiodbConfig: [21]: ".__enclos_env__, clone, terminate, notifyNewObservers, define, getAssocEnvVar, listKeys, print, disable, enable, reset, set, get, isEnabled, isDefined, hasKey, getDefaultValue, getDescription, getTitle, getKeys, initialize".
biodb.DEBUG[2025-10-25 16:02:16.995][notifyObservers] Notify observers for notifyCfgUpdate.
biodb.DEBUG[2025-10-25 16:02:16.996][FUN] Trying to call function notifyCfgUpdate on observer BiodbEntryFields.
biodb.DEBUG[2025-10-25 16:02:16.997][FUN] Functions in observer BiodbEntryFields: [15]: ".__enclos_env__, clone, terminate, define, print, getDatabaseIdField, getFieldNames, get, getRealName, checkIsDefined, isDefined, formatName, isAlias, notifyCfgUpdate, initialize".
biodb.DEBUG[2025-10-25 16:02:16.998][FUN] Trying to call function notifyCfgUpdate on observer BiodbConfig.
biodb.DEBUG[2025-10-25 16:02:16.999][FUN] Functions in observer BiodbConfig: [21]: ".__enclos_env__, clone, terminate, notifyNewObservers, define, getAssocEnvVar, listKeys, print, disable, enable, reset, set, get, isEnabled, isDefined, hasKey, getDefaultValue, getDescription, getTitle, getKeys, initialize".
biodb.DEBUG[2025-10-25 16:02:16.999][notifyObservers] Notify observers for notifyCfgUpdate.
biodb.DEBUG[2025-10-25 16:02:17.000][FUN] Trying to call function notifyCfgUpdate on observer BiodbEntryFields.
biodb.DEBUG[2025-10-25 16:02:17.001][FUN] Functions in observer BiodbEntryFields: [15]: ".__enclos_env__, clone, terminate, define, print, getDatabaseIdField, getFieldNames, get, getRealName, checkIsDefined, isDefined, formatName, isAlias, notifyCfgUpdate, initialize".
biodb.DEBUG[2025-10-25 16:02:17.002][FUN] Trying to call function notifyCfgUpdate on observer BiodbConfig.
biodb.DEBUG[2025-10-25 16:02:17.003][FUN] Functions in observer BiodbConfig: [21]: ".__enclos_env__, clone, terminate, notifyNewObservers, define, getAssocEnvVar, listKeys, print, disable, enable, reset, set, get, isEnabled, isDefined, hasKey, getDefaultValue, getDescription, getTitle, getKeys, initialize".
biodb.DEBUG[2025-10-25 16:02:17.004][notifyObservers] Notify observers for notifyCfgUpdate.
biodb.DEBUG[2025-10-25 16:02:17.004][FUN] Trying to call function notifyCfgUpdate on observer BiodbEntryFields.
biodb.DEBUG[2025-10-25 16:02:17.005][FUN] Functions in observer BiodbEntryFields: [15]: ".__enclos_env__, clone, terminate, define, print, getDatabaseIdField, getFieldNames, get, getRealName, checkIsDefined, isDefined, formatName, isAlias, notifyCfgUpdate, initialize".
biodb.DEBUG[2025-10-25 16:02:17.006][FUN] Trying to call function notifyCfgUpdate on observer BiodbConfig.
biodb.DEBUG[2025-10-25 16:02:17.007][FUN] Functions in observer BiodbConfig: [21]: ".__enclos_env__, clone, terminate, notifyNewObservers, define, getAssocEnvVar, listKeys, print, disable, enable, reset, set, get, isEnabled, isDefined, hasKey, getDefaultValue, getDescription, getTitle, getKeys, initialize".
biodb.DEBUG[2025-10-25 16:02:17.008][notifyObservers] Notify observers for notifyCfgUpdate.
biodb.DEBUG[2025-10-25 16:02:17.009][FUN] Trying to call function notifyCfgUpdate on observer BiodbEntryFields.
biodb.DEBUG[2025-10-25 16:02:17.009][FUN] Functions in observer BiodbEntryFields: [15]: ".__enclos_env__, clone, terminate, define, print, getDatabaseIdField, getFieldNames, get, getRealName, checkIsDefined, isDefined, formatName, isAlias, notifyCfgUpdate, initialize".
biodb.DEBUG[2025-10-25 16:02:17.010][FUN] Trying to call function notifyCfgUpdate on observer BiodbConfig.
biodb.DEBUG[2025-10-25 16:02:17.011][FUN] Functions in observer BiodbConfig: [21]: ".__enclos_env__, clone, terminate, notifyNewObservers, define, getAssocEnvVar, listKeys, print, disable, enable, reset, set, get, isEnabled, isDefined, hasKey, getDefaultValue, getDescription, getTitle, getKeys, initialize".
biodb.DEBUG[2025-10-25 16:02:17.012][notifyObservers] Notify observers for notifyCfgUpdate.
biodb.DEBUG[2025-10-25 16:02:17.013][FUN] Trying to call function notifyCfgUpdate on observer BiodbEntryFields.
biodb.DEBUG[2025-10-25 16:02:17.014][FUN] Functions in observer BiodbEntryFields: [15]: ".__enclos_env__, clone, terminate, define, print, getDatabaseIdField, getFieldNames, get, getRealName, checkIsDefined, isDefined, formatName, isAlias, notifyCfgUpdate, initialize".
biodb.DEBUG[2025-10-25 16:02:17.014][FUN] Trying to call function notifyCfgUpdate on observer BiodbConfig.
biodb.DEBUG[2025-10-25 16:02:17.015][FUN] Functions in observer BiodbConfig: [21]: ".__enclos_env__, clone, terminate, notifyNewObservers, define, getAssocEnvVar, listKeys, print, disable, enable, reset, set, get, isEnabled, isDefined, hasKey, getDefaultValue, getDescription, getTitle, getKeys, initialize".
biodb.DEBUG[2025-10-25 16:02:17.016][notifyObservers] Notify observers for notifyCfgUpdate.
biodb.DEBUG[2025-10-25 16:02:17.020][FUN] Trying to call function notifyCfgUpdate on observer BiodbEntryFields.
biodb.DEBUG[2025-10-25 16:02:17.021][FUN] Functions in observer BiodbEntryFields: [15]: ".__enclos_env__, clone, terminate, define, print, getDatabaseIdField, getFieldNames, get, getRealName, checkIsDefined, isDefined, formatName, isAlias, notifyCfgUpdate, initialize".
biodb.DEBUG[2025-10-25 16:02:17.022][FUN] Trying to call function notifyCfgUpdate on observer BiodbConfig.
biodb.DEBUG[2025-10-25 16:02:17.023][FUN] Functions in observer BiodbConfig: [21]: ".__enclos_env__, clone, terminate, notifyNewObservers, define, getAssocEnvVar, listKeys, print, disable, enable, reset, set, get, isEnabled, isDefined, hasKey, getDefaultValue, getDescription, getTitle, getKeys, initialize".
biodb.DEBUG[2025-10-25 16:02:17.024][self$getEntryFields()$define] Define field accession.
biodb.DEBUG[2025-10-25 16:02:17.028][self$getEntryFields()$define] Define field description.
biodb.DEBUG[2025-10-25 16:02:17.029][self$getEntryFields()$define] Define field name.
biodb.DEBUG[2025-10-25 16:02:17.031][self$getEntryFields()$define] Define field cas.id.
biodb.DEBUG[2025-10-25 16:02:17.032][self$getEntryFields()$define] Define field chebi.id.
biodb.DEBUG[2025-10-25 16:02:17.033][self$getEntryFields()$define] Define field chemspider.id.
biodb.DEBUG[2025-10-25 16:02:17.035][self$getEntryFields()$define] Define field comp.csv.file.id.
biodb.DEBUG[2025-10-25 16:02:17.036][self$getEntryFields()$define] Define field comp.sqlite.id.
biodb.DEBUG[2025-10-25 16:02:17.037][self$getEntryFields()$define] Define field expasy.enzyme.id.
biodb.DEBUG[2025-10-25 16:02:17.038][self$getEntryFields()$define] Define field hmdb.metabolites.id.
biodb.DEBUG[2025-10-25 16:02:17.040][self$getEntryFields()$define] Define field kegg.compound.id.
biodb.DEBUG[2025-10-25 16:02:17.041][self$getEntryFields()$define] Define field kegg.genes.id.
biodb.DEBUG[2025-10-25 16:02:17.042][self$getEntryFields()$define] Define field mass.csv.file.id.
biodb.DEBUG[2025-10-25 16:02:17.044][self$getEntryFields()$define] Define field mass.sqlite.id.
biodb.DEBUG[2025-10-25 16:02:17.045][self$getEntryFields()$define] Define field ncbi.gene.id.
biodb.DEBUG[2025-10-25 16:02:17.046][self$getEntryFields()$define] Define field ncbi.pubchem.comp.id.
biodb.DEBUG[2025-10-25 16:02:17.048][self$getEntryFields()$define] Define field compound.id.
biodb.DEBUG[2025-10-25 16:02:17.049][self$getEntryFields()$define] Define field average.mass.
biodb.DEBUG[2025-10-25 16:02:17.050][self$getEntryFields()$define] Define field molecular.mass.
biodb.DEBUG[2025-10-25 16:02:17.051][self$getEntryFields()$define] Define field monoisotopic.mass.
biodb.DEBUG[2025-10-25 16:02:17.053][self$getEntryFields()$define] Define field nominal.mass.
biodb.DEBUG[2025-10-25 16:02:17.054][self$getEntryFields()$define] Define field peak.attr.
biodb.DEBUG[2025-10-25 16:02:17.055][self$getEntryFields()$define] Define field peak.comp.
biodb.DEBUG[2025-10-25 16:02:17.057][self$getEntryFields()$define] Define field peak.error.ppm.
biodb.DEBUG[2025-10-25 16:02:17.058][self$getEntryFields()$define] Define field peak.formula.
biodb.DEBUG[2025-10-25 16:02:17.059][self$getEntryFields()$define] Define field peak.intensity.
biodb.DEBUG[2025-10-25 16:02:17.061][self$getEntryFields()$define] Define field peak.mass.
biodb.DEBUG[2025-10-25 16:02:17.062][self$getEntryFields()$define] Define field peak.mztheo.
biodb.DEBUG[2025-10-25 16:02:17.063][self$getEntryFields()$define] Define field peak.mzexp.
biodb.DEBUG[2025-10-25 16:02:17.064][self$getEntryFields()$define] Define field peak.mz.
biodb.DEBUG[2025-10-25 16:02:17.066][self$getEntryFields()$define] Define field peak.relative.intensity.
biodb.DEBUG[2025-10-25 16:02:17.067][self$getEntryFields()$define] Define field peaks.
biodb.DEBUG[2025-10-25 16:02:17.068][self$getEntryFields()$define] Define field chrom.col.constructor.
biodb.DEBUG[2025-10-25 16:02:17.070][self$getEntryFields()$define] Define field chrom.col.diameter.
biodb.DEBUG[2025-10-25 16:02:17.071][self$getEntryFields()$define] Define field chrom.col.id.
biodb.DEBUG[2025-10-25 16:02:17.072][self$getEntryFields()$define] Define field chrom.col.length.
biodb.DEBUG[2025-10-25 16:02:17.074][self$getEntryFields()$define] Define field chrom.col.method.protocol.
biodb.DEBUG[2025-10-25 16:02:17.075][self$getEntryFields()$define] Define field chrom.col.name.
biodb.DEBUG[2025-10-25 16:02:17.076][self$getEntryFields()$define] Define field chrom.flow.gradient.
biodb.DEBUG[2025-10-25 16:02:17.077][self$getEntryFields()$define] Define field chrom.flow.rate.
biodb.DEBUG[2025-10-25 16:02:17.079][self$getEntryFields()$define] Define field chrom.rt.
biodb.DEBUG[2025-10-25 16:02:17.080][self$getEntryFields()$define] Define field chrom.rt.max.
biodb.DEBUG[2025-10-25 16:02:17.081][self$getEntryFields()$define] Define field chrom.rt.min.
biodb.DEBUG[2025-10-25 16:02:17.083][self$getEntryFields()$define] Define field chrom.rt.unit.
biodb.DEBUG[2025-10-25 16:02:17.084][self$getEntryFields()$define] Define field chrom.solvent.
biodb.DEBUG[2025-10-25 16:02:17.085][self$getEntryFields()$define] Define field aa.seq.
biodb.DEBUG[2025-10-25 16:02:17.086][self$getEntryFields()$define] Define field aa.seq.length.
biodb.DEBUG[2025-10-25 16:02:17.095][self$getEntryFields()$define] Define field aa.seq.location.
biodb.DEBUG[2025-10-25 16:02:17.097][self$getEntryFields()$define] Define field nt.seq.
biodb.DEBUG[2025-10-25 16:02:17.098][self$getEntryFields()$define] Define field nt.seq.length.
biodb.DEBUG[2025-10-25 16:02:17.100][self$getEntryFields()$define] Define field ec.
biodb.DEBUG[2025-10-25 16:02:17.101][self$getEntryFields()$define] Define field organism.
biodb.DEBUG[2025-10-25 16:02:17.103][self$getEntryFields()$define] Define field pathway.class.
biodb.DEBUG[2025-10-25 16:02:17.104][self$getEntryFields()$define] Define field catalytic.activity.
biodb.DEBUG[2025-10-25 16:02:17.106][self$getEntryFields()$define] Define field cofactor.
biodb.DEBUG[2025-10-25 16:02:17.107][self$getEntryFields()$define] Define field gene.symbol.
biodb.DEBUG[2025-10-25 16:02:17.109][self$getEntryFields()$define] Define field charge.
biodb.DEBUG[2025-10-25 16:02:17.110][self$getEntryFields()$define] Define field comp.iupac.name.allowed.
biodb.DEBUG[2025-10-25 16:02:17.112][self$getEntryFields()$define] Define field comp.iupac.name.cas.
biodb.DEBUG[2025-10-25 16:02:17.113][self$getEntryFields()$define] Define field comp.iupac.name.pref.
biodb.DEBUG[2025-10-25 16:02:17.114][self$getEntryFields()$define] Define field comp.iupac.name.syst.
biodb.DEBUG[2025-10-25 16:02:17.116][self$getEntryFields()$define] Define field comp.iupac.name.trad.
biodb.DEBUG[2025-10-25 16:02:17.117][self$getEntryFields()$define] Define field comp.super.class.
biodb.DEBUG[2025-10-25 16:02:17.119][self$getEntryFields()$define] Define field equation.
biodb.DEBUG[2025-10-25 16:02:17.120][self$getEntryFields()$define] Define field formula.
biodb.DEBUG[2025-10-25 16:02:17.122][self$getEntryFields()$define] Define field composition.
biodb.DEBUG[2025-10-25 16:02:17.123][self$getEntryFields()$define] Define field inchi.
biodb.DEBUG[2025-10-25 16:02:17.124][self$getEntryFields()$define] Define field inchikey.
biodb.DEBUG[2025-10-25 16:02:17.126][self$getEntryFields()$define] Define field logp.
biodb.DEBUG[2025-10-25 16:02:17.127][self$getEntryFields()$define] Define field ms.level.
biodb.DEBUG[2025-10-25 16:02:17.129][self$getEntryFields()$define] Define field ms.mode.
biodb.DEBUG[2025-10-25 16:02:17.130][self$getEntryFields()$define] Define field msdev.
biodb.DEBUG[2025-10-25 16:02:17.132][self$getEntryFields()$define] Define field msdevtype.
biodb.DEBUG[2025-10-25 16:02:17.133][self$getEntryFields()$define] Define field msprecannot.
biodb.DEBUG[2025-10-25 16:02:17.135][self$getEntryFields()$define] Define field msprecmz.
biodb.DEBUG[2025-10-25 16:02:17.136][self$getEntryFields()$define] Define field mstype.
biodb.DEBUG[2025-10-25 16:02:17.137][self$getEntryFields()$define] Define field nb.compounds.
biodb.DEBUG[2025-10-25 16:02:17.139][self$getEntryFields()$define] Define field nb.peaks.
biodb.DEBUG[2025-10-25 16:02:17.140][self$getEntryFields()$define] Define field products.
biodb.DEBUG[2025-10-25 16:02:17.142][self$getEntryFields()$define] Define field smiles.
biodb.DEBUG[2025-10-25 16:02:17.143][self$getEntryFields()$define] Define field smiles.canonical.
biodb.DEBUG[2025-10-25 16:02:17.145][self$getEntryFields()$define] Define field smiles.isomeric.
biodb.DEBUG[2025-10-25 16:02:17.146][self$getEntryFields()$define] Define field substrates.
biodb.DEBUG[2025-10-25 16:02:17.153][initialize] Created successfully new BiodbMain instance.
biodb.DEBUG[2025-10-25 16:02:17.155][initialize] This is biodb version 1.17.2.
biodb.DEBUG[2025-10-25 16:02:17.159][notifyObservers] Notify observers for notifyNewObservers.
biodb.DEBUG[2025-10-25 16:02:17.160][FUN] Trying to call function notifyNewObservers on observer BiodbEntryFields.
biodb.DEBUG[2025-10-25 16:02:17.161][FUN] Functions in observer BiodbEntryFields: [15]: ".__enclos_env__, clone, terminate, define, print, getDatabaseIdField, getFieldNames, get, getRealName, checkIsDefined, isDefined, formatName, isAlias, notifyCfgUpdate, initialize".
biodb.DEBUG[2025-10-25 16:02:17.161][FUN] Trying to call function notifyNewObservers on observer BiodbConfig.
biodb.DEBUG[2025-10-25 16:02:17.162][FUN] Functions in observer BiodbConfig: [21]: ".__enclos_env__, clone, terminate, notifyNewObservers, define, getAssocEnvVar, listKeys, print, disable, enable, reset, set, get, isEnabled, isDefined, hasKey, getDefaultValue, getDescription, getTitle, getKeys, initialize".
biodb.DEBUG[2025-10-25 16:02:17.167][notifyObservers] Notify observers for notifyCfgUpdate.
biodb.DEBUG[2025-10-25 16:02:17.168][FUN] Trying to call function notifyCfgUpdate on observer BiodbTestMsgAck.
biodb.DEBUG[2025-10-25 16:02:17.169][FUN] Functions in observer BiodbTestMsgAck: [4]: ".__enclos_env__, clone, notifyProgress, initialize".
biodb.DEBUG[2025-10-25 16:02:17.170][FUN] Trying to call function notifyCfgUpdate on observer BiodbEntryFields.
biodb.DEBUG[2025-10-25 16:02:17.171][FUN] Functions in observer BiodbEntryFields: [15]: ".__enclos_env__, clone, terminate, define, print, getDatabaseIdField, getFieldNames, get, getRealName, checkIsDefined, isDefined, formatName, isAlias, notifyCfgUpdate, initialize".
biodb.DEBUG[2025-10-25 16:02:17.172][FUN] Trying to call function notifyCfgUpdate on observer BiodbConfig.
biodb.DEBUG[2025-10-25 16:02:17.173][FUN] Functions in observer BiodbConfig: [21]: ".__enclos_env__, clone, terminate, notifyNewObservers, define, getAssocEnvVar, listKeys, print, disable, enable, reset, set, get, isEnabled, isDefined, hasKey, getDefaultValue, getDescription, getTitle, getKeys, initialize".
biodb.DEBUG[2025-10-25 16:02:17.174][notifyObservers] Notify observers for notifyCfgUpdate.
biodb.DEBUG[2025-10-25 16:02:17.175][FUN] Trying to call function notifyCfgUpdate on observer BiodbTestMsgAck.
biodb.DEBUG[2025-10-25 16:02:17.176][FUN] Functions in observer BiodbTestMsgAck: [4]: ".__enclos_env__, clone, notifyProgress, initialize".
biodb.DEBUG[2025-10-25 16:02:17.177][FUN] Trying to call function notifyCfgUpdate on observer BiodbEntryFields.
biodb.DEBUG[2025-10-25 16:02:17.178][FUN] Functions in observer BiodbEntryFields: [15]: ".__enclos_env__, clone, terminate, define, print, getDatabaseIdField, getFieldNames, get, getRealName, checkIsDefined, isDefined, formatName, isAlias, notifyCfgUpdate, initialize".
biodb.DEBUG[2025-10-25 16:02:17.178][FUN] Trying to call function notifyCfgUpdate on observer BiodbConfig.
biodb.DEBUG[2025-10-25 16:02:17.179][FUN] Functions in observer BiodbConfig: [21]: ".__enclos_env__, clone, terminate, notifyNewObservers, define, getAssocEnvVar, listKeys, print, disable, enable, reset, set, get, isEnabled, isDefined, hasKey, getDefaultValue, getDescription, getTitle, getKeys, initialize".
biodb.DEBUG[2025-10-25 16:02:17.180][notifyObservers] Notify observers for notifyCfgUpdate.
biodb.DEBUG[2025-10-25 16:02:17.181][FUN] Trying to call function notifyCfgUpdate on observer BiodbTestMsgAck.
biodb.DEBUG[2025-10-25 16:02:17.182][FUN] Functions in observer BiodbTestMsgAck: [4]: ".__enclos_env__, clone, notifyProgress, initialize".
biodb.DEBUG[2025-10-25 16:02:17.183][FUN] Trying to call function notifyCfgUpdate on observer BiodbEntryFields.
biodb.DEBUG[2025-10-25 16:02:17.198][FUN] Functions in observer BiodbEntryFields: [15]: ".__enclos_env__, clone, terminate, define, print, getDatabaseIdField, getFieldNames, get, getRealName, checkIsDefined, isDefined, formatName, isAlias, notifyCfgUpdate, initialize".
biodb.DEBUG[2025-10-25 16:02:17.198][FUN] Trying to call function notifyCfgUpdate on observer BiodbConfig.
biodb.DEBUG[2025-10-25 16:02:17.199][FUN] Functions in observer BiodbConfig: [21]: ".__enclos_env__, clone, terminate, notifyNewObservers, define, getAssocEnvVar, listKeys, print, disable, enable, reset, set, get, isEnabled, isDefined, hasKey, getDefaultValue, getDescription, getTitle, getKeys, initialize".
biodb.DEBUG[2025-10-25 16:02:17.200][notifyObservers] Notify observers for notifyCfgUpdate.
biodb.DEBUG[2025-10-25 16:02:17.201][FUN] Trying to call function notifyCfgUpdate on observer BiodbTestMsgAck.
biodb.DEBUG[2025-10-25 16:02:17.202][FUN] Functions in observer BiodbTestMsgAck: [4]: ".__enclos_env__, clone, notifyProgress, initialize".
biodb.DEBUG[2025-10-25 16:02:17.203][FUN] Trying to call function notifyCfgUpdate on observer BiodbEntryFields.
biodb.DEBUG[2025-10-25 16:02:17.204][FUN] Functions in observer BiodbEntryFields: [15]: ".__enclos_env__, clone, terminate, define, print, getDatabaseIdField, getFieldNames, get, getRealName, checkIsDefined, isDefined, formatName, isAlias, notifyCfgUpdate, initialize".
biodb.DEBUG[2025-10-25 16:02:17.205][FUN] Trying to call function notifyCfgUpdate on observer BiodbConfig.
biodb.DEBUG[2025-10-25 16:02:17.206][FUN] Functions in observer BiodbConfig: [21]: ".__enclos_env__, clone, terminate, notifyNewObservers, define, getAssocEnvVar, listKeys, print, disable, enable, reset, set, get, isEnabled, isDefined, hasKey, getDefaultValue, getDescription, getTitle, getKeys, initialize".
biodb.DEBUG[2025-10-25 16:02:17.207][notifyObservers] Notify observers for notifyCfgUpdate.
biodb.DEBUG[2025-10-25 16:02:17.208][FUN] Trying to call function notifyCfgUpdate on observer BiodbTestMsgAck.
biodb.DEBUG[2025-10-25 16:02:17.209][FUN] Functions in observer BiodbTestMsgAck: [4]: ".__enclos_env__, clone, notifyProgress, initialize".
biodb.DEBUG[2025-10-25 16:02:17.209][FUN] Trying to call function notifyCfgUpdate on observer BiodbEntryFields.
biodb.DEBUG[2025-10-25 16:02:17.210][FUN] Functions in observer BiodbEntryFields: [15]: ".__enclos_env__, clone, terminate, define, print, getDatabaseIdField, getFieldNames, get, getRealName, checkIsDefined, isDefined, formatName, isAlias, notifyCfgUpdate, initialize".
biodb.DEBUG[2025-10-25 16:02:17.211][FUN] Trying to call function notifyCfgUpdate on observer BiodbConfig.
biodb.DEBUG[2025-10-25 16:02:17.212][FUN] Functions in observer BiodbConfig: [21]: ".__enclos_env__, clone, terminate, notifyNewObservers, define, getAssocEnvVar, listKeys, print, disable, enable, reset, set, get, isEnabled, isDefined, hasKey, getDefaultValue, getDescription, getTitle, getKeys, initialize".
biodb.DEBUG[2025-10-25 16:02:17.213][notifyObservers] Notify observers for notifyCfgUpdate.
biodb.DEBUG[2025-10-25 16:02:17.214][FUN] Trying to call function notifyCfgUpdate on observer BiodbTestMsgAck.
biodb.DEBUG[2025-10-25 16:02:17.215][FUN] Functions in observer BiodbTestMsgAck: [4]: ".__enclos_env__, clone, notifyProgress, initialize".
biodb.DEBUG[2025-10-25 16:02:17.216][FUN] Trying to call function notifyCfgUpdate on observer BiodbEntryFields.
biodb.DEBUG[2025-10-25 16:02:17.217][FUN] Functions in observer BiodbEntryFields: [15]: ".__enclos_env__, clone, terminate, define, print, getDatabaseIdField, getFieldNames, get, getRealName, checkIsDefined, isDefined, formatName, isAlias, notifyCfgUpdate, initialize".
biodb.DEBUG[2025-10-25 16:02:17.218][FUN] Trying to call function notifyCfgUpdate on observer BiodbConfig.
biodb.DEBUG[2025-10-25 16:02:17.219][FUN] Functions in observer BiodbConfig: [21]: ".__enclos_env__, clone, terminate, notifyNewObservers, define, getAssocEnvVar, listKeys, print, disable, enable, reset, set, get, isEnabled, isDefined, hasKey, getDefaultValue, getDescription, getTitle, getKeys, initialize".
biodb.DEBUG[2025-10-25 16:02:17.219][notifyObservers] Notify observers for notifyCfgUpdate.
biodb.DEBUG[2025-10-25 16:02:17.220][FUN] Trying to call function notifyCfgUpdate on observer BiodbTestMsgAck.
biodb.DEBUG[2025-10-25 16:02:17.221][FUN] Functions in observer BiodbTestMsgAck: [4]: ".__enclos_env__, clone, notifyProgress, initialize".
biodb.DEBUG[2025-10-25 16:02:17.222][FUN] Trying to call function notifyCfgUpdate on observer BiodbEntryFields.
biodb.DEBUG[2025-10-25 16:02:17.223][FUN] Functions in observer BiodbEntryFields: [15]: ".__enclos_env__, clone, terminate, define, print, getDatabaseIdField, getFieldNames, get, getRealName, checkIsDefined, isDefined, formatName, isAlias, notifyCfgUpdate, initialize".
biodb.DEBUG[2025-10-25 16:02:17.224][FUN] Trying to call function notifyCfgUpdate on observer BiodbConfig.
biodb.DEBUG[2025-10-25 16:02:17.225][FUN] Functions in observer BiodbConfig: [21]: ".__enclos_env__, clone, terminate, notifyNewObservers, define, getAssocEnvVar, listKeys, print, disable, enable, reset, set, get, isEnabled, isDefined, hasKey, getDefaultValue, getDescription, getTitle, getKeys, initialize".
biodb.DEBUG[2025-10-25 16:02:17.226][notifyObservers] Notify observers for notifyCfgUpdate.
biodb.DEBUG[2025-10-25 16:02:17.227][FUN] Trying to call function notifyCfgUpdate on observer BiodbTestMsgAck.
biodb.DEBUG[2025-10-25 16:02:17.228][FUN] Functions in observer BiodbTestMsgAck: [4]: ".__enclos_env__, clone, notifyProgress, initialize".
biodb.DEBUG[2025-10-25 16:02:17.228][FUN] Trying to call function notifyCfgUpdate on observer BiodbEntryFields.
biodb.DEBUG[2025-10-25 16:02:17.229][FUN] Functions in observer BiodbEntryFields: [15]: ".__enclos_env__, clone, terminate, define, print, getDatabaseIdField, getFieldNames, get, getRealName, checkIsDefined, isDefined, formatName, isAlias, notifyCfgUpdate, initialize".
biodb.DEBUG[2025-10-25 16:02:17.230][FUN] Trying to call function notifyCfgUpdate on observer BiodbConfig.
biodb.DEBUG[2025-10-25 16:02:17.231][FUN] Functions in observer BiodbConfig: [21]: ".__enclos_env__, clone, terminate, notifyNewObservers, define, getAssocEnvVar, listKeys, print, disable, enable, reset, set, get, isEnabled, isDefined, hasKey, getDefaultValue, getDescription, getTitle, getKeys, initialize".
biodb.DEBUG[2025-10-25 16:02:17.232][notifyObservers] Notify observers for notifyCfgUpdate.
biodb.DEBUG[2025-10-25 16:02:17.233][FUN] Trying to call function notifyCfgUpdate on observer BiodbTestMsgAck.
biodb.DEBUG[2025-10-25 16:02:17.234][FUN] Functions in observer BiodbTestMsgAck: [4]: ".__enclos_env__, clone, notifyProgress, initialize".
biodb.DEBUG[2025-10-25 16:02:17.235][FUN] Trying to call function notifyCfgUpdate on observer BiodbEntryFields.
biodb.DEBUG[2025-10-25 16:02:17.236][FUN] Functions in observer BiodbEntryFields: [15]: ".__enclos_env__, clone, terminate, define, print, getDatabaseIdField, getFieldNames, get, getRealName, checkIsDefined, isDefined, formatName, isAlias, notifyCfgUpdate, initialize".
biodb.DEBUG[2025-10-25 16:02:17.237][FUN] Trying to call function notifyCfgUpdate on observer BiodbConfig.
biodb.DEBUG[2025-10-25 16:02:17.237][FUN] Functions in observer BiodbConfig: [21]: ".__enclos_env__, clone, terminate, notifyNewObservers, define, getAssocEnvVar, listKeys, print, disable, enable, reset, set, get, isEnabled, isDefined, hasKey, getDefaultValue, getDescription, getTitle, getKeys, initialize".
biodb.DEBUG[2025-10-25 16:02:17.238][notifyObservers] Notify observers for notifyCfgUpdate.
biodb.DEBUG[2025-10-25 16:02:17.239][FUN] Trying to call function notifyCfgUpdate on observer BiodbTestMsgAck.
biodb.DEBUG[2025-10-25 16:02:17.240][FUN] Functions in observer BiodbTestMsgAck: [4]: ".__enclos_env__, clone, notifyProgress, initialize".
biodb.DEBUG[2025-10-25 16:02:17.241][FUN] Trying to call function notifyCfgUpdate on observer BiodbEntryFields.
biodb.DEBUG[2025-10-25 16:02:17.242][FUN] Functions in observer BiodbEntryFields: [15]: ".__enclos_env__, clone, terminate, define, print, getDatabaseIdField, getFieldNames, get, getRealName, checkIsDefined, isDefined, formatName, isAlias, notifyCfgUpdate, initialize".
biodb.DEBUG[2025-10-25 16:02:17.243][FUN] Trying to call function notifyCfgUpdate on observer BiodbConfig.
biodb.DEBUG[2025-10-25 16:02:17.244][FUN] Functions in observer BiodbConfig: [21]: ".__enclos_env__, clone, terminate, notifyNewObservers, define, getAssocEnvVar, listKeys, print, disable, enable, reset, set, get, isEnabled, isDefined, hasKey, getDefaultValue, getDescription, getTitle, getKeys, initialize".
biodb.DEBUG[2025-10-25 16:02:17.245][notifyObservers] Notify observers for notifyCfgUpdate.
biodb.DEBUG[2025-10-25 16:02:17.245][FUN] Trying to call function notifyCfgUpdate on observer BiodbTestMsgAck.
biodb.DEBUG[2025-10-25 16:02:17.246][FUN] Functions in observer BiodbTestMsgAck: [4]: ".__enclos_env__, clone, notifyProgress, initialize".
biodb.DEBUG[2025-10-25 16:02:17.247][FUN] Trying to call function notifyCfgUpdate on observer BiodbEntryFields.
biodb.DEBUG[2025-10-25 16:02:17.248][FUN] Functions in observer BiodbEntryFields: [15]: ".__enclos_env__, clone, terminate, define, print, getDatabaseIdField, getFieldNames, get, getRealName, checkIsDefined, isDefined, formatName, isAlias, notifyCfgUpdate, initialize".
biodb.DEBUG[2025-10-25 16:02:17.249][FUN] Trying to call function notifyCfgUpdate on observer BiodbConfig.
biodb.DEBUG[2025-10-25 16:02:17.250][FUN] Functions in observer BiodbConfig: [21]: ".__enclos_env__, clone, terminate, notifyNewObservers, define, getAssocEnvVar, listKeys, print, disable, enable, reset, set, get, isEnabled, isDefined, hasKey, getDefaultValue, getDescription, getTitle, getKeys, initialize".
biodb.DEBUG[2025-10-25 16:02:17.251][notifyObservers] Notify observers for notifyCfgUpdate.
biodb.DEBUG[2025-10-25 16:02:17.252][FUN] Trying to call function notifyCfgUpdate on observer BiodbTestMsgAck.
biodb.DEBUG[2025-10-25 16:02:17.253][FUN] Functions in observer BiodbTestMsgAck: [4]: ".__enclos_env__, clone, notifyProgress, initialize".
biodb.DEBUG[2025-10-25 16:02:17.254][FUN] Trying to call function notifyCfgUpdate on observer BiodbEntryFields.
biodb.DEBUG[2025-10-25 16:02:17.254][FUN] Functions in observer BiodbEntryFields: [15]: ".__enclos_env__, clone, terminate, define, print, getDatabaseIdField, getFieldNames, get, getRealName, checkIsDefined, isDefined, formatName, isAlias, notifyCfgUpdate, initialize".
biodb.DEBUG[2025-10-25 16:02:17.255][FUN] Trying to call function notifyCfgUpdate on observer BiodbConfig.
biodb.DEBUG[2025-10-25 16:02:17.256][FUN] Functions in observer BiodbConfig: [21]: ".__enclos_env__, clone, terminate, notifyNewObservers, define, getAssocEnvVar, listKeys, print, disable, enable, reset, set, get, isEnabled, isDefined, hasKey, getDefaultValue, getDescription, getTitle, getKeys, initialize".
biodb.DEBUG[2025-10-25 16:02:17.257][notifyObservers] Notify observers for notifyCfgUpdate.
biodb.DEBUG[2025-10-25 16:02:17.258][FUN] Trying to call function notifyCfgUpdate on observer BiodbTestMsgAck.
biodb.DEBUG[2025-10-25 16:02:17.259][FUN] Functions in observer BiodbTestMsgAck: [4]: ".__enclos_env__, clone, notifyProgress, initialize".
biodb.DEBUG[2025-10-25 16:02:17.260][FUN] Trying to call function notifyCfgUpdate on observer BiodbEntryFields.
biodb.DEBUG[2025-10-25 16:02:17.261][FUN] Functions in observer BiodbEntryFields: [15]: ".__enclos_env__, clone, terminate, define, print, getDatabaseIdField, getFieldNames, get, getRealName, checkIsDefined, isDefined, formatName, isAlias, notifyCfgUpdate, initialize".
biodb.DEBUG[2025-10-25 16:02:17.262][FUN] Trying to call function notifyCfgUpdate on observer BiodbConfig.
biodb.DEBUG[2025-10-25 16:02:17.262][FUN] Functions in observer BiodbConfig: [21]: ".__enclos_env__, clone, terminate, notifyNewObservers, define, getAssocEnvVar, listKeys, print, disable, enable, reset, set, get, isEnabled, isDefined, hasKey, getDefaultValue, getDescription, getTitle, getKeys, initialize".
biodb.DEBUG[2025-10-25 16:02:17.263][notifyObservers] Notify observers for notifyCfgUpdate.
biodb.DEBUG[2025-10-25 16:02:17.264][FUN] Trying to call function notifyCfgUpdate on observer BiodbTestMsgAck.
biodb.DEBUG[2025-10-25 16:02:17.265][FUN] Functions in observer BiodbTestMsgAck: [4]: ".__enclos_env__, clone, notifyProgress, initialize".
biodb.DEBUG[2025-10-25 16:02:17.266][FUN] Trying to call function notifyCfgUpdate on observer BiodbEntryFields.
biodb.DEBUG[2025-10-25 16:02:17.267][FUN] Functions in observer BiodbEntryFields: [15]: ".__enclos_env__, clone, terminate, define, print, getDatabaseIdField, getFieldNames, get, getRealName, checkIsDefined, isDefined, formatName, isAlias, notifyCfgUpdate, initialize".
biodb.DEBUG[2025-10-25 16:02:17.268][FUN] Trying to call function notifyCfgUpdate on observer BiodbConfig.
biodb.DEBUG[2025-10-25 16:02:17.269][FUN] Functions in observer BiodbConfig: [21]: ".__enclos_env__, clone, terminate, notifyNewObservers, define, getAssocEnvVar, listKeys, print, disable, enable, reset, set, get, isEnabled, isDefined, hasKey, getDefaultValue, getDescription, getTitle, getKeys, initialize".
biodb.DEBUG[2025-10-25 16:02:17.269][notifyObservers] Notify observers for notifyCfgUpdate.
biodb.DEBUG[2025-10-25 16:02:17.270][FUN] Trying to call function notifyCfgUpdate on observer BiodbTestMsgAck.
biodb.DEBUG[2025-10-25 16:02:17.271][FUN] Functions in observer BiodbTestMsgAck: [4]: ".__enclos_env__, clone, notifyProgress, initialize".
biodb.DEBUG[2025-10-25 16:02:17.272][FUN] Trying to call function notifyCfgUpdate on observer BiodbEntryFields.
biodb.DEBUG[2025-10-25 16:02:17.273][FUN] Functions in observer BiodbEntryFields: [15]: ".__enclos_env__, clone, terminate, define, print, getDatabaseIdField, getFieldNames, get, getRealName, checkIsDefined, isDefined, formatName, isAlias, notifyCfgUpdate, initialize".
biodb.DEBUG[2025-10-25 16:02:17.273][FUN] Trying to call function notifyCfgUpdate on observer BiodbConfig.
biodb.DEBUG[2025-10-25 16:02:17.274][FUN] Functions in observer BiodbConfig: [21]: ".__enclos_env__, clone, terminate, notifyNewObservers, define, getAssocEnvVar, listKeys, print, disable, enable, reset, set, get, isEnabled, isDefined, hasKey, getDefaultValue, getDescription, getTitle, getKeys, initialize".
biodb.DEBUG[2025-10-25 16:02:17.275][notifyObservers] Notify observers for notifyCfgUpdate.
biodb.DEBUG[2025-10-25 16:02:17.276][FUN] Trying to call function notifyCfgUpdate on observer BiodbTestMsgAck.
biodb.DEBUG[2025-10-25 16:02:17.277][FUN] Functions in observer BiodbTestMsgAck: [4]: ".__enclos_env__, clone, notifyProgress, initialize".
biodb.DEBUG[2025-10-25 16:02:17.278][FUN] Trying to call function notifyCfgUpdate on observer BiodbEntryFields.
biodb.DEBUG[2025-10-25 16:02:17.278][FUN] Functions in observer BiodbEntryFields: [15]: ".__enclos_env__, clone, terminate, define, print, getDatabaseIdField, getFieldNames, get, getRealName, checkIsDefined, isDefined, formatName, isAlias, notifyCfgUpdate, initialize".
biodb.DEBUG[2025-10-25 16:02:17.279][FUN] Trying to call function notifyCfgUpdate on observer BiodbConfig.
biodb.DEBUG[2025-10-25 16:02:17.280][FUN] Functions in observer BiodbConfig: [21]: ".__enclos_env__, clone, terminate, notifyNewObservers, define, getAssocEnvVar, listKeys, print, disable, enable, reset, set, get, isEnabled, isDefined, hasKey, getDefaultValue, getDescription, getTitle, getKeys, initialize".
biodb.WARN [2025-10-25 16:02:17.281][private$checkKey] Key persistent.cache.impl is deprecated. Persistent cache is now handled by the fscache CRAN package. This field is now useless.
biodb.WARN [2025-10-25 16:02:17.290][private$checkKey] Key persistent.cache.impl is deprecated. Persistent cache is now handled by the fscache CRAN package. This field is now useless.
biodb.DEBUG[2025-10-25 16:02:17.303][biodb$getConfig()$set] Set key persistent.cache.impl to "custom".
biodb.DEBUG[2025-10-25 16:02:17.303][notifyObservers] Notify observers for notifyCfgUpdate.
biodb.DEBUG[2025-10-25 16:02:17.304][FUN] Trying to call function notifyCfgUpdate on observer BiodbTestMsgAck.
biodb.DEBUG[2025-10-25 16:02:17.305][FUN] Functions in observer BiodbTestMsgAck: [4]: ".__enclos_env__, clone, notifyProgress, initialize".
biodb.DEBUG[2025-10-25 16:02:17.306][FUN] Trying to call function notifyCfgUpdate on observer BiodbEntryFields.
biodb.DEBUG[2025-10-25 16:02:17.307][FUN] Functions in observer BiodbEntryFields: [15]: ".__enclos_env__, clone, terminate, define, print, getDatabaseIdField, getFieldNames, get, getRealName, checkIsDefined, isDefined, formatName, isAlias, notifyCfgUpdate, initialize".
biodb.DEBUG[2025-10-25 16:02:17.308][FUN] Trying to call function notifyCfgUpdate on observer BiodbConfig.
biodb.DEBUG[2025-10-25 16:02:17.308][FUN] Functions in observer BiodbConfig: [21]: ".__enclos_env__, clone, terminate, notifyNewObservers, define, getAssocEnvVar, listKeys, print, disable, enable, reset, set, get, isEnabled, isDefined, hasKey, getDefaultValue, getDescription, getTitle, getKeys, initialize".
biodb.DEBUG[2025-10-25 16:02:17.310][biodb$loadDefinitions] Load definitions from file "/home/biocbuild/bbs-3.22-bioc-longtests/meat/biodbHmdb.Rcheck/biodbHmdb/definitions.yml".
biodb.DEBUG[2025-10-25 16:02:17.319][self$getDbsInfo()$define] Define connector hmdb.metabolites.
biodb.DEBUG[2025-10-25 16:02:17.320][self$setPropertyValue] Setting property "compound.db" to "TRUE".
biodb.DEBUG[2025-10-25 16:02:17.321][self$setPropertyValue] Setting property "description" to "NA".
biodb.DEBUG[2025-10-25 16:02:17.322][self$setPropertyValue] Setting property "disabled" to "FALSE".
biodb.DEBUG[2025-10-25 16:02:17.323][self$setPropertyValue] Setting property "disabling.reason" to "".
biodb.DEBUG[2025-10-25 16:02:17.324][self$setPropertyValue] Setting property "downloadable" to "TRUE".
biodb.DEBUG[2025-10-25 16:02:17.325][self$setPropertyValue] Setting property "dwnld.ext" to "zip".
biodb.DEBUG[2025-10-25 16:02:17.326][self$setPropertyValue] Setting property "editable" to "FALSE".
biodb.DEBUG[2025-10-25 16:02:17.327][self$setPropertyValue] Setting property "entry.content.encoding" to "NA".
biodb.DEBUG[2025-10-25 16:02:17.328][self$setPropertyValue] Setting property "entry.content.type" to "xml".
biodb.DEBUG[2025-10-25 16:02:17.329][self$setPropertyValue] Setting property "matching.fields" to "c("peak.mztheo", "peak.mzexp")".
biodb.DEBUG[2025-10-25 16:02:17.330][self$setPropertyValue] Setting property "mass.db" to "FALSE".
biodb.DEBUG[2025-10-25 16:02:17.331][self$setPropertyValue] Setting property "name" to "HMDB Metabolites".
biodb.DEBUG[2025-10-25 16:02:17.332][self$setPropertyValue] Setting property "package" to "biodb".
biodb.DEBUG[2025-10-25 16:02:17.333][self$setPropertyValue] Setting property "parsing.expr" to "/metabolite/accession".
biodb.DEBUG[2025-10-25 16:02:17.333][self$setPropertyValue] Setting property "parsing.expr" to "/metabolite/secondary_accessions/accession".
biodb.DEBUG[2025-10-25 16:02:17.333][self$setPropertyValue] Setting property "parsing.expr" to "//average_molecular_weight".
biodb.DEBUG[2025-10-25 16:02:17.333][self$setPropertyValue] Setting property "parsing.expr" to "//cas_registry_number".
biodb.DEBUG[2025-10-25 16:02:17.333][self$setPropertyValue] Setting property "parsing.expr" to "//chebi_id".
biodb.DEBUG[2025-10-25 16:02:17.333][self$setPropertyValue] Setting property "parsing.expr" to "//chemspider_id".
biodb.DEBUG[2025-10-25 16:02:17.333][self$setPropertyValue] Setting property "parsing.expr" to "//kegg_id".
biodb.DEBUG[2025-10-25 16:02:17.333][self$setPropertyValue] Setting property "parsing.expr" to "//pubchem_compound_id".
biodb.DEBUG[2025-10-25 16:02:17.333][self$setPropertyValue] Setting property "parsing.expr" to "//iupac_name".
biodb.DEBUG[2025-10-25 16:02:17.333][self$setPropertyValue] Setting property "parsing.expr" to "//traditional_iupac".
biodb.DEBUG[2025-10-25 16:02:17.333][self$setPropertyValue] Setting property "parsing.expr" to "/metabolite/chemical_formula".
biodb.DEBUG[2025-10-25 16:02:17.333][self$setPropertyValue] Setting property "parsing.expr" to "//inchi".
biodb.DEBUG[2025-10-25 16:02:17.333][self$setPropertyValue] Setting property "parsing.expr" to "//inchikey".
biodb.DEBUG[2025-10-25 16:02:17.333][self$setPropertyValue] Setting property "parsing.expr" to "//monisotopic_molecular_weight".
biodb.DEBUG[2025-10-25 16:02:17.333][self$setPropertyValue] Setting property "parsing.expr" to "/metabolite/name".
biodb.DEBUG[2025-10-25 16:02:17.333][self$setPropertyValue] Setting property "parsing.expr" to "/metabolite/description".
biodb.DEBUG[2025-10-25 16:02:17.333][self$setPropertyValue] Setting property "parsing.expr" to "//smiles".
biodb.DEBUG[2025-10-25 16:02:17.333][self$setPropertyValue] Setting property "parsing.expr" to "//super_class".
biodb.DEBUG[2025-10-25 16:02:17.334][self$setPropertyValue] Setting property "remote" to "TRUE".
biodb.DEBUG[2025-10-25 16:02:17.335][self$setPropertyValue] Setting property "searchable.fields" to "name".
biodb.DEBUG[2025-10-25 16:02:17.335][self$setPropertyValue] Setting property "searchable.fields" to "description".
biodb.DEBUG[2025-10-25 16:02:17.335][self$setPropertyValue] Setting property "searchable.fields" to "secondary.accessions".
biodb.DEBUG[2025-10-25 16:02:17.336][self$setPropertyValue] Setting property "scheduler.n" to "3".
biodb.DEBUG[2025-10-25 16:02:17.337][self$setPropertyValue] Notifying observers about frequency change.
biodb.DEBUG[2025-10-25 16:02:17.337][notifyObservers] Notify observers for notifyConnSchedulerFrequencyUpdated.
biodb.DEBUG[2025-10-25 16:02:17.338][self$setPropertyValue] Setting property "scheduler.t" to "1".
biodb.DEBUG[2025-10-25 16:02:17.339][self$setPropertyValue] Notifying observers about frequency change.
biodb.DEBUG[2025-10-25 16:02:17.340][notifyObservers] Notify observers for notifyConnSchedulerFrequencyUpdated.
biodb.DEBUG[2025-10-25 16:02:17.341][self$setPropertyValue] Setting property "token" to "NA".
biodb.DEBUG[2025-10-25 16:02:17.342][self$setPropertyValue] Setting property "urls" to "http://www.hmdb.ca/".
biodb.DEBUG[2025-10-25 16:02:17.342][self$setPropertyValue] Setting property "urls" to "http://www.hmdb.ca/system/downloads/current/hmdb_metabolites.zip".
biodb.DEBUG[2025-10-25 16:02:17.347][self$setPropertyValue] Notifying observers about URLs change.
biodb.DEBUG[2025-10-25 16:02:17.347][notifyObservers] Notify observers for notifyConnUrlsUpdated.
biodb.DEBUG[2025-10-25 16:02:17.348][self$setPropertyValue] Setting property "writable" to "FALSE".
biodb.DEBUG[2025-10-25 16:02:17.349][self$setPropertyValue] Setting property "xml.ns" to "<NULL>".
biodb.DEBUG[2025-10-25 16:02:17.355][self$getEntryFields()$define] Define field secondary_accessions.
biodb.DEBUG[2025-10-25 16:02:17.356][self$getEntryFields()$define] Define field chemspider.id.
biodb.DEBUG[2025-10-25 16:02:17.357][self$getEntryFields()$define] Define field hmdb.metabolites.id.
biodb.DEBUG[2025-10-25 16:02:17.359][self$getEntryFields()$define] Define field kegg.compound.id.
biodb.DEBUG[2025-10-25 16:02:17.360][self$getEntryFields()$define] Define field ncbi.pubchem.comp.id.
biodb.DEBUG[2025-10-25 16:02:17.381][initialize] Initialize connector hmdb.metabolites.
biodb.DEBUG[2025-10-25 16:02:17.395][biodb$getFactory()$createConn] Creating new connector hmdb.metabolites for database class hmdb.metabolites .
biodb.INFO [2025-10-25 16:02:17.403][biodb::testThat]
biodb.INFO [2025-10-25 16:02:17.404][biodb::testThat] Running test function  test.entry.fields  (" Entry fields have a correct value ").
biodb.INFO [2025-10-25 16:02:17.405][biodb::testThat] --------------------------------------------------------------------------------
biodb.INFO [2025-10-25 16:02:17.406][biodb::testThat]
biodb.TRACE[2025-10-25 16:02:17.409][loadFileContents] Loaded 1 files from cache: [1]: "/home/biocbuild/bbs-3.22-bioc-longtests/meat/biodbHmdb.Rcheck/biodbHmdb/testref/entry-hmdb.metabolites-HMDB0000001-content.xml".
biodb.DEBUG[2025-10-25 16:02:17.411][biodb$getFactory()$createEntryFromCo ...] Creating HMDB Metabolites entries from 1 content(s).
biodb.DEBUG[2025-10-25 16:02:17.414][biodb$getFactory()$createEntryFromCo ...] Parsing 1 HMDB Metabolites entries.
biodb.DEBUG[2025-10-25 16:02:17.422][notifyObservers] Notify observers for notifyProgress.
biodb.DEBUG[2025-10-25 16:02:17.423][FUN] Trying to call function notifyProgress on observer BiodbTestMsgAck.
biodb.DEBUG[2025-10-25 16:02:17.423][FUN] Functions in observer BiodbTestMsgAck: [4]: ".__enclos_env__, clone, notifyProgress, initialize".
biodb.DEBUG[2025-10-25 16:02:17.435][FUN] Trying to call function notifyProgress on observer BiodbEntryFields.
biodb.DEBUG[2025-10-25 16:02:17.436][FUN] Functions in observer BiodbEntryFields: [15]: ".__enclos_env__, clone, terminate, define, print, getDatabaseIdField, getFieldNames, get, getRealName, checkIsDefined, isDefined, formatName, isAlias, notifyCfgUpdate, initialize".
biodb.DEBUG[2025-10-25 16:02:17.437][FUN] Trying to call function notifyProgress on observer BiodbConfig.
biodb.DEBUG[2025-10-25 16:02:17.438][FUN] Functions in observer BiodbConfig: [21]: ".__enclos_env__, clone, terminate, notifyNewObservers, define, getAssocEnvVar, listKeys, print, disable, enable, reset, set, get, isEnabled, isDefined, hasKey, getDefaultValue, getDescription, getTitle, getKeys, initialize".
biodb.TRACE[2025-10-25 16:02:17.449][ef$get] Asked field names are: accession.
biodb.TRACE[2025-10-25 16:02:17.450][ef$get] Realnames of fields are: accession.
biodb.TRACE[2025-10-25 16:02:17.451][ef$get] 1 fields were returned.
biodb.TRACE[2025-10-25 16:02:17.451][ef$get] fields variable is a list.
biodb.TRACE[2025-10-25 16:02:17.453][self$getBiodb()$getEntryFields()$get] Asked field names are: accession.
biodb.TRACE[2025-10-25 16:02:17.465][self$getBiodb()$getEntryFields()$get] Realnames of fields are: accession.
biodb.TRACE[2025-10-25 16:02:17.466][self$getBiodb()$getEntryFields()$get] 1 fields were returned.
biodb.TRACE[2025-10-25 16:02:17.467][self$getBiodb()$getEntryFields()$get] fields variable is a list.
biodb.TRACE[2025-10-25 16:02:17.468][ef$get] Asked field names are: secondary.accessions.
biodb.TRACE[2025-10-25 16:02:17.469][ef$get] Realnames of fields are: secondary.accessions.
biodb.TRACE[2025-10-25 16:02:17.470][ef$get] 1 fields were returned.
biodb.TRACE[2025-10-25 16:02:17.471][ef$get] fields variable is a list.
biodb.TRACE[2025-10-25 16:02:17.496][self$getBiodb()$getEntryFields()$get] Asked field names are: secondary.accessions.
biodb.TRACE[2025-10-25 16:02:17.497][self$getBiodb()$getEntryFields()$get] Realnames of fields are: secondary.accessions.
biodb.TRACE[2025-10-25 16:02:17.498][self$getBiodb()$getEntryFields()$get] 1 fields were returned.
biodb.TRACE[2025-10-25 16:02:17.499][self$getBiodb()$getEntryFields()$get] fields variable is a list.
biodb.TRACE[2025-10-25 16:02:17.500][ef$get] Asked field names are: average.mass.
biodb.TRACE[2025-10-25 16:02:17.501][ef$get] Realnames of fields are: average.mass.
biodb.TRACE[2025-10-25 16:02:17.501][ef$get] 1 fields were returned.
biodb.TRACE[2025-10-25 16:02:17.502][ef$get] fields variable is a list.
biodb.TRACE[2025-10-25 16:02:17.504][self$getBiodb()$getEntryFields()$get] Asked field names are: average.mass.
biodb.TRACE[2025-10-25 16:02:17.505][self$getBiodb()$getEntryFields()$get] Realnames of fields are: average.mass.
biodb.TRACE[2025-10-25 16:02:17.506][self$getBiodb()$getEntryFields()$get] 1 fields were returned.
biodb.TRACE[2025-10-25 16:02:17.515][self$getBiodb()$getEntryFields()$get] fields variable is a list.
biodb.TRACE[2025-10-25 16:02:17.516][ef$get] Asked field names are: cas.id.
biodb.TRACE[2025-10-25 16:02:17.517][ef$get] Realnames of fields are: cas.id.
biodb.TRACE[2025-10-25 16:02:17.518][ef$get] 1 fields were returned.
biodb.TRACE[2025-10-25 16:02:17.519][ef$get] fields variable is a list.
biodb.TRACE[2025-10-25 16:02:17.520][self$getBiodb()$getEntryFields()$get] Asked field names are: cas.id.
biodb.TRACE[2025-10-25 16:02:17.521][self$getBiodb()$getEntryFields()$get] Realnames of fields are: cas.id.
biodb.TRACE[2025-10-25 16:02:17.522][self$getBiodb()$getEntryFields()$get] 1 fields were returned.
biodb.TRACE[2025-10-25 16:02:17.523][self$getBiodb()$getEntryFields()$get] fields variable is a list.
biodb.TRACE[2025-10-25 16:02:17.524][ef$get] Asked field names are: chebi.id.
biodb.TRACE[2025-10-25 16:02:17.525][ef$get] Realnames of fields are: chebi.id.
biodb.TRACE[2025-10-25 16:02:17.526][ef$get] 1 fields were returned.
biodb.TRACE[2025-10-25 16:02:17.526][ef$get] fields variable is a list.
biodb.TRACE[2025-10-25 16:02:17.528][self$getBiodb()$getEntryFields()$get] Asked field names are: chebi.id.
biodb.TRACE[2025-10-25 16:02:17.529][self$getBiodb()$getEntryFields()$get] Realnames of fields are: chebi.id.
biodb.TRACE[2025-10-25 16:02:17.530][self$getBiodb()$getEntryFields()$get] 1 fields were returned.
biodb.TRACE[2025-10-25 16:02:17.530][self$getBiodb()$getEntryFields()$get] fields variable is a list.
biodb.TRACE[2025-10-25 16:02:17.531][ef$get] Asked field names are: chemspider.id.
biodb.TRACE[2025-10-25 16:02:17.532][ef$get] Realnames of fields are: chemspider.id.
biodb.TRACE[2025-10-25 16:02:17.533][ef$get] 1 fields were returned.
biodb.TRACE[2025-10-25 16:02:17.534][ef$get] fields variable is a list.
biodb.TRACE[2025-10-25 16:02:17.535][self$getBiodb()$getEntryFields()$get] Asked field names are: chemspider.id.
biodb.TRACE[2025-10-25 16:02:17.536][self$getBiodb()$getEntryFields()$get] Realnames of fields are: chemspider.id.
biodb.TRACE[2025-10-25 16:02:17.537][self$getBiodb()$getEntryFields()$get] 1 fields were returned.
biodb.TRACE[2025-10-25 16:02:17.538][self$getBiodb()$getEntryFields()$get] fields variable is a list.
biodb.TRACE[2025-10-25 16:02:17.539][ef$get] Asked field names are: kegg.compound.id.
biodb.TRACE[2025-10-25 16:02:17.540][ef$get] Realnames of fields are: kegg.compound.id.
biodb.TRACE[2025-10-25 16:02:17.541][ef$get] 1 fields were returned.
biodb.TRACE[2025-10-25 16:02:17.542][ef$get] fields variable is a list.
biodb.TRACE[2025-10-25 16:02:17.543][self$getBiodb()$getEntryFields()$get] Asked field names are: kegg.compound.id.
biodb.TRACE[2025-10-25 16:02:17.544][self$getBiodb()$getEntryFields()$get] Realnames of fields are: kegg.compound.id.
biodb.TRACE[2025-10-25 16:02:17.545][self$getBiodb()$getEntryFields()$get] 1 fields were returned.
biodb.TRACE[2025-10-25 16:02:17.546][self$getBiodb()$getEntryFields()$get] fields variable is a list.
biodb.TRACE[2025-10-25 16:02:17.547][ef$get] Asked field names are: ncbi.pubchem.comp.id.
biodb.TRACE[2025-10-25 16:02:17.548][ef$get] Realnames of fields are: ncbi.pubchem.comp.id.
biodb.TRACE[2025-10-25 16:02:17.549][ef$get] 1 fields were returned.
biodb.TRACE[2025-10-25 16:02:17.550][ef$get] fields variable is a list.
biodb.TRACE[2025-10-25 16:02:17.551][self$getBiodb()$getEntryFields()$get] Asked field names are: ncbi.pubchem.comp.id.
biodb.TRACE[2025-10-25 16:02:17.552][self$getBiodb()$getEntryFields()$get] Realnames of fields are: ncbi.pubchem.comp.id.
biodb.TRACE[2025-10-25 16:02:17.553][self$getBiodb()$getEntryFields()$get] 1 fields were returned.
biodb.TRACE[2025-10-25 16:02:17.554][self$getBiodb()$getEntryFields()$get] fields variable is a list.
biodb.TRACE[2025-10-25 16:02:17.555][ef$get] Asked field names are: comp.iupac.name.syst.
biodb.TRACE[2025-10-25 16:02:17.556][ef$get] Realnames of fields are: comp.iupac.name.syst.
biodb.TRACE[2025-10-25 16:02:17.557][ef$get] 1 fields were returned.
biodb.TRACE[2025-10-25 16:02:17.557][ef$get] fields variable is a list.
biodb.TRACE[2025-10-25 16:02:17.559][self$getBiodb()$getEntryFields()$get] Asked field names are: comp.iupac.name.syst.
biodb.TRACE[2025-10-25 16:02:17.560][self$getBiodb()$getEntryFields()$get] Realnames of fields are: comp.iupac.name.syst.
biodb.TRACE[2025-10-25 16:02:17.561][self$getBiodb()$getEntryFields()$get] 1 fields were returned.
biodb.TRACE[2025-10-25 16:02:17.561][self$getBiodb()$getEntryFields()$get] fields variable is a list.
biodb.TRACE[2025-10-25 16:02:17.562][ef$get] Asked field names are: comp.iupac.name.trad.
biodb.TRACE[2025-10-25 16:02:17.563][ef$get] Realnames of fields are: comp.iupac.name.trad.
biodb.TRACE[2025-10-25 16:02:17.564][ef$get] 1 fields were returned.
biodb.TRACE[2025-10-25 16:02:17.565][ef$get] fields variable is a list.
biodb.TRACE[2025-10-25 16:02:17.566][self$getBiodb()$getEntryFields()$get] Asked field names are: comp.iupac.name.trad.
biodb.TRACE[2025-10-25 16:02:17.567][self$getBiodb()$getEntryFields()$get] Realnames of fields are: comp.iupac.name.trad.
biodb.TRACE[2025-10-25 16:02:17.568][self$getBiodb()$getEntryFields()$get] 1 fields were returned.
biodb.TRACE[2025-10-25 16:02:17.569][self$getBiodb()$getEntryFields()$get] fields variable is a list.
biodb.TRACE[2025-10-25 16:02:17.570][ef$get] Asked field names are: formula.
biodb.TRACE[2025-10-25 16:02:17.571][ef$get] Realnames of fields are: formula.
biodb.TRACE[2025-10-25 16:02:17.572][ef$get] 1 fields were returned.
biodb.TRACE[2025-10-25 16:02:17.573][ef$get] fields variable is a list.
biodb.TRACE[2025-10-25 16:02:17.574][self$getBiodb()$getEntryFields()$get] Asked field names are: formula.
biodb.TRACE[2025-10-25 16:02:17.575][self$getBiodb()$getEntryFields()$get] Realnames of fields are: formula.
biodb.TRACE[2025-10-25 16:02:17.576][self$getBiodb()$getEntryFields()$get] 1 fields were returned.
biodb.TRACE[2025-10-25 16:02:17.577][self$getBiodb()$getEntryFields()$get] fields variable is a list.
biodb.TRACE[2025-10-25 16:02:17.578][ef$get] Asked field names are: inchi.
biodb.TRACE[2025-10-25 16:02:17.579][ef$get] Realnames of fields are: inchi.
biodb.TRACE[2025-10-25 16:02:17.580][ef$get] 1 fields were returned.
biodb.TRACE[2025-10-25 16:02:17.580][ef$get] fields variable is a list.
biodb.TRACE[2025-10-25 16:02:17.582][self$getBiodb()$getEntryFields()$get] Asked field names are: inchi.
biodb.TRACE[2025-10-25 16:02:17.583][self$getBiodb()$getEntryFields()$get] Realnames of fields are: inchi.
biodb.TRACE[2025-10-25 16:02:17.584][self$getBiodb()$getEntryFields()$get] 1 fields were returned.
biodb.TRACE[2025-10-25 16:02:17.584][self$getBiodb()$getEntryFields()$get] fields variable is a list.
biodb.TRACE[2025-10-25 16:02:17.585][ef$get] Asked field names are: inchikey.
biodb.TRACE[2025-10-25 16:02:17.586][ef$get] Realnames of fields are: inchikey.
biodb.TRACE[2025-10-25 16:02:17.587][ef$get] 1 fields were returned.
biodb.TRACE[2025-10-25 16:02:17.588][ef$get] fields variable is a list.
biodb.TRACE[2025-10-25 16:02:17.589][self$getBiodb()$getEntryFields()$get] Asked field names are: inchikey.
biodb.TRACE[2025-10-25 16:02:17.590][self$getBiodb()$getEntryFields()$get] Realnames of fields are: inchikey.
biodb.TRACE[2025-10-25 16:02:17.591][self$getBiodb()$getEntryFields()$get] 1 fields were returned.
biodb.TRACE[2025-10-25 16:02:17.592][self$getBiodb()$getEntryFields()$get] fields variable is a list.
biodb.TRACE[2025-10-25 16:02:17.593][ef$get] Asked field names are: monoisotopic.mass.
biodb.TRACE[2025-10-25 16:02:17.594][ef$get] Realnames of fields are: monoisotopic.mass.
biodb.TRACE[2025-10-25 16:02:17.595][ef$get] 1 fields were returned.
biodb.TRACE[2025-10-25 16:02:17.596][ef$get] fields variable is a list.
biodb.TRACE[2025-10-25 16:02:17.597][self$getBiodb()$getEntryFields()$get] Asked field names are: monoisotopic.mass.
biodb.TRACE[2025-10-25 16:02:17.598][self$getBiodb()$getEntryFields()$get] Realnames of fields are: monoisotopic.mass.
biodb.TRACE[2025-10-25 16:02:17.599][self$getBiodb()$getEntryFields()$get] 1 fields were returned.
biodb.TRACE[2025-10-25 16:02:17.600][self$getBiodb()$getEntryFields()$get] fields variable is a list.
biodb.TRACE[2025-10-25 16:02:17.601][ef$get] Asked field names are: name.
biodb.TRACE[2025-10-25 16:02:17.602][ef$get] Realnames of fields are: name.
biodb.TRACE[2025-10-25 16:02:17.603][ef$get] 1 fields were returned.
biodb.TRACE[2025-10-25 16:02:17.603][ef$get] fields variable is a list.
biodb.TRACE[2025-10-25 16:02:17.605][self$getBiodb()$getEntryFields()$get] Asked field names are: name.
biodb.TRACE[2025-10-25 16:02:17.606][self$getBiodb()$getEntryFields()$get] Realnames of fields are: name.
biodb.TRACE[2025-10-25 16:02:17.606][self$getBiodb()$getEntryFields()$get] 1 fields were returned.
biodb.TRACE[2025-10-25 16:02:17.607][self$getBiodb()$getEntryFields()$get] fields variable is a list.
biodb.TRACE[2025-10-25 16:02:17.608][ef$get] Asked field names are: description.
biodb.TRACE[2025-10-25 16:02:17.609][ef$get] Realnames of fields are: description.
biodb.TRACE[2025-10-25 16:02:17.610][ef$get] 1 fields were returned.
biodb.TRACE[2025-10-25 16:02:17.611][ef$get] fields variable is a list.
biodb.TRACE[2025-10-25 16:02:17.612][self$getBiodb()$getEntryFields()$get] Asked field names are: description.
biodb.TRACE[2025-10-25 16:02:17.613][self$getBiodb()$getEntryFields()$get] Realnames of fields are: description.
biodb.TRACE[2025-10-25 16:02:17.614][self$getBiodb()$getEntryFields()$get] 1 fields were returned.
biodb.TRACE[2025-10-25 16:02:17.615][self$getBiodb()$getEntryFields()$get] fields variable is a list.
biodb.TRACE[2025-10-25 16:02:17.616][ef$get] Asked field names are: smiles.
biodb.TRACE[2025-10-25 16:02:17.617][ef$get] Realnames of fields are: smiles.
biodb.TRACE[2025-10-25 16:02:17.618][ef$get] 1 fields were returned.
biodb.TRACE[2025-10-25 16:02:17.619][ef$get] fields variable is a list.
biodb.TRACE[2025-10-25 16:02:17.620][self$getBiodb()$getEntryFields()$get] Asked field names are: smiles.
biodb.TRACE[2025-10-25 16:02:17.621][self$getBiodb()$getEntryFields()$get] Realnames of fields are: smiles.
biodb.TRACE[2025-10-25 16:02:17.622][self$getBiodb()$getEntryFields()$get] 1 fields were returned.
biodb.TRACE[2025-10-25 16:02:17.622][self$getBiodb()$getEntryFields()$get] fields variable is a list.
biodb.TRACE[2025-10-25 16:02:17.624][ef$get] Asked field names are: super.class.
biodb.TRACE[2025-10-25 16:02:17.625][ef$get] Realnames of fields are: comp.super.class.
biodb.TRACE[2025-10-25 16:02:17.625][ef$get] 1 fields were returned.
biodb.TRACE[2025-10-25 16:02:17.626][ef$get] fields variable is a list.
biodb.TRACE[2025-10-25 16:02:17.627][self$getBiodb()$getEntryFields()$get] Asked field names are: super.class.
biodb.TRACE[2025-10-25 16:02:17.628][self$getBiodb()$getEntryFields()$get] Realnames of fields are: comp.super.class.
biodb.TRACE[2025-10-25 16:02:17.629][self$getBiodb()$getEntryFields()$get] 1 fields were returned.
biodb.TRACE[2025-10-25 16:02:17.670][self$getBiodb()$getEntryFields()$get] fields variable is a list.
biodb.TRACE[2025-10-25 16:02:17.672][self$getBiodb()$getEntryFields()$get] Asked field names are: accession.
biodb.TRACE[2025-10-25 16:02:17.673][self$getBiodb()$getEntryFields()$get] Realnames of fields are: accession.
biodb.TRACE[2025-10-25 16:02:17.673][self$getBiodb()$getEntryFields()$get] 1 fields were returned.
biodb.TRACE[2025-10-25 16:02:17.674][self$getBiodb()$getEntryFields()$get] fields variable is a list.
biodb.TRACE[2025-10-25 16:02:17.675][self$getBiodb()$getEntryFields()$get] Asked field names are: accession.
biodb.TRACE[2025-10-25 16:02:17.676][self$getBiodb()$getEntryFields()$get] Realnames of fields are: accession.
biodb.TRACE[2025-10-25 16:02:17.677][self$getBiodb()$getEntryFields()$get] 1 fields were returned.
biodb.TRACE[2025-10-25 16:02:17.678][self$getBiodb()$getEntryFields()$get] fields variable is a list.
biodb.TRACE[2025-10-25 16:02:17.679][self$getBiodb()$getEntryFields()$get] Asked field names are: accession.
biodb.TRACE[2025-10-25 16:02:17.680][self$getBiodb()$getEntryFields()$get] Realnames of fields are: accession.
biodb.TRACE[2025-10-25 16:02:17.681][self$getBiodb()$getEntryFields()$get] 1 fields were returned.
biodb.TRACE[2025-10-25 16:02:17.682][self$getBiodb()$getEntryFields()$get] fields variable is a list.
biodb.TRACE[2025-10-25 16:02:17.713][self$getBiodb()$getEntryFields()$get] Asked field names are: average.mass.
biodb.TRACE[2025-10-25 16:02:17.714][self$getBiodb()$getEntryFields()$get] Realnames of fields are: average.mass.
biodb.TRACE[2025-10-25 16:02:17.715][self$getBiodb()$getEntryFields()$get] 1 fields were returned.
biodb.TRACE[2025-10-25 16:02:17.716][self$getBiodb()$getEntryFields()$get] fields variable is a list.
biodb.TRACE[2025-10-25 16:02:17.717][self$getBiodb()$getEntryFields()$get] Asked field names are: average.mass.
biodb.TRACE[2025-10-25 16:02:17.718][self$getBiodb()$getEntryFields()$get] Realnames of fields are: average.mass.
biodb.TRACE[2025-10-25 16:02:17.719][self$getBiodb()$getEntryFields()$get] 1 fields were returned.
biodb.TRACE[2025-10-25 16:02:17.720][self$getBiodb()$getEntryFields()$get] fields variable is a list.
biodb.TRACE[2025-10-25 16:02:17.721][self$getBiodb()$getEntryFields()$get] Asked field names are: average.mass.
biodb.TRACE[2025-10-25 16:02:17.721][self$getBiodb()$getEntryFields()$get] Realnames of fields are: average.mass.
biodb.TRACE[2025-10-25 16:02:17.722][self$getBiodb()$getEntryFields()$get] 1 fields were returned.
biodb.TRACE[2025-10-25 16:02:17.723][self$getBiodb()$getEntryFields()$get] fields variable is a list.
biodb.TRACE[2025-10-25 16:02:17.724][self$getBiodb()$getEntryFields()$get] Asked field names are: cas.id.
biodb.TRACE[2025-10-25 16:02:17.725][self$getBiodb()$getEntryFields()$get] Realnames of fields are: cas.id.
biodb.TRACE[2025-10-25 16:02:17.726][self$getBiodb()$getEntryFields()$get] 1 fields were returned.
biodb.TRACE[2025-10-25 16:02:17.727][self$getBiodb()$getEntryFields()$get] fields variable is a list.
biodb.TRACE[2025-10-25 16:02:17.728][self$getBiodb()$getEntryFields()$get] Asked field names are: cas.id.
biodb.TRACE[2025-10-25 16:02:17.729][self$getBiodb()$getEntryFields()$get] Realnames of fields are: cas.id.
biodb.TRACE[2025-10-25 16:02:17.730][self$getBiodb()$getEntryFields()$get] 1 fields were returned.
biodb.TRACE[2025-10-25 16:02:17.731][self$getBiodb()$getEntryFields()$get] fields variable is a list.
biodb.TRACE[2025-10-25 16:02:17.732][self$getBiodb()$getEntryFields()$get] Asked field names are: cas.id.
biodb.TRACE[2025-10-25 16:02:17.733][self$getBiodb()$getEntryFields()$get] Realnames of fields are: cas.id.
biodb.TRACE[2025-10-25 16:02:17.733][self$getBiodb()$getEntryFields()$get] 1 fields were returned.
biodb.TRACE[2025-10-25 16:02:17.734][self$getBiodb()$getEntryFields()$get] fields variable is a list.
biodb.TRACE[2025-10-25 16:02:17.735][self$getBiodb()$getEntryFields()$get] Asked field names are: chebi.id.
biodb.TRACE[2025-10-25 16:02:17.736][self$getBiodb()$getEntryFields()$get] Realnames of fields are: chebi.id.
biodb.TRACE[2025-10-25 16:02:17.737][self$getBiodb()$getEntryFields()$get] 1 fields were returned.
biodb.TRACE[2025-10-25 16:02:17.738][self$getBiodb()$getEntryFields()$get] fields variable is a list.
biodb.TRACE[2025-10-25 16:02:17.739][self$getBiodb()$getEntryFields()$get] Asked field names are: chebi.id.
biodb.TRACE[2025-10-25 16:02:17.740][self$getBiodb()$getEntryFields()$get] Realnames of fields are: chebi.id.
biodb.TRACE[2025-10-25 16:02:17.741][self$getBiodb()$getEntryFields()$get] 1 fields were returned.
biodb.TRACE[2025-10-25 16:02:17.742][self$getBiodb()$getEntryFields()$get] fields variable is a list.
biodb.TRACE[2025-10-25 16:02:17.743][self$getBiodb()$getEntryFields()$get] Asked field names are: chebi.id.
biodb.TRACE[2025-10-25 16:02:17.744][self$getBiodb()$getEntryFields()$get] Realnames of fields are: chebi.id.
biodb.TRACE[2025-10-25 16:02:17.745][self$getBiodb()$getEntryFields()$get] 1 fields were returned.
biodb.TRACE[2025-10-25 16:02:17.745][self$getBiodb()$getEntryFields()$get] fields variable is a list.
biodb.TRACE[2025-10-25 16:02:17.746][self$getBiodb()$getEntryFields()$get] Asked field names are: chemspider.id.
biodb.TRACE[2025-10-25 16:02:17.747][self$getBiodb()$getEntryFields()$get] Realnames of fields are: chemspider.id.
biodb.TRACE[2025-10-25 16:02:17.748][self$getBiodb()$getEntryFields()$get] 1 fields were returned.
biodb.TRACE[2025-10-25 16:02:17.749][self$getBiodb()$getEntryFields()$get] fields variable is a list.
biodb.TRACE[2025-10-25 16:02:17.750][self$getBiodb()$getEntryFields()$get] Asked field names are: chemspider.id.
biodb.TRACE[2025-10-25 16:02:17.751][self$getBiodb()$getEntryFields()$get] Realnames of fields are: chemspider.id.
biodb.TRACE[2025-10-25 16:02:17.752][self$getBiodb()$getEntryFields()$get] 1 fields were returned.
biodb.TRACE[2025-10-25 16:02:17.753][self$getBiodb()$getEntryFields()$get] fields variable is a list.
biodb.TRACE[2025-10-25 16:02:17.754][self$getBiodb()$getEntryFields()$get] Asked field names are: chemspider.id.
biodb.TRACE[2025-10-25 16:02:17.755][self$getBiodb()$getEntryFields()$get] Realnames of fields are: chemspider.id.
biodb.TRACE[2025-10-25 16:02:17.756][self$getBiodb()$getEntryFields()$get] 1 fields were returned.
biodb.TRACE[2025-10-25 16:02:17.757][self$getBiodb()$getEntryFields()$get] fields variable is a list.
biodb.TRACE[2025-10-25 16:02:17.758][self$getBiodb()$getEntryFields()$get] Asked field names are: comp.iupac.name.syst.
biodb.TRACE[2025-10-25 16:02:17.759][self$getBiodb()$getEntryFields()$get] Realnames of fields are: comp.iupac.name.syst.
biodb.TRACE[2025-10-25 16:02:17.759][self$getBiodb()$getEntryFields()$get] 1 fields were returned.
biodb.TRACE[2025-10-25 16:02:17.760][self$getBiodb()$getEntryFields()$get] fields variable is a list.
biodb.TRACE[2025-10-25 16:02:17.761][self$getBiodb()$getEntryFields()$get] Asked field names are: comp.iupac.name.syst.
biodb.TRACE[2025-10-25 16:02:17.762][self$getBiodb()$getEntryFields()$get] Realnames of fields are: comp.iupac.name.syst.
biodb.TRACE[2025-10-25 16:02:17.763][self$getBiodb()$getEntryFields()$get] 1 fields were returned.
biodb.TRACE[2025-10-25 16:02:17.764][self$getBiodb()$getEntryFields()$get] fields variable is a list.
biodb.TRACE[2025-10-25 16:02:17.765][self$getBiodb()$getEntryFields()$get] Asked field names are: comp.iupac.name.syst.
biodb.TRACE[2025-10-25 16:02:17.766][self$getBiodb()$getEntryFields()$get] Realnames of fields are: comp.iupac.name.syst.
biodb.TRACE[2025-10-25 16:02:17.767][self$getBiodb()$getEntryFields()$get] 1 fields were returned.
biodb.TRACE[2025-10-25 16:02:17.768][self$getBiodb()$getEntryFields()$get] fields variable is a list.
biodb.TRACE[2025-10-25 16:02:17.769][self$getBiodb()$getEntryFields()$get] Asked field names are: comp.iupac.name.trad.
biodb.TRACE[2025-10-25 16:02:17.770][self$getBiodb()$getEntryFields()$get] Realnames of fields are: comp.iupac.name.trad.
biodb.TRACE[2025-10-25 16:02:17.770][self$getBiodb()$getEntryFields()$get] 1 fields were returned.
biodb.TRACE[2025-10-25 16:02:17.771][self$getBiodb()$getEntryFields()$get] fields variable is a list.
biodb.TRACE[2025-10-25 16:02:17.772][self$getBiodb()$getEntryFields()$get] Asked field names are: comp.iupac.name.trad.
biodb.TRACE[2025-10-25 16:02:17.773][self$getBiodb()$getEntryFields()$get] Realnames of fields are: comp.iupac.name.trad.
biodb.TRACE[2025-10-25 16:02:17.774][self$getBiodb()$getEntryFields()$get] 1 fields were returned.
biodb.TRACE[2025-10-25 16:02:17.778][self$getBiodb()$getEntryFields()$get] fields variable is a list.
biodb.TRACE[2025-10-25 16:02:17.779][self$getBiodb()$getEntryFields()$get] Asked field names are: comp.iupac.name.trad.
biodb.TRACE[2025-10-25 16:02:17.780][self$getBiodb()$getEntryFields()$get] Realnames of fields are: comp.iupac.name.trad.
biodb.TRACE[2025-10-25 16:02:17.781][self$getBiodb()$getEntryFields()$get] 1 fields were returned.
biodb.TRACE[2025-10-25 16:02:17.782][self$getBiodb()$getEntryFields()$get] fields variable is a list.
biodb.TRACE[2025-10-25 16:02:17.783][self$getBiodb()$getEntryFields()$get] Asked field names are: comp.super.class.
biodb.TRACE[2025-10-25 16:02:17.784][self$getBiodb()$getEntryFields()$get] Realnames of fields are: comp.super.class.
biodb.TRACE[2025-10-25 16:02:17.785][self$getBiodb()$getEntryFields()$get] 1 fields were returned.
biodb.TRACE[2025-10-25 16:02:17.786][self$getBiodb()$getEntryFields()$get] fields variable is a list.
biodb.TRACE[2025-10-25 16:02:17.787][self$getBiodb()$getEntryFields()$get] Asked field names are: comp.super.class.
biodb.TRACE[2025-10-25 16:02:17.788][self$getBiodb()$getEntryFields()$get] Realnames of fields are: comp.super.class.
biodb.TRACE[2025-10-25 16:02:17.789][self$getBiodb()$getEntryFields()$get] 1 fields were returned.
biodb.TRACE[2025-10-25 16:02:17.789][self$getBiodb()$getEntryFields()$get] fields variable is a list.
biodb.TRACE[2025-10-25 16:02:17.790][self$getBiodb()$getEntryFields()$get] Asked field names are: comp.super.class.
biodb.TRACE[2025-10-25 16:02:17.791][self$getBiodb()$getEntryFields()$get] Realnames of fields are: comp.super.class.
biodb.TRACE[2025-10-25 16:02:17.792][self$getBiodb()$getEntryFields()$get] 1 fields were returned.
biodb.TRACE[2025-10-25 16:02:17.793][self$getBiodb()$getEntryFields()$get] fields variable is a list.
biodb.TRACE[2025-10-25 16:02:17.794][self$getBiodb()$getEntryFields()$get] Asked field names are: description.
biodb.TRACE[2025-10-25 16:02:17.795][self$getBiodb()$getEntryFields()$get] Realnames of fields are: description.
biodb.TRACE[2025-10-25 16:02:17.796][self$getBiodb()$getEntryFields()$get] 1 fields were returned.
biodb.TRACE[2025-10-25 16:02:17.797][self$getBiodb()$getEntryFields()$get] fields variable is a list.
biodb.TRACE[2025-10-25 16:02:17.798][self$getBiodb()$getEntryFields()$get] Asked field names are: description.
biodb.TRACE[2025-10-25 16:02:17.799][self$getBiodb()$getEntryFields()$get] Realnames of fields are: description.
biodb.TRACE[2025-10-25 16:02:17.800][self$getBiodb()$getEntryFields()$get] 1 fields were returned.
biodb.TRACE[2025-10-25 16:02:17.801][self$getBiodb()$getEntryFields()$get] fields variable is a list.
biodb.TRACE[2025-10-25 16:02:17.802][self$getBiodb()$getEntryFields()$get] Asked field names are: description.
biodb.TRACE[2025-10-25 16:02:17.803][self$getBiodb()$getEntryFields()$get] Realnames of fields are: description.
biodb.TRACE[2025-10-25 16:02:17.804][self$getBiodb()$getEntryFields()$get] 1 fields were returned.
biodb.TRACE[2025-10-25 16:02:17.804][self$getBiodb()$getEntryFields()$get] fields variable is a list.
biodb.TRACE[2025-10-25 16:02:17.805][self$getBiodb()$getEntryFields()$get] Asked field names are: formula.
biodb.TRACE[2025-10-25 16:02:17.806][self$getBiodb()$getEntryFields()$get] Realnames of fields are: formula.
biodb.TRACE[2025-10-25 16:02:17.807][self$getBiodb()$getEntryFields()$get] 1 fields were returned.
biodb.TRACE[2025-10-25 16:02:17.808][self$getBiodb()$getEntryFields()$get] fields variable is a list.
biodb.TRACE[2025-10-25 16:02:17.809][self$getBiodb()$getEntryFields()$get] Asked field names are: formula.
biodb.TRACE[2025-10-25 16:02:17.810][self$getBiodb()$getEntryFields()$get] Realnames of fields are: formula.
biodb.TRACE[2025-10-25 16:02:17.811][self$getBiodb()$getEntryFields()$get] 1 fields were returned.
biodb.TRACE[2025-10-25 16:02:17.812][self$getBiodb()$getEntryFields()$get] fields variable is a list.
biodb.TRACE[2025-10-25 16:02:17.813][self$getBiodb()$getEntryFields()$get] Asked field names are: formula.
biodb.TRACE[2025-10-25 16:02:17.814][self$getBiodb()$getEntryFields()$get] Realnames of fields are: formula.
biodb.TRACE[2025-10-25 16:02:17.815][self$getBiodb()$getEntryFields()$get] 1 fields were returned.
biodb.TRACE[2025-10-25 16:02:17.816][self$getBiodb()$getEntryFields()$get] fields variable is a list.
biodb.TRACE[2025-10-25 16:02:17.816][self$getBiodb()$getEntryFields()$get] Asked field names are: inchi.
biodb.TRACE[2025-10-25 16:02:17.817][self$getBiodb()$getEntryFields()$get] Realnames of fields are: inchi.
biodb.TRACE[2025-10-25 16:02:17.818][self$getBiodb()$getEntryFields()$get] 1 fields were returned.
biodb.TRACE[2025-10-25 16:02:17.819][self$getBiodb()$getEntryFields()$get] fields variable is a list.
biodb.TRACE[2025-10-25 16:02:17.820][self$getBiodb()$getEntryFields()$get] Asked field names are: inchi.
biodb.TRACE[2025-10-25 16:02:17.821][self$getBiodb()$getEntryFields()$get] Realnames of fields are: inchi.
biodb.TRACE[2025-10-25 16:02:17.822][self$getBiodb()$getEntryFields()$get] 1 fields were returned.
biodb.TRACE[2025-10-25 16:02:17.823][self$getBiodb()$getEntryFields()$get] fields variable is a list.
biodb.TRACE[2025-10-25 16:02:17.824][self$getBiodb()$getEntryFields()$get] Asked field names are: inchi.
biodb.TRACE[2025-10-25 16:02:17.825][self$getBiodb()$getEntryFields()$get] Realnames of fields are: inchi.
biodb.TRACE[2025-10-25 16:02:17.826][self$getBiodb()$getEntryFields()$get] 1 fields were returned.
biodb.TRACE[2025-10-25 16:02:17.827][self$getBiodb()$getEntryFields()$get] fields variable is a list.
biodb.TRACE[2025-10-25 16:02:17.828][self$getBiodb()$getEntryFields()$get] Asked field names are: inchikey.
biodb.TRACE[2025-10-25 16:02:17.829][self$getBiodb()$getEntryFields()$get] Realnames of fields are: inchikey.
biodb.TRACE[2025-10-25 16:02:17.829][self$getBiodb()$getEntryFields()$get] 1 fields were returned.
biodb.TRACE[2025-10-25 16:02:17.830][self$getBiodb()$getEntryFields()$get] fields variable is a list.
biodb.TRACE[2025-10-25 16:02:17.831][self$getBiodb()$getEntryFields()$get] Asked field names are: inchikey.
biodb.TRACE[2025-10-25 16:02:17.832][self$getBiodb()$getEntryFields()$get] Realnames of fields are: inchikey.
biodb.TRACE[2025-10-25 16:02:17.833][self$getBiodb()$getEntryFields()$get] 1 fields were returned.
biodb.TRACE[2025-10-25 16:02:17.834][self$getBiodb()$getEntryFields()$get] fields variable is a list.
biodb.TRACE[2025-10-25 16:02:17.835][self$getBiodb()$getEntryFields()$get] Asked field names are: inchikey.
biodb.TRACE[2025-10-25 16:02:17.836][self$getBiodb()$getEntryFields()$get] Realnames of fields are: inchikey.
biodb.TRACE[2025-10-25 16:02:17.837][self$getBiodb()$getEntryFields()$get] 1 fields were returned.
biodb.TRACE[2025-10-25 16:02:17.838][self$getBiodb()$getEntryFields()$get] fields variable is a list.
biodb.TRACE[2025-10-25 16:02:17.839][self$getBiodb()$getEntryFields()$get] Asked field names are: kegg.compound.id.
biodb.TRACE[2025-10-25 16:02:17.840][self$getBiodb()$getEntryFields()$get] Realnames of fields are: kegg.compound.id.
biodb.TRACE[2025-10-25 16:02:17.841][self$getBiodb()$getEntryFields()$get] 1 fields were returned.
biodb.TRACE[2025-10-25 16:02:17.841][self$getBiodb()$getEntryFields()$get] fields variable is a list.
biodb.TRACE[2025-10-25 16:02:17.842][self$getBiodb()$getEntryFields()$get] Asked field names are: kegg.compound.id.
biodb.TRACE[2025-10-25 16:02:17.843][self$getBiodb()$getEntryFields()$get] Realnames of fields are: kegg.compound.id.
biodb.TRACE[2025-10-25 16:02:17.844][self$getBiodb()$getEntryFields()$get] 1 fields were returned.
biodb.TRACE[2025-10-25 16:02:17.845][self$getBiodb()$getEntryFields()$get] fields variable is a list.
biodb.TRACE[2025-10-25 16:02:17.846][self$getBiodb()$getEntryFields()$get] Asked field names are: kegg.compound.id.
biodb.TRACE[2025-10-25 16:02:17.847][self$getBiodb()$getEntryFields()$get] Realnames of fields are: kegg.compound.id.
biodb.TRACE[2025-10-25 16:02:17.848][self$getBiodb()$getEntryFields()$get] 1 fields were returned.
biodb.TRACE[2025-10-25 16:02:17.849][self$getBiodb()$getEntryFields()$get] fields variable is a list.
biodb.TRACE[2025-10-25 16:02:17.850][self$getBiodb()$getEntryFields()$get] Asked field names are: monoisotopic.mass.
biodb.TRACE[2025-10-25 16:02:17.851][self$getBiodb()$getEntryFields()$get] Realnames of fields are: monoisotopic.mass.
biodb.TRACE[2025-10-25 16:02:17.852][self$getBiodb()$getEntryFields()$get] 1 fields were returned.
biodb.TRACE[2025-10-25 16:02:17.853][self$getBiodb()$getEntryFields()$get] fields variable is a list.
biodb.TRACE[2025-10-25 16:02:17.854][self$getBiodb()$getEntryFields()$get] Asked field names are: monoisotopic.mass.
biodb.TRACE[2025-10-25 16:02:17.855][self$getBiodb()$getEntryFields()$get] Realnames of fields are: monoisotopic.mass.
biodb.TRACE[2025-10-25 16:02:17.856][self$getBiodb()$getEntryFields()$get] 1 fields were returned.
biodb.TRACE[2025-10-25 16:02:17.856][self$getBiodb()$getEntryFields()$get] fields variable is a list.
biodb.TRACE[2025-10-25 16:02:17.857][self$getBiodb()$getEntryFields()$get] Asked field names are: monoisotopic.mass.
biodb.TRACE[2025-10-25 16:02:17.858][self$getBiodb()$getEntryFields()$get] Realnames of fields are: monoisotopic.mass.
biodb.TRACE[2025-10-25 16:02:17.859][self$getBiodb()$getEntryFields()$get] 1 fields were returned.
biodb.TRACE[2025-10-25 16:02:17.860][self$getBiodb()$getEntryFields()$get] fields variable is a list.
biodb.TRACE[2025-10-25 16:02:17.861][self$getBiodb()$getEntryFields()$get] Asked field names are: name.
biodb.TRACE[2025-10-25 16:02:17.862][self$getBiodb()$getEntryFields()$get] Realnames of fields are: name.
biodb.TRACE[2025-10-25 16:02:17.863][self$getBiodb()$getEntryFields()$get] 1 fields were returned.
biodb.TRACE[2025-10-25 16:02:17.864][self$getBiodb()$getEntryFields()$get] fields variable is a list.
biodb.TRACE[2025-10-25 16:02:17.865][self$getBiodb()$getEntryFields()$get] Asked field names are: name.
biodb.TRACE[2025-10-25 16:02:17.866][self$getBiodb()$getEntryFields()$get] Realnames of fields are: name.
biodb.TRACE[2025-10-25 16:02:17.867][self$getBiodb()$getEntryFields()$get] 1 fields were returned.
biodb.TRACE[2025-10-25 16:02:17.867][self$getBiodb()$getEntryFields()$get] fields variable is a list.
biodb.TRACE[2025-10-25 16:02:17.868][self$getBiodb()$getEntryFields()$get] Asked field names are: name.
biodb.TRACE[2025-10-25 16:02:17.869][self$getBiodb()$getEntryFields()$get] Realnames of fields are: name.
biodb.TRACE[2025-10-25 16:02:17.870][self$getBiodb()$getEntryFields()$get] 1 fields were returned.
biodb.TRACE[2025-10-25 16:02:17.871][self$getBiodb()$getEntryFields()$get] fields variable is a list.
biodb.TRACE[2025-10-25 16:02:17.872][self$getBiodb()$getEntryFields()$get] Asked field names are: ncbi.pubchem.comp.id.
biodb.TRACE[2025-10-25 16:02:17.873][self$getBiodb()$getEntryFields()$get] Realnames of fields are: ncbi.pubchem.comp.id.
biodb.TRACE[2025-10-25 16:02:17.874][self$getBiodb()$getEntryFields()$get] 1 fields were returned.
biodb.TRACE[2025-10-25 16:02:17.875][self$getBiodb()$getEntryFields()$get] fields variable is a list.
biodb.TRACE[2025-10-25 16:02:17.876][self$getBiodb()$getEntryFields()$get] Asked field names are: ncbi.pubchem.comp.id.
biodb.TRACE[2025-10-25 16:02:17.877][self$getBiodb()$getEntryFields()$get] Realnames of fields are: ncbi.pubchem.comp.id.
biodb.TRACE[2025-10-25 16:02:17.878][self$getBiodb()$getEntryFields()$get] 1 fields were returned.
biodb.TRACE[2025-10-25 16:02:17.879][self$getBiodb()$getEntryFields()$get] fields variable is a list.
biodb.TRACE[2025-10-25 16:02:17.879][self$getBiodb()$getEntryFields()$get] Asked field names are: ncbi.pubchem.comp.id.
biodb.TRACE[2025-10-25 16:02:17.880][self$getBiodb()$getEntryFields()$get] Realnames of fields are: ncbi.pubchem.comp.id.
biodb.TRACE[2025-10-25 16:02:17.881][self$getBiodb()$getEntryFields()$get] 1 fields were returned.
biodb.TRACE[2025-10-25 16:02:17.882][self$getBiodb()$getEntryFields()$get] fields variable is a list.
biodb.TRACE[2025-10-25 16:02:17.883][self$getBiodb()$getEntryFields()$get] Asked field names are: secondary.accessions.
biodb.TRACE[2025-10-25 16:02:17.884][self$getBiodb()$getEntryFields()$get] Realnames of fields are: secondary.accessions.
biodb.TRACE[2025-10-25 16:02:17.885][self$getBiodb()$getEntryFields()$get] 1 fields were returned.
biodb.TRACE[2025-10-25 16:02:17.886][self$getBiodb()$getEntryFields()$get] fields variable is a list.
biodb.TRACE[2025-10-25 16:02:17.887][self$getBiodb()$getEntryFields()$get] Asked field names are: secondary.accessions.
biodb.TRACE[2025-10-25 16:02:17.888][self$getBiodb()$getEntryFields()$get] Realnames of fields are: secondary.accessions.
biodb.TRACE[2025-10-25 16:02:17.889][self$getBiodb()$getEntryFields()$get] 1 fields were returned.
biodb.TRACE[2025-10-25 16:02:17.890][self$getBiodb()$getEntryFields()$get] fields variable is a list.
biodb.TRACE[2025-10-25 16:02:17.891][self$getBiodb()$getEntryFields()$get] Asked field names are: secondary.accessions.
biodb.TRACE[2025-10-25 16:02:17.892][self$getBiodb()$getEntryFields()$get] Realnames of fields are: secondary.accessions.
biodb.TRACE[2025-10-25 16:02:17.896][self$getBiodb()$getEntryFields()$get] 1 fields were returned.
biodb.TRACE[2025-10-25 16:02:17.897][self$getBiodb()$getEntryFields()$get] fields variable is a list.
biodb.TRACE[2025-10-25 16:02:17.898][self$getBiodb()$getEntryFields()$get] Asked field names are: smiles.
biodb.TRACE[2025-10-25 16:02:17.899][self$getBiodb()$getEntryFields()$get] Realnames of fields are: smiles.
biodb.TRACE[2025-10-25 16:02:17.899][self$getBiodb()$getEntryFields()$get] 1 fields were returned.
biodb.TRACE[2025-10-25 16:02:17.900][self$getBiodb()$getEntryFields()$get] fields variable is a list.
biodb.TRACE[2025-10-25 16:02:17.901][self$getBiodb()$getEntryFields()$get] Asked field names are: smiles.
biodb.TRACE[2025-10-25 16:02:17.902][self$getBiodb()$getEntryFields()$get] Realnames of fields are: smiles.
biodb.TRACE[2025-10-25 16:02:17.903][self$getBiodb()$getEntryFields()$get] 1 fields were returned.
biodb.TRACE[2025-10-25 16:02:17.904][self$getBiodb()$getEntryFields()$get] fields variable is a list.
biodb.TRACE[2025-10-25 16:02:17.905][self$getBiodb()$getEntryFields()$get] Asked field names are: smiles.
biodb.TRACE[2025-10-25 16:02:17.906][self$getBiodb()$getEntryFields()$get] Realnames of fields are: smiles.
biodb.TRACE[2025-10-25 16:02:17.907][self$getBiodb()$getEntryFields()$get] 1 fields were returned.
biodb.TRACE[2025-10-25 16:02:17.908][self$getBiodb()$getEntryFields()$get] fields variable is a list.
biodb.TRACE[2025-10-25 16:02:17.909][self$getBiodb()$getEntryFields()$get] Asked field names are: INCHIKEY.
biodb.TRACE[2025-10-25 16:02:17.910][self$getBiodb()$getEntryFields()$get] Realnames of fields are: inchikey.
biodb.TRACE[2025-10-25 16:02:17.911][self$getBiodb()$getEntryFields()$get] 1 fields were returned.
biodb.TRACE[2025-10-25 16:02:17.911][self$getBiodb()$getEntryFields()$get] fields variable is a list.
biodb.TRACE[2025-10-25 16:02:17.912][self$getBiodb()$getEntryFields()$get] Asked field names are: inchikey.
biodb.TRACE[2025-10-25 16:02:17.913][self$getBiodb()$getEntryFields()$get] Realnames of fields are: inchikey.
biodb.TRACE[2025-10-25 16:02:17.914][self$getBiodb()$getEntryFields()$get] 1 fields were returned.
biodb.TRACE[2025-10-25 16:02:17.915][self$getBiodb()$getEntryFields()$get] fields variable is a list.
biodb.TRACE[2025-10-25 16:02:17.916][self$getBiodb()$getEntryFields()$get] Asked field names are: inchikey.
biodb.TRACE[2025-10-25 16:02:17.917][self$getBiodb()$getEntryFields()$get] Realnames of fields are: inchikey.
biodb.TRACE[2025-10-25 16:02:17.918][self$getBiodb()$getEntryFields()$get] 1 fields were returned.
biodb.TRACE[2025-10-25 16:02:17.919][self$getBiodb()$getEntryFields()$get] fields variable is a list.
biodb.TRACE[2025-10-25 16:02:17.920][self$getBiodb()$getEntryFields()$get] Asked field names are: inchikey.
biodb.TRACE[2025-10-25 16:02:17.921][self$getBiodb()$getEntryFields()$get] Realnames of fields are: inchikey.
biodb.TRACE[2025-10-25 16:02:17.922][self$getBiodb()$getEntryFields()$get] 1 fields were returned.
biodb.TRACE[2025-10-25 16:02:17.923][self$getBiodb()$getEntryFields()$get] fields variable is a list.
biodb.TRACE[2025-10-25 16:02:17.923][self$getBiodb()$getEntryFields()$get] Asked field names are: INCHIKEY.
biodb.TRACE[2025-10-25 16:02:17.924][self$getBiodb()$getEntryFields()$get] Realnames of fields are: inchikey.
biodb.TRACE[2025-10-25 16:02:17.925][self$getBiodb()$getEntryFields()$get] 1 fields were returned.
biodb.TRACE[2025-10-25 16:02:17.926][self$getBiodb()$getEntryFields()$get] fields variable is a list.
biodb.TRACE[2025-10-25 16:02:17.943][self$getBiodb()$getEntryFields()$get] Asked field names are: name.
biodb.TRACE[2025-10-25 16:02:17.944][self$getBiodb()$getEntryFields()$get] Realnames of fields are: name.
biodb.TRACE[2025-10-25 16:02:17.945][self$getBiodb()$getEntryFields()$get] 1 fields were returned.
biodb.TRACE[2025-10-25 16:02:17.946][self$getBiodb()$getEntryFields()$get] fields variable is a list.
biodb.TRACE[2025-10-25 16:02:17.947][self$getBiodb()$getEntryFields()$get] Asked field names are: name.
biodb.TRACE[2025-10-25 16:02:17.948][self$getBiodb()$getEntryFields()$get] Realnames of fields are: name.
biodb.TRACE[2025-10-25 16:02:17.949][self$getBiodb()$getEntryFields()$get] 1 fields were returned.
biodb.TRACE[2025-10-25 16:02:17.950][self$getBiodb()$getEntryFields()$get] fields variable is a list.
biodb.TRACE[2025-10-25 16:02:17.951][self$getBiodb()$getEntryFields()$get] Asked field names are: name.
biodb.TRACE[2025-10-25 16:02:17.952][self$getBiodb()$getEntryFields()$get] Realnames of fields are: name.
biodb.TRACE[2025-10-25 16:02:17.953][self$getBiodb()$getEntryFields()$get] 1 fields were returned.
biodb.TRACE[2025-10-25 16:02:17.954][self$getBiodb()$getEntryFields()$get] fields variable is a list.
biodb.TRACE[2025-10-25 16:02:17.954][self$getBiodb()$getEntryFields()$get] Asked field names are: name.
biodb.TRACE[2025-10-25 16:02:17.955][self$getBiodb()$getEntryFields()$get] Realnames of fields are: name.
biodb.TRACE[2025-10-25 16:02:17.956][self$getBiodb()$getEntryFields()$get] 1 fields were returned.
biodb.TRACE[2025-10-25 16:02:17.957][self$getBiodb()$getEntryFields()$get] fields variable is a list.
biodb.TRACE[2025-10-25 16:02:17.958][self$getBiodb()$getEntryFields()$get] Asked field names are: name.
biodb.TRACE[2025-10-25 16:02:17.959][self$getBiodb()$getEntryFields()$get] Realnames of fields are: name.
biodb.TRACE[2025-10-25 16:02:17.960][self$getBiodb()$getEntryFields()$get] 1 fields were returned.
biodb.TRACE[2025-10-25 16:02:17.961][self$getBiodb()$getEntryFields()$get] fields variable is a list.
biodb.TRACE[2025-10-25 16:02:17.962][self$getBiodb()$getEntryFields()$get] Asked field names are: hmdb.metabolites.id.
biodb.TRACE[2025-10-25 16:02:17.963][self$getBiodb()$getEntryFields()$get] Realnames of fields are: hmdb.metabolites.id.
biodb.TRACE[2025-10-25 16:02:17.964][self$getBiodb()$getEntryFields()$get] 1 fields were returned.
biodb.TRACE[2025-10-25 16:02:17.965][self$getBiodb()$getEntryFields()$get] fields variable is a list.
biodb.TRACE[2025-10-25 16:02:17.966][self$getBiodb()$getEntryFields()$get] Asked field names are: hmdb.metabolites.id.
biodb.TRACE[2025-10-25 16:02:17.967][self$getBiodb()$getEntryFields()$get] Realnames of fields are: hmdb.metabolites.id.
biodb.TRACE[2025-10-25 16:02:17.968][self$getBiodb()$getEntryFields()$get] 1 fields were returned.
biodb.TRACE[2025-10-25 16:02:17.968][self$getBiodb()$getEntryFields()$get] fields variable is a list.
biodb.TRACE[2025-10-25 16:02:17.969][self$getBiodb()$getEntryFields()$get] Asked field names are: accession.
biodb.TRACE[2025-10-25 16:02:17.970][self$getBiodb()$getEntryFields()$get] Realnames of fields are: accession.
biodb.TRACE[2025-10-25 16:02:17.971][self$getBiodb()$getEntryFields()$get] 1 fields were returned.
biodb.TRACE[2025-10-25 16:02:17.972][self$getBiodb()$getEntryFields()$get] fields variable is a list.
biodb.TRACE[2025-10-25 16:02:17.973][self$getBiodb()$getEntryFields()$get] Asked field names are: hmdb.metabolites.id.
biodb.TRACE[2025-10-25 16:02:17.974][self$getBiodb()$getEntryFields()$get] Realnames of fields are: hmdb.metabolites.id.
biodb.TRACE[2025-10-25 16:02:17.975][self$getBiodb()$getEntryFields()$get] 1 fields were returned.
biodb.TRACE[2025-10-25 16:02:17.976][self$getBiodb()$getEntryFields()$get] fields variable is a list.
biodb.TRACE[2025-10-25 16:02:17.977][self$getBiodb()$getEntryFields()$get] Asked field names are: accession.
biodb.TRACE[2025-10-25 16:02:17.978][self$getBiodb()$getEntryFields()$get] Realnames of fields are: accession.
biodb.TRACE[2025-10-25 16:02:17.979][self$getBiodb()$getEntryFields()$get] 1 fields were returned.
biodb.TRACE[2025-10-25 16:02:17.979][self$getBiodb()$getEntryFields()$get] fields variable is a list.
biodb.TRACE[2025-10-25 16:02:17.980][self$getBiodb()$getEntryFields()$get] Asked field names are: accession.
biodb.TRACE[2025-10-25 16:02:17.981][self$getBiodb()$getEntryFields()$get] Realnames of fields are: accession.
biodb.TRACE[2025-10-25 16:02:17.982][self$getBiodb()$getEntryFields()$get] 1 fields were returned.
biodb.TRACE[2025-10-25 16:02:17.983][self$getBiodb()$getEntryFields()$get] fields variable is a list.
biodb.TRACE[2025-10-25 16:02:17.984][self$getBiodb()$getEntryFields()$get] Asked field names are: accession.
biodb.TRACE[2025-10-25 16:02:17.985][self$getBiodb()$getEntryFields()$get] Realnames of fields are: accession.
biodb.TRACE[2025-10-25 16:02:17.986][self$getBiodb()$getEntryFields()$get] 1 fields were returned.
biodb.TRACE[2025-10-25 16:02:17.987][self$getBiodb()$getEntryFields()$get] fields variable is a list.
biodb.TRACE[2025-10-25 16:02:17.988][self$getBiodb()$getEntryFields()$get] Asked field names are: accession.
biodb.TRACE[2025-10-25 16:02:17.989][self$getBiodb()$getEntryFields()$get] Realnames of fields are: accession.
biodb.TRACE[2025-10-25 16:02:17.990][self$getBiodb()$getEntryFields()$get] 1 fields were returned.
biodb.TRACE[2025-10-25 16:02:17.991][self$getBiodb()$getEntryFields()$get] fields variable is a list.
biodb.TRACE[2025-10-25 16:02:17.992][self$getBiodb()$getEntryFields()$get] Asked field names are: accession.
biodb.TRACE[2025-10-25 16:02:17.993][self$getBiodb()$getEntryFields()$get] Realnames of fields are: accession.
biodb.TRACE[2025-10-25 16:02:17.993][self$getBiodb()$getEntryFields()$get] 1 fields were returned.
biodb.TRACE[2025-10-25 16:02:17.994][self$getBiodb()$getEntryFields()$get] fields variable is a list.
biodb.TRACE[2025-10-25 16:02:17.995][self$getBiodb()$getEntryFields()$get] Asked field names are: accession.
biodb.TRACE[2025-10-25 16:02:17.996][self$getBiodb()$getEntryFields()$get] Realnames of fields are: accession.
biodb.TRACE[2025-10-25 16:02:17.997][self$getBiodb()$getEntryFields()$get] 1 fields were returned.
biodb.TRACE[2025-10-25 16:02:17.998][self$getBiodb()$getEntryFields()$get] fields variable is a list.
biodb.DEBUG[2025-10-25 16:02:17.999][biodb$getFactory()$createEntryFromCo ...] Accession numbers: HMDB0000001.
biodb.TRACE[2025-10-25 16:02:18.001][self$getBiodb()$getEntryFields()$get] Asked field names are: peak.mz.
biodb.TRACE[2025-10-25 16:02:18.002][self$getBiodb()$getEntryFields()$get] Realnames of fields are: peak.mz.
biodb.TRACE[2025-10-25 16:02:18.003][self$getBiodb()$getEntryFields()$get] 1 fields were returned.
biodb.TRACE[2025-10-25 16:02:18.004][self$getBiodb()$getEntryFields()$get] fields variable is a list.
biodb.TRACE[2025-10-25 16:02:18.005][self$getBiodb()$getEntryFields()$get] Asked field names are: peak.mz.
biodb.TRACE[2025-10-25 16:02:18.009][self$getBiodb()$getEntryFields()$get] Realnames of fields are: peak.mz.
biodb.TRACE[2025-10-25 16:02:18.010][self$getBiodb()$getEntryFields()$get] 1 fields were returned.
biodb.TRACE[2025-10-25 16:02:18.011][self$getBiodb()$getEntryFields()$get] fields variable is a list.
biodb.TRACE[2025-10-25 16:02:18.012][self$getBiodb()$getEntryFields()$get] Asked field names are: peak.mzexp.
biodb.TRACE[2025-10-25 16:02:18.013][self$getBiodb()$getEntryFields()$get] Realnames of fields are: peak.mzexp.
biodb.TRACE[2025-10-25 16:02:18.014][self$getBiodb()$getEntryFields()$get] 1 fields were returned.
biodb.TRACE[2025-10-25 16:02:18.015][self$getBiodb()$getEntryFields()$get] fields variable is a list.
biodb.TRACE[2025-10-25 16:02:18.016][self$getBiodb()$getEntryFields()$get] Asked field names are: peak.mztheo.
biodb.TRACE[2025-10-25 16:02:18.017][self$getBiodb()$getEntryFields()$get] Realnames of fields are: peak.mztheo.
biodb.TRACE[2025-10-25 16:02:18.017][self$getBiodb()$getEntryFields()$get] 1 fields were returned.
biodb.TRACE[2025-10-25 16:02:18.018][self$getBiodb()$getEntryFields()$get] fields variable is a list.
biodb.TRACE[2025-10-25 16:02:18.021][self$getBiodb()$getEntryFields()$get] Asked field names are: accession.
biodb.TRACE[2025-10-25 16:02:18.022][self$getBiodb()$getEntryFields()$get] Realnames of fields are: accession.
biodb.TRACE[2025-10-25 16:02:18.023][self$getBiodb()$getEntryFields()$get] 1 fields were returned.
biodb.TRACE[2025-10-25 16:02:18.024][self$getBiodb()$getEntryFields()$get] fields variable is a list.
biodb.TRACE[2025-10-25 16:02:18.028][self$getBiodb()$getEntryFields()$get] Asked field names are: hmdb.metabolites.id.
biodb.TRACE[2025-10-25 16:02:18.029][self$getBiodb()$getEntryFields()$get] Realnames of fields are: hmdb.metabolites.id.
biodb.TRACE[2025-10-25 16:02:18.030][self$getBiodb()$getEntryFields()$get] 1 fields were returned.
biodb.TRACE[2025-10-25 16:02:18.031][self$getBiodb()$getEntryFields()$get] fields variable is a list.
biodb.TRACE[2025-10-25 16:02:18.035][self$getBiodb()$getEntryFields()$get] Asked field names are: accession.
biodb.TRACE[2025-10-25 16:02:18.036][self$getBiodb()$getEntryFields()$get] Realnames of fields are: accession.
biodb.TRACE[2025-10-25 16:02:18.037][self$getBiodb()$getEntryFields()$get] 1 fields were returned.
biodb.TRACE[2025-10-25 16:02:18.038][self$getBiodb()$getEntryFields()$get] fields variable is a list.
biodb.TRACE[2025-10-25 16:02:18.038][self$getBiodb()$getEntryFields()$get] Asked field names are: accession.
biodb.TRACE[2025-10-25 16:02:18.039][self$getBiodb()$getEntryFields()$get] Realnames of fields are: accession.
biodb.TRACE[2025-10-25 16:02:18.040][self$getBiodb()$getEntryFields()$get] 1 fields were returned.
biodb.TRACE[2025-10-25 16:02:18.041][self$getBiodb()$getEntryFields()$get] fields variable is a list.
biodb.TRACE[2025-10-25 16:02:18.042][self$getBiodb()$getEntryFields()$get] Asked field names are: accession.
biodb.TRACE[2025-10-25 16:02:18.043][self$getBiodb()$getEntryFields()$get] Realnames of fields are: accession.
biodb.TRACE[2025-10-25 16:02:18.044][self$getBiodb()$getEntryFields()$get] 1 fields were returned.
biodb.TRACE[2025-10-25 16:02:18.045][self$getBiodb()$getEntryFields()$get] fields variable is a list.
biodb.TRACE[2025-10-25 16:02:18.047][self$getBiodb()$getEntryFields()$get] Asked field names are: accession.
biodb.TRACE[2025-10-25 16:02:18.048][self$getBiodb()$getEntryFields()$get] Realnames of fields are: accession.
biodb.TRACE[2025-10-25 16:02:18.049][self$getBiodb()$getEntryFields()$get] 1 fields were returned.
biodb.TRACE[2025-10-25 16:02:18.050][self$getBiodb()$getEntryFields()$get] fields variable is a list.
biodb.TRACE[2025-10-25 16:02:18.051][self$getBiodb()$getEntryFields()$get] Asked field names are: accession.
biodb.TRACE[2025-10-25 16:02:18.052][self$getBiodb()$getEntryFields()$get] Realnames of fields are: accession.
biodb.TRACE[2025-10-25 16:02:18.053][self$getBiodb()$getEntryFields()$get] 1 fields were returned.
biodb.TRACE[2025-10-25 16:02:18.054][self$getBiodb()$getEntryFields()$get] fields variable is a list.
biodb.TRACE[2025-10-25 16:02:18.055][self$getBiodb()$getEntryFields()$get] Asked field names are: accession.
biodb.TRACE[2025-10-25 16:02:18.056][self$getBiodb()$getEntryFields()$get] Realnames of fields are: accession.
biodb.TRACE[2025-10-25 16:02:18.057][self$getBiodb()$getEntryFields()$get] 1 fields were returned.
biodb.TRACE[2025-10-25 16:02:18.058][self$getBiodb()$getEntryFields()$get] fields variable is a list.
biodb.TRACE[2025-10-25 16:02:18.059][self$getBiodb()$getEntryFields()$get] Asked field names are: hmdb.metabolites.id.
biodb.TRACE[2025-10-25 16:02:18.060][self$getBiodb()$getEntryFields()$get] Realnames of fields are: hmdb.metabolites.id.
biodb.TRACE[2025-10-25 16:02:18.060][self$getBiodb()$getEntryFields()$get] 1 fields were returned.
biodb.TRACE[2025-10-25 16:02:18.061][self$getBiodb()$getEntryFields()$get] fields variable is a list.
biodb.TRACE[2025-10-25 16:02:18.062][self$getBiodb()$getEntryFields()$get] Asked field names are: hmdb.metabolites.id.
biodb.TRACE[2025-10-25 16:02:18.063][self$getBiodb()$getEntryFields()$get] Realnames of fields are: hmdb.metabolites.id.
biodb.TRACE[2025-10-25 16:02:18.064][self$getBiodb()$getEntryFields()$get] 1 fields were returned.
biodb.TRACE[2025-10-25 16:02:18.065][self$getBiodb()$getEntryFields()$get] fields variable is a list.
biodb.TRACE[2025-10-25 16:02:18.066][self$getBiodb()$getEntryFields()$get] Asked field names are: hmdb.metabolites.id.
biodb.TRACE[2025-10-25 16:02:18.067][self$getBiodb()$getEntryFields()$get] Realnames of fields are: hmdb.metabolites.id.
biodb.TRACE[2025-10-25 16:02:18.068][self$getBiodb()$getEntryFields()$get] 1 fields were returned.
biodb.TRACE[2025-10-25 16:02:18.069][self$getBiodb()$getEntryFields()$get] fields variable is a list.
biodb.TRACE[2025-10-25 16:02:18.075][self$getBiodb()$getEntryFields()$get] Asked field names are: accession.
biodb.TRACE[2025-10-25 16:02:18.076][self$getBiodb()$getEntryFields()$get] Realnames of fields are: accession.
biodb.TRACE[2025-10-25 16:02:18.077][self$getBiodb()$getEntryFields()$get] 1 fields were returned.
biodb.TRACE[2025-10-25 16:02:18.078][self$getBiodb()$getEntryFields()$get] fields variable is a list.
biodb.TRACE[2025-10-25 16:02:18.079][self$getBiodb()$getEntryFields()$get] Asked field names are: accession.
biodb.TRACE[2025-10-25 16:02:18.080][self$getBiodb()$getEntryFields()$get] Realnames of fields are: accession.
biodb.TRACE[2025-10-25 16:02:18.081][self$getBiodb()$getEntryFields()$get] 1 fields were returned.
biodb.TRACE[2025-10-25 16:02:18.082][self$getBiodb()$getEntryFields()$get] fields variable is a list.
biodb.TRACE[2025-10-25 16:02:18.083][self$getBiodb()$getEntryFields()$get] Asked field names are: accession.
biodb.TRACE[2025-10-25 16:02:18.084][self$getBiodb()$getEntryFields()$get] Realnames of fields are: accession.
biodb.TRACE[2025-10-25 16:02:18.085][self$getBiodb()$getEntryFields()$get] 1 fields were returned.
biodb.TRACE[2025-10-25 16:02:18.085][self$getBiodb()$getEntryFields()$get] fields variable is a list.
biodb.TRACE[2025-10-25 16:02:18.086][ef$get] Asked field names are: accession.
biodb.TRACE[2025-10-25 16:02:18.087][ef$get] Realnames of fields are: accession.
biodb.TRACE[2025-10-25 16:02:18.088][ef$get] 1 fields were returned.
biodb.TRACE[2025-10-25 16:02:18.089][ef$get] fields variable is a list.
biodb.TRACE[2025-10-25 16:02:18.090][self$getBiodb()$getEntryFields()$get] Asked field names are: accession.
biodb.TRACE[2025-10-25 16:02:18.091][self$getBiodb()$getEntryFields()$get] Realnames of fields are: accession.
biodb.TRACE[2025-10-25 16:02:18.092][self$getBiodb()$getEntryFields()$get] 1 fields were returned.
biodb.TRACE[2025-10-25 16:02:18.093][self$getBiodb()$getEntryFields()$get] fields variable is a list.
biodb.TRACE[2025-10-25 16:02:18.100][self$getBiodb()$getEntryFields()$get] Asked field names are: secondary.accessions.
biodb.TRACE[2025-10-25 16:02:18.101][self$getBiodb()$getEntryFields()$get] Realnames of fields are: secondary.accessions.
biodb.TRACE[2025-10-25 16:02:18.102][self$getBiodb()$getEntryFields()$get] 1 fields were returned.
biodb.TRACE[2025-10-25 16:02:18.103][self$getBiodb()$getEntryFields()$get] fields variable is a list.
biodb.TRACE[2025-10-25 16:02:18.104][self$getBiodb()$getEntryFields()$get] Asked field names are: secondary.accessions.
biodb.TRACE[2025-10-25 16:02:18.105][self$getBiodb()$getEntryFields()$get] Realnames of fields are: secondary.accessions.
biodb.TRACE[2025-10-25 16:02:18.106][self$getBiodb()$getEntryFields()$get] 1 fields were returned.
biodb.TRACE[2025-10-25 16:02:18.107][self$getBiodb()$getEntryFields()$get] fields variable is a list.
biodb.TRACE[2025-10-25 16:02:18.108][self$getBiodb()$getEntryFields()$get] Asked field names are: secondary.accessions.
biodb.TRACE[2025-10-25 16:02:18.109][self$getBiodb()$getEntryFields()$get] Realnames of fields are: secondary.accessions.
biodb.TRACE[2025-10-25 16:02:18.110][self$getBiodb()$getEntryFields()$get] 1 fields were returned.
biodb.TRACE[2025-10-25 16:02:18.110][self$getBiodb()$getEntryFields()$get] fields variable is a list.
biodb.TRACE[2025-10-25 16:02:18.111][ef$get] Asked field names are: secondary.accessions.
biodb.TRACE[2025-10-25 16:02:18.112][ef$get] Realnames of fields are: secondary.accessions.
biodb.TRACE[2025-10-25 16:02:18.113][ef$get] 1 fields were returned.
biodb.TRACE[2025-10-25 16:02:18.114][ef$get] fields variable is a list.
biodb.TRACE[2025-10-25 16:02:18.115][self$getBiodb()$getEntryFields()$get] Asked field names are: secondary.accessions.
biodb.TRACE[2025-10-25 16:02:18.116][self$getBiodb()$getEntryFields()$get] Realnames of fields are: secondary.accessions.
biodb.TRACE[2025-10-25 16:02:18.117][self$getBiodb()$getEntryFields()$get] 1 fields were returned.
biodb.TRACE[2025-10-25 16:02:18.118][self$getBiodb()$getEntryFields()$get] fields variable is a list.
biodb.TRACE[2025-10-25 16:02:18.129][self$getBiodb()$getEntryFields()$get] Asked field names are: chemspider.id.
biodb.TRACE[2025-10-25 16:02:18.130][self$getBiodb()$getEntryFields()$get] Realnames of fields are: chemspider.id.
biodb.TRACE[2025-10-25 16:02:18.131][self$getBiodb()$getEntryFields()$get] 1 fields were returned.
biodb.TRACE[2025-10-25 16:02:18.131][self$getBiodb()$getEntryFields()$get] fields variable is a list.
biodb.TRACE[2025-10-25 16:02:18.132][self$getBiodb()$getEntryFields()$get] Asked field names are: chemspider.id.
biodb.TRACE[2025-10-25 16:02:18.133][self$getBiodb()$getEntryFields()$get] Realnames of fields are: chemspider.id.
biodb.TRACE[2025-10-25 16:02:18.134][self$getBiodb()$getEntryFields()$get] 1 fields were returned.
biodb.TRACE[2025-10-25 16:02:18.135][self$getBiodb()$getEntryFields()$get] fields variable is a list.
biodb.TRACE[2025-10-25 16:02:18.136][self$getBiodb()$getEntryFields()$get] Asked field names are: chemspider.id.
biodb.TRACE[2025-10-25 16:02:18.137][self$getBiodb()$getEntryFields()$get] Realnames of fields are: chemspider.id.
biodb.TRACE[2025-10-25 16:02:18.138][self$getBiodb()$getEntryFields()$get] 1 fields were returned.
biodb.TRACE[2025-10-25 16:02:18.139][self$getBiodb()$getEntryFields()$get] fields variable is a list.
biodb.TRACE[2025-10-25 16:02:18.140][ef$get] Asked field names are: chemspider.id.
biodb.TRACE[2025-10-25 16:02:18.141][ef$get] Realnames of fields are: chemspider.id.
biodb.TRACE[2025-10-25 16:02:18.142][ef$get] 1 fields were returned.
biodb.TRACE[2025-10-25 16:02:18.143][ef$get] fields variable is a list.
biodb.TRACE[2025-10-25 16:02:18.143][self$getBiodb()$getEntryFields()$get] Asked field names are: chemspider.id.
biodb.TRACE[2025-10-25 16:02:18.144][self$getBiodb()$getEntryFields()$get] Realnames of fields are: chemspider.id.
biodb.TRACE[2025-10-25 16:02:18.145][self$getBiodb()$getEntryFields()$get] 1 fields were returned.
biodb.TRACE[2025-10-25 16:02:18.146][self$getBiodb()$getEntryFields()$get] fields variable is a list.
biodb.TRACE[2025-10-25 16:02:18.153][self$getBiodb()$getEntryFields()$get] Asked field names are: ncbi.pubchem.comp.id.
biodb.TRACE[2025-10-25 16:02:18.154][self$getBiodb()$getEntryFields()$get] Realnames of fields are: ncbi.pubchem.comp.id.
biodb.TRACE[2025-10-25 16:02:18.155][self$getBiodb()$getEntryFields()$get] 1 fields were returned.
biodb.TRACE[2025-10-25 16:02:18.156][self$getBiodb()$getEntryFields()$get] fields variable is a list.
biodb.TRACE[2025-10-25 16:02:18.157][self$getBiodb()$getEntryFields()$get] Asked field names are: ncbi.pubchem.comp.id.
biodb.TRACE[2025-10-25 16:02:18.158][self$getBiodb()$getEntryFields()$get] Realnames of fields are: ncbi.pubchem.comp.id.
biodb.TRACE[2025-10-25 16:02:18.159][self$getBiodb()$getEntryFields()$get] 1 fields were returned.
biodb.TRACE[2025-10-25 16:02:18.160][self$getBiodb()$getEntryFields()$get] fields variable is a list.
biodb.TRACE[2025-10-25 16:02:18.161][self$getBiodb()$getEntryFields()$get] Asked field names are: ncbi.pubchem.comp.id.
biodb.TRACE[2025-10-25 16:02:18.162][self$getBiodb()$getEntryFields()$get] Realnames of fields are: ncbi.pubchem.comp.id.
biodb.TRACE[2025-10-25 16:02:18.163][self$getBiodb()$getEntryFields()$get] 1 fields were returned.
biodb.TRACE[2025-10-25 16:02:18.164][self$getBiodb()$getEntryFields()$get] fields variable is a list.
biodb.TRACE[2025-10-25 16:02:18.165][ef$get] Asked field names are: ncbi.pubchem.comp.id.
biodb.TRACE[2025-10-25 16:02:18.166][ef$get] Realnames of fields are: ncbi.pubchem.comp.id.
biodb.TRACE[2025-10-25 16:02:18.166][ef$get] 1 fields were returned.
biodb.TRACE[2025-10-25 16:02:18.167][ef$get] fields variable is a list.
biodb.TRACE[2025-10-25 16:02:18.168][self$getBiodb()$getEntryFields()$get] Asked field names are: ncbi.pubchem.comp.id.
biodb.TRACE[2025-10-25 16:02:18.169][self$getBiodb()$getEntryFields()$get] Realnames of fields are: ncbi.pubchem.comp.id.
biodb.TRACE[2025-10-25 16:02:18.170][self$getBiodb()$getEntryFields()$get] 1 fields were returned.
biodb.TRACE[2025-10-25 16:02:18.171][self$getBiodb()$getEntryFields()$get] fields variable is a list.
biodb.TRACE[2025-10-25 16:02:18.178][self$getBiodb()$getEntryFields()$get] Asked field names are: chebi.id.
biodb.TRACE[2025-10-25 16:02:18.179][self$getBiodb()$getEntryFields()$get] Realnames of fields are: chebi.id.
biodb.TRACE[2025-10-25 16:02:18.180][self$getBiodb()$getEntryFields()$get] 1 fields were returned.
biodb.TRACE[2025-10-25 16:02:18.181][self$getBiodb()$getEntryFields()$get] fields variable is a list.
biodb.TRACE[2025-10-25 16:02:18.182][self$getBiodb()$getEntryFields()$get] Asked field names are: chebi.id.
biodb.TRACE[2025-10-25 16:02:18.183][self$getBiodb()$getEntryFields()$get] Realnames of fields are: chebi.id.
biodb.TRACE[2025-10-25 16:02:18.184][self$getBiodb()$getEntryFields()$get] 1 fields were returned.
biodb.TRACE[2025-10-25 16:02:18.185][self$getBiodb()$getEntryFields()$get] fields variable is a list.
biodb.TRACE[2025-10-25 16:02:18.186][self$getBiodb()$getEntryFields()$get] Asked field names are: chebi.id.
biodb.TRACE[2025-10-25 16:02:18.187][self$getBiodb()$getEntryFields()$get] Realnames of fields are: chebi.id.
biodb.TRACE[2025-10-25 16:02:18.188][self$getBiodb()$getEntryFields()$get] 1 fields were returned.
biodb.TRACE[2025-10-25 16:02:18.188][self$getBiodb()$getEntryFields()$get] fields variable is a list.
biodb.TRACE[2025-10-25 16:02:18.189][ef$get] Asked field names are: chebi.id.
biodb.TRACE[2025-10-25 16:02:18.190][ef$get] Realnames of fields are: chebi.id.
biodb.TRACE[2025-10-25 16:02:18.191][ef$get] 1 fields were returned.
biodb.TRACE[2025-10-25 16:02:18.192][ef$get] fields variable is a list.
biodb.TRACE[2025-10-25 16:02:18.193][self$getBiodb()$getEntryFields()$get] Asked field names are: chebi.id.
biodb.TRACE[2025-10-25 16:02:18.194][self$getBiodb()$getEntryFields()$get] Realnames of fields are: chebi.id.
biodb.TRACE[2025-10-25 16:02:18.195][self$getBiodb()$getEntryFields()$get] 1 fields were returned.
biodb.TRACE[2025-10-25 16:02:18.196][self$getBiodb()$getEntryFields()$get] fields variable is a list.
biodb.TRACE[2025-10-25 16:02:18.203][self$getBiodb()$getEntryFields()$get] Asked field names are: kegg.compound.id.
biodb.TRACE[2025-10-25 16:02:18.204][self$getBiodb()$getEntryFields()$get] Realnames of fields are: kegg.compound.id.
biodb.TRACE[2025-10-25 16:02:18.205][self$getBiodb()$getEntryFields()$get] 1 fields were returned.
biodb.TRACE[2025-10-25 16:02:18.206][self$getBiodb()$getEntryFields()$get] fields variable is a list.
biodb.TRACE[2025-10-25 16:02:18.207][self$getBiodb()$getEntryFields()$get] Asked field names are: kegg.compound.id.
biodb.TRACE[2025-10-25 16:02:18.208][self$getBiodb()$getEntryFields()$get] Realnames of fields are: kegg.compound.id.
biodb.TRACE[2025-10-25 16:02:18.208][self$getBiodb()$getEntryFields()$get] 1 fields were returned.
biodb.TRACE[2025-10-25 16:02:18.209][self$getBiodb()$getEntryFields()$get] fields variable is a list.
biodb.TRACE[2025-10-25 16:02:18.210][self$getBiodb()$getEntryFields()$get] Asked field names are: kegg.compound.id.
biodb.TRACE[2025-10-25 16:02:18.211][self$getBiodb()$getEntryFields()$get] Realnames of fields are: kegg.compound.id.
biodb.TRACE[2025-10-25 16:02:18.212][self$getBiodb()$getEntryFields()$get] 1 fields were returned.
biodb.TRACE[2025-10-25 16:02:18.213][self$getBiodb()$getEntryFields()$get] fields variable is a list.
biodb.TRACE[2025-10-25 16:02:18.214][ef$get] Asked field names are: kegg.compound.id.
biodb.TRACE[2025-10-25 16:02:18.215][ef$get] Realnames of fields are: kegg.compound.id.
biodb.TRACE[2025-10-25 16:02:18.216][ef$get] 1 fields were returned.
biodb.TRACE[2025-10-25 16:02:18.217][ef$get] fields variable is a list.
biodb.TRACE[2025-10-25 16:02:18.218][self$getBiodb()$getEntryFields()$get] Asked field names are: kegg.compound.id.
biodb.TRACE[2025-10-25 16:02:18.219][self$getBiodb()$getEntryFields()$get] Realnames of fields are: kegg.compound.id.
biodb.TRACE[2025-10-25 16:02:18.220][self$getBiodb()$getEntryFields()$get] 1 fields were returned.
biodb.TRACE[2025-10-25 16:02:18.220][self$getBiodb()$getEntryFields()$get] fields variable is a list.
biodb.TRACE[2025-10-25 16:02:18.227][self$getBiodb()$getEntryFields()$get] Asked field names are: name.
biodb.TRACE[2025-10-25 16:02:18.228][self$getBiodb()$getEntryFields()$get] Realnames of fields are: name.
biodb.TRACE[2025-10-25 16:02:18.229][self$getBiodb()$getEntryFields()$get] 1 fields were returned.
biodb.TRACE[2025-10-25 16:02:18.230][self$getBiodb()$getEntryFields()$get] fields variable is a list.
biodb.TRACE[2025-10-25 16:02:18.231][self$getBiodb()$getEntryFields()$get] Asked field names are: name.
biodb.TRACE[2025-10-25 16:02:18.232][self$getBiodb()$getEntryFields()$get] Realnames of fields are: name.
biodb.TRACE[2025-10-25 16:02:18.233][self$getBiodb()$getEntryFields()$get] 1 fields were returned.
biodb.TRACE[2025-10-25 16:02:18.234][self$getBiodb()$getEntryFields()$get] fields variable is a list.
biodb.TRACE[2025-10-25 16:02:18.235][self$getBiodb()$getEntryFields()$get] Asked field names are: name.
biodb.TRACE[2025-10-25 16:02:18.236][self$getBiodb()$getEntryFields()$get] Realnames of fields are: name.
biodb.TRACE[2025-10-25 16:02:18.240][self$getBiodb()$getEntryFields()$get] 1 fields were returned.
biodb.TRACE[2025-10-25 16:02:18.241][self$getBiodb()$getEntryFields()$get] fields variable is a list.
biodb.TRACE[2025-10-25 16:02:18.242][ef$get] Asked field names are: name.
biodb.TRACE[2025-10-25 16:02:18.243][ef$get] Realnames of fields are: name.
biodb.TRACE[2025-10-25 16:02:18.244][ef$get] 1 fields were returned.
biodb.TRACE[2025-10-25 16:02:18.245][ef$get] fields variable is a list.
biodb.TRACE[2025-10-25 16:02:18.246][self$getBiodb()$getEntryFields()$get] Asked field names are: name.
biodb.TRACE[2025-10-25 16:02:18.247][self$getBiodb()$getEntryFields()$get] Realnames of fields are: name.
biodb.TRACE[2025-10-25 16:02:18.248][self$getBiodb()$getEntryFields()$get] 1 fields were returned.
biodb.TRACE[2025-10-25 16:02:18.249][self$getBiodb()$getEntryFields()$get] fields variable is a list.
biodb.TRACE[2025-10-25 16:02:18.256][self$getBiodb()$getEntryFields()$get] Asked field names are: description.
biodb.TRACE[2025-10-25 16:02:18.257][self$getBiodb()$getEntryFields()$get] Realnames of fields are: description.
biodb.TRACE[2025-10-25 16:02:18.258][self$getBiodb()$getEntryFields()$get] 1 fields were returned.
biodb.TRACE[2025-10-25 16:02:18.259][self$getBiodb()$getEntryFields()$get] fields variable is a list.
biodb.TRACE[2025-10-25 16:02:18.260][self$getBiodb()$getEntryFields()$get] Asked field names are: description.
biodb.TRACE[2025-10-25 16:02:18.261][self$getBiodb()$getEntryFields()$get] Realnames of fields are: description.
biodb.TRACE[2025-10-25 16:02:18.261][self$getBiodb()$getEntryFields()$get] 1 fields were returned.
biodb.TRACE[2025-10-25 16:02:18.262][self$getBiodb()$getEntryFields()$get] fields variable is a list.
biodb.TRACE[2025-10-25 16:02:18.263][self$getBiodb()$getEntryFields()$get] Asked field names are: description.
biodb.TRACE[2025-10-25 16:02:18.264][self$getBiodb()$getEntryFields()$get] Realnames of fields are: description.
biodb.TRACE[2025-10-25 16:02:18.265][self$getBiodb()$getEntryFields()$get] 1 fields were returned.
biodb.TRACE[2025-10-25 16:02:18.266][self$getBiodb()$getEntryFields()$get] fields variable is a list.
biodb.TRACE[2025-10-25 16:02:18.267][ef$get] Asked field names are: description.
biodb.TRACE[2025-10-25 16:02:18.268][ef$get] Realnames of fields are: description.
biodb.TRACE[2025-10-25 16:02:18.269][ef$get] 1 fields were returned.
biodb.TRACE[2025-10-25 16:02:18.270][ef$get] fields variable is a list.
biodb.TRACE[2025-10-25 16:02:18.271][self$getBiodb()$getEntryFields()$get] Asked field names are: description.
biodb.TRACE[2025-10-25 16:02:18.272][self$getBiodb()$getEntryFields()$get] Realnames of fields are: description.
biodb.TRACE[2025-10-25 16:02:18.273][self$getBiodb()$getEntryFields()$get] 1 fields were returned.
biodb.TRACE[2025-10-25 16:02:18.273][self$getBiodb()$getEntryFields()$get] fields variable is a list.
biodb.TRACE[2025-10-25 16:02:18.281][self$getBiodb()$getEntryFields()$get] Asked field names are: formula.
biodb.TRACE[2025-10-25 16:02:18.282][self$getBiodb()$getEntryFields()$get] Realnames of fields are: formula.
biodb.TRACE[2025-10-25 16:02:18.283][self$getBiodb()$getEntryFields()$get] 1 fields were returned.
biodb.TRACE[2025-10-25 16:02:18.283][self$getBiodb()$getEntryFields()$get] fields variable is a list.
biodb.TRACE[2025-10-25 16:02:18.284][self$getBiodb()$getEntryFields()$get] Asked field names are: formula.
biodb.TRACE[2025-10-25 16:02:18.285][self$getBiodb()$getEntryFields()$get] Realnames of fields are: formula.
biodb.TRACE[2025-10-25 16:02:18.286][self$getBiodb()$getEntryFields()$get] 1 fields were returned.
biodb.TRACE[2025-10-25 16:02:18.287][self$getBiodb()$getEntryFields()$get] fields variable is a list.
biodb.TRACE[2025-10-25 16:02:18.288][self$getBiodb()$getEntryFields()$get] Asked field names are: formula.
biodb.TRACE[2025-10-25 16:02:18.289][self$getBiodb()$getEntryFields()$get] Realnames of fields are: formula.
biodb.TRACE[2025-10-25 16:02:18.290][self$getBiodb()$getEntryFields()$get] 1 fields were returned.
biodb.TRACE[2025-10-25 16:02:18.291][self$getBiodb()$getEntryFields()$get] fields variable is a list.
biodb.TRACE[2025-10-25 16:02:18.292][ef$get] Asked field names are: formula.
biodb.TRACE[2025-10-25 16:02:18.293][ef$get] Realnames of fields are: formula.
biodb.TRACE[2025-10-25 16:02:18.294][ef$get] 1 fields were returned.
biodb.TRACE[2025-10-25 16:02:18.295][ef$get] fields variable is a list.
biodb.TRACE[2025-10-25 16:02:18.296][self$getBiodb()$getEntryFields()$get] Asked field names are: formula.
biodb.TRACE[2025-10-25 16:02:18.297][self$getBiodb()$getEntryFields()$get] Realnames of fields are: formula.
biodb.TRACE[2025-10-25 16:02:18.297][self$getBiodb()$getEntryFields()$get] 1 fields were returned.
biodb.TRACE[2025-10-25 16:02:18.298][self$getBiodb()$getEntryFields()$get] fields variable is a list.
biodb.TRACE[2025-10-25 16:02:18.306][self$getBiodb()$getEntryFields()$get] Asked field names are: average.mass.
biodb.TRACE[2025-10-25 16:02:18.307][self$getBiodb()$getEntryFields()$get] Realnames of fields are: average.mass.
biodb.TRACE[2025-10-25 16:02:18.307][self$getBiodb()$getEntryFields()$get] 1 fields were returned.
biodb.TRACE[2025-10-25 16:02:18.308][self$getBiodb()$getEntryFields()$get] fields variable is a list.
biodb.TRACE[2025-10-25 16:02:18.309][self$getBiodb()$getEntryFields()$get] Asked field names are: average.mass.
biodb.TRACE[2025-10-25 16:02:18.310][self$getBiodb()$getEntryFields()$get] Realnames of fields are: average.mass.
biodb.TRACE[2025-10-25 16:02:18.311][self$getBiodb()$getEntryFields()$get] 1 fields were returned.
biodb.TRACE[2025-10-25 16:02:18.312][self$getBiodb()$getEntryFields()$get] fields variable is a list.
biodb.TRACE[2025-10-25 16:02:18.313][self$getBiodb()$getEntryFields()$get] Asked field names are: average.mass.
biodb.TRACE[2025-10-25 16:02:18.314][self$getBiodb()$getEntryFields()$get] Realnames of fields are: average.mass.
biodb.TRACE[2025-10-25 16:02:18.315][self$getBiodb()$getEntryFields()$get] 1 fields were returned.
biodb.TRACE[2025-10-25 16:02:18.316][self$getBiodb()$getEntryFields()$get] fields variable is a list.
biodb.TRACE[2025-10-25 16:02:18.317][ef$get] Asked field names are: average.mass.
biodb.TRACE[2025-10-25 16:02:18.318][ef$get] Realnames of fields are: average.mass.
biodb.TRACE[2025-10-25 16:02:18.319][ef$get] 1 fields were returned.
biodb.TRACE[2025-10-25 16:02:18.319][ef$get] fields variable is a list.
biodb.TRACE[2025-10-25 16:02:18.320][self$getBiodb()$getEntryFields()$get] Asked field names are: average.mass.
biodb.TRACE[2025-10-25 16:02:18.321][self$getBiodb()$getEntryFields()$get] Realnames of fields are: average.mass.
biodb.TRACE[2025-10-25 16:02:18.322][self$getBiodb()$getEntryFields()$get] 1 fields were returned.
biodb.TRACE[2025-10-25 16:02:18.323][self$getBiodb()$getEntryFields()$get] fields variable is a list.
biodb.TRACE[2025-10-25 16:02:18.330][self$getBiodb()$getEntryFields()$get] Asked field names are: monoisotopic.mass.
biodb.TRACE[2025-10-25 16:02:18.331][self$getBiodb()$getEntryFields()$get] Realnames of fields are: monoisotopic.mass.
biodb.TRACE[2025-10-25 16:02:18.332][self$getBiodb()$getEntryFields()$get] 1 fields were returned.
biodb.TRACE[2025-10-25 16:02:18.333][self$getBiodb()$getEntryFields()$get] fields variable is a list.
biodb.TRACE[2025-10-25 16:02:18.334][self$getBiodb()$getEntryFields()$get] Asked field names are: monoisotopic.mass.
biodb.TRACE[2025-10-25 16:02:18.335][self$getBiodb()$getEntryFields()$get] Realnames of fields are: monoisotopic.mass.
biodb.TRACE[2025-10-25 16:02:18.336][self$getBiodb()$getEntryFields()$get] 1 fields were returned.
biodb.TRACE[2025-10-25 16:02:18.337][self$getBiodb()$getEntryFields()$get] fields variable is a list.
biodb.TRACE[2025-10-25 16:02:18.338][self$getBiodb()$getEntryFields()$get] Asked field names are: monoisotopic.mass.
biodb.TRACE[2025-10-25 16:02:18.339][self$getBiodb()$getEntryFields()$get] Realnames of fields are: monoisotopic.mass.
biodb.TRACE[2025-10-25 16:02:18.340][self$getBiodb()$getEntryFields()$get] 1 fields were returned.
biodb.TRACE[2025-10-25 16:02:18.340][self$getBiodb()$getEntryFields()$get] fields variable is a list.
biodb.TRACE[2025-10-25 16:02:18.341][ef$get] Asked field names are: monoisotopic.mass.
biodb.TRACE[2025-10-25 16:02:18.342][ef$get] Realnames of fields are: monoisotopic.mass.
biodb.TRACE[2025-10-25 16:02:18.343][ef$get] 1 fields were returned.
biodb.TRACE[2025-10-25 16:02:18.344][ef$get] fields variable is a list.
biodb.TRACE[2025-10-25 16:02:18.345][self$getBiodb()$getEntryFields()$get] Asked field names are: monoisotopic.mass.
biodb.TRACE[2025-10-25 16:02:18.346][self$getBiodb()$getEntryFields()$get] Realnames of fields are: monoisotopic.mass.
biodb.TRACE[2025-10-25 16:02:18.347][self$getBiodb()$getEntryFields()$get] 1 fields were returned.
biodb.TRACE[2025-10-25 16:02:18.348][self$getBiodb()$getEntryFields()$get] fields variable is a list.
biodb.TRACE[2025-10-25 16:02:18.359][self$getBiodb()$getEntryFields()$get] Asked field names are: comp.super.class.
biodb.TRACE[2025-10-25 16:02:18.360][self$getBiodb()$getEntryFields()$get] Realnames of fields are: comp.super.class.
biodb.TRACE[2025-10-25 16:02:18.361][self$getBiodb()$getEntryFields()$get] 1 fields were returned.
biodb.TRACE[2025-10-25 16:02:18.361][self$getBiodb()$getEntryFields()$get] fields variable is a list.
biodb.TRACE[2025-10-25 16:02:18.362][self$getBiodb()$getEntryFields()$get] Asked field names are: comp.super.class.
biodb.TRACE[2025-10-25 16:02:18.363][self$getBiodb()$getEntryFields()$get] Realnames of fields are: comp.super.class.
biodb.TRACE[2025-10-25 16:02:18.364][self$getBiodb()$getEntryFields()$get] 1 fields were returned.
biodb.TRACE[2025-10-25 16:02:18.365][self$getBiodb()$getEntryFields()$get] fields variable is a list.
biodb.TRACE[2025-10-25 16:02:18.366][self$getBiodb()$getEntryFields()$get] Asked field names are: comp.super.class.
biodb.TRACE[2025-10-25 16:02:18.367][self$getBiodb()$getEntryFields()$get] Realnames of fields are: comp.super.class.
biodb.TRACE[2025-10-25 16:02:18.368][self$getBiodb()$getEntryFields()$get] 1 fields were returned.
biodb.TRACE[2025-10-25 16:02:18.369][self$getBiodb()$getEntryFields()$get] fields variable is a list.
biodb.TRACE[2025-10-25 16:02:18.370][ef$get] Asked field names are: comp.super.class.
biodb.TRACE[2025-10-25 16:02:18.371][ef$get] Realnames of fields are: comp.super.class.
biodb.TRACE[2025-10-25 16:02:18.372][ef$get] 1 fields were returned.
biodb.TRACE[2025-10-25 16:02:18.373][ef$get] fields variable is a list.
biodb.TRACE[2025-10-25 16:02:18.373][self$getBiodb()$getEntryFields()$get] Asked field names are: comp.super.class.
biodb.TRACE[2025-10-25 16:02:18.374][self$getBiodb()$getEntryFields()$get] Realnames of fields are: comp.super.class.
biodb.TRACE[2025-10-25 16:02:18.375][self$getBiodb()$getEntryFields()$get] 1 fields were returned.
biodb.TRACE[2025-10-25 16:02:18.376][self$getBiodb()$getEntryFields()$get] fields variable is a list.
biodb.TRACE[2025-10-25 16:02:18.383][self$getBiodb()$getEntryFields()$get] Asked field names are: comp.iupac.name.syst.
biodb.TRACE[2025-10-25 16:02:18.384][self$getBiodb()$getEntryFields()$get] Realnames of fields are: comp.iupac.name.syst.
biodb.TRACE[2025-10-25 16:02:18.385][self$getBiodb()$getEntryFields()$get] 1 fields were returned.
biodb.TRACE[2025-10-25 16:02:18.386][self$getBiodb()$getEntryFields()$get] fields variable is a list.
biodb.TRACE[2025-10-25 16:02:18.387][self$getBiodb()$getEntryFields()$get] Asked field names are: comp.iupac.name.syst.
biodb.TRACE[2025-10-25 16:02:18.388][self$getBiodb()$getEntryFields()$get] Realnames of fields are: comp.iupac.name.syst.
biodb.TRACE[2025-10-25 16:02:18.389][self$getBiodb()$getEntryFields()$get] 1 fields were returned.
biodb.TRACE[2025-10-25 16:02:18.390][self$getBiodb()$getEntryFields()$get] fields variable is a list.
biodb.TRACE[2025-10-25 16:02:18.391][self$getBiodb()$getEntryFields()$get] Asked field names are: comp.iupac.name.syst.
biodb.TRACE[2025-10-25 16:02:18.392][self$getBiodb()$getEntryFields()$get] Realnames of fields are: comp.iupac.name.syst.
biodb.TRACE[2025-10-25 16:02:18.393][self$getBiodb()$getEntryFields()$get] 1 fields were returned.
biodb.TRACE[2025-10-25 16:02:18.394][self$getBiodb()$getEntryFields()$get] fields variable is a list.
biodb.TRACE[2025-10-25 16:02:18.395][ef$get] Asked field names are: comp.iupac.name.syst.
biodb.TRACE[2025-10-25 16:02:18.396][ef$get] Realnames of fields are: comp.iupac.name.syst.
biodb.TRACE[2025-10-25 16:02:18.397][ef$get] 1 fields were returned.
biodb.TRACE[2025-10-25 16:02:18.397][ef$get] fields variable is a list.
biodb.TRACE[2025-10-25 16:02:18.398][self$getBiodb()$getEntryFields()$get] Asked field names are: comp.iupac.name.syst.
biodb.TRACE[2025-10-25 16:02:18.399][self$getBiodb()$getEntryFields()$get] Realnames of fields are: comp.iupac.name.syst.
biodb.TRACE[2025-10-25 16:02:18.400][self$getBiodb()$getEntryFields()$get] 1 fields were returned.
biodb.TRACE[2025-10-25 16:02:18.401][self$getBiodb()$getEntryFields()$get] fields variable is a list.
biodb.TRACE[2025-10-25 16:02:18.408][self$getBiodb()$getEntryFields()$get] Asked field names are: comp.iupac.name.trad.
biodb.TRACE[2025-10-25 16:02:18.409][self$getBiodb()$getEntryFields()$get] Realnames of fields are: comp.iupac.name.trad.
biodb.TRACE[2025-10-25 16:02:18.410][self$getBiodb()$getEntryFields()$get] 1 fields were returned.
biodb.TRACE[2025-10-25 16:02:18.411][self$getBiodb()$getEntryFields()$get] fields variable is a list.
biodb.TRACE[2025-10-25 16:02:18.412][self$getBiodb()$getEntryFields()$get] Asked field names are: comp.iupac.name.trad.
biodb.TRACE[2025-10-25 16:02:18.413][self$getBiodb()$getEntryFields()$get] Realnames of fields are: comp.iupac.name.trad.
biodb.TRACE[2025-10-25 16:02:18.414][self$getBiodb()$getEntryFields()$get] 1 fields were returned.
biodb.TRACE[2025-10-25 16:02:18.415][self$getBiodb()$getEntryFields()$get] fields variable is a list.
biodb.TRACE[2025-10-25 16:02:18.416][self$getBiodb()$getEntryFields()$get] Asked field names are: comp.iupac.name.trad.
biodb.TRACE[2025-10-25 16:02:18.417][self$getBiodb()$getEntryFields()$get] Realnames of fields are: comp.iupac.name.trad.
biodb.TRACE[2025-10-25 16:02:18.418][self$getBiodb()$getEntryFields()$get] 1 fields were returned.
biodb.TRACE[2025-10-25 16:02:18.419][self$getBiodb()$getEntryFields()$get] fields variable is a list.
biodb.TRACE[2025-10-25 16:02:18.420][ef$get] Asked field names are: comp.iupac.name.trad.
biodb.TRACE[2025-10-25 16:02:18.421][ef$get] Realnames of fields are: comp.iupac.name.trad.
biodb.TRACE[2025-10-25 16:02:18.422][ef$get] 1 fields were returned.
biodb.TRACE[2025-10-25 16:02:18.422][ef$get] fields variable is a list.
biodb.TRACE[2025-10-25 16:02:18.423][self$getBiodb()$getEntryFields()$get] Asked field names are: comp.iupac.name.trad.
biodb.TRACE[2025-10-25 16:02:18.424][self$getBiodb()$getEntryFields()$get] Realnames of fields are: comp.iupac.name.trad.
biodb.TRACE[2025-10-25 16:02:18.425][self$getBiodb()$getEntryFields()$get] 1 fields were returned.
biodb.TRACE[2025-10-25 16:02:18.426][self$getBiodb()$getEntryFields()$get] fields variable is a list.
biodb.TRACE[2025-10-25 16:02:18.433][self$getBiodb()$getEntryFields()$get] Asked field names are: smiles.
biodb.TRACE[2025-10-25 16:02:18.434][self$getBiodb()$getEntryFields()$get] Realnames of fields are: smiles.
biodb.TRACE[2025-10-25 16:02:18.435][self$getBiodb()$getEntryFields()$get] 1 fields were returned.
biodb.TRACE[2025-10-25 16:02:18.436][self$getBiodb()$getEntryFields()$get] fields variable is a list.
biodb.TRACE[2025-10-25 16:02:18.437][self$getBiodb()$getEntryFields()$get] Asked field names are: smiles.
biodb.TRACE[2025-10-25 16:02:18.438][self$getBiodb()$getEntryFields()$get] Realnames of fields are: smiles.
biodb.TRACE[2025-10-25 16:02:18.439][self$getBiodb()$getEntryFields()$get] 1 fields were returned.
biodb.TRACE[2025-10-25 16:02:18.440][self$getBiodb()$getEntryFields()$get] fields variable is a list.
biodb.TRACE[2025-10-25 16:02:18.441][self$getBiodb()$getEntryFields()$get] Asked field names are: smiles.
biodb.TRACE[2025-10-25 16:02:18.442][self$getBiodb()$getEntryFields()$get] Realnames of fields are: smiles.
biodb.TRACE[2025-10-25 16:02:18.443][self$getBiodb()$getEntryFields()$get] 1 fields were returned.
biodb.TRACE[2025-10-25 16:02:18.444][self$getBiodb()$getEntryFields()$get] fields variable is a list.
biodb.TRACE[2025-10-25 16:02:18.445][ef$get] Asked field names are: smiles.
biodb.TRACE[2025-10-25 16:02:18.446][ef$get] Realnames of fields are: smiles.
biodb.TRACE[2025-10-25 16:02:18.446][ef$get] 1 fields were returned.
biodb.TRACE[2025-10-25 16:02:18.447][ef$get] fields variable is a list.
biodb.TRACE[2025-10-25 16:02:18.448][self$getBiodb()$getEntryFields()$get] Asked field names are: smiles.
biodb.TRACE[2025-10-25 16:02:18.449][self$getBiodb()$getEntryFields()$get] Realnames of fields are: smiles.
biodb.TRACE[2025-10-25 16:02:18.450][self$getBiodb()$getEntryFields()$get] 1 fields were returned.
biodb.TRACE[2025-10-25 16:02:18.451][self$getBiodb()$getEntryFields()$get] fields variable is a list.
biodb.TRACE[2025-10-25 16:02:18.458][self$getBiodb()$getEntryFields()$get] Asked field names are: inchi.
biodb.TRACE[2025-10-25 16:02:18.459][self$getBiodb()$getEntryFields()$get] Realnames of fields are: inchi.
biodb.TRACE[2025-10-25 16:02:18.460][self$getBiodb()$getEntryFields()$get] 1 fields were returned.
biodb.TRACE[2025-10-25 16:02:18.461][self$getBiodb()$getEntryFields()$get] fields variable is a list.
biodb.TRACE[2025-10-25 16:02:18.462][self$getBiodb()$getEntryFields()$get] Asked field names are: inchi.
biodb.TRACE[2025-10-25 16:02:18.463][self$getBiodb()$getEntryFields()$get] Realnames of fields are: inchi.
biodb.TRACE[2025-10-25 16:02:18.464][self$getBiodb()$getEntryFields()$get] 1 fields were returned.
biodb.TRACE[2025-10-25 16:02:18.465][self$getBiodb()$getEntryFields()$get] fields variable is a list.
biodb.TRACE[2025-10-25 16:02:18.466][self$getBiodb()$getEntryFields()$get] Asked field names are: inchi.
biodb.TRACE[2025-10-25 16:02:18.470][self$getBiodb()$getEntryFields()$get] Realnames of fields are: inchi.
biodb.TRACE[2025-10-25 16:02:18.471][self$getBiodb()$getEntryFields()$get] 1 fields were returned.
biodb.TRACE[2025-10-25 16:02:18.472][self$getBiodb()$getEntryFields()$get] fields variable is a list.
biodb.TRACE[2025-10-25 16:02:18.473][ef$get] Asked field names are: inchi.
biodb.TRACE[2025-10-25 16:02:18.474][ef$get] Realnames of fields are: inchi.
biodb.TRACE[2025-10-25 16:02:18.475][ef$get] 1 fields were returned.
biodb.TRACE[2025-10-25 16:02:18.476][ef$get] fields variable is a list.
biodb.TRACE[2025-10-25 16:02:18.477][self$getBiodb()$getEntryFields()$get] Asked field names are: inchi.
biodb.TRACE[2025-10-25 16:02:18.478][self$getBiodb()$getEntryFields()$get] Realnames of fields are: inchi.
biodb.TRACE[2025-10-25 16:02:18.479][self$getBiodb()$getEntryFields()$get] 1 fields were returned.
biodb.TRACE[2025-10-25 16:02:18.480][self$getBiodb()$getEntryFields()$get] fields variable is a list.
biodb.TRACE[2025-10-25 16:02:18.487][self$getBiodb()$getEntryFields()$get] Asked field names are: inchikey.
biodb.TRACE[2025-10-25 16:02:18.488][self$getBiodb()$getEntryFields()$get] Realnames of fields are: inchikey.
biodb.TRACE[2025-10-25 16:02:18.489][self$getBiodb()$getEntryFields()$get] 1 fields were returned.
biodb.TRACE[2025-10-25 16:02:18.490][self$getBiodb()$getEntryFields()$get] fields variable is a list.
biodb.TRACE[2025-10-25 16:02:18.491][self$getBiodb()$getEntryFields()$get] Asked field names are: inchikey.
biodb.TRACE[2025-10-25 16:02:18.492][self$getBiodb()$getEntryFields()$get] Realnames of fields are: inchikey.
biodb.TRACE[2025-10-25 16:02:18.493][self$getBiodb()$getEntryFields()$get] 1 fields were returned.
biodb.TRACE[2025-10-25 16:02:18.494][self$getBiodb()$getEntryFields()$get] fields variable is a list.
biodb.TRACE[2025-10-25 16:02:18.495][self$getBiodb()$getEntryFields()$get] Asked field names are: inchikey.
biodb.TRACE[2025-10-25 16:02:18.496][self$getBiodb()$getEntryFields()$get] Realnames of fields are: inchikey.
biodb.TRACE[2025-10-25 16:02:18.496][self$getBiodb()$getEntryFields()$get] 1 fields were returned.
biodb.TRACE[2025-10-25 16:02:18.497][self$getBiodb()$getEntryFields()$get] fields variable is a list.
biodb.TRACE[2025-10-25 16:02:18.498][ef$get] Asked field names are: inchikey.
biodb.TRACE[2025-10-25 16:02:18.499][ef$get] Realnames of fields are: inchikey.
biodb.TRACE[2025-10-25 16:02:18.500][ef$get] 1 fields were returned.
biodb.TRACE[2025-10-25 16:02:18.501][ef$get] fields variable is a list.
biodb.TRACE[2025-10-25 16:02:18.502][self$getBiodb()$getEntryFields()$get] Asked field names are: inchikey.
biodb.TRACE[2025-10-25 16:02:18.503][self$getBiodb()$getEntryFields()$get] Realnames of fields are: inchikey.
biodb.TRACE[2025-10-25 16:02:18.504][self$getBiodb()$getEntryFields()$get] 1 fields were returned.
biodb.TRACE[2025-10-25 16:02:18.505][self$getBiodb()$getEntryFields()$get] fields variable is a list.
biodb.TRACE[2025-10-25 16:02:18.512][self$getBiodb()$getEntryFields()$get] Asked field names are: cas.id.
biodb.TRACE[2025-10-25 16:02:18.513][self$getBiodb()$getEntryFields()$get] Realnames of fields are: cas.id.
biodb.TRACE[2025-10-25 16:02:18.514][self$getBiodb()$getEntryFields()$get] 1 fields were returned.
biodb.TRACE[2025-10-25 16:02:18.515][self$getBiodb()$getEntryFields()$get] fields variable is a list.
biodb.TRACE[2025-10-25 16:02:18.516][self$getBiodb()$getEntryFields()$get] Asked field names are: cas.id.
biodb.TRACE[2025-10-25 16:02:18.517][self$getBiodb()$getEntryFields()$get] Realnames of fields are: cas.id.
biodb.TRACE[2025-10-25 16:02:18.518][self$getBiodb()$getEntryFields()$get] 1 fields were returned.
biodb.TRACE[2025-10-25 16:02:18.519][self$getBiodb()$getEntryFields()$get] fields variable is a list.
biodb.TRACE[2025-10-25 16:02:18.520][self$getBiodb()$getEntryFields()$get] Asked field names are: cas.id.
biodb.TRACE[2025-10-25 16:02:18.521][self$getBiodb()$getEntryFields()$get] Realnames of fields are: cas.id.
biodb.TRACE[2025-10-25 16:02:18.522][self$getBiodb()$getEntryFields()$get] 1 fields were returned.
biodb.TRACE[2025-10-25 16:02:18.523][self$getBiodb()$getEntryFields()$get] fields variable is a list.
biodb.TRACE[2025-10-25 16:02:18.524][ef$get] Asked field names are: cas.id.
biodb.TRACE[2025-10-25 16:02:18.525][ef$get] Realnames of fields are: cas.id.
biodb.TRACE[2025-10-25 16:02:18.526][ef$get] 1 fields were returned.
biodb.TRACE[2025-10-25 16:02:18.526][ef$get] fields variable is a list.
biodb.TRACE[2025-10-25 16:02:18.527][self$getBiodb()$getEntryFields()$get] Asked field names are: cas.id.
biodb.TRACE[2025-10-25 16:02:18.528][self$getBiodb()$getEntryFields()$get] Realnames of fields are: cas.id.
biodb.TRACE[2025-10-25 16:02:18.529][self$getBiodb()$getEntryFields()$get] 1 fields were returned.
biodb.TRACE[2025-10-25 16:02:18.530][self$getBiodb()$getEntryFields()$get] fields variable is a list.
biodb.TRACE[2025-10-25 16:02:18.537][ef$get] Asked field names are: accession.
biodb.TRACE[2025-10-25 16:02:18.538][ef$get] Realnames of fields are: accession.
biodb.TRACE[2025-10-25 16:02:18.539][ef$get] 1 fields were returned.
biodb.TRACE[2025-10-25 16:02:18.540][ef$get] fields variable is a list.
biodb.TRACE[2025-10-25 16:02:18.544][ef$get] Asked field names are: average.mass.
biodb.TRACE[2025-10-25 16:02:18.545][ef$get] Realnames of fields are: average.mass.
biodb.TRACE[2025-10-25 16:02:18.546][ef$get] 1 fields were returned.
biodb.TRACE[2025-10-25 16:02:18.547][ef$get] fields variable is a list.
biodb.TRACE[2025-10-25 16:02:18.550][ef$get] Asked field names are: cas.id.
biodb.TRACE[2025-10-25 16:02:18.551][ef$get] Realnames of fields are: cas.id.
biodb.TRACE[2025-10-25 16:02:18.552][ef$get] 1 fields were returned.
biodb.TRACE[2025-10-25 16:02:18.553][ef$get] fields variable is a list.
biodb.TRACE[2025-10-25 16:02:18.557][ef$get] Asked field names are: chebi.id.
biodb.TRACE[2025-10-25 16:02:18.558][ef$get] Realnames of fields are: chebi.id.
biodb.TRACE[2025-10-25 16:02:18.559][ef$get] 1 fields were returned.
biodb.TRACE[2025-10-25 16:02:18.560][ef$get] fields variable is a list.
biodb.TRACE[2025-10-25 16:02:18.563][ef$get] Asked field names are: chemspider.id.
biodb.TRACE[2025-10-25 16:02:18.564][ef$get] Realnames of fields are: chemspider.id.
biodb.TRACE[2025-10-25 16:02:18.565][ef$get] 1 fields were returned.
biodb.TRACE[2025-10-25 16:02:18.566][ef$get] fields variable is a list.
biodb.TRACE[2025-10-25 16:02:18.570][ef$get] Asked field names are: comp.iupac.name.syst.
biodb.TRACE[2025-10-25 16:02:18.571][ef$get] Realnames of fields are: comp.iupac.name.syst.
biodb.TRACE[2025-10-25 16:02:18.572][ef$get] 1 fields were returned.
biodb.TRACE[2025-10-25 16:02:18.573][ef$get] fields variable is a list.
biodb.TRACE[2025-10-25 16:02:18.576][ef$get] Asked field names are: comp.iupac.name.trad.
biodb.TRACE[2025-10-25 16:02:18.578][ef$get] Realnames of fields are: comp.iupac.name.trad.
biodb.TRACE[2025-10-25 16:02:18.578][ef$get] 1 fields were returned.
biodb.TRACE[2025-10-25 16:02:18.579][ef$get] fields variable is a list.
biodb.TRACE[2025-10-25 16:02:18.587][ef$get] Asked field names are: comp.super.class.
biodb.TRACE[2025-10-25 16:02:18.588][ef$get] Realnames of fields are: comp.super.class.
biodb.TRACE[2025-10-25 16:02:18.589][ef$get] 1 fields were returned.
biodb.TRACE[2025-10-25 16:02:18.590][ef$get] fields variable is a list.
biodb.TRACE[2025-10-25 16:02:18.593][ef$get] Asked field names are: description.
biodb.TRACE[2025-10-25 16:02:18.594][ef$get] Realnames of fields are: description.
biodb.TRACE[2025-10-25 16:02:18.595][ef$get] 1 fields were returned.
biodb.TRACE[2025-10-25 16:02:18.596][ef$get] fields variable is a list.
biodb.TRACE[2025-10-25 16:02:18.600][ef$get] Asked field names are: formula.
biodb.TRACE[2025-10-25 16:02:18.601][ef$get] Realnames of fields are: formula.
biodb.TRACE[2025-10-25 16:02:18.602][ef$get] 1 fields were returned.
biodb.TRACE[2025-10-25 16:02:18.603][ef$get] fields variable is a list.
biodb.TRACE[2025-10-25 16:02:18.606][ef$get] Asked field names are: inchi.
biodb.TRACE[2025-10-25 16:02:18.607][ef$get] Realnames of fields are: inchi.
biodb.TRACE[2025-10-25 16:02:18.608][ef$get] 1 fields were returned.
biodb.TRACE[2025-10-25 16:02:18.609][ef$get] fields variable is a list.
biodb.TRACE[2025-10-25 16:02:18.613][ef$get] Asked field names are: inchikey.
biodb.TRACE[2025-10-25 16:02:18.614][ef$get] Realnames of fields are: inchikey.
biodb.TRACE[2025-10-25 16:02:18.615][ef$get] 1 fields were returned.
biodb.TRACE[2025-10-25 16:02:18.616][ef$get] fields variable is a list.
biodb.TRACE[2025-10-25 16:02:18.620][ef$get] Asked field names are: kegg.compound.id.
biodb.TRACE[2025-10-25 16:02:18.621][ef$get] Realnames of fields are: kegg.compound.id.
biodb.TRACE[2025-10-25 16:02:18.621][ef$get] 1 fields were returned.
biodb.TRACE[2025-10-25 16:02:18.622][ef$get] fields variable is a list.
biodb.TRACE[2025-10-25 16:02:18.626][ef$get] Asked field names are: monoisotopic.mass.
biodb.TRACE[2025-10-25 16:02:18.627][ef$get] Realnames of fields are: monoisotopic.mass.
biodb.TRACE[2025-10-25 16:02:18.628][ef$get] 1 fields were returned.
biodb.TRACE[2025-10-25 16:02:18.629][ef$get] fields variable is a list.
biodb.TRACE[2025-10-25 16:02:18.632][ef$get] Asked field names are: name.
biodb.TRACE[2025-10-25 16:02:18.634][ef$get] Realnames of fields are: name.
biodb.TRACE[2025-10-25 16:02:18.634][ef$get] 1 fields were returned.
biodb.TRACE[2025-10-25 16:02:18.635][ef$get] fields variable is a list.
biodb.TRACE[2025-10-25 16:02:18.639][ef$get] Asked field names are: ncbi.pubchem.comp.id.
biodb.TRACE[2025-10-25 16:02:18.640][ef$get] Realnames of fields are: ncbi.pubchem.comp.id.
biodb.TRACE[2025-10-25 16:02:18.641][ef$get] 1 fields were returned.
biodb.TRACE[2025-10-25 16:02:18.642][ef$get] fields variable is a list.
biodb.TRACE[2025-10-25 16:02:18.645][ef$get] Asked field names are: secondary.accessions.
biodb.TRACE[2025-10-25 16:02:18.646][ef$get] Realnames of fields are: secondary.accessions.
biodb.TRACE[2025-10-25 16:02:18.647][ef$get] 1 fields were returned.
biodb.TRACE[2025-10-25 16:02:18.648][ef$get] fields variable is a list.
biodb.TRACE[2025-10-25 16:02:18.652][ef$get] Asked field names are: smiles.
biodb.TRACE[2025-10-25 16:02:18.653][ef$get] Realnames of fields are: smiles.
biodb.TRACE[2025-10-25 16:02:18.654][ef$get] 1 fields were returned.
biodb.TRACE[2025-10-25 16:02:18.655][ef$get] fields variable is a list.
biodb.INFO [2025-10-25 16:02:18.661][biodb::testThat]
biodb.INFO [2025-10-25 16:02:18.662][biodb::testThat] Running test function  test.rt.unit  (" RT unit is defined when there is an RT value. ").
biodb.INFO [2025-10-25 16:02:18.662][biodb::testThat] --------------------------------------------------------------------------------
biodb.INFO [2025-10-25 16:02:18.663][biodb::testThat]
biodb.DEBUG[2025-10-25 16:02:18.676][private$loadEntries] Creating entries from ids [1]: "HMDB0000001".
biodb.DEBUG[2025-10-25 16:02:18.678][conn$getEntryContent] Get HMDB Metabolites entry content(s) for 1 id(s)...
biodb.DEBUG[2025-10-25 16:02:18.681][self$isDownloaded] Database hmdb.metabolites has already been downloaded.
biodb.DEBUG[2025-10-25 16:02:18.713][self$isDownloaded] Database hmdb.metabolites has already been downloaded.
biodb.INFO [2025-10-25 16:02:18.714][self$download] Extract whole database of hmdb.metabolites.
biodb.INFO [2025-10-25 16:02:18.715][private$doExtractDownload] Extracting content of downloaded',
                    ' HMDB metabolite database...
biodb.INFO [2025-10-25 16:02:18.749][biodb::testThat]
biodb.INFO [2025-10-25 16:02:18.750][biodb::testThat] Running test function  test.searchForEntries  (" We can search for an entry by searchable field ").
biodb.INFO [2025-10-25 16:02:18.751][biodb::testThat] --------------------------------------------------------------------------------
biodb.INFO [2025-10-25 16:02:18.751][biodb::testThat]
biodb.TRACE[2025-10-25 16:02:18.754][ef$get] Asked field names are: name.
biodb.TRACE[2025-10-25 16:02:18.755][ef$get] Realnames of fields are: name.
biodb.TRACE[2025-10-25 16:02:18.756][ef$get] 1 fields were returned.
biodb.TRACE[2025-10-25 16:02:18.757][ef$get] fields variable is a list.
biodb.DEBUG[2025-10-25 16:02:18.758][function(conn, opt)] Testing searchForEntries() with entry "HMDB0000001" and field "name".
biodb.DEBUG[2025-10-25 16:02:18.777][private$loadEntries] Creating entries from ids [1]: "HMDB0000001".
biodb.DEBUG[2025-10-25 16:02:18.825][conn$getEntryContent] Get HMDB Metabolites entry content(s) for 1 id(s)...
biodb.DEBUG[2025-10-25 16:02:18.827][self$isDownloaded] Database hmdb.metabolites has already been downloaded.
biodb.DEBUG[2025-10-25 16:02:18.828][self$isDownloaded] Database hmdb.metabolites has already been downloaded.
biodb.INFO [2025-10-25 16:02:18.829][self$download] Extract whole database of hmdb.metabolites.
biodb.INFO [2025-10-25 16:02:18.841][private$doExtractDownload] Extracting content of downloaded',
                    ' HMDB metabolite database...
biodb.INFO [2025-10-25 16:02:18.863][biodb::testThat]
biodb.INFO [2025-10-25 16:02:18.864][biodb::testThat] Running test function  test.searchByName  (" We can search for an entry by name. ").
biodb.INFO [2025-10-25 16:02:18.865][biodb::testThat] --------------------------------------------------------------------------------
biodb.INFO [2025-10-25 16:02:18.866][biodb::testThat]
biodb.DEBUG[2025-10-25 16:02:18.872][private$loadEntries] Creating entries from ids [1]: "HMDB0000001".
biodb.DEBUG[2025-10-25 16:02:18.873][conn$getEntryContent] Get HMDB Metabolites entry content(s) for 1 id(s)...
biodb.DEBUG[2025-10-25 16:02:18.874][self$isDownloaded] Database hmdb.metabolites has already been downloaded.
biodb.DEBUG[2025-10-25 16:02:18.875][self$isDownloaded] Database hmdb.metabolites has already been downloaded.
biodb.INFO [2025-10-25 16:02:18.877][self$download] Extract whole database of hmdb.metabolites.
biodb.INFO [2025-10-25 16:02:18.878][private$doExtractDownload] Extracting content of downloaded',
                    ' HMDB metabolite database...
biodb.INFO [2025-10-25 16:02:18.893][biodb::testThat]
biodb.INFO [2025-10-25 16:02:18.894][biodb::testThat] Running test function  testEntryLoading  (" We can load an entry from the database. ").
biodb.INFO [2025-10-25 16:02:18.894][biodb::testThat] --------------------------------------------------------------------------------
biodb.INFO [2025-10-25 16:02:18.895][biodb::testThat]
biodb.DEBUG[2025-10-25 16:02:18.898][private$loadEntries] Creating entries from ids [1]: "HMDB0000001".
biodb.DEBUG[2025-10-25 16:02:18.899][conn$getEntryContent] Get HMDB Metabolites entry content(s) for 1 id(s)...
biodb.DEBUG[2025-10-25 16:02:18.901][self$isDownloaded] Database hmdb.metabolites has already been downloaded.
biodb.DEBUG[2025-10-25 16:02:18.902][self$isDownloaded] Database hmdb.metabolites has already been downloaded.
biodb.INFO [2025-10-25 16:02:18.903][self$download] Extract whole database of hmdb.metabolites.
biodb.INFO [2025-10-25 16:02:18.904][private$doExtractDownload] Extracting content of downloaded',
                    ' HMDB metabolite database...
biodb.INFO [2025-10-25 16:02:18.916][biodb::testThat]
biodb.INFO [2025-10-25 16:02:18.916][biodb::testThat] Running test function  test.entry.page.url  (" We can get a URL pointing to the entry page. ").
biodb.INFO [2025-10-25 16:02:18.917][biodb::testThat] --------------------------------------------------------------------------------
biodb.INFO [2025-10-25 16:02:18.918][biodb::testThat]
biodb.INFO [2025-10-25 16:02:18.931][biodb::testThat]
biodb.INFO [2025-10-25 16:02:18.932][biodb::testThat] Running test function  test.entry.image.url  (" We can get a URL pointing to the entry image. ").
biodb.INFO [2025-10-25 16:02:18.932][biodb::testThat] --------------------------------------------------------------------------------
biodb.INFO [2025-10-25 16:02:18.933][biodb::testThat]
biodb.INFO [2025-10-25 16:02:18.946][biodb::testThat]
biodb.INFO [2025-10-25 16:02:18.946][biodb::testThat] Running test function  test.entry.page.url.download  (" The entry page URL can be downloaded. ").
biodb.INFO [2025-10-25 16:02:18.947][biodb::testThat] --------------------------------------------------------------------------------
biodb.INFO [2025-10-25 16:02:18.948][biodb::testThat]
biodb.INFO [2025-10-25 16:02:18.960][biodb::testThat]
biodb.INFO [2025-10-25 16:02:18.961][biodb::testThat] Running test function  test.entry.image.url.download  (" The entry image URL can be downloaded. ").
biodb.INFO [2025-10-25 16:02:18.962][biodb::testThat] --------------------------------------------------------------------------------
biodb.INFO [2025-10-25 16:02:18.963][biodb::testThat]
biodb.TRACE[2025-10-25 16:02:18.987][ef$get] Asked field names are: name.
biodb.TRACE[2025-10-25 16:02:18.988][ef$get] Realnames of fields are: name.
biodb.TRACE[2025-10-25 16:02:18.993][ef$get] 1 fields were returned.
biodb.TRACE[2025-10-25 16:02:18.994][ef$get] fields variable is a list.
biodb.TRACE[2025-10-25 16:02:18.995][ef$get] Asked field names are: description.
biodb.TRACE[2025-10-25 16:02:18.996][ef$get] Realnames of fields are: description.
biodb.TRACE[2025-10-25 16:02:18.996][ef$get] 1 fields were returned.
biodb.TRACE[2025-10-25 16:02:18.997][ef$get] fields variable is a list.
biodb.TRACE[2025-10-25 16:02:18.998][ef$get] Asked field names are: secondary.accessions.
biodb.TRACE[2025-10-25 16:02:18.999][ef$get] Realnames of fields are: secondary.accessions.
biodb.TRACE[2025-10-25 16:02:19.000][ef$get] 1 fields were returned.
biodb.TRACE[2025-10-25 16:02:19.001][ef$get] fields variable is a list.
biodb.TRACE[2025-10-25 16:02:19.002][ef$get] Asked field names are: name.
biodb.TRACE[2025-10-25 16:02:19.003][ef$get] Realnames of fields are: name.
biodb.TRACE[2025-10-25 16:02:19.004][ef$get] 1 fields were returned.
biodb.TRACE[2025-10-25 16:02:19.005][ef$get] fields variable is a list.
biodb.TRACE[2025-10-25 16:02:19.006][ef$get] Asked field names are: description.
biodb.TRACE[2025-10-25 16:02:19.007][ef$get] Realnames of fields are: description.
biodb.TRACE[2025-10-25 16:02:19.007][ef$get] 1 fields were returned.
biodb.TRACE[2025-10-25 16:02:19.008][ef$get] fields variable is a list.
biodb.TRACE[2025-10-25 16:02:19.009][ef$get] Asked field names are: secondary.accessions.
biodb.TRACE[2025-10-25 16:02:19.010][ef$get] Realnames of fields are: secondary.accessions.
biodb.TRACE[2025-10-25 16:02:19.011][ef$get] 1 fields were returned.
biodb.TRACE[2025-10-25 16:02:19.012][ef$get] fields variable is a list.
biodb.INFO [2025-10-25 16:02:19.013][biodb$terminate] Closing BiodbMain instance...
biodb.INFO [2025-10-25 16:02:19.014][self$deleteConn] Connector "hmdb.metabolites" deleted.
biodb.DEBUG[2025-10-25 16:02:19.015][notifyObservers] Notify observers for terminate.
biodb.DEBUG[2025-10-25 16:02:19.016][FUN] Trying to call function terminate on observer BiodbTestMsgAck.
biodb.DEBUG[2025-10-25 16:02:19.017][FUN] Functions in observer BiodbTestMsgAck: [4]: ".__enclos_env__, clone, notifyProgress, initialize".
biodb.DEBUG[2025-10-25 16:02:19.017][FUN] Trying to call function terminate on observer BiodbEntryFields.
biodb.DEBUG[2025-10-25 16:02:19.018][FUN] Functions in observer BiodbEntryFields: [15]: ".__enclos_env__, clone, terminate, define, print, getDatabaseIdField, getFieldNames, get, getRealName, checkIsDefined, isDefined, formatName, isAlias, notifyCfgUpdate, initialize".
biodb.DEBUG[2025-10-25 16:02:19.019][FUN] Trying to call function terminate on observer BiodbConfig.
biodb.DEBUG[2025-10-25 16:02:19.020][FUN] Functions in observer BiodbConfig: [21]: ".__enclos_env__, clone, terminate, notifyNewObservers, define, getAssocEnvVar, listKeys, print, disable, enable, reset, set, get, isEnabled, isDefined, hasKey, getDefaultValue, getDescription, getTitle, getKeys, initialize".
[ FAIL 8 | WARN 2 | SKIP 0 | PASS 103 ]

══ Failed tests ════════════════════════════════════════════════════════════════
── Error ('test_long_100_generic.R:42:1'): RT unit is defined when there is an RT value. ──
Error in `private$doExtractDownload()`: attempt to apply non-function
Backtrace:
    ▆
 1. ├─base::do.call(fct, params)
 2. └─biodb (local) `<fn>`(conn = `<HmdbMtbC>`, opt = `<named list>`)
 3.   └─conn$getBiodb()$getFactory()$getEntry(...)
 4.     └─private$loadEntries(conn$getId(), missing.ids, drop = FALSE)
 5.       └─conn$getEntryContent(ids)
 6.         └─self$download()
 7.           └─private$doExtractDownload()
── Error ('test_long_100_generic.R:42:1'): We can search for an entry by searchable field ──
Error in `cch$getTmpFolderPath()`: attempt to apply non-function
Backtrace:
    ▆
 1. ├─base::do.call(fct, params)
 2. └─biodb (local) `<fn>`(conn = `<HmdbMtbC>`, opt = `<named list>`)
 3.   └─conn$getEntry(id, drop = TRUE)
 4.     └─private$bdb$getFactory()$getEntry(self$getId(), id = id, drop = drop)
 5.       └─private$loadEntries(conn$getId(), missing.ids, drop = FALSE)
 6.         └─conn$getEntryContent(ids)
 7.           └─self$download()
 8.             └─private$doExtractDownload()
── Error ('test_long_100_generic.R:42:1'): We can search for an entry by name. ──
Error in `cch$getTmpFolderPath()`: attempt to apply non-function
Backtrace:
    ▆
 1. ├─base::do.call(fct, params)
 2. └─biodb (local) `<fn>`(conn = `<HmdbMtbC>`, opt = `<named list>`)
 3.   └─conn$getEntry(id, drop = TRUE)
 4.     └─private$bdb$getFactory()$getEntry(self$getId(), id = id, drop = drop)
 5.       └─private$loadEntries(conn$getId(), missing.ids, drop = FALSE)
 6.         └─conn$getEntryContent(ids)
 7.           └─self$download()
 8.             └─private$doExtractDownload()
── Error ('test_long_100_generic.R:42:1'): We can load an entry from the database. ──
Error in `cch$getTmpFolderPath()`: attempt to apply non-function
Backtrace:
    ▆
 1. ├─base::do.call(fct, params)
 2. └─biodb (local) `<fn>`(conn = `<HmdbMtbC>`, opt = `<named list>`)
 3.   └─opt$refEntries$getRealEntry(id)
 4.     └─self$getRealEntries(ids = id)
 5.       └─private$bdb$getFactory()$getEntry(...)
 6.         └─private$loadEntries(conn$getId(), missing.ids, drop = FALSE)
 7.           └─conn$getEntryContent(ids)
 8.             └─self$download()
 9.               └─private$doExtractDownload()
── Error ('test_long_100_generic.R:42:1'): We can get a URL pointing to the entry page. ──
Error in `FUN(X[[i]], ...)`: object 'BiodbUrl' not found
Backtrace:
    ▆
 1. ├─base::do.call(fct, params)
 2. └─biodb (local) `<fn>`(conn = `<HmdbMtbC>`, opt = `<named list>`)
 3.   └─conn$getEntryPageUrl(ref.ids)
 4.     └─private$doGetEntryPageUrl(entry.id)
 5.       └─base::vapply(id, fct, FUN.VALUE = "")
 6.         └─biodbHmdb (local) FUN(X[[i]], ...)
── Error ('test_long_100_generic.R:42:1'): We can get a URL pointing to the entry image. ──
Error in `FUN(X[[i]], ...)`: object 'BiodbUrl' not found
Backtrace:
    ▆
 1. ├─base::do.call(fct, params)
 2. └─biodb (local) `<fn>`(conn = `<HmdbMtbC>`, opt = `<named list>`)
 3.   └─conn$getEntryImageUrl(ref.ids)
 4.     └─private$doGetEntryImageUrl(entry.id)
 5.       └─base::vapply(id, fct, FUN.VALUE = "")
 6.         └─biodbHmdb (local) FUN(X[[i]], ...)
── Error ('test_long_100_generic.R:42:1'): The entry page URL can be downloaded. ──
Error in `FUN(X[[i]], ...)`: object 'BiodbUrl' not found
Backtrace:
    ▆
 1. ├─base::do.call(fct, params)
 2. └─biodb (local) `<fn>`(conn = `<HmdbMtbC>`, opt = `<named list>`)
 3.   └─conn$getEntryPageUrl(ref.ids[[1]])
 4.     └─private$doGetEntryPageUrl(entry.id)
 5.       └─base::vapply(id, fct, FUN.VALUE = "")
 6.         └─biodbHmdb (local) FUN(X[[i]], ...)
── Error ('test_long_100_generic.R:42:1'): The entry image URL can be downloaded. ──
Error in `FUN(X[[i]], ...)`: object 'BiodbUrl' not found
Backtrace:
    ▆
 1. ├─base::do.call(fct, params)
 2. └─biodb (local) `<fn>`(conn = `<HmdbMtbC>`, opt = `<named list>`)
 3.   └─conn$getEntryImageUrl(ref.ids[[1]])
 4.     └─private$doGetEntryImageUrl(entry.id)
 5.       └─base::vapply(id, fct, FUN.VALUE = "")
 6.         └─biodbHmdb (local) FUN(X[[i]], ...)

[ FAIL 8 | WARN 2 | SKIP 0 | PASS 103 ]
Error: Test failures
Execution halted

'R CMD check' output

##############################################################################
##############################################################################
###
### Running command:
###
###   /home/biocbuild/bbs-3.22-bioc/R/bin/R CMD check --test-dir=longtests --no-stop-on-test-error --no-codoc --no-examples --no-manual --ignore-vignettes --check-subdirs=no biodbHmdb_1.15.1.tar.gz
###
##############################################################################
##############################################################################


* using log directory ‘/home/biocbuild/bbs-3.22-bioc-longtests/meat/biodbHmdb.Rcheck’
* using R version 4.5.1 Patched (2025-08-23 r88802)
* using platform: x86_64-pc-linux-gnu
* R was compiled by
    gcc (Ubuntu 13.3.0-6ubuntu2~24.04) 13.3.0
    GNU Fortran (Ubuntu 13.3.0-6ubuntu2~24.04) 13.3.0
* running under: Ubuntu 24.04.3 LTS
* using session charset: UTF-8
* using options ‘--no-codoc --no-examples --no-manual --ignore-vignettes --no-stop-on-test-error’
* checking for file ‘biodbHmdb/DESCRIPTION’ ... OK
* this is package ‘biodbHmdb’ version ‘1.15.1’
* package encoding: UTF-8
* checking package namespace information ... OK
* checking package dependencies ... OK
* checking if this is a source package ... OK
* checking if there is a namespace ... OK
* checking for hidden files and directories ... OK
* checking for portable file names ... OK
* checking for sufficient/correct file permissions ... OK
* checking whether package ‘biodbHmdb’ can be installed ... WARNING
Found the following significant warnings:
  EntryMaker.hpp:23:21: warning: ‘EntryMaker::accession_tag’ will be initialized after [-Wreorder]
  EntryMaker.hpp:22:14: warning:   ‘bool EntryMaker::closed’ [-Wreorder]
  EntryMaker.cpp:5:1: warning:   when initialized here [-Wreorder]
See ‘/home/biocbuild/bbs-3.22-bioc-longtests/meat/biodbHmdb.Rcheck/00install.out’ for details.
* used C++ compiler: ‘g++ (Ubuntu 13.3.0-6ubuntu2~24.04) 13.3.0’
* checking installed package size ... INFO
  installed size is  7.2Mb
  sub-directories of 1Mb or more:
    libs   6.7Mb
* checking package directory ... OK
* checking DESCRIPTION meta-information ... OK
* checking top-level files ... OK
* checking for left-over files ... OK
* checking index information ... OK
* checking package subdirectories ... OK
* checking code files for non-ASCII characters ... OK
* checking R files for syntax errors ... OK
* checking whether the package can be loaded ... OK
* checking whether the package can be loaded with stated dependencies ... OK
* checking whether the package can be unloaded cleanly ... OK
* checking whether the namespace can be loaded with stated dependencies ... OK
* checking whether the namespace can be unloaded cleanly ... OK
* checking loading without being on the library search path ... OK
* checking whether startup messages can be suppressed ... OK
* checking dependencies in R code ... NOTE
Namespace in Imports field not imported from: ‘zip’
  All declared Imports should be used.
* checking S3 generic/method consistency ... OK
* checking replacement functions ... OK
* checking foreign function calls ... OK
* checking R code for possible problems ... OK
* checking for missing documentation entries ... WARNING
Undocumented code objects:
  ‘HmdbMetabolitesConn’ ‘HmdbMetabolitesEntry’ ‘hmdbToSqlite’
All user-level objects in a package should have documentation entries.
See chapter ‘Writing R documentation files’ in the ‘Writing R
Extensions’ manual.
* checking line endings in C/C++/Fortran sources/headers ... OK
* checking compiled code ... OK
* checking files in ‘vignettes’ ... SKIPPED
* checking examples ... SKIPPED
* checking for unstated dependencies in ‘longtests’ ... OK
* checking tests in ‘longtests’ ...
  Running ‘testthat.R’
 ERROR
Running the tests in ‘longtests/testthat.R’ failed.
Last 13 lines of output:
   6.         └─biodbHmdb (local) FUN(X[[i]], ...)
  ── Error ('test_long_100_generic.R:42:1'): The entry image URL can be downloaded. ──
  Error in `FUN(X[[i]], ...)`: object 'BiodbUrl' not found
  Backtrace:
      ▆
   1. ├─base::do.call(fct, params)
   2. └─biodb (local) `<fn>`(conn = `<HmdbMtbC>`, opt = `<named list>`)
   3.   └─conn$getEntryImageUrl(ref.ids[[1]])
   4.     └─private$doGetEntryImageUrl(entry.id)
   5.       └─base::vapply(id, fct, FUN.VALUE = "")
   6.         └─biodbHmdb (local) FUN(X[[i]], ...)
  
  [ FAIL 8 | WARN 2 | SKIP 0 | PASS 103 ]
  Error: Test failures
  Execution halted
* DONE

Status: 1 ERROR, 2 WARNINGs, 1 NOTE
See
  ‘/home/biocbuild/bbs-3.22-bioc-longtests/meat/biodbHmdb.Rcheck/00check.log’
for details.


Installation output

biodbHmdb.Rcheck/00install.out

* installing *source* package ‘biodbHmdb’ ...
** this is package ‘biodbHmdb’ version ‘1.15.1’
** using staged installation
** libs
using C++ compiler: ‘g++ (Ubuntu 13.3.0-6ubuntu2~24.04) 13.3.0’
g++ -std=gnu++17 -I"/home/biocbuild/bbs-3.22-bioc/R/include" -DNDEBUG  -I'/home/biocbuild/bbs-3.22-bioc/R/site-library/Rcpp/include' -I'/home/biocbuild/bbs-3.22-bioc/R/site-library/testthat/include' -I/usr/local/include    -fpic  -g -O2  -Wall -Werror=format-security  -c EntryMaker.cpp -o EntryMaker.o
In file included from EntryMaker.cpp:1:
EntryMaker.hpp: In constructor ‘EntryMaker::EntryMaker()’:
EntryMaker.hpp:23:21: warning: ‘EntryMaker::accession_tag’ will be initialized after [-Wreorder]
   23 |         TagDetector accession_tag;
      |                     ^~~~~~~~~~~~~
EntryMaker.hpp:22:14: warning:   ‘bool EntryMaker::closed’ [-Wreorder]
   22 |         bool closed;
      |              ^~~~~~
EntryMaker.cpp:5:1: warning:   when initialized here [-Wreorder]
    5 | EntryMaker::EntryMaker() :
      | ^~~~~~~~~~
g++ -std=gnu++17 -I"/home/biocbuild/bbs-3.22-bioc/R/include" -DNDEBUG  -I'/home/biocbuild/bbs-3.22-bioc/R/site-library/Rcpp/include' -I'/home/biocbuild/bbs-3.22-bioc/R/site-library/testthat/include' -I/usr/local/include    -fpic  -g -O2  -Wall -Werror=format-security  -c FileEntryMaker.cpp -o FileEntryMaker.o
g++ -std=gnu++17 -I"/home/biocbuild/bbs-3.22-bioc/R/include" -DNDEBUG  -I'/home/biocbuild/bbs-3.22-bioc/R/site-library/Rcpp/include' -I'/home/biocbuild/bbs-3.22-bioc/R/site-library/testthat/include' -I/usr/local/include    -fpic  -g -O2  -Wall -Werror=format-security  -c RcppExports.cpp -o RcppExports.o
g++ -std=gnu++17 -I"/home/biocbuild/bbs-3.22-bioc/R/include" -DNDEBUG  -I'/home/biocbuild/bbs-3.22-bioc/R/site-library/Rcpp/include' -I'/home/biocbuild/bbs-3.22-bioc/R/site-library/testthat/include' -I/usr/local/include    -fpic  -g -O2  -Wall -Werror=format-security  -c StringEnrtryMaker.cpp -o StringEnrtryMaker.o
g++ -std=gnu++17 -I"/home/biocbuild/bbs-3.22-bioc/R/include" -DNDEBUG  -I'/home/biocbuild/bbs-3.22-bioc/R/site-library/Rcpp/include' -I'/home/biocbuild/bbs-3.22-bioc/R/site-library/testthat/include' -I/usr/local/include    -fpic  -g -O2  -Wall -Werror=format-security  -c TagDetector.cpp -o TagDetector.o
g++ -std=gnu++17 -I"/home/biocbuild/bbs-3.22-bioc/R/include" -DNDEBUG  -I'/home/biocbuild/bbs-3.22-bioc/R/site-library/Rcpp/include' -I'/home/biocbuild/bbs-3.22-bioc/R/site-library/testthat/include' -I/usr/local/include    -fpic  -g -O2  -Wall -Werror=format-security  -c XmlSplitter.cpp -o XmlSplitter.o
g++ -std=gnu++17 -I"/home/biocbuild/bbs-3.22-bioc/R/include" -DNDEBUG  -I'/home/biocbuild/bbs-3.22-bioc/R/site-library/Rcpp/include' -I'/home/biocbuild/bbs-3.22-bioc/R/site-library/testthat/include' -I/usr/local/include    -fpic  -g -O2  -Wall -Werror=format-security  -c extractXmlEntries.cpp -o extractXmlEntries.o
g++ -std=gnu++17 -I"/home/biocbuild/bbs-3.22-bioc/R/include" -DNDEBUG  -I'/home/biocbuild/bbs-3.22-bioc/R/site-library/Rcpp/include' -I'/home/biocbuild/bbs-3.22-bioc/R/site-library/testthat/include' -I/usr/local/include    -fpic  -g -O2  -Wall -Werror=format-security  -c test-100-TagDetector.cpp -o test-100-TagDetector.o
g++ -std=gnu++17 -I"/home/biocbuild/bbs-3.22-bioc/R/include" -DNDEBUG  -I'/home/biocbuild/bbs-3.22-bioc/R/site-library/Rcpp/include' -I'/home/biocbuild/bbs-3.22-bioc/R/site-library/testthat/include' -I/usr/local/include    -fpic  -g -O2  -Wall -Werror=format-security  -c test-150-StringEntryMaker.cpp -o test-150-StringEntryMaker.o
g++ -std=gnu++17 -I"/home/biocbuild/bbs-3.22-bioc/R/include" -DNDEBUG  -I'/home/biocbuild/bbs-3.22-bioc/R/site-library/Rcpp/include' -I'/home/biocbuild/bbs-3.22-bioc/R/site-library/testthat/include' -I/usr/local/include    -fpic  -g -O2  -Wall -Werror=format-security  -c test-200-XmlSplitter.cpp -o test-200-XmlSplitter.o
g++ -std=gnu++17 -I"/home/biocbuild/bbs-3.22-bioc/R/include" -DNDEBUG  -I'/home/biocbuild/bbs-3.22-bioc/R/site-library/Rcpp/include' -I'/home/biocbuild/bbs-3.22-bioc/R/site-library/testthat/include' -I/usr/local/include    -fpic  -g -O2  -Wall -Werror=format-security  -c test-runner.cpp -o test-runner.o
g++ -std=gnu++17 -shared -L/home/biocbuild/bbs-3.22-bioc/R/lib -L/usr/local/lib -o biodbHmdb.so EntryMaker.o FileEntryMaker.o RcppExports.o StringEnrtryMaker.o TagDetector.o XmlSplitter.o extractXmlEntries.o test-100-TagDetector.o test-150-StringEntryMaker.o test-200-XmlSplitter.o test-runner.o -L/home/biocbuild/bbs-3.22-bioc/R/lib -lR
installing to /home/biocbuild/bbs-3.22-bioc-longtests/meat/biodbHmdb.Rcheck/00LOCK-biodbHmdb/00new/biodbHmdb/libs
** R
** inst
** byte-compile and prepare package for lazy loading
** help
No man pages found in package  ‘biodbHmdb’ 
*** installing help indices
** building package indices
** installing vignettes
** testing if installed package can be loaded from temporary location
Warning in fun(libname, pkgname) :
  Package 'biodbHmdb' is deprecated and will be removed from Bioconductor
  version 3.23
** checking absolute paths in shared objects and dynamic libraries
** testing if installed package can be loaded from final location
Warning in fun(libname, pkgname) :
  Package 'biodbHmdb' is deprecated and will be removed from Bioconductor
  version 3.23
** testing if installed package keeps a record of temporary installation path
* DONE (biodbHmdb)