Back to Long Tests report for BioC 3.22

This page was generated on 2025-10-11 23:55 -0400 (Sat, 11 Oct 2025).

HostnameOSArch (*)R versionInstalled pkgs
nebbiolo2Linux (Ubuntu 24.04.3 LTS)x86_644.5.1 Patched (2025-08-23 r88802) -- "Great Square Root" 4864
lconwaymacOS 12.7.1 Montereyx86_644.5.1 Patched (2025-09-10 r88807) -- "Great Square Root" 4652
Click on any hostname to see more info about the system (e.g. compilers)      (*) as reported by 'uname -p', except on Windows and Mac OS X

Package 6/30HostnameOS / ArchCHECK
biodbHmdb 1.15.1  (landing page)
Pierrick Roger
Snapshot Date: 2025-10-11 09:55 -0400 (Sat, 11 Oct 2025)
git_url: https://git.bioconductor.org/packages/biodbHmdb
git_branch: devel
git_last_commit: fa89c02
git_last_commit_date: 2025-07-24 10:45:35 -0400 (Thu, 24 Jul 2025)
nebbiolo2Linux (Ubuntu 24.04.3 LTS) / x86_64  ERROR  
lconwaymacOS 12.7.1 Monterey / x86_64  ERROR  


CHECK results for biodbHmdb on lconway

To the developers/maintainers of the biodbHmdb package:
- Use the following Renviron settings to reproduce errors and warnings.
- If 'R CMD check' started to fail recently on the Linux builder(s) over a missing dependency, add the missing dependency to 'Suggests:' in your DESCRIPTION file. See Renviron.bioc for more information.

raw results


Summary

Package: biodbHmdb
Version: 1.15.1
Command: /Library/Frameworks/R.framework/Resources/bin/R CMD check --test-dir=longtests --no-stop-on-test-error --no-codoc --no-examples --no-manual --ignore-vignettes --check-subdirs=no biodbHmdb_1.15.1.tar.gz
StartedAt: 2025-10-11 16:01:11 -0400 (Sat, 11 Oct 2025)
EndedAt: 2025-10-11 16:02:13 -0400 (Sat, 11 Oct 2025)
EllapsedTime: 62.6 seconds
RetCode: 1
Status:   ERROR  
CheckDir: biodbHmdb.Rcheck
Warnings: NA

Tests output

biodbHmdb.Rcheck/tests/testthat.Rout.fail


R version 4.5.1 Patched (2025-09-10 r88807) -- "Great Square Root"
Copyright (C) 2025 The R Foundation for Statistical Computing
Platform: x86_64-apple-darwin20

R is free software and comes with ABSOLUTELY NO WARRANTY.
You are welcome to redistribute it under certain conditions.
Type 'license()' or 'licence()' for distribution details.

R is a collaborative project with many contributors.
Type 'contributors()' for more information and
'citation()' on how to cite R or R packages in publications.

Type 'demo()' for some demos, 'help()' for on-line help, or
'help.start()' for an HTML browser interface to help.
Type 'q()' to quit R.

> # Script needed to run testthat automatically from ‘R CMD check’. See
> # testthat::test_dir documentation.
> library(testthat)
> library(biodbHmdb)
Warning message:
In fun(libname, pkgname) :
  Package 'biodbHmdb' is deprecated and will be removed from Bioconductor
  version 3.23
> Sys.setenv(TESTTHAT_REPORTER="summary")
> Sys.setenv(BIODB_LOG_DST="console")
> test_check("biodbHmdb")
biodb.INFO [2025-10-11 16:02:10.796][biodb::testContext]
biodb.INFO [2025-10-11 16:02:10.799][biodb::testContext] ********************************************************************************
biodb.INFO [2025-10-11 16:02:10.799][biodb::testContext] Test context - Generic long tests
biodb.INFO [2025-10-11 16:02:10.800][biodb::testContext] ********************************************************************************
biodb.INFO [2025-10-11 16:02:10.801][biodb::testContext]
biodb.INFO [2025-10-11 16:02:10.805][private$loadBiodbPkgsDefinitions] Loading definitions from package biodb version 1.17.2.
biodb.DEBUG[2025-10-11 16:02:10.807][self$loadDefinitions] Load definitions from file "/Library/Frameworks/R.framework/Versions/4.5-x86_64/Resources/library/biodb/definitions.yml".
biodb.DEBUG[2025-10-11 16:02:10.813][notifyObservers] Notify observers for notifyNewObservers.
biodb.DEBUG[2025-10-11 16:02:10.814][self$getConfig()$define] Define config key allow.huge.downloads.
biodb.DEBUG[2025-10-11 16:02:10.814][self$set] Set key allow.huge.downloads to TRUE.
biodb.DEBUG[2025-10-11 16:02:10.815][notifyObservers] Notify observers for notifyCfgUpdate.
biodb.DEBUG[2025-10-11 16:02:10.816][FUN] Trying to call function notifyCfgUpdate on observer BiodbConfig.
biodb.DEBUG[2025-10-11 16:02:10.816][FUN] Functions in observer BiodbConfig: [21]: ".__enclos_env__, clone, terminate, notifyNewObservers, define, getAssocEnvVar, listKeys, print, disable, enable, reset, set, get, isEnabled, isDefined, hasKey, getDefaultValue, getDescription, getTitle, getKeys, initialize".
biodb.DEBUG[2025-10-11 16:02:10.817][self$getConfig()$define] Define config key autoload.extra.pkgs.
biodb.DEBUG[2025-10-11 16:02:10.832][self$set] Set key autoload.extra.pkgs to TRUE.
biodb.DEBUG[2025-10-11 16:02:10.832][notifyObservers] Notify observers for notifyCfgUpdate.
biodb.DEBUG[2025-10-11 16:02:10.833][FUN] Trying to call function notifyCfgUpdate on observer BiodbConfig.
biodb.DEBUG[2025-10-11 16:02:10.834][FUN] Functions in observer BiodbConfig: [21]: ".__enclos_env__, clone, terminate, notifyNewObservers, define, getAssocEnvVar, listKeys, print, disable, enable, reset, set, get, isEnabled, isDefined, hasKey, getDefaultValue, getDescription, getTitle, getKeys, initialize".
biodb.DEBUG[2025-10-11 16:02:10.835][self$getConfig()$define] Define config key cache.all.requests.
biodb.DEBUG[2025-10-11 16:02:10.836][self$set] Set key cache.all.requests to TRUE.
biodb.DEBUG[2025-10-11 16:02:10.836][notifyObservers] Notify observers for notifyCfgUpdate.
biodb.DEBUG[2025-10-11 16:02:10.837][FUN] Trying to call function notifyCfgUpdate on observer BiodbConfig.
biodb.DEBUG[2025-10-11 16:02:10.838][FUN] Functions in observer BiodbConfig: [21]: ".__enclos_env__, clone, terminate, notifyNewObservers, define, getAssocEnvVar, listKeys, print, disable, enable, reset, set, get, isEnabled, isDefined, hasKey, getDefaultValue, getDescription, getTitle, getKeys, initialize".
biodb.DEBUG[2025-10-11 16:02:10.839][self$getConfig()$define] Define config key cache.directory.
biodb.DEBUG[2025-10-11 16:02:10.839][self$getConfig()$define] Define config key cache.read.only.
biodb.DEBUG[2025-10-11 16:02:10.848][self$set] Set key cache.read.only to FALSE.
biodb.DEBUG[2025-10-11 16:02:10.849][notifyObservers] Notify observers for notifyCfgUpdate.
biodb.DEBUG[2025-10-11 16:02:10.850][FUN] Trying to call function notifyCfgUpdate on observer BiodbConfig.
biodb.DEBUG[2025-10-11 16:02:10.850][FUN] Functions in observer BiodbConfig: [21]: ".__enclos_env__, clone, terminate, notifyNewObservers, define, getAssocEnvVar, listKeys, print, disable, enable, reset, set, get, isEnabled, isDefined, hasKey, getDefaultValue, getDescription, getTitle, getKeys, initialize".
biodb.DEBUG[2025-10-11 16:02:10.851][self$getConfig()$define] Define config key cache.subfolders.
biodb.DEBUG[2025-10-11 16:02:10.852][self$getConfig()$define] Define config key cache.system.
biodb.DEBUG[2025-10-11 16:02:10.853][self$set] Set key cache.system to TRUE.
biodb.DEBUG[2025-10-11 16:02:10.854][notifyObservers] Notify observers for notifyCfgUpdate.
biodb.DEBUG[2025-10-11 16:02:10.854][FUN] Trying to call function notifyCfgUpdate on observer BiodbConfig.
biodb.DEBUG[2025-10-11 16:02:10.855][FUN] Functions in observer BiodbConfig: [21]: ".__enclos_env__, clone, terminate, notifyNewObservers, define, getAssocEnvVar, listKeys, print, disable, enable, reset, set, get, isEnabled, isDefined, hasKey, getDefaultValue, getDescription, getTitle, getKeys, initialize".
biodb.DEBUG[2025-10-11 16:02:10.856][self$getConfig()$define] Define config key use.cache.for.local.db.
biodb.DEBUG[2025-10-11 16:02:10.856][self$set] Set key use.cache.for.local.db to FALSE.
biodb.DEBUG[2025-10-11 16:02:10.857][notifyObservers] Notify observers for notifyCfgUpdate.
biodb.DEBUG[2025-10-11 16:02:10.858][FUN] Trying to call function notifyCfgUpdate on observer BiodbConfig.
biodb.DEBUG[2025-10-11 16:02:10.859][FUN] Functions in observer BiodbConfig: [21]: ".__enclos_env__, clone, terminate, notifyNewObservers, define, getAssocEnvVar, listKeys, print, disable, enable, reset, set, get, isEnabled, isDefined, hasKey, getDefaultValue, getDescription, getTitle, getKeys, initialize".
biodb.DEBUG[2025-10-11 16:02:10.859][self$getConfig()$define] Define config key dwnld.chunk.size.
biodb.DEBUG[2025-10-11 16:02:10.860][self$getConfig()$define] Define config key dwnld.timeout.
biodb.DEBUG[2025-10-11 16:02:10.861][self$set] Set key dwnld.timeout to 3600.
biodb.DEBUG[2025-10-11 16:02:10.862][notifyObservers] Notify observers for notifyCfgUpdate.
biodb.DEBUG[2025-10-11 16:02:10.862][FUN] Trying to call function notifyCfgUpdate on observer BiodbConfig.
biodb.DEBUG[2025-10-11 16:02:10.863][FUN] Functions in observer BiodbConfig: [21]: ".__enclos_env__, clone, terminate, notifyNewObservers, define, getAssocEnvVar, listKeys, print, disable, enable, reset, set, get, isEnabled, isDefined, hasKey, getDefaultValue, getDescription, getTitle, getKeys, initialize".
biodb.DEBUG[2025-10-11 16:02:10.864][self$getConfig()$define] Define config key compute.fields.
biodb.DEBUG[2025-10-11 16:02:10.865][self$set] Set key compute.fields to TRUE.
biodb.DEBUG[2025-10-11 16:02:10.865][notifyObservers] Notify observers for notifyCfgUpdate.
biodb.DEBUG[2025-10-11 16:02:10.866][FUN] Trying to call function notifyCfgUpdate on observer BiodbConfig.
biodb.DEBUG[2025-10-11 16:02:10.867][FUN] Functions in observer BiodbConfig: [21]: ".__enclos_env__, clone, terminate, notifyNewObservers, define, getAssocEnvVar, listKeys, print, disable, enable, reset, set, get, isEnabled, isDefined, hasKey, getDefaultValue, getDescription, getTitle, getKeys, initialize".
biodb.DEBUG[2025-10-11 16:02:10.868][self$getConfig()$define] Define config key factory.cache.
biodb.DEBUG[2025-10-11 16:02:10.869][self$getConfig()$define] Define config key force.locale.
biodb.DEBUG[2025-10-11 16:02:10.869][self$set] Set key force.locale to TRUE.
biodb.DEBUG[2025-10-11 16:02:10.870][notifyObservers] Notify observers for notifyCfgUpdate.
biodb.DEBUG[2025-10-11 16:02:10.871][FUN] Trying to call function notifyCfgUpdate on observer BiodbConfig.
biodb.DEBUG[2025-10-11 16:02:10.871][FUN] Functions in observer BiodbConfig: [21]: ".__enclos_env__, clone, terminate, notifyNewObservers, define, getAssocEnvVar, listKeys, print, disable, enable, reset, set, get, isEnabled, isDefined, hasKey, getDefaultValue, getDescription, getTitle, getKeys, initialize".
biodb.DEBUG[2025-10-11 16:02:10.872][self$getConfig()$define] Define config key longterm.cache.subfolder.
biodb.DEBUG[2025-10-11 16:02:10.873][self$getConfig()$define] Define config key msg.caution.lvl.
biodb.DEBUG[2025-10-11 16:02:10.874][self$getConfig()$define] Define config key msg.debug.lvl.
biodb.DEBUG[2025-10-11 16:02:10.875][self$getConfig()$define] Define config key msg.info.lvl.
biodb.DEBUG[2025-10-11 16:02:10.875][self$getConfig()$define] Define config key multival.field.sep.
biodb.DEBUG[2025-10-11 16:02:10.876][self$set] Set key multival.field.sep to ";".
biodb.DEBUG[2025-10-11 16:02:10.877][notifyObservers] Notify observers for notifyCfgUpdate.
biodb.DEBUG[2025-10-11 16:02:10.878][FUN] Trying to call function notifyCfgUpdate on observer BiodbConfig.
biodb.DEBUG[2025-10-11 16:02:10.878][FUN] Functions in observer BiodbConfig: [21]: ".__enclos_env__, clone, terminate, notifyNewObservers, define, getAssocEnvVar, listKeys, print, disable, enable, reset, set, get, isEnabled, isDefined, hasKey, getDefaultValue, getDescription, getTitle, getKeys, initialize".
biodb.DEBUG[2025-10-11 16:02:10.879][self$getConfig()$define] Define config key intra.field.name.sep.
biodb.DEBUG[2025-10-11 16:02:10.880][self$set] Set key intra.field.name.sep to ".".
biodb.DEBUG[2025-10-11 16:02:10.881][notifyObservers] Notify observers for notifyCfgUpdate.
biodb.DEBUG[2025-10-11 16:02:10.881][FUN] Trying to call function notifyCfgUpdate on observer BiodbConfig.
biodb.DEBUG[2025-10-11 16:02:10.882][FUN] Functions in observer BiodbConfig: [21]: ".__enclos_env__, clone, terminate, notifyNewObservers, define, getAssocEnvVar, listKeys, print, disable, enable, reset, set, get, isEnabled, isDefined, hasKey, getDefaultValue, getDescription, getTitle, getKeys, initialize".
biodb.DEBUG[2025-10-11 16:02:10.883][self$getConfig()$define] Define config key entries.sep.
biodb.DEBUG[2025-10-11 16:02:10.884][self$set] Set key entries.sep to "|".
biodb.DEBUG[2025-10-11 16:02:10.884][notifyObservers] Notify observers for notifyCfgUpdate.
biodb.DEBUG[2025-10-11 16:02:10.885][FUN] Trying to call function notifyCfgUpdate on observer BiodbConfig.
biodb.DEBUG[2025-10-11 16:02:10.886][FUN] Functions in observer BiodbConfig: [21]: ".__enclos_env__, clone, terminate, notifyNewObservers, define, getAssocEnvVar, listKeys, print, disable, enable, reset, set, get, isEnabled, isDefined, hasKey, getDefaultValue, getDescription, getTitle, getKeys, initialize".
biodb.DEBUG[2025-10-11 16:02:10.886][self$getConfig()$define] Define config key offline.
biodb.DEBUG[2025-10-11 16:02:10.887][self$set] Set key offline to FALSE.
biodb.DEBUG[2025-10-11 16:02:10.888][notifyObservers] Notify observers for notifyCfgUpdate.
biodb.DEBUG[2025-10-11 16:02:10.889][FUN] Trying to call function notifyCfgUpdate on observer BiodbConfig.
biodb.DEBUG[2025-10-11 16:02:10.889][FUN] Functions in observer BiodbConfig: [21]: ".__enclos_env__, clone, terminate, notifyNewObservers, define, getAssocEnvVar, listKeys, print, disable, enable, reset, set, get, isEnabled, isDefined, hasKey, getDefaultValue, getDescription, getTitle, getKeys, initialize".
biodb.DEBUG[2025-10-11 16:02:10.890][self$getConfig()$define] Define config key persistent.cache.impl.
biodb.DEBUG[2025-10-11 16:02:10.891][self$getConfig()$define] Define config key proton.mass.
biodb.DEBUG[2025-10-11 16:02:10.892][self$set] Set key proton.mass to 1.0072765.
biodb.DEBUG[2025-10-11 16:02:10.892][notifyObservers] Notify observers for notifyCfgUpdate.
biodb.DEBUG[2025-10-11 16:02:10.893][FUN] Trying to call function notifyCfgUpdate on observer BiodbConfig.
biodb.DEBUG[2025-10-11 16:02:10.894][FUN] Functions in observer BiodbConfig: [21]: ".__enclos_env__, clone, terminate, notifyNewObservers, define, getAssocEnvVar, listKeys, print, disable, enable, reset, set, get, isEnabled, isDefined, hasKey, getDefaultValue, getDescription, getTitle, getKeys, initialize".
biodb.DEBUG[2025-10-11 16:02:10.895][self$getConfig()$define] Define config key shortterm.cache.subfolder.
biodb.DEBUG[2025-10-11 16:02:10.896][self$getConfig()$define] Define config key svn.binary.path.
biodb.DEBUG[2025-10-11 16:02:10.913][self$set] Set key svn.binary.path to "".
biodb.DEBUG[2025-10-11 16:02:10.914][notifyObservers] Notify observers for notifyCfgUpdate.
biodb.DEBUG[2025-10-11 16:02:10.915][FUN] Trying to call function notifyCfgUpdate on observer BiodbConfig.
biodb.DEBUG[2025-10-11 16:02:10.915][FUN] Functions in observer BiodbConfig: [21]: ".__enclos_env__, clone, terminate, notifyNewObservers, define, getAssocEnvVar, listKeys, print, disable, enable, reset, set, get, isEnabled, isDefined, hasKey, getDefaultValue, getDescription, getTitle, getKeys, initialize".
biodb.DEBUG[2025-10-11 16:02:10.916][self$getConfig()$define] Define config key test.functions.
biodb.DEBUG[2025-10-11 16:02:10.917][self$getConfig()$define] Define config key useragent.
biodb.DEBUG[2025-10-11 16:02:10.918][self$set] Set key useragent to "R Bioconductor biodb library.".
biodb.DEBUG[2025-10-11 16:02:10.919][notifyObservers] Notify observers for notifyCfgUpdate.
biodb.DEBUG[2025-10-11 16:02:10.919][FUN] Trying to call function notifyCfgUpdate on observer BiodbConfig.
biodb.DEBUG[2025-10-11 16:02:10.920][FUN] Functions in observer BiodbConfig: [21]: ".__enclos_env__, clone, terminate, notifyNewObservers, define, getAssocEnvVar, listKeys, print, disable, enable, reset, set, get, isEnabled, isDefined, hasKey, getDefaultValue, getDescription, getTitle, getKeys, initialize".
biodb.DEBUG[2025-10-11 16:02:10.923][self$getDbsInfo()$define] Define connector comp.csv.file.
biodb.DEBUG[2025-10-11 16:02:10.946][self$setPropertyValue] Setting property "compound.db" to "TRUE".
biodb.DEBUG[2025-10-11 16:02:10.958][self$setPropertyValue] Setting property "description" to "A connector to handle a compound database stored inside a CSV file. It is possible to choose the separator for the CSV file, as well as match the column names with the biodb entry fields.".
biodb.DEBUG[2025-10-11 16:02:10.959][self$setPropertyValue] Setting property "disabled" to "FALSE".
biodb.DEBUG[2025-10-11 16:02:10.960][self$setPropertyValue] Setting property "disabling.reason" to "".
biodb.DEBUG[2025-10-11 16:02:10.960][self$setPropertyValue] Setting property "downloadable" to "FALSE".
biodb.DEBUG[2025-10-11 16:02:10.961][self$setPropertyValue] Setting property "dwnld.ext" to "NA".
biodb.DEBUG[2025-10-11 16:02:10.962][self$setPropertyValue] Setting property "editable" to "TRUE".
biodb.DEBUG[2025-10-11 16:02:10.963][self$setPropertyValue] Setting property "entry.content.encoding" to "NA".
biodb.DEBUG[2025-10-11 16:02:10.964][self$setPropertyValue] Setting property "entry.content.type" to "tsv".
biodb.DEBUG[2025-10-11 16:02:10.964][self$setPropertyValue] Setting property "matching.fields" to "c("peak.mztheo", "peak.mzexp")".
biodb.DEBUG[2025-10-11 16:02:10.965][self$setPropertyValue] Setting property "mass.db" to "FALSE".
biodb.DEBUG[2025-10-11 16:02:10.966][self$setPropertyValue] Setting property "name" to "Compound CSV File".
biodb.DEBUG[2025-10-11 16:02:10.967][self$setPropertyValue] Setting property "package" to "biodb".
biodb.DEBUG[2025-10-11 16:02:10.968][self$setPropertyValue] Setting property "parsing.expr" to "<NULL>".
biodb.DEBUG[2025-10-11 16:02:10.968][self$setPropertyValue] Setting property "remote" to "FALSE".
biodb.DEBUG[2025-10-11 16:02:10.969][self$setPropertyValue] Setting property "searchable.fields" to "name".
biodb.DEBUG[2025-10-11 16:02:10.969][self$setPropertyValue] Setting property "searchable.fields" to "monoisotopic.mass".
biodb.DEBUG[2025-10-11 16:02:10.969][self$setPropertyValue] Setting property "searchable.fields" to "molecular.mass".
biodb.DEBUG[2025-10-11 16:02:10.969][self$setPropertyValue] Setting property "searchable.fields" to "average.mass".
biodb.DEBUG[2025-10-11 16:02:10.969][self$setPropertyValue] Setting property "searchable.fields" to "nominal.mass".
biodb.DEBUG[2025-10-11 16:02:10.970][self$setPropertyValue] Setting property "scheduler.n" to "1".
biodb.DEBUG[2025-10-11 16:02:10.971][self$setPropertyValue] Notifying observers about frequency change.
biodb.DEBUG[2025-10-11 16:02:10.972][notifyObservers] Notify observers for notifyConnSchedulerFrequencyUpdated.
biodb.DEBUG[2025-10-11 16:02:10.972][self$setPropertyValue] Setting property "scheduler.t" to "1".
biodb.DEBUG[2025-10-11 16:02:10.973][self$setPropertyValue] Notifying observers about frequency change.
biodb.DEBUG[2025-10-11 16:02:10.974][notifyObservers] Notify observers for notifyConnSchedulerFrequencyUpdated.
biodb.DEBUG[2025-10-11 16:02:10.975][self$setPropertyValue] Setting property "token" to "NA".
biodb.DEBUG[2025-10-11 16:02:10.975][self$setPropertyValue] Setting property "urls" to "<NULL>".
biodb.DEBUG[2025-10-11 16:02:10.976][self$setPropertyValue] Notifying observers about URLs change.
biodb.DEBUG[2025-10-11 16:02:10.977][notifyObservers] Notify observers for notifyConnUrlsUpdated.
biodb.DEBUG[2025-10-11 16:02:10.978][self$setPropertyValue] Setting property "writable" to "TRUE".
biodb.DEBUG[2025-10-11 16:02:10.979][self$setPropertyValue] Setting property "xml.ns" to "<NULL>".
biodb.DEBUG[2025-10-11 16:02:10.980][self$getDbsInfo()$define] Define connector comp.sqlite.
biodb.DEBUG[2025-10-11 16:02:10.981][self$setPropertyValue] Setting property "compound.db" to "TRUE".
biodb.DEBUG[2025-10-11 16:02:10.982][self$setPropertyValue] Setting property "description" to "A connector to handle a compound database stored inside an SQLite file.".
biodb.DEBUG[2025-10-11 16:02:10.983][self$setPropertyValue] Setting property "disabled" to "FALSE".
biodb.DEBUG[2025-10-11 16:02:10.983][self$setPropertyValue] Setting property "disabling.reason" to "".
biodb.DEBUG[2025-10-11 16:02:10.984][self$setPropertyValue] Setting property "downloadable" to "FALSE".
biodb.DEBUG[2025-10-11 16:02:10.985][self$setPropertyValue] Setting property "dwnld.ext" to "NA".
biodb.DEBUG[2025-10-11 16:02:10.986][self$setPropertyValue] Setting property "editable" to "TRUE".
biodb.DEBUG[2025-10-11 16:02:10.987][self$setPropertyValue] Setting property "entry.content.encoding" to "NA".
biodb.DEBUG[2025-10-11 16:02:10.987][self$setPropertyValue] Setting property "entry.content.type" to "list".
biodb.DEBUG[2025-10-11 16:02:10.988][self$setPropertyValue] Setting property "matching.fields" to "c("peak.mztheo", "peak.mzexp")".
biodb.DEBUG[2025-10-11 16:02:10.993][self$setPropertyValue] Setting property "mass.db" to "FALSE".
biodb.DEBUG[2025-10-11 16:02:10.994][self$setPropertyValue] Setting property "name" to "Compound SQLite".
biodb.DEBUG[2025-10-11 16:02:10.995][self$setPropertyValue] Setting property "package" to "biodb".
biodb.DEBUG[2025-10-11 16:02:10.996][self$setPropertyValue] Setting property "parsing.expr" to "<NULL>".
biodb.DEBUG[2025-10-11 16:02:10.996][self$setPropertyValue] Setting property "remote" to "FALSE".
biodb.DEBUG[2025-10-11 16:02:10.997][self$setPropertyValue] Setting property "searchable.fields" to "name".
biodb.DEBUG[2025-10-11 16:02:10.997][self$setPropertyValue] Setting property "searchable.fields" to "monoisotopic.mass".
biodb.DEBUG[2025-10-11 16:02:10.997][self$setPropertyValue] Setting property "searchable.fields" to "molecular.mass".
biodb.DEBUG[2025-10-11 16:02:10.997][self$setPropertyValue] Setting property "searchable.fields" to "average.mass".
biodb.DEBUG[2025-10-11 16:02:10.997][self$setPropertyValue] Setting property "searchable.fields" to "nominal.mass".
biodb.DEBUG[2025-10-11 16:02:10.998][self$setPropertyValue] Setting property "scheduler.n" to "1".
biodb.DEBUG[2025-10-11 16:02:10.999][self$setPropertyValue] Notifying observers about frequency change.
biodb.DEBUG[2025-10-11 16:02:11.000][notifyObservers] Notify observers for notifyConnSchedulerFrequencyUpdated.
biodb.DEBUG[2025-10-11 16:02:11.000][self$setPropertyValue] Setting property "scheduler.t" to "1".
biodb.DEBUG[2025-10-11 16:02:11.001][self$setPropertyValue] Notifying observers about frequency change.
biodb.DEBUG[2025-10-11 16:02:11.002][notifyObservers] Notify observers for notifyConnSchedulerFrequencyUpdated.
biodb.DEBUG[2025-10-11 16:02:11.002][self$setPropertyValue] Setting property "token" to "NA".
biodb.DEBUG[2025-10-11 16:02:11.003][self$setPropertyValue] Setting property "urls" to "<NULL>".
biodb.DEBUG[2025-10-11 16:02:11.004][self$setPropertyValue] Notifying observers about URLs change.
biodb.DEBUG[2025-10-11 16:02:11.005][notifyObservers] Notify observers for notifyConnUrlsUpdated.
biodb.DEBUG[2025-10-11 16:02:11.005][self$setPropertyValue] Setting property "writable" to "TRUE".
biodb.DEBUG[2025-10-11 16:02:11.006][self$setPropertyValue] Setting property "xml.ns" to "<NULL>".
biodb.DEBUG[2025-10-11 16:02:11.007][self$getDbsInfo()$define] Define connector mass.csv.file.
biodb.DEBUG[2025-10-11 16:02:11.009][self$setPropertyValue] Setting property "compound.db" to "FALSE".
biodb.DEBUG[2025-10-11 16:02:11.009][self$setPropertyValue] Setting property "description" to "A connector to handle a mass spectra database stored inside a CSV file. It is possible to choose the separator for the CSV file, as well as match the column names with the biodb entry fields..".
biodb.DEBUG[2025-10-11 16:02:11.010][self$setPropertyValue] Setting property "disabled" to "FALSE".
biodb.DEBUG[2025-10-11 16:02:11.011][self$setPropertyValue] Setting property "disabling.reason" to "".
biodb.DEBUG[2025-10-11 16:02:11.012][self$setPropertyValue] Setting property "downloadable" to "FALSE".
biodb.DEBUG[2025-10-11 16:02:11.013][self$setPropertyValue] Setting property "dwnld.ext" to "NA".
biodb.DEBUG[2025-10-11 16:02:11.013][self$setPropertyValue] Setting property "editable" to "TRUE".
biodb.DEBUG[2025-10-11 16:02:11.014][self$setPropertyValue] Setting property "entry.content.encoding" to "NA".
biodb.DEBUG[2025-10-11 16:02:11.015][self$setPropertyValue] Setting property "entry.content.type" to "tsv".
biodb.DEBUG[2025-10-11 16:02:11.016][self$setPropertyValue] Setting property "matching.fields" to "c("peak.mztheo", "peak.mzexp")".
biodb.DEBUG[2025-10-11 16:02:11.017][self$setPropertyValue] Setting property "mass.db" to "TRUE".
biodb.DEBUG[2025-10-11 16:02:11.018][self$setPropertyValue] Setting property "name" to "Mass spectra CSV File".
biodb.DEBUG[2025-10-11 16:02:11.019][self$setPropertyValue] Setting property "package" to "biodb".
biodb.DEBUG[2025-10-11 16:02:11.019][self$setPropertyValue] Setting property "parsing.expr" to "<NULL>".
biodb.DEBUG[2025-10-11 16:02:11.020][self$setPropertyValue] Setting property "remote" to "FALSE".
biodb.DEBUG[2025-10-11 16:02:11.021][self$setPropertyValue] Setting property "searchable.fields" to "<NULL>".
biodb.DEBUG[2025-10-11 16:02:11.022][self$setPropertyValue] Setting property "scheduler.n" to "1".
biodb.DEBUG[2025-10-11 16:02:11.022][self$setPropertyValue] Notifying observers about frequency change.
biodb.DEBUG[2025-10-11 16:02:11.023][notifyObservers] Notify observers for notifyConnSchedulerFrequencyUpdated.
biodb.DEBUG[2025-10-11 16:02:11.024][self$setPropertyValue] Setting property "scheduler.t" to "1".
biodb.DEBUG[2025-10-11 16:02:11.024][self$setPropertyValue] Notifying observers about frequency change.
biodb.DEBUG[2025-10-11 16:02:11.025][notifyObservers] Notify observers for notifyConnSchedulerFrequencyUpdated.
biodb.DEBUG[2025-10-11 16:02:11.026][self$setPropertyValue] Setting property "token" to "NA".
biodb.DEBUG[2025-10-11 16:02:11.027][self$setPropertyValue] Setting property "urls" to "<NULL>".
biodb.DEBUG[2025-10-11 16:02:11.028][self$setPropertyValue] Notifying observers about URLs change.
biodb.DEBUG[2025-10-11 16:02:11.028][notifyObservers] Notify observers for notifyConnUrlsUpdated.
biodb.DEBUG[2025-10-11 16:02:11.029][self$setPropertyValue] Setting property "writable" to "TRUE".
biodb.DEBUG[2025-10-11 16:02:11.030][self$setPropertyValue] Setting property "xml.ns" to "<NULL>".
biodb.DEBUG[2025-10-11 16:02:11.031][self$getDbsInfo()$define] Define connector mass.sqlite.
biodb.DEBUG[2025-10-11 16:02:11.032][self$setPropertyValue] Setting property "compound.db" to "FALSE".
biodb.DEBUG[2025-10-11 16:02:11.033][self$setPropertyValue] Setting property "description" to "A connector to handle a mass spectra database stored inside an SQLite file.".
biodb.DEBUG[2025-10-11 16:02:11.034][self$setPropertyValue] Setting property "disabled" to "FALSE".
biodb.DEBUG[2025-10-11 16:02:11.035][self$setPropertyValue] Setting property "disabling.reason" to "".
biodb.DEBUG[2025-10-11 16:02:11.035][self$setPropertyValue] Setting property "downloadable" to "FALSE".
biodb.DEBUG[2025-10-11 16:02:11.036][self$setPropertyValue] Setting property "dwnld.ext" to "NA".
biodb.DEBUG[2025-10-11 16:02:11.037][self$setPropertyValue] Setting property "editable" to "TRUE".
biodb.DEBUG[2025-10-11 16:02:11.038][self$setPropertyValue] Setting property "entry.content.encoding" to "NA".
biodb.DEBUG[2025-10-11 16:02:11.038][self$setPropertyValue] Setting property "entry.content.type" to "list".
biodb.DEBUG[2025-10-11 16:02:11.039][self$setPropertyValue] Setting property "matching.fields" to "c("peak.mztheo", "peak.mzexp")".
biodb.DEBUG[2025-10-11 16:02:11.040][self$setPropertyValue] Setting property "mass.db" to "TRUE".
biodb.DEBUG[2025-10-11 16:02:11.041][self$setPropertyValue] Setting property "name" to "Mass spectra SQLite".
biodb.DEBUG[2025-10-11 16:02:11.042][self$setPropertyValue] Setting property "package" to "biodb".
biodb.DEBUG[2025-10-11 16:02:11.043][self$setPropertyValue] Setting property "parsing.expr" to "<NULL>".
biodb.DEBUG[2025-10-11 16:02:11.043][self$setPropertyValue] Setting property "remote" to "FALSE".
biodb.DEBUG[2025-10-11 16:02:11.044][self$setPropertyValue] Setting property "searchable.fields" to "<NULL>".
biodb.DEBUG[2025-10-11 16:02:11.045][self$setPropertyValue] Setting property "scheduler.n" to "1".
biodb.DEBUG[2025-10-11 16:02:11.046][self$setPropertyValue] Notifying observers about frequency change.
biodb.DEBUG[2025-10-11 16:02:11.047][notifyObservers] Notify observers for notifyConnSchedulerFrequencyUpdated.
biodb.DEBUG[2025-10-11 16:02:11.048][self$setPropertyValue] Setting property "scheduler.t" to "1".
biodb.DEBUG[2025-10-11 16:02:11.048][self$setPropertyValue] Notifying observers about frequency change.
biodb.DEBUG[2025-10-11 16:02:11.049][notifyObservers] Notify observers for notifyConnSchedulerFrequencyUpdated.
biodb.DEBUG[2025-10-11 16:02:11.050][self$setPropertyValue] Setting property "token" to "NA".
biodb.DEBUG[2025-10-11 16:02:11.051][self$setPropertyValue] Setting property "urls" to "<NULL>".
biodb.DEBUG[2025-10-11 16:02:11.052][self$setPropertyValue] Notifying observers about URLs change.
biodb.DEBUG[2025-10-11 16:02:11.052][notifyObservers] Notify observers for notifyConnUrlsUpdated.
biodb.DEBUG[2025-10-11 16:02:11.053][self$setPropertyValue] Setting property "writable" to "TRUE".
biodb.DEBUG[2025-10-11 16:02:11.054][self$setPropertyValue] Setting property "xml.ns" to "<NULL>".
biodb.DEBUG[2025-10-11 16:02:11.057][notifyObservers] Notify observers for notifyNewObservers.
biodb.DEBUG[2025-10-11 16:02:11.057][FUN] Trying to call function notifyNewObservers on observer BiodbConfig.
biodb.DEBUG[2025-10-11 16:02:11.058][FUN] Functions in observer BiodbConfig: [21]: ".__enclos_env__, clone, terminate, notifyNewObservers, define, getAssocEnvVar, listKeys, print, disable, enable, reset, set, get, isEnabled, isDefined, hasKey, getDefaultValue, getDescription, getTitle, getKeys, initialize".
biodb.DEBUG[2025-10-11 16:02:11.059][notifyObservers] Notify observers for notifyCfgUpdate.
biodb.DEBUG[2025-10-11 16:02:11.059][FUN] Trying to call function notifyCfgUpdate on observer BiodbEntryFields.
biodb.DEBUG[2025-10-11 16:02:11.060][FUN] Functions in observer BiodbEntryFields: [15]: ".__enclos_env__, clone, terminate, define, print, getDatabaseIdField, getFieldNames, get, getRealName, checkIsDefined, isDefined, formatName, isAlias, notifyCfgUpdate, initialize".
biodb.DEBUG[2025-10-11 16:02:11.061][FUN] Trying to call function notifyCfgUpdate on observer BiodbConfig.
biodb.DEBUG[2025-10-11 16:02:11.061][FUN] Functions in observer BiodbConfig: [21]: ".__enclos_env__, clone, terminate, notifyNewObservers, define, getAssocEnvVar, listKeys, print, disable, enable, reset, set, get, isEnabled, isDefined, hasKey, getDefaultValue, getDescription, getTitle, getKeys, initialize".
biodb.DEBUG[2025-10-11 16:02:11.062][notifyObservers] Notify observers for notifyCfgUpdate.
biodb.DEBUG[2025-10-11 16:02:11.063][FUN] Trying to call function notifyCfgUpdate on observer BiodbEntryFields.
biodb.DEBUG[2025-10-11 16:02:11.064][FUN] Functions in observer BiodbEntryFields: [15]: ".__enclos_env__, clone, terminate, define, print, getDatabaseIdField, getFieldNames, get, getRealName, checkIsDefined, isDefined, formatName, isAlias, notifyCfgUpdate, initialize".
biodb.DEBUG[2025-10-11 16:02:11.064][FUN] Trying to call function notifyCfgUpdate on observer BiodbConfig.
biodb.DEBUG[2025-10-11 16:02:11.065][FUN] Functions in observer BiodbConfig: [21]: ".__enclos_env__, clone, terminate, notifyNewObservers, define, getAssocEnvVar, listKeys, print, disable, enable, reset, set, get, isEnabled, isDefined, hasKey, getDefaultValue, getDescription, getTitle, getKeys, initialize".
biodb.DEBUG[2025-10-11 16:02:11.066][notifyObservers] Notify observers for notifyCfgUpdate.
biodb.DEBUG[2025-10-11 16:02:11.066][FUN] Trying to call function notifyCfgUpdate on observer BiodbEntryFields.
biodb.DEBUG[2025-10-11 16:02:11.067][FUN] Functions in observer BiodbEntryFields: [15]: ".__enclos_env__, clone, terminate, define, print, getDatabaseIdField, getFieldNames, get, getRealName, checkIsDefined, isDefined, formatName, isAlias, notifyCfgUpdate, initialize".
biodb.DEBUG[2025-10-11 16:02:11.068][FUN] Trying to call function notifyCfgUpdate on observer BiodbConfig.
biodb.DEBUG[2025-10-11 16:02:11.069][FUN] Functions in observer BiodbConfig: [21]: ".__enclos_env__, clone, terminate, notifyNewObservers, define, getAssocEnvVar, listKeys, print, disable, enable, reset, set, get, isEnabled, isDefined, hasKey, getDefaultValue, getDescription, getTitle, getKeys, initialize".
biodb.DEBUG[2025-10-11 16:02:11.069][notifyObservers] Notify observers for notifyCfgUpdate.
biodb.DEBUG[2025-10-11 16:02:11.070][FUN] Trying to call function notifyCfgUpdate on observer BiodbEntryFields.
biodb.DEBUG[2025-10-11 16:02:11.071][FUN] Functions in observer BiodbEntryFields: [15]: ".__enclos_env__, clone, terminate, define, print, getDatabaseIdField, getFieldNames, get, getRealName, checkIsDefined, isDefined, formatName, isAlias, notifyCfgUpdate, initialize".
biodb.DEBUG[2025-10-11 16:02:11.071][FUN] Trying to call function notifyCfgUpdate on observer BiodbConfig.
biodb.DEBUG[2025-10-11 16:02:11.072][FUN] Functions in observer BiodbConfig: [21]: ".__enclos_env__, clone, terminate, notifyNewObservers, define, getAssocEnvVar, listKeys, print, disable, enable, reset, set, get, isEnabled, isDefined, hasKey, getDefaultValue, getDescription, getTitle, getKeys, initialize".
biodb.DEBUG[2025-10-11 16:02:11.073][notifyObservers] Notify observers for notifyCfgUpdate.
biodb.DEBUG[2025-10-11 16:02:11.073][FUN] Trying to call function notifyCfgUpdate on observer BiodbEntryFields.
biodb.DEBUG[2025-10-11 16:02:11.074][FUN] Functions in observer BiodbEntryFields: [15]: ".__enclos_env__, clone, terminate, define, print, getDatabaseIdField, getFieldNames, get, getRealName, checkIsDefined, isDefined, formatName, isAlias, notifyCfgUpdate, initialize".
biodb.DEBUG[2025-10-11 16:02:11.075][FUN] Trying to call function notifyCfgUpdate on observer BiodbConfig.
biodb.DEBUG[2025-10-11 16:02:11.075][FUN] Functions in observer BiodbConfig: [21]: ".__enclos_env__, clone, terminate, notifyNewObservers, define, getAssocEnvVar, listKeys, print, disable, enable, reset, set, get, isEnabled, isDefined, hasKey, getDefaultValue, getDescription, getTitle, getKeys, initialize".
biodb.DEBUG[2025-10-11 16:02:11.076][notifyObservers] Notify observers for notifyCfgUpdate.
biodb.DEBUG[2025-10-11 16:02:11.077][FUN] Trying to call function notifyCfgUpdate on observer BiodbEntryFields.
biodb.DEBUG[2025-10-11 16:02:11.078][FUN] Functions in observer BiodbEntryFields: [15]: ".__enclos_env__, clone, terminate, define, print, getDatabaseIdField, getFieldNames, get, getRealName, checkIsDefined, isDefined, formatName, isAlias, notifyCfgUpdate, initialize".
biodb.DEBUG[2025-10-11 16:02:11.078][FUN] Trying to call function notifyCfgUpdate on observer BiodbConfig.
biodb.DEBUG[2025-10-11 16:02:11.079][FUN] Functions in observer BiodbConfig: [21]: ".__enclos_env__, clone, terminate, notifyNewObservers, define, getAssocEnvVar, listKeys, print, disable, enable, reset, set, get, isEnabled, isDefined, hasKey, getDefaultValue, getDescription, getTitle, getKeys, initialize".
biodb.DEBUG[2025-10-11 16:02:11.080][notifyObservers] Notify observers for notifyCfgUpdate.
biodb.DEBUG[2025-10-11 16:02:11.080][FUN] Trying to call function notifyCfgUpdate on observer BiodbEntryFields.
biodb.DEBUG[2025-10-11 16:02:11.081][FUN] Functions in observer BiodbEntryFields: [15]: ".__enclos_env__, clone, terminate, define, print, getDatabaseIdField, getFieldNames, get, getRealName, checkIsDefined, isDefined, formatName, isAlias, notifyCfgUpdate, initialize".
biodb.DEBUG[2025-10-11 16:02:11.082][FUN] Trying to call function notifyCfgUpdate on observer BiodbConfig.
biodb.DEBUG[2025-10-11 16:02:11.083][FUN] Functions in observer BiodbConfig: [21]: ".__enclos_env__, clone, terminate, notifyNewObservers, define, getAssocEnvVar, listKeys, print, disable, enable, reset, set, get, isEnabled, isDefined, hasKey, getDefaultValue, getDescription, getTitle, getKeys, initialize".
biodb.DEBUG[2025-10-11 16:02:11.083][notifyObservers] Notify observers for notifyCfgUpdate.
biodb.DEBUG[2025-10-11 16:02:11.084][FUN] Trying to call function notifyCfgUpdate on observer BiodbEntryFields.
biodb.DEBUG[2025-10-11 16:02:11.085][FUN] Functions in observer BiodbEntryFields: [15]: ".__enclos_env__, clone, terminate, define, print, getDatabaseIdField, getFieldNames, get, getRealName, checkIsDefined, isDefined, formatName, isAlias, notifyCfgUpdate, initialize".
biodb.DEBUG[2025-10-11 16:02:11.085][FUN] Trying to call function notifyCfgUpdate on observer BiodbConfig.
biodb.DEBUG[2025-10-11 16:02:11.086][FUN] Functions in observer BiodbConfig: [21]: ".__enclos_env__, clone, terminate, notifyNewObservers, define, getAssocEnvVar, listKeys, print, disable, enable, reset, set, get, isEnabled, isDefined, hasKey, getDefaultValue, getDescription, getTitle, getKeys, initialize".
biodb.DEBUG[2025-10-11 16:02:11.087][notifyObservers] Notify observers for notifyCfgUpdate.
biodb.DEBUG[2025-10-11 16:02:11.087][FUN] Trying to call function notifyCfgUpdate on observer BiodbEntryFields.
biodb.DEBUG[2025-10-11 16:02:11.088][FUN] Functions in observer BiodbEntryFields: [15]: ".__enclos_env__, clone, terminate, define, print, getDatabaseIdField, getFieldNames, get, getRealName, checkIsDefined, isDefined, formatName, isAlias, notifyCfgUpdate, initialize".
biodb.DEBUG[2025-10-11 16:02:11.089][FUN] Trying to call function notifyCfgUpdate on observer BiodbConfig.
biodb.DEBUG[2025-10-11 16:02:11.089][FUN] Functions in observer BiodbConfig: [21]: ".__enclos_env__, clone, terminate, notifyNewObservers, define, getAssocEnvVar, listKeys, print, disable, enable, reset, set, get, isEnabled, isDefined, hasKey, getDefaultValue, getDescription, getTitle, getKeys, initialize".
biodb.DEBUG[2025-10-11 16:02:11.090][notifyObservers] Notify observers for notifyCfgUpdate.
biodb.DEBUG[2025-10-11 16:02:11.091][FUN] Trying to call function notifyCfgUpdate on observer BiodbEntryFields.
biodb.DEBUG[2025-10-11 16:02:11.091][FUN] Functions in observer BiodbEntryFields: [15]: ".__enclos_env__, clone, terminate, define, print, getDatabaseIdField, getFieldNames, get, getRealName, checkIsDefined, isDefined, formatName, isAlias, notifyCfgUpdate, initialize".
biodb.DEBUG[2025-10-11 16:02:11.092][FUN] Trying to call function notifyCfgUpdate on observer BiodbConfig.
biodb.DEBUG[2025-10-11 16:02:11.093][FUN] Functions in observer BiodbConfig: [21]: ".__enclos_env__, clone, terminate, notifyNewObservers, define, getAssocEnvVar, listKeys, print, disable, enable, reset, set, get, isEnabled, isDefined, hasKey, getDefaultValue, getDescription, getTitle, getKeys, initialize".
biodb.DEBUG[2025-10-11 16:02:11.094][notifyObservers] Notify observers for notifyCfgUpdate.
biodb.DEBUG[2025-10-11 16:02:11.094][FUN] Trying to call function notifyCfgUpdate on observer BiodbEntryFields.
biodb.DEBUG[2025-10-11 16:02:11.095][FUN] Functions in observer BiodbEntryFields: [15]: ".__enclos_env__, clone, terminate, define, print, getDatabaseIdField, getFieldNames, get, getRealName, checkIsDefined, isDefined, formatName, isAlias, notifyCfgUpdate, initialize".
biodb.DEBUG[2025-10-11 16:02:11.096][FUN] Trying to call function notifyCfgUpdate on observer BiodbConfig.
biodb.DEBUG[2025-10-11 16:02:11.097][FUN] Functions in observer BiodbConfig: [21]: ".__enclos_env__, clone, terminate, notifyNewObservers, define, getAssocEnvVar, listKeys, print, disable, enable, reset, set, get, isEnabled, isDefined, hasKey, getDefaultValue, getDescription, getTitle, getKeys, initialize".
biodb.DEBUG[2025-10-11 16:02:11.097][notifyObservers] Notify observers for notifyCfgUpdate.
biodb.DEBUG[2025-10-11 16:02:11.098][FUN] Trying to call function notifyCfgUpdate on observer BiodbEntryFields.
biodb.DEBUG[2025-10-11 16:02:11.099][FUN] Functions in observer BiodbEntryFields: [15]: ".__enclos_env__, clone, terminate, define, print, getDatabaseIdField, getFieldNames, get, getRealName, checkIsDefined, isDefined, formatName, isAlias, notifyCfgUpdate, initialize".
biodb.DEBUG[2025-10-11 16:02:11.100][FUN] Trying to call function notifyCfgUpdate on observer BiodbConfig.
biodb.DEBUG[2025-10-11 16:02:11.101][FUN] Functions in observer BiodbConfig: [21]: ".__enclos_env__, clone, terminate, notifyNewObservers, define, getAssocEnvVar, listKeys, print, disable, enable, reset, set, get, isEnabled, isDefined, hasKey, getDefaultValue, getDescription, getTitle, getKeys, initialize".
biodb.DEBUG[2025-10-11 16:02:11.101][notifyObservers] Notify observers for notifyCfgUpdate.
biodb.DEBUG[2025-10-11 16:02:11.102][FUN] Trying to call function notifyCfgUpdate on observer BiodbEntryFields.
biodb.DEBUG[2025-10-11 16:02:11.103][FUN] Functions in observer BiodbEntryFields: [15]: ".__enclos_env__, clone, terminate, define, print, getDatabaseIdField, getFieldNames, get, getRealName, checkIsDefined, isDefined, formatName, isAlias, notifyCfgUpdate, initialize".
biodb.DEBUG[2025-10-11 16:02:11.103][FUN] Trying to call function notifyCfgUpdate on observer BiodbConfig.
biodb.DEBUG[2025-10-11 16:02:11.104][FUN] Functions in observer BiodbConfig: [21]: ".__enclos_env__, clone, terminate, notifyNewObservers, define, getAssocEnvVar, listKeys, print, disable, enable, reset, set, get, isEnabled, isDefined, hasKey, getDefaultValue, getDescription, getTitle, getKeys, initialize".
biodb.DEBUG[2025-10-11 16:02:11.105][notifyObservers] Notify observers for notifyCfgUpdate.
biodb.DEBUG[2025-10-11 16:02:11.106][FUN] Trying to call function notifyCfgUpdate on observer BiodbEntryFields.
biodb.DEBUG[2025-10-11 16:02:11.106][FUN] Functions in observer BiodbEntryFields: [15]: ".__enclos_env__, clone, terminate, define, print, getDatabaseIdField, getFieldNames, get, getRealName, checkIsDefined, isDefined, formatName, isAlias, notifyCfgUpdate, initialize".
biodb.DEBUG[2025-10-11 16:02:11.107][FUN] Trying to call function notifyCfgUpdate on observer BiodbConfig.
biodb.DEBUG[2025-10-11 16:02:11.108][FUN] Functions in observer BiodbConfig: [21]: ".__enclos_env__, clone, terminate, notifyNewObservers, define, getAssocEnvVar, listKeys, print, disable, enable, reset, set, get, isEnabled, isDefined, hasKey, getDefaultValue, getDescription, getTitle, getKeys, initialize".
biodb.DEBUG[2025-10-11 16:02:11.109][notifyObservers] Notify observers for notifyCfgUpdate.
biodb.DEBUG[2025-10-11 16:02:11.109][FUN] Trying to call function notifyCfgUpdate on observer BiodbEntryFields.
biodb.DEBUG[2025-10-11 16:02:11.110][FUN] Functions in observer BiodbEntryFields: [15]: ".__enclos_env__, clone, terminate, define, print, getDatabaseIdField, getFieldNames, get, getRealName, checkIsDefined, isDefined, formatName, isAlias, notifyCfgUpdate, initialize".
biodb.DEBUG[2025-10-11 16:02:11.111][FUN] Trying to call function notifyCfgUpdate on observer BiodbConfig.
biodb.DEBUG[2025-10-11 16:02:11.111][FUN] Functions in observer BiodbConfig: [21]: ".__enclos_env__, clone, terminate, notifyNewObservers, define, getAssocEnvVar, listKeys, print, disable, enable, reset, set, get, isEnabled, isDefined, hasKey, getDefaultValue, getDescription, getTitle, getKeys, initialize".
biodb.DEBUG[2025-10-11 16:02:11.112][notifyObservers] Notify observers for notifyCfgUpdate.
biodb.DEBUG[2025-10-11 16:02:11.113][FUN] Trying to call function notifyCfgUpdate on observer BiodbEntryFields.
biodb.DEBUG[2025-10-11 16:02:11.114][FUN] Functions in observer BiodbEntryFields: [15]: ".__enclos_env__, clone, terminate, define, print, getDatabaseIdField, getFieldNames, get, getRealName, checkIsDefined, isDefined, formatName, isAlias, notifyCfgUpdate, initialize".
biodb.DEBUG[2025-10-11 16:02:11.114][FUN] Trying to call function notifyCfgUpdate on observer BiodbConfig.
biodb.DEBUG[2025-10-11 16:02:11.115][FUN] Functions in observer BiodbConfig: [21]: ".__enclos_env__, clone, terminate, notifyNewObservers, define, getAssocEnvVar, listKeys, print, disable, enable, reset, set, get, isEnabled, isDefined, hasKey, getDefaultValue, getDescription, getTitle, getKeys, initialize".
biodb.DEBUG[2025-10-11 16:02:11.116][self$getEntryFields()$define] Define field accession.
biodb.DEBUG[2025-10-11 16:02:11.120][self$getEntryFields()$define] Define field description.
biodb.DEBUG[2025-10-11 16:02:11.121][self$getEntryFields()$define] Define field name.
biodb.DEBUG[2025-10-11 16:02:11.122][self$getEntryFields()$define] Define field cas.id.
biodb.DEBUG[2025-10-11 16:02:11.123][self$getEntryFields()$define] Define field chebi.id.
biodb.DEBUG[2025-10-11 16:02:11.124][self$getEntryFields()$define] Define field chemspider.id.
biodb.DEBUG[2025-10-11 16:02:11.129][self$getEntryFields()$define] Define field comp.csv.file.id.
biodb.DEBUG[2025-10-11 16:02:11.130][self$getEntryFields()$define] Define field comp.sqlite.id.
biodb.DEBUG[2025-10-11 16:02:11.131][self$getEntryFields()$define] Define field expasy.enzyme.id.
biodb.DEBUG[2025-10-11 16:02:11.132][self$getEntryFields()$define] Define field hmdb.metabolites.id.
biodb.DEBUG[2025-10-11 16:02:11.133][self$getEntryFields()$define] Define field kegg.compound.id.
biodb.DEBUG[2025-10-11 16:02:11.134][self$getEntryFields()$define] Define field kegg.genes.id.
biodb.DEBUG[2025-10-11 16:02:11.136][self$getEntryFields()$define] Define field mass.csv.file.id.
biodb.DEBUG[2025-10-11 16:02:11.137][self$getEntryFields()$define] Define field mass.sqlite.id.
biodb.DEBUG[2025-10-11 16:02:11.138][self$getEntryFields()$define] Define field ncbi.gene.id.
biodb.DEBUG[2025-10-11 16:02:11.139][self$getEntryFields()$define] Define field ncbi.pubchem.comp.id.
biodb.DEBUG[2025-10-11 16:02:11.140][self$getEntryFields()$define] Define field compound.id.
biodb.DEBUG[2025-10-11 16:02:11.141][self$getEntryFields()$define] Define field average.mass.
biodb.DEBUG[2025-10-11 16:02:11.142][self$getEntryFields()$define] Define field molecular.mass.
biodb.DEBUG[2025-10-11 16:02:11.143][self$getEntryFields()$define] Define field monoisotopic.mass.
biodb.DEBUG[2025-10-11 16:02:11.144][self$getEntryFields()$define] Define field nominal.mass.
biodb.DEBUG[2025-10-11 16:02:11.145][self$getEntryFields()$define] Define field peak.attr.
biodb.DEBUG[2025-10-11 16:02:11.146][self$getEntryFields()$define] Define field peak.comp.
biodb.DEBUG[2025-10-11 16:02:11.147][self$getEntryFields()$define] Define field peak.error.ppm.
biodb.DEBUG[2025-10-11 16:02:11.148][self$getEntryFields()$define] Define field peak.formula.
biodb.DEBUG[2025-10-11 16:02:11.150][self$getEntryFields()$define] Define field peak.intensity.
biodb.DEBUG[2025-10-11 16:02:11.151][self$getEntryFields()$define] Define field peak.mass.
biodb.DEBUG[2025-10-11 16:02:11.152][self$getEntryFields()$define] Define field peak.mztheo.
biodb.DEBUG[2025-10-11 16:02:11.153][self$getEntryFields()$define] Define field peak.mzexp.
biodb.DEBUG[2025-10-11 16:02:11.154][self$getEntryFields()$define] Define field peak.mz.
biodb.DEBUG[2025-10-11 16:02:11.155][self$getEntryFields()$define] Define field peak.relative.intensity.
biodb.DEBUG[2025-10-11 16:02:11.156][self$getEntryFields()$define] Define field peaks.
biodb.DEBUG[2025-10-11 16:02:11.157][self$getEntryFields()$define] Define field chrom.col.constructor.
biodb.DEBUG[2025-10-11 16:02:11.158][self$getEntryFields()$define] Define field chrom.col.diameter.
biodb.DEBUG[2025-10-11 16:02:11.159][self$getEntryFields()$define] Define field chrom.col.id.
biodb.DEBUG[2025-10-11 16:02:11.160][self$getEntryFields()$define] Define field chrom.col.length.
biodb.DEBUG[2025-10-11 16:02:11.161][self$getEntryFields()$define] Define field chrom.col.method.protocol.
biodb.DEBUG[2025-10-11 16:02:11.162][self$getEntryFields()$define] Define field chrom.col.name.
biodb.DEBUG[2025-10-11 16:02:11.164][self$getEntryFields()$define] Define field chrom.flow.gradient.
biodb.DEBUG[2025-10-11 16:02:11.165][self$getEntryFields()$define] Define field chrom.flow.rate.
biodb.DEBUG[2025-10-11 16:02:11.166][self$getEntryFields()$define] Define field chrom.rt.
biodb.DEBUG[2025-10-11 16:02:11.167][self$getEntryFields()$define] Define field chrom.rt.max.
biodb.DEBUG[2025-10-11 16:02:11.168][self$getEntryFields()$define] Define field chrom.rt.min.
biodb.DEBUG[2025-10-11 16:02:11.169][self$getEntryFields()$define] Define field chrom.rt.unit.
biodb.DEBUG[2025-10-11 16:02:11.170][self$getEntryFields()$define] Define field chrom.solvent.
biodb.DEBUG[2025-10-11 16:02:11.171][self$getEntryFields()$define] Define field aa.seq.
biodb.DEBUG[2025-10-11 16:02:11.172][self$getEntryFields()$define] Define field aa.seq.length.
biodb.DEBUG[2025-10-11 16:02:11.173][self$getEntryFields()$define] Define field aa.seq.location.
biodb.DEBUG[2025-10-11 16:02:11.175][self$getEntryFields()$define] Define field nt.seq.
biodb.DEBUG[2025-10-11 16:02:11.176][self$getEntryFields()$define] Define field nt.seq.length.
biodb.DEBUG[2025-10-11 16:02:11.177][self$getEntryFields()$define] Define field ec.
biodb.DEBUG[2025-10-11 16:02:11.178][self$getEntryFields()$define] Define field organism.
biodb.DEBUG[2025-10-11 16:02:11.179][self$getEntryFields()$define] Define field pathway.class.
biodb.DEBUG[2025-10-11 16:02:11.180][self$getEntryFields()$define] Define field catalytic.activity.
biodb.DEBUG[2025-10-11 16:02:11.181][self$getEntryFields()$define] Define field cofactor.
biodb.DEBUG[2025-10-11 16:02:11.183][self$getEntryFields()$define] Define field gene.symbol.
biodb.DEBUG[2025-10-11 16:02:11.184][self$getEntryFields()$define] Define field charge.
biodb.DEBUG[2025-10-11 16:02:11.185][self$getEntryFields()$define] Define field comp.iupac.name.allowed.
biodb.DEBUG[2025-10-11 16:02:11.186][self$getEntryFields()$define] Define field comp.iupac.name.cas.
biodb.DEBUG[2025-10-11 16:02:11.187][self$getEntryFields()$define] Define field comp.iupac.name.pref.
biodb.DEBUG[2025-10-11 16:02:11.189][self$getEntryFields()$define] Define field comp.iupac.name.syst.
biodb.DEBUG[2025-10-11 16:02:11.190][self$getEntryFields()$define] Define field comp.iupac.name.trad.
biodb.DEBUG[2025-10-11 16:02:11.191][self$getEntryFields()$define] Define field comp.super.class.
biodb.DEBUG[2025-10-11 16:02:11.192][self$getEntryFields()$define] Define field equation.
biodb.DEBUG[2025-10-11 16:02:11.193][self$getEntryFields()$define] Define field formula.
biodb.DEBUG[2025-10-11 16:02:11.194][self$getEntryFields()$define] Define field composition.
biodb.DEBUG[2025-10-11 16:02:11.196][self$getEntryFields()$define] Define field inchi.
biodb.DEBUG[2025-10-11 16:02:11.197][self$getEntryFields()$define] Define field inchikey.
biodb.DEBUG[2025-10-11 16:02:11.198][self$getEntryFields()$define] Define field logp.
biodb.DEBUG[2025-10-11 16:02:11.199][self$getEntryFields()$define] Define field ms.level.
biodb.DEBUG[2025-10-11 16:02:11.200][self$getEntryFields()$define] Define field ms.mode.
biodb.DEBUG[2025-10-11 16:02:11.201][self$getEntryFields()$define] Define field msdev.
biodb.DEBUG[2025-10-11 16:02:11.202][self$getEntryFields()$define] Define field msdevtype.
biodb.DEBUG[2025-10-11 16:02:11.203][self$getEntryFields()$define] Define field msprecannot.
biodb.DEBUG[2025-10-11 16:02:11.204][self$getEntryFields()$define] Define field msprecmz.
biodb.DEBUG[2025-10-11 16:02:11.205][self$getEntryFields()$define] Define field mstype.
biodb.DEBUG[2025-10-11 16:02:11.206][self$getEntryFields()$define] Define field nb.compounds.
biodb.DEBUG[2025-10-11 16:02:11.207][self$getEntryFields()$define] Define field nb.peaks.
biodb.DEBUG[2025-10-11 16:02:11.208][self$getEntryFields()$define] Define field products.
biodb.DEBUG[2025-10-11 16:02:11.210][self$getEntryFields()$define] Define field smiles.
biodb.DEBUG[2025-10-11 16:02:11.211][self$getEntryFields()$define] Define field smiles.canonical.
biodb.DEBUG[2025-10-11 16:02:11.212][self$getEntryFields()$define] Define field smiles.isomeric.
biodb.DEBUG[2025-10-11 16:02:11.213][self$getEntryFields()$define] Define field substrates.
biodb.DEBUG[2025-10-11 16:02:11.217][initialize] Created successfully new BiodbMain instance.
biodb.DEBUG[2025-10-11 16:02:11.218][initialize] This is biodb version 1.17.2.
biodb.DEBUG[2025-10-11 16:02:11.221][notifyObservers] Notify observers for notifyNewObservers.
biodb.DEBUG[2025-10-11 16:02:11.222][FUN] Trying to call function notifyNewObservers on observer BiodbEntryFields.
biodb.DEBUG[2025-10-11 16:02:11.222][FUN] Functions in observer BiodbEntryFields: [15]: ".__enclos_env__, clone, terminate, define, print, getDatabaseIdField, getFieldNames, get, getRealName, checkIsDefined, isDefined, formatName, isAlias, notifyCfgUpdate, initialize".
biodb.DEBUG[2025-10-11 16:02:11.223][FUN] Trying to call function notifyNewObservers on observer BiodbConfig.
biodb.DEBUG[2025-10-11 16:02:11.224][FUN] Functions in observer BiodbConfig: [21]: ".__enclos_env__, clone, terminate, notifyNewObservers, define, getAssocEnvVar, listKeys, print, disable, enable, reset, set, get, isEnabled, isDefined, hasKey, getDefaultValue, getDescription, getTitle, getKeys, initialize".
biodb.DEBUG[2025-10-11 16:02:11.227][notifyObservers] Notify observers for notifyCfgUpdate.
biodb.DEBUG[2025-10-11 16:02:11.228][FUN] Trying to call function notifyCfgUpdate on observer BiodbTestMsgAck.
biodb.DEBUG[2025-10-11 16:02:11.229][FUN] Functions in observer BiodbTestMsgAck: [4]: ".__enclos_env__, clone, notifyProgress, initialize".
biodb.DEBUG[2025-10-11 16:02:11.229][FUN] Trying to call function notifyCfgUpdate on observer BiodbEntryFields.
biodb.DEBUG[2025-10-11 16:02:11.230][FUN] Functions in observer BiodbEntryFields: [15]: ".__enclos_env__, clone, terminate, define, print, getDatabaseIdField, getFieldNames, get, getRealName, checkIsDefined, isDefined, formatName, isAlias, notifyCfgUpdate, initialize".
biodb.DEBUG[2025-10-11 16:02:11.231][FUN] Trying to call function notifyCfgUpdate on observer BiodbConfig.
biodb.DEBUG[2025-10-11 16:02:11.232][FUN] Functions in observer BiodbConfig: [21]: ".__enclos_env__, clone, terminate, notifyNewObservers, define, getAssocEnvVar, listKeys, print, disable, enable, reset, set, get, isEnabled, isDefined, hasKey, getDefaultValue, getDescription, getTitle, getKeys, initialize".
biodb.DEBUG[2025-10-11 16:02:11.232][notifyObservers] Notify observers for notifyCfgUpdate.
biodb.DEBUG[2025-10-11 16:02:11.233][FUN] Trying to call function notifyCfgUpdate on observer BiodbTestMsgAck.
biodb.DEBUG[2025-10-11 16:02:11.234][FUN] Functions in observer BiodbTestMsgAck: [4]: ".__enclos_env__, clone, notifyProgress, initialize".
biodb.DEBUG[2025-10-11 16:02:11.234][FUN] Trying to call function notifyCfgUpdate on observer BiodbEntryFields.
biodb.DEBUG[2025-10-11 16:02:11.235][FUN] Functions in observer BiodbEntryFields: [15]: ".__enclos_env__, clone, terminate, define, print, getDatabaseIdField, getFieldNames, get, getRealName, checkIsDefined, isDefined, formatName, isAlias, notifyCfgUpdate, initialize".
biodb.DEBUG[2025-10-11 16:02:11.236][FUN] Trying to call function notifyCfgUpdate on observer BiodbConfig.
biodb.DEBUG[2025-10-11 16:02:11.236][FUN] Functions in observer BiodbConfig: [21]: ".__enclos_env__, clone, terminate, notifyNewObservers, define, getAssocEnvVar, listKeys, print, disable, enable, reset, set, get, isEnabled, isDefined, hasKey, getDefaultValue, getDescription, getTitle, getKeys, initialize".
biodb.DEBUG[2025-10-11 16:02:11.237][notifyObservers] Notify observers for notifyCfgUpdate.
biodb.DEBUG[2025-10-11 16:02:11.238][FUN] Trying to call function notifyCfgUpdate on observer BiodbTestMsgAck.
biodb.DEBUG[2025-10-11 16:02:11.239][FUN] Functions in observer BiodbTestMsgAck: [4]: ".__enclos_env__, clone, notifyProgress, initialize".
biodb.DEBUG[2025-10-11 16:02:11.239][FUN] Trying to call function notifyCfgUpdate on observer BiodbEntryFields.
biodb.DEBUG[2025-10-11 16:02:11.240][FUN] Functions in observer BiodbEntryFields: [15]: ".__enclos_env__, clone, terminate, define, print, getDatabaseIdField, getFieldNames, get, getRealName, checkIsDefined, isDefined, formatName, isAlias, notifyCfgUpdate, initialize".
biodb.DEBUG[2025-10-11 16:02:11.241][FUN] Trying to call function notifyCfgUpdate on observer BiodbConfig.
biodb.DEBUG[2025-10-11 16:02:11.241][FUN] Functions in observer BiodbConfig: [21]: ".__enclos_env__, clone, terminate, notifyNewObservers, define, getAssocEnvVar, listKeys, print, disable, enable, reset, set, get, isEnabled, isDefined, hasKey, getDefaultValue, getDescription, getTitle, getKeys, initialize".
biodb.DEBUG[2025-10-11 16:02:11.242][notifyObservers] Notify observers for notifyCfgUpdate.
biodb.DEBUG[2025-10-11 16:02:11.243][FUN] Trying to call function notifyCfgUpdate on observer BiodbTestMsgAck.
biodb.DEBUG[2025-10-11 16:02:11.243][FUN] Functions in observer BiodbTestMsgAck: [4]: ".__enclos_env__, clone, notifyProgress, initialize".
biodb.DEBUG[2025-10-11 16:02:11.244][FUN] Trying to call function notifyCfgUpdate on observer BiodbEntryFields.
biodb.DEBUG[2025-10-11 16:02:11.245][FUN] Functions in observer BiodbEntryFields: [15]: ".__enclos_env__, clone, terminate, define, print, getDatabaseIdField, getFieldNames, get, getRealName, checkIsDefined, isDefined, formatName, isAlias, notifyCfgUpdate, initialize".
biodb.DEBUG[2025-10-11 16:02:11.246][FUN] Trying to call function notifyCfgUpdate on observer BiodbConfig.
biodb.DEBUG[2025-10-11 16:02:11.246][FUN] Functions in observer BiodbConfig: [21]: ".__enclos_env__, clone, terminate, notifyNewObservers, define, getAssocEnvVar, listKeys, print, disable, enable, reset, set, get, isEnabled, isDefined, hasKey, getDefaultValue, getDescription, getTitle, getKeys, initialize".
biodb.DEBUG[2025-10-11 16:02:11.247][notifyObservers] Notify observers for notifyCfgUpdate.
biodb.DEBUG[2025-10-11 16:02:11.248][FUN] Trying to call function notifyCfgUpdate on observer BiodbTestMsgAck.
biodb.DEBUG[2025-10-11 16:02:11.249][FUN] Functions in observer BiodbTestMsgAck: [4]: ".__enclos_env__, clone, notifyProgress, initialize".
biodb.DEBUG[2025-10-11 16:02:11.249][FUN] Trying to call function notifyCfgUpdate on observer BiodbEntryFields.
biodb.DEBUG[2025-10-11 16:02:11.250][FUN] Functions in observer BiodbEntryFields: [15]: ".__enclos_env__, clone, terminate, define, print, getDatabaseIdField, getFieldNames, get, getRealName, checkIsDefined, isDefined, formatName, isAlias, notifyCfgUpdate, initialize".
biodb.DEBUG[2025-10-11 16:02:11.251][FUN] Trying to call function notifyCfgUpdate on observer BiodbConfig.
biodb.DEBUG[2025-10-11 16:02:11.251][FUN] Functions in observer BiodbConfig: [21]: ".__enclos_env__, clone, terminate, notifyNewObservers, define, getAssocEnvVar, listKeys, print, disable, enable, reset, set, get, isEnabled, isDefined, hasKey, getDefaultValue, getDescription, getTitle, getKeys, initialize".
biodb.DEBUG[2025-10-11 16:02:11.256][notifyObservers] Notify observers for notifyCfgUpdate.
biodb.DEBUG[2025-10-11 16:02:11.257][FUN] Trying to call function notifyCfgUpdate on observer BiodbTestMsgAck.
biodb.DEBUG[2025-10-11 16:02:11.258][FUN] Functions in observer BiodbTestMsgAck: [4]: ".__enclos_env__, clone, notifyProgress, initialize".
biodb.DEBUG[2025-10-11 16:02:11.258][FUN] Trying to call function notifyCfgUpdate on observer BiodbEntryFields.
biodb.DEBUG[2025-10-11 16:02:11.259][FUN] Functions in observer BiodbEntryFields: [15]: ".__enclos_env__, clone, terminate, define, print, getDatabaseIdField, getFieldNames, get, getRealName, checkIsDefined, isDefined, formatName, isAlias, notifyCfgUpdate, initialize".
biodb.DEBUG[2025-10-11 16:02:11.260][FUN] Trying to call function notifyCfgUpdate on observer BiodbConfig.
biodb.DEBUG[2025-10-11 16:02:11.260][FUN] Functions in observer BiodbConfig: [21]: ".__enclos_env__, clone, terminate, notifyNewObservers, define, getAssocEnvVar, listKeys, print, disable, enable, reset, set, get, isEnabled, isDefined, hasKey, getDefaultValue, getDescription, getTitle, getKeys, initialize".
biodb.DEBUG[2025-10-11 16:02:11.261][notifyObservers] Notify observers for notifyCfgUpdate.
biodb.DEBUG[2025-10-11 16:02:11.261][FUN] Trying to call function notifyCfgUpdate on observer BiodbTestMsgAck.
biodb.DEBUG[2025-10-11 16:02:11.262][FUN] Functions in observer BiodbTestMsgAck: [4]: ".__enclos_env__, clone, notifyProgress, initialize".
biodb.DEBUG[2025-10-11 16:02:11.263][FUN] Trying to call function notifyCfgUpdate on observer BiodbEntryFields.
biodb.DEBUG[2025-10-11 16:02:11.263][FUN] Functions in observer BiodbEntryFields: [15]: ".__enclos_env__, clone, terminate, define, print, getDatabaseIdField, getFieldNames, get, getRealName, checkIsDefined, isDefined, formatName, isAlias, notifyCfgUpdate, initialize".
biodb.DEBUG[2025-10-11 16:02:11.264][FUN] Trying to call function notifyCfgUpdate on observer BiodbConfig.
biodb.DEBUG[2025-10-11 16:02:11.265][FUN] Functions in observer BiodbConfig: [21]: ".__enclos_env__, clone, terminate, notifyNewObservers, define, getAssocEnvVar, listKeys, print, disable, enable, reset, set, get, isEnabled, isDefined, hasKey, getDefaultValue, getDescription, getTitle, getKeys, initialize".
biodb.DEBUG[2025-10-11 16:02:11.265][notifyObservers] Notify observers for notifyCfgUpdate.
biodb.DEBUG[2025-10-11 16:02:11.266][FUN] Trying to call function notifyCfgUpdate on observer BiodbTestMsgAck.
biodb.DEBUG[2025-10-11 16:02:11.267][FUN] Functions in observer BiodbTestMsgAck: [4]: ".__enclos_env__, clone, notifyProgress, initialize".
biodb.DEBUG[2025-10-11 16:02:11.268][FUN] Trying to call function notifyCfgUpdate on observer BiodbEntryFields.
biodb.DEBUG[2025-10-11 16:02:11.268][FUN] Functions in observer BiodbEntryFields: [15]: ".__enclos_env__, clone, terminate, define, print, getDatabaseIdField, getFieldNames, get, getRealName, checkIsDefined, isDefined, formatName, isAlias, notifyCfgUpdate, initialize".
biodb.DEBUG[2025-10-11 16:02:11.269][FUN] Trying to call function notifyCfgUpdate on observer BiodbConfig.
biodb.DEBUG[2025-10-11 16:02:11.270][FUN] Functions in observer BiodbConfig: [21]: ".__enclos_env__, clone, terminate, notifyNewObservers, define, getAssocEnvVar, listKeys, print, disable, enable, reset, set, get, isEnabled, isDefined, hasKey, getDefaultValue, getDescription, getTitle, getKeys, initialize".
biodb.DEBUG[2025-10-11 16:02:11.271][notifyObservers] Notify observers for notifyCfgUpdate.
biodb.DEBUG[2025-10-11 16:02:11.271][FUN] Trying to call function notifyCfgUpdate on observer BiodbTestMsgAck.
biodb.DEBUG[2025-10-11 16:02:11.272][FUN] Functions in observer BiodbTestMsgAck: [4]: ".__enclos_env__, clone, notifyProgress, initialize".
biodb.DEBUG[2025-10-11 16:02:11.273][FUN] Trying to call function notifyCfgUpdate on observer BiodbEntryFields.
biodb.DEBUG[2025-10-11 16:02:11.273][FUN] Functions in observer BiodbEntryFields: [15]: ".__enclos_env__, clone, terminate, define, print, getDatabaseIdField, getFieldNames, get, getRealName, checkIsDefined, isDefined, formatName, isAlias, notifyCfgUpdate, initialize".
biodb.DEBUG[2025-10-11 16:02:11.274][FUN] Trying to call function notifyCfgUpdate on observer BiodbConfig.
biodb.DEBUG[2025-10-11 16:02:11.275][FUN] Functions in observer BiodbConfig: [21]: ".__enclos_env__, clone, terminate, notifyNewObservers, define, getAssocEnvVar, listKeys, print, disable, enable, reset, set, get, isEnabled, isDefined, hasKey, getDefaultValue, getDescription, getTitle, getKeys, initialize".
biodb.DEBUG[2025-10-11 16:02:11.276][notifyObservers] Notify observers for notifyCfgUpdate.
biodb.DEBUG[2025-10-11 16:02:11.276][FUN] Trying to call function notifyCfgUpdate on observer BiodbTestMsgAck.
biodb.DEBUG[2025-10-11 16:02:11.277][FUN] Functions in observer BiodbTestMsgAck: [4]: ".__enclos_env__, clone, notifyProgress, initialize".
biodb.DEBUG[2025-10-11 16:02:11.278][FUN] Trying to call function notifyCfgUpdate on observer BiodbEntryFields.
biodb.DEBUG[2025-10-11 16:02:11.279][FUN] Functions in observer BiodbEntryFields: [15]: ".__enclos_env__, clone, terminate, define, print, getDatabaseIdField, getFieldNames, get, getRealName, checkIsDefined, isDefined, formatName, isAlias, notifyCfgUpdate, initialize".
biodb.DEBUG[2025-10-11 16:02:11.279][FUN] Trying to call function notifyCfgUpdate on observer BiodbConfig.
biodb.DEBUG[2025-10-11 16:02:11.280][FUN] Functions in observer BiodbConfig: [21]: ".__enclos_env__, clone, terminate, notifyNewObservers, define, getAssocEnvVar, listKeys, print, disable, enable, reset, set, get, isEnabled, isDefined, hasKey, getDefaultValue, getDescription, getTitle, getKeys, initialize".
biodb.DEBUG[2025-10-11 16:02:11.281][notifyObservers] Notify observers for notifyCfgUpdate.
biodb.DEBUG[2025-10-11 16:02:11.282][FUN] Trying to call function notifyCfgUpdate on observer BiodbTestMsgAck.
biodb.DEBUG[2025-10-11 16:02:11.282][FUN] Functions in observer BiodbTestMsgAck: [4]: ".__enclos_env__, clone, notifyProgress, initialize".
biodb.DEBUG[2025-10-11 16:02:11.283][FUN] Trying to call function notifyCfgUpdate on observer BiodbEntryFields.
biodb.DEBUG[2025-10-11 16:02:11.284][FUN] Functions in observer BiodbEntryFields: [15]: ".__enclos_env__, clone, terminate, define, print, getDatabaseIdField, getFieldNames, get, getRealName, checkIsDefined, isDefined, formatName, isAlias, notifyCfgUpdate, initialize".
biodb.DEBUG[2025-10-11 16:02:11.284][FUN] Trying to call function notifyCfgUpdate on observer BiodbConfig.
biodb.DEBUG[2025-10-11 16:02:11.285][FUN] Functions in observer BiodbConfig: [21]: ".__enclos_env__, clone, terminate, notifyNewObservers, define, getAssocEnvVar, listKeys, print, disable, enable, reset, set, get, isEnabled, isDefined, hasKey, getDefaultValue, getDescription, getTitle, getKeys, initialize".
biodb.DEBUG[2025-10-11 16:02:11.286][notifyObservers] Notify observers for notifyCfgUpdate.
biodb.DEBUG[2025-10-11 16:02:11.286][FUN] Trying to call function notifyCfgUpdate on observer BiodbTestMsgAck.
biodb.DEBUG[2025-10-11 16:02:11.287][FUN] Functions in observer BiodbTestMsgAck: [4]: ".__enclos_env__, clone, notifyProgress, initialize".
biodb.DEBUG[2025-10-11 16:02:11.288][FUN] Trying to call function notifyCfgUpdate on observer BiodbEntryFields.
biodb.DEBUG[2025-10-11 16:02:11.289][FUN] Functions in observer BiodbEntryFields: [15]: ".__enclos_env__, clone, terminate, define, print, getDatabaseIdField, getFieldNames, get, getRealName, checkIsDefined, isDefined, formatName, isAlias, notifyCfgUpdate, initialize".
biodb.DEBUG[2025-10-11 16:02:11.289][FUN] Trying to call function notifyCfgUpdate on observer BiodbConfig.
biodb.DEBUG[2025-10-11 16:02:11.290][FUN] Functions in observer BiodbConfig: [21]: ".__enclos_env__, clone, terminate, notifyNewObservers, define, getAssocEnvVar, listKeys, print, disable, enable, reset, set, get, isEnabled, isDefined, hasKey, getDefaultValue, getDescription, getTitle, getKeys, initialize".
biodb.DEBUG[2025-10-11 16:02:11.291][notifyObservers] Notify observers for notifyCfgUpdate.
biodb.DEBUG[2025-10-11 16:02:11.291][FUN] Trying to call function notifyCfgUpdate on observer BiodbTestMsgAck.
biodb.DEBUG[2025-10-11 16:02:11.292][FUN] Functions in observer BiodbTestMsgAck: [4]: ".__enclos_env__, clone, notifyProgress, initialize".
biodb.DEBUG[2025-10-11 16:02:11.293][FUN] Trying to call function notifyCfgUpdate on observer BiodbEntryFields.
biodb.DEBUG[2025-10-11 16:02:11.293][FUN] Functions in observer BiodbEntryFields: [15]: ".__enclos_env__, clone, terminate, define, print, getDatabaseIdField, getFieldNames, get, getRealName, checkIsDefined, isDefined, formatName, isAlias, notifyCfgUpdate, initialize".
biodb.DEBUG[2025-10-11 16:02:11.294][FUN] Trying to call function notifyCfgUpdate on observer BiodbConfig.
biodb.DEBUG[2025-10-11 16:02:11.295][FUN] Functions in observer BiodbConfig: [21]: ".__enclos_env__, clone, terminate, notifyNewObservers, define, getAssocEnvVar, listKeys, print, disable, enable, reset, set, get, isEnabled, isDefined, hasKey, getDefaultValue, getDescription, getTitle, getKeys, initialize".
biodb.DEBUG[2025-10-11 16:02:11.296][notifyObservers] Notify observers for notifyCfgUpdate.
biodb.DEBUG[2025-10-11 16:02:11.296][FUN] Trying to call function notifyCfgUpdate on observer BiodbTestMsgAck.
biodb.DEBUG[2025-10-11 16:02:11.297][FUN] Functions in observer BiodbTestMsgAck: [4]: ".__enclos_env__, clone, notifyProgress, initialize".
biodb.DEBUG[2025-10-11 16:02:11.298][FUN] Trying to call function notifyCfgUpdate on observer BiodbEntryFields.
biodb.DEBUG[2025-10-11 16:02:11.299][FUN] Functions in observer BiodbEntryFields: [15]: ".__enclos_env__, clone, terminate, define, print, getDatabaseIdField, getFieldNames, get, getRealName, checkIsDefined, isDefined, formatName, isAlias, notifyCfgUpdate, initialize".
biodb.DEBUG[2025-10-11 16:02:11.299][FUN] Trying to call function notifyCfgUpdate on observer BiodbConfig.
biodb.DEBUG[2025-10-11 16:02:11.300][FUN] Functions in observer BiodbConfig: [21]: ".__enclos_env__, clone, terminate, notifyNewObservers, define, getAssocEnvVar, listKeys, print, disable, enable, reset, set, get, isEnabled, isDefined, hasKey, getDefaultValue, getDescription, getTitle, getKeys, initialize".
biodb.DEBUG[2025-10-11 16:02:11.301][notifyObservers] Notify observers for notifyCfgUpdate.
biodb.DEBUG[2025-10-11 16:02:11.301][FUN] Trying to call function notifyCfgUpdate on observer BiodbTestMsgAck.
biodb.DEBUG[2025-10-11 16:02:11.302][FUN] Functions in observer BiodbTestMsgAck: [4]: ".__enclos_env__, clone, notifyProgress, initialize".
biodb.DEBUG[2025-10-11 16:02:11.303][FUN] Trying to call function notifyCfgUpdate on observer BiodbEntryFields.
biodb.DEBUG[2025-10-11 16:02:11.304][FUN] Functions in observer BiodbEntryFields: [15]: ".__enclos_env__, clone, terminate, define, print, getDatabaseIdField, getFieldNames, get, getRealName, checkIsDefined, isDefined, formatName, isAlias, notifyCfgUpdate, initialize".
biodb.DEBUG[2025-10-11 16:02:11.304][FUN] Trying to call function notifyCfgUpdate on observer BiodbConfig.
biodb.DEBUG[2025-10-11 16:02:11.305][FUN] Functions in observer BiodbConfig: [21]: ".__enclos_env__, clone, terminate, notifyNewObservers, define, getAssocEnvVar, listKeys, print, disable, enable, reset, set, get, isEnabled, isDefined, hasKey, getDefaultValue, getDescription, getTitle, getKeys, initialize".
biodb.DEBUG[2025-10-11 16:02:11.306][notifyObservers] Notify observers for notifyCfgUpdate.
biodb.DEBUG[2025-10-11 16:02:11.306][FUN] Trying to call function notifyCfgUpdate on observer BiodbTestMsgAck.
biodb.DEBUG[2025-10-11 16:02:11.307][FUN] Functions in observer BiodbTestMsgAck: [4]: ".__enclos_env__, clone, notifyProgress, initialize".
biodb.DEBUG[2025-10-11 16:02:11.308][FUN] Trying to call function notifyCfgUpdate on observer BiodbEntryFields.
biodb.DEBUG[2025-10-11 16:02:11.309][FUN] Functions in observer BiodbEntryFields: [15]: ".__enclos_env__, clone, terminate, define, print, getDatabaseIdField, getFieldNames, get, getRealName, checkIsDefined, isDefined, formatName, isAlias, notifyCfgUpdate, initialize".
biodb.DEBUG[2025-10-11 16:02:11.309][FUN] Trying to call function notifyCfgUpdate on observer BiodbConfig.
biodb.DEBUG[2025-10-11 16:02:11.310][FUN] Functions in observer BiodbConfig: [21]: ".__enclos_env__, clone, terminate, notifyNewObservers, define, getAssocEnvVar, listKeys, print, disable, enable, reset, set, get, isEnabled, isDefined, hasKey, getDefaultValue, getDescription, getTitle, getKeys, initialize".
biodb.WARN [2025-10-11 16:02:11.311][private$checkKey] Key persistent.cache.impl is deprecated. Persistent cache is now handled by the fscache CRAN package. This field is now useless.
biodb.WARN [2025-10-11 16:02:11.318][private$checkKey] Key persistent.cache.impl is deprecated. Persistent cache is now handled by the fscache CRAN package. This field is now useless.
biodb.DEBUG[2025-10-11 16:02:11.329][biodb$getConfig()$set] Set key persistent.cache.impl to "custom".
biodb.DEBUG[2025-10-11 16:02:11.330][notifyObservers] Notify observers for notifyCfgUpdate.
biodb.DEBUG[2025-10-11 16:02:11.331][FUN] Trying to call function notifyCfgUpdate on observer BiodbTestMsgAck.
biodb.DEBUG[2025-10-11 16:02:11.331][FUN] Functions in observer BiodbTestMsgAck: [4]: ".__enclos_env__, clone, notifyProgress, initialize".
biodb.DEBUG[2025-10-11 16:02:11.332][FUN] Trying to call function notifyCfgUpdate on observer BiodbEntryFields.
biodb.DEBUG[2025-10-11 16:02:11.333][FUN] Functions in observer BiodbEntryFields: [15]: ".__enclos_env__, clone, terminate, define, print, getDatabaseIdField, getFieldNames, get, getRealName, checkIsDefined, isDefined, formatName, isAlias, notifyCfgUpdate, initialize".
biodb.DEBUG[2025-10-11 16:02:11.333][FUN] Trying to call function notifyCfgUpdate on observer BiodbConfig.
biodb.DEBUG[2025-10-11 16:02:11.334][FUN] Functions in observer BiodbConfig: [21]: ".__enclos_env__, clone, terminate, notifyNewObservers, define, getAssocEnvVar, listKeys, print, disable, enable, reset, set, get, isEnabled, isDefined, hasKey, getDefaultValue, getDescription, getTitle, getKeys, initialize".
biodb.DEBUG[2025-10-11 16:02:11.336][biodb$loadDefinitions] Load definitions from file "/Users/biocbuild/bbs-3.22-bioc-longtests/meat/biodbHmdb.Rcheck/biodbHmdb/definitions.yml".
biodb.DEBUG[2025-10-11 16:02:11.343][self$getDbsInfo()$define] Define connector hmdb.metabolites.
biodb.DEBUG[2025-10-11 16:02:11.344][self$setPropertyValue] Setting property "compound.db" to "TRUE".
biodb.DEBUG[2025-10-11 16:02:11.345][self$setPropertyValue] Setting property "description" to "NA".
biodb.DEBUG[2025-10-11 16:02:11.346][self$setPropertyValue] Setting property "disabled" to "FALSE".
biodb.DEBUG[2025-10-11 16:02:11.346][self$setPropertyValue] Setting property "disabling.reason" to "".
biodb.DEBUG[2025-10-11 16:02:11.347][self$setPropertyValue] Setting property "downloadable" to "TRUE".
biodb.DEBUG[2025-10-11 16:02:11.348][self$setPropertyValue] Setting property "dwnld.ext" to "zip".
biodb.DEBUG[2025-10-11 16:02:11.349][self$setPropertyValue] Setting property "editable" to "FALSE".
biodb.DEBUG[2025-10-11 16:02:11.349][self$setPropertyValue] Setting property "entry.content.encoding" to "NA".
biodb.DEBUG[2025-10-11 16:02:11.350][self$setPropertyValue] Setting property "entry.content.type" to "xml".
biodb.DEBUG[2025-10-11 16:02:11.351][self$setPropertyValue] Setting property "matching.fields" to "c("peak.mztheo", "peak.mzexp")".
biodb.DEBUG[2025-10-11 16:02:11.352][self$setPropertyValue] Setting property "mass.db" to "FALSE".
biodb.DEBUG[2025-10-11 16:02:11.352][self$setPropertyValue] Setting property "name" to "HMDB Metabolites".
biodb.DEBUG[2025-10-11 16:02:11.353][self$setPropertyValue] Setting property "package" to "biodb".
biodb.DEBUG[2025-10-11 16:02:11.354][self$setPropertyValue] Setting property "parsing.expr" to "/metabolite/accession".
biodb.DEBUG[2025-10-11 16:02:11.354][self$setPropertyValue] Setting property "parsing.expr" to "/metabolite/secondary_accessions/accession".
biodb.DEBUG[2025-10-11 16:02:11.354][self$setPropertyValue] Setting property "parsing.expr" to "//average_molecular_weight".
biodb.DEBUG[2025-10-11 16:02:11.354][self$setPropertyValue] Setting property "parsing.expr" to "//cas_registry_number".
biodb.DEBUG[2025-10-11 16:02:11.354][self$setPropertyValue] Setting property "parsing.expr" to "//chebi_id".
biodb.DEBUG[2025-10-11 16:02:11.354][self$setPropertyValue] Setting property "parsing.expr" to "//chemspider_id".
biodb.DEBUG[2025-10-11 16:02:11.354][self$setPropertyValue] Setting property "parsing.expr" to "//kegg_id".
biodb.DEBUG[2025-10-11 16:02:11.354][self$setPropertyValue] Setting property "parsing.expr" to "//pubchem_compound_id".
biodb.DEBUG[2025-10-11 16:02:11.354][self$setPropertyValue] Setting property "parsing.expr" to "//iupac_name".
biodb.DEBUG[2025-10-11 16:02:11.354][self$setPropertyValue] Setting property "parsing.expr" to "//traditional_iupac".
biodb.DEBUG[2025-10-11 16:02:11.354][self$setPropertyValue] Setting property "parsing.expr" to "/metabolite/chemical_formula".
biodb.DEBUG[2025-10-11 16:02:11.354][self$setPropertyValue] Setting property "parsing.expr" to "//inchi".
biodb.DEBUG[2025-10-11 16:02:11.354][self$setPropertyValue] Setting property "parsing.expr" to "//inchikey".
biodb.DEBUG[2025-10-11 16:02:11.354][self$setPropertyValue] Setting property "parsing.expr" to "//monisotopic_molecular_weight".
biodb.DEBUG[2025-10-11 16:02:11.354][self$setPropertyValue] Setting property "parsing.expr" to "/metabolite/name".
biodb.DEBUG[2025-10-11 16:02:11.354][self$setPropertyValue] Setting property "parsing.expr" to "/metabolite/description".
biodb.DEBUG[2025-10-11 16:02:11.354][self$setPropertyValue] Setting property "parsing.expr" to "//smiles".
biodb.DEBUG[2025-10-11 16:02:11.354][self$setPropertyValue] Setting property "parsing.expr" to "//super_class".
biodb.DEBUG[2025-10-11 16:02:11.355][self$setPropertyValue] Setting property "remote" to "TRUE".
biodb.DEBUG[2025-10-11 16:02:11.356][self$setPropertyValue] Setting property "searchable.fields" to "name".
biodb.DEBUG[2025-10-11 16:02:11.356][self$setPropertyValue] Setting property "searchable.fields" to "description".
biodb.DEBUG[2025-10-11 16:02:11.356][self$setPropertyValue] Setting property "searchable.fields" to "secondary.accessions".
biodb.DEBUG[2025-10-11 16:02:11.356][self$setPropertyValue] Setting property "scheduler.n" to "3".
biodb.DEBUG[2025-10-11 16:02:11.357][self$setPropertyValue] Notifying observers about frequency change.
biodb.DEBUG[2025-10-11 16:02:11.358][notifyObservers] Notify observers for notifyConnSchedulerFrequencyUpdated.
biodb.DEBUG[2025-10-11 16:02:11.359][self$setPropertyValue] Setting property "scheduler.t" to "1".
biodb.DEBUG[2025-10-11 16:02:11.359][self$setPropertyValue] Notifying observers about frequency change.
biodb.DEBUG[2025-10-11 16:02:11.360][notifyObservers] Notify observers for notifyConnSchedulerFrequencyUpdated.
biodb.DEBUG[2025-10-11 16:02:11.361][self$setPropertyValue] Setting property "token" to "NA".
biodb.DEBUG[2025-10-11 16:02:11.361][self$setPropertyValue] Setting property "urls" to "http://www.hmdb.ca/".
biodb.DEBUG[2025-10-11 16:02:11.361][self$setPropertyValue] Setting property "urls" to "http://www.hmdb.ca/system/downloads/current/hmdb_metabolites.zip".
biodb.DEBUG[2025-10-11 16:02:11.362][self$setPropertyValue] Notifying observers about URLs change.
biodb.DEBUG[2025-10-11 16:02:11.363][notifyObservers] Notify observers for notifyConnUrlsUpdated.
biodb.DEBUG[2025-10-11 16:02:11.364][self$setPropertyValue] Setting property "writable" to "FALSE".
biodb.DEBUG[2025-10-11 16:02:11.365][self$setPropertyValue] Setting property "xml.ns" to "<NULL>".
biodb.DEBUG[2025-10-11 16:02:11.369][self$getEntryFields()$define] Define field secondary_accessions.
biodb.DEBUG[2025-10-11 16:02:11.370][self$getEntryFields()$define] Define field chemspider.id.
biodb.DEBUG[2025-10-11 16:02:11.371][self$getEntryFields()$define] Define field hmdb.metabolites.id.
biodb.DEBUG[2025-10-11 16:02:11.372][self$getEntryFields()$define] Define field kegg.compound.id.
biodb.DEBUG[2025-10-11 16:02:11.374][self$getEntryFields()$define] Define field ncbi.pubchem.comp.id.
biodb.DEBUG[2025-10-11 16:02:11.396][initialize] Initialize connector hmdb.metabolites.
biodb.DEBUG[2025-10-11 16:02:11.409][biodb$getFactory()$createConn] Creating new connector hmdb.metabolites for database class hmdb.metabolites .
biodb.INFO [2025-10-11 16:02:11.417][biodb::testThat]
biodb.INFO [2025-10-11 16:02:11.418][biodb::testThat] Running test function  test.entry.fields  (" Entry fields have a correct value ").
biodb.INFO [2025-10-11 16:02:11.418][biodb::testThat] --------------------------------------------------------------------------------
biodb.INFO [2025-10-11 16:02:11.419][biodb::testThat]
biodb.TRACE[2025-10-11 16:02:11.423][loadFileContents] Loaded 1 files from cache: [1]: "/Users/biocbuild/bbs-3.22-bioc-longtests/meat/biodbHmdb.Rcheck/biodbHmdb/testref/entry-hmdb.metabolites-HMDB0000001-content.xml".
biodb.DEBUG[2025-10-11 16:02:11.424][biodb$getFactory()$createEntryFromCo ...] Creating HMDB Metabolites entries from 1 content(s).
biodb.DEBUG[2025-10-11 16:02:11.427][biodb$getFactory()$createEntryFromCo ...] Parsing 1 HMDB Metabolites entries.
biodb.DEBUG[2025-10-11 16:02:11.434][notifyObservers] Notify observers for notifyProgress.
biodb.DEBUG[2025-10-11 16:02:11.435][FUN] Trying to call function notifyProgress on observer BiodbTestMsgAck.
biodb.DEBUG[2025-10-11 16:02:11.436][FUN] Functions in observer BiodbTestMsgAck: [4]: ".__enclos_env__, clone, notifyProgress, initialize".
biodb.DEBUG[2025-10-11 16:02:11.447][FUN] Trying to call function notifyProgress on observer BiodbEntryFields.
biodb.DEBUG[2025-10-11 16:02:11.448][FUN] Functions in observer BiodbEntryFields: [15]: ".__enclos_env__, clone, terminate, define, print, getDatabaseIdField, getFieldNames, get, getRealName, checkIsDefined, isDefined, formatName, isAlias, notifyCfgUpdate, initialize".
biodb.DEBUG[2025-10-11 16:02:11.449][FUN] Trying to call function notifyProgress on observer BiodbConfig.
biodb.DEBUG[2025-10-11 16:02:11.450][FUN] Functions in observer BiodbConfig: [21]: ".__enclos_env__, clone, terminate, notifyNewObservers, define, getAssocEnvVar, listKeys, print, disable, enable, reset, set, get, isEnabled, isDefined, hasKey, getDefaultValue, getDescription, getTitle, getKeys, initialize".
biodb.TRACE[2025-10-11 16:02:11.459][ef$get] Asked field names are: accession.
biodb.TRACE[2025-10-11 16:02:11.460][ef$get] Realnames of fields are: accession.
biodb.TRACE[2025-10-11 16:02:11.461][ef$get] 1 fields were returned.
biodb.TRACE[2025-10-11 16:02:11.462][ef$get] fields variable is a list.
biodb.TRACE[2025-10-11 16:02:11.464][self$getBiodb()$getEntryFields()$get] Asked field names are: accession.
biodb.TRACE[2025-10-11 16:02:11.473][self$getBiodb()$getEntryFields()$get] Realnames of fields are: accession.
biodb.TRACE[2025-10-11 16:02:11.475][self$getBiodb()$getEntryFields()$get] 1 fields were returned.
biodb.TRACE[2025-10-11 16:02:11.475][self$getBiodb()$getEntryFields()$get] fields variable is a list.
biodb.TRACE[2025-10-11 16:02:11.476][ef$get] Asked field names are: secondary.accessions.
biodb.TRACE[2025-10-11 16:02:11.477][ef$get] Realnames of fields are: secondary.accessions.
biodb.TRACE[2025-10-11 16:02:11.478][ef$get] 1 fields were returned.
biodb.TRACE[2025-10-11 16:02:11.479][ef$get] fields variable is a list.
biodb.TRACE[2025-10-11 16:02:11.497][self$getBiodb()$getEntryFields()$get] Asked field names are: secondary.accessions.
biodb.TRACE[2025-10-11 16:02:11.498][self$getBiodb()$getEntryFields()$get] Realnames of fields are: secondary.accessions.
biodb.TRACE[2025-10-11 16:02:11.499][self$getBiodb()$getEntryFields()$get] 1 fields were returned.
biodb.TRACE[2025-10-11 16:02:11.499][self$getBiodb()$getEntryFields()$get] fields variable is a list.
biodb.TRACE[2025-10-11 16:02:11.500][ef$get] Asked field names are: average.mass.
biodb.TRACE[2025-10-11 16:02:11.501][ef$get] Realnames of fields are: average.mass.
biodb.TRACE[2025-10-11 16:02:11.502][ef$get] 1 fields were returned.
biodb.TRACE[2025-10-11 16:02:11.502][ef$get] fields variable is a list.
biodb.TRACE[2025-10-11 16:02:11.503][self$getBiodb()$getEntryFields()$get] Asked field names are: average.mass.
biodb.TRACE[2025-10-11 16:02:11.504][self$getBiodb()$getEntryFields()$get] Realnames of fields are: average.mass.
biodb.TRACE[2025-10-11 16:02:11.505][self$getBiodb()$getEntryFields()$get] 1 fields were returned.
biodb.TRACE[2025-10-11 16:02:11.505][self$getBiodb()$getEntryFields()$get] fields variable is a list.
biodb.TRACE[2025-10-11 16:02:11.506][ef$get] Asked field names are: cas.id.
biodb.TRACE[2025-10-11 16:02:11.507][ef$get] Realnames of fields are: cas.id.
biodb.TRACE[2025-10-11 16:02:11.508][ef$get] 1 fields were returned.
biodb.TRACE[2025-10-11 16:02:11.509][ef$get] fields variable is a list.
biodb.TRACE[2025-10-11 16:02:11.510][self$getBiodb()$getEntryFields()$get] Asked field names are: cas.id.
biodb.TRACE[2025-10-11 16:02:11.510][self$getBiodb()$getEntryFields()$get] Realnames of fields are: cas.id.
biodb.TRACE[2025-10-11 16:02:11.511][self$getBiodb()$getEntryFields()$get] 1 fields were returned.
biodb.TRACE[2025-10-11 16:02:11.512][self$getBiodb()$getEntryFields()$get] fields variable is a list.
biodb.TRACE[2025-10-11 16:02:11.513][ef$get] Asked field names are: chebi.id.
biodb.TRACE[2025-10-11 16:02:11.514][ef$get] Realnames of fields are: chebi.id.
biodb.TRACE[2025-10-11 16:02:11.514][ef$get] 1 fields were returned.
biodb.TRACE[2025-10-11 16:02:11.515][ef$get] fields variable is a list.
biodb.TRACE[2025-10-11 16:02:11.516][self$getBiodb()$getEntryFields()$get] Asked field names are: chebi.id.
biodb.TRACE[2025-10-11 16:02:11.517][self$getBiodb()$getEntryFields()$get] Realnames of fields are: chebi.id.
biodb.TRACE[2025-10-11 16:02:11.518][self$getBiodb()$getEntryFields()$get] 1 fields were returned.
biodb.TRACE[2025-10-11 16:02:11.519][self$getBiodb()$getEntryFields()$get] fields variable is a list.
biodb.TRACE[2025-10-11 16:02:11.520][ef$get] Asked field names are: chemspider.id.
biodb.TRACE[2025-10-11 16:02:11.520][ef$get] Realnames of fields are: chemspider.id.
biodb.TRACE[2025-10-11 16:02:11.521][ef$get] 1 fields were returned.
biodb.TRACE[2025-10-11 16:02:11.522][ef$get] fields variable is a list.
biodb.TRACE[2025-10-11 16:02:11.532][self$getBiodb()$getEntryFields()$get] Asked field names are: chemspider.id.
biodb.TRACE[2025-10-11 16:02:11.533][self$getBiodb()$getEntryFields()$get] Realnames of fields are: chemspider.id.
biodb.TRACE[2025-10-11 16:02:11.534][self$getBiodb()$getEntryFields()$get] 1 fields were returned.
biodb.TRACE[2025-10-11 16:02:11.535][self$getBiodb()$getEntryFields()$get] fields variable is a list.
biodb.TRACE[2025-10-11 16:02:11.536][ef$get] Asked field names are: kegg.compound.id.
biodb.TRACE[2025-10-11 16:02:11.537][ef$get] Realnames of fields are: kegg.compound.id.
biodb.TRACE[2025-10-11 16:02:11.538][ef$get] 1 fields were returned.
biodb.TRACE[2025-10-11 16:02:11.538][ef$get] fields variable is a list.
biodb.TRACE[2025-10-11 16:02:11.539][self$getBiodb()$getEntryFields()$get] Asked field names are: kegg.compound.id.
biodb.TRACE[2025-10-11 16:02:11.540][self$getBiodb()$getEntryFields()$get] Realnames of fields are: kegg.compound.id.
biodb.TRACE[2025-10-11 16:02:11.541][self$getBiodb()$getEntryFields()$get] 1 fields were returned.
biodb.TRACE[2025-10-11 16:02:11.542][self$getBiodb()$getEntryFields()$get] fields variable is a list.
biodb.TRACE[2025-10-11 16:02:11.543][ef$get] Asked field names are: ncbi.pubchem.comp.id.
biodb.TRACE[2025-10-11 16:02:11.544][ef$get] Realnames of fields are: ncbi.pubchem.comp.id.
biodb.TRACE[2025-10-11 16:02:11.545][ef$get] 1 fields were returned.
biodb.TRACE[2025-10-11 16:02:11.545][ef$get] fields variable is a list.
biodb.TRACE[2025-10-11 16:02:11.547][self$getBiodb()$getEntryFields()$get] Asked field names are: ncbi.pubchem.comp.id.
biodb.TRACE[2025-10-11 16:02:11.547][self$getBiodb()$getEntryFields()$get] Realnames of fields are: ncbi.pubchem.comp.id.
biodb.TRACE[2025-10-11 16:02:11.548][self$getBiodb()$getEntryFields()$get] 1 fields were returned.
biodb.TRACE[2025-10-11 16:02:11.549][self$getBiodb()$getEntryFields()$get] fields variable is a list.
biodb.TRACE[2025-10-11 16:02:11.550][ef$get] Asked field names are: comp.iupac.name.syst.
biodb.TRACE[2025-10-11 16:02:11.551][ef$get] Realnames of fields are: comp.iupac.name.syst.
biodb.TRACE[2025-10-11 16:02:11.551][ef$get] 1 fields were returned.
biodb.TRACE[2025-10-11 16:02:11.552][ef$get] fields variable is a list.
biodb.TRACE[2025-10-11 16:02:11.553][self$getBiodb()$getEntryFields()$get] Asked field names are: comp.iupac.name.syst.
biodb.TRACE[2025-10-11 16:02:11.554][self$getBiodb()$getEntryFields()$get] Realnames of fields are: comp.iupac.name.syst.
biodb.TRACE[2025-10-11 16:02:11.555][self$getBiodb()$getEntryFields()$get] 1 fields were returned.
biodb.TRACE[2025-10-11 16:02:11.556][self$getBiodb()$getEntryFields()$get] fields variable is a list.
biodb.TRACE[2025-10-11 16:02:11.556][ef$get] Asked field names are: comp.iupac.name.trad.
biodb.TRACE[2025-10-11 16:02:11.557][ef$get] Realnames of fields are: comp.iupac.name.trad.
biodb.TRACE[2025-10-11 16:02:11.558][ef$get] 1 fields were returned.
biodb.TRACE[2025-10-11 16:02:11.559][ef$get] fields variable is a list.
biodb.TRACE[2025-10-11 16:02:11.560][self$getBiodb()$getEntryFields()$get] Asked field names are: comp.iupac.name.trad.
biodb.TRACE[2025-10-11 16:02:11.561][self$getBiodb()$getEntryFields()$get] Realnames of fields are: comp.iupac.name.trad.
biodb.TRACE[2025-10-11 16:02:11.561][self$getBiodb()$getEntryFields()$get] 1 fields were returned.
biodb.TRACE[2025-10-11 16:02:11.562][self$getBiodb()$getEntryFields()$get] fields variable is a list.
biodb.TRACE[2025-10-11 16:02:11.563][ef$get] Asked field names are: formula.
biodb.TRACE[2025-10-11 16:02:11.564][ef$get] Realnames of fields are: formula.
biodb.TRACE[2025-10-11 16:02:11.565][ef$get] 1 fields were returned.
biodb.TRACE[2025-10-11 16:02:11.565][ef$get] fields variable is a list.
biodb.TRACE[2025-10-11 16:02:11.566][self$getBiodb()$getEntryFields()$get] Asked field names are: formula.
biodb.TRACE[2025-10-11 16:02:11.567][self$getBiodb()$getEntryFields()$get] Realnames of fields are: formula.
biodb.TRACE[2025-10-11 16:02:11.568][self$getBiodb()$getEntryFields()$get] 1 fields were returned.
biodb.TRACE[2025-10-11 16:02:11.569][self$getBiodb()$getEntryFields()$get] fields variable is a list.
biodb.TRACE[2025-10-11 16:02:11.569][ef$get] Asked field names are: inchi.
biodb.TRACE[2025-10-11 16:02:11.570][ef$get] Realnames of fields are: inchi.
biodb.TRACE[2025-10-11 16:02:11.571][ef$get] 1 fields were returned.
biodb.TRACE[2025-10-11 16:02:11.572][ef$get] fields variable is a list.
biodb.TRACE[2025-10-11 16:02:11.573][self$getBiodb()$getEntryFields()$get] Asked field names are: inchi.
biodb.TRACE[2025-10-11 16:02:11.574][self$getBiodb()$getEntryFields()$get] Realnames of fields are: inchi.
biodb.TRACE[2025-10-11 16:02:11.574][self$getBiodb()$getEntryFields()$get] 1 fields were returned.
biodb.TRACE[2025-10-11 16:02:11.575][self$getBiodb()$getEntryFields()$get] fields variable is a list.
biodb.TRACE[2025-10-11 16:02:11.576][ef$get] Asked field names are: inchikey.
biodb.TRACE[2025-10-11 16:02:11.577][ef$get] Realnames of fields are: inchikey.
biodb.TRACE[2025-10-11 16:02:11.577][ef$get] 1 fields were returned.
biodb.TRACE[2025-10-11 16:02:11.578][ef$get] fields variable is a list.
biodb.TRACE[2025-10-11 16:02:11.579][self$getBiodb()$getEntryFields()$get] Asked field names are: inchikey.
biodb.TRACE[2025-10-11 16:02:11.580][self$getBiodb()$getEntryFields()$get] Realnames of fields are: inchikey.
biodb.TRACE[2025-10-11 16:02:11.581][self$getBiodb()$getEntryFields()$get] 1 fields were returned.
biodb.TRACE[2025-10-11 16:02:11.581][self$getBiodb()$getEntryFields()$get] fields variable is a list.
biodb.TRACE[2025-10-11 16:02:11.582][ef$get] Asked field names are: monoisotopic.mass.
biodb.TRACE[2025-10-11 16:02:11.583][ef$get] Realnames of fields are: monoisotopic.mass.
biodb.TRACE[2025-10-11 16:02:11.584][ef$get] 1 fields were returned.
biodb.TRACE[2025-10-11 16:02:11.585][ef$get] fields variable is a list.
biodb.TRACE[2025-10-11 16:02:11.586][self$getBiodb()$getEntryFields()$get] Asked field names are: monoisotopic.mass.
biodb.TRACE[2025-10-11 16:02:11.586][self$getBiodb()$getEntryFields()$get] Realnames of fields are: monoisotopic.mass.
biodb.TRACE[2025-10-11 16:02:11.587][self$getBiodb()$getEntryFields()$get] 1 fields were returned.
biodb.TRACE[2025-10-11 16:02:11.588][self$getBiodb()$getEntryFields()$get] fields variable is a list.
biodb.TRACE[2025-10-11 16:02:11.589][ef$get] Asked field names are: name.
biodb.TRACE[2025-10-11 16:02:11.590][ef$get] Realnames of fields are: name.
biodb.TRACE[2025-10-11 16:02:11.590][ef$get] 1 fields were returned.
biodb.TRACE[2025-10-11 16:02:11.591][ef$get] fields variable is a list.
biodb.TRACE[2025-10-11 16:02:11.592][self$getBiodb()$getEntryFields()$get] Asked field names are: name.
biodb.TRACE[2025-10-11 16:02:11.593][self$getBiodb()$getEntryFields()$get] Realnames of fields are: name.
biodb.TRACE[2025-10-11 16:02:11.594][self$getBiodb()$getEntryFields()$get] 1 fields were returned.
biodb.TRACE[2025-10-11 16:02:11.595][self$getBiodb()$getEntryFields()$get] fields variable is a list.
biodb.TRACE[2025-10-11 16:02:11.595][ef$get] Asked field names are: description.
biodb.TRACE[2025-10-11 16:02:11.596][ef$get] Realnames of fields are: description.
biodb.TRACE[2025-10-11 16:02:11.597][ef$get] 1 fields were returned.
biodb.TRACE[2025-10-11 16:02:11.598][ef$get] fields variable is a list.
biodb.TRACE[2025-10-11 16:02:11.599][self$getBiodb()$getEntryFields()$get] Asked field names are: description.
biodb.TRACE[2025-10-11 16:02:11.600][self$getBiodb()$getEntryFields()$get] Realnames of fields are: description.
biodb.TRACE[2025-10-11 16:02:11.600][self$getBiodb()$getEntryFields()$get] 1 fields were returned.
biodb.TRACE[2025-10-11 16:02:11.601][self$getBiodb()$getEntryFields()$get] fields variable is a list.
biodb.TRACE[2025-10-11 16:02:11.602][ef$get] Asked field names are: smiles.
biodb.TRACE[2025-10-11 16:02:11.603][ef$get] Realnames of fields are: smiles.
biodb.TRACE[2025-10-11 16:02:11.604][ef$get] 1 fields were returned.
biodb.TRACE[2025-10-11 16:02:11.604][ef$get] fields variable is a list.
biodb.TRACE[2025-10-11 16:02:11.605][self$getBiodb()$getEntryFields()$get] Asked field names are: smiles.
biodb.TRACE[2025-10-11 16:02:11.606][self$getBiodb()$getEntryFields()$get] Realnames of fields are: smiles.
biodb.TRACE[2025-10-11 16:02:11.607][self$getBiodb()$getEntryFields()$get] 1 fields were returned.
biodb.TRACE[2025-10-11 16:02:11.608][self$getBiodb()$getEntryFields()$get] fields variable is a list.
biodb.TRACE[2025-10-11 16:02:11.609][ef$get] Asked field names are: super.class.
biodb.TRACE[2025-10-11 16:02:11.610][ef$get] Realnames of fields are: comp.super.class.
biodb.TRACE[2025-10-11 16:02:11.610][ef$get] 1 fields were returned.
biodb.TRACE[2025-10-11 16:02:11.611][ef$get] fields variable is a list.
biodb.TRACE[2025-10-11 16:02:11.612][self$getBiodb()$getEntryFields()$get] Asked field names are: super.class.
biodb.TRACE[2025-10-11 16:02:11.613][self$getBiodb()$getEntryFields()$get] Realnames of fields are: comp.super.class.
biodb.TRACE[2025-10-11 16:02:11.614][self$getBiodb()$getEntryFields()$get] 1 fields were returned.
biodb.TRACE[2025-10-11 16:02:11.615][self$getBiodb()$getEntryFields()$get] fields variable is a list.
biodb.TRACE[2025-10-11 16:02:11.616][self$getBiodb()$getEntryFields()$get] Asked field names are: accession.
biodb.TRACE[2025-10-11 16:02:11.617][self$getBiodb()$getEntryFields()$get] Realnames of fields are: accession.
biodb.TRACE[2025-10-11 16:02:11.617][self$getBiodb()$getEntryFields()$get] 1 fields were returned.
biodb.TRACE[2025-10-11 16:02:11.618][self$getBiodb()$getEntryFields()$get] fields variable is a list.
biodb.TRACE[2025-10-11 16:02:11.619][self$getBiodb()$getEntryFields()$get] Asked field names are: accession.
biodb.TRACE[2025-10-11 16:02:11.620][self$getBiodb()$getEntryFields()$get] Realnames of fields are: accession.
biodb.TRACE[2025-10-11 16:02:11.621][self$getBiodb()$getEntryFields()$get] 1 fields were returned.
biodb.TRACE[2025-10-11 16:02:11.621][self$getBiodb()$getEntryFields()$get] fields variable is a list.
biodb.TRACE[2025-10-11 16:02:11.622][self$getBiodb()$getEntryFields()$get] Asked field names are: accession.
biodb.TRACE[2025-10-11 16:02:11.623][self$getBiodb()$getEntryFields()$get] Realnames of fields are: accession.
biodb.TRACE[2025-10-11 16:02:11.624][self$getBiodb()$getEntryFields()$get] 1 fields were returned.
biodb.TRACE[2025-10-11 16:02:11.625][self$getBiodb()$getEntryFields()$get] fields variable is a list.
biodb.TRACE[2025-10-11 16:02:11.688][self$getBiodb()$getEntryFields()$get] Asked field names are: average.mass.
biodb.TRACE[2025-10-11 16:02:11.689][self$getBiodb()$getEntryFields()$get] Realnames of fields are: average.mass.
biodb.TRACE[2025-10-11 16:02:11.690][self$getBiodb()$getEntryFields()$get] 1 fields were returned.
biodb.TRACE[2025-10-11 16:02:11.691][self$getBiodb()$getEntryFields()$get] fields variable is a list.
biodb.TRACE[2025-10-11 16:02:11.692][self$getBiodb()$getEntryFields()$get] Asked field names are: average.mass.
biodb.TRACE[2025-10-11 16:02:11.692][self$getBiodb()$getEntryFields()$get] Realnames of fields are: average.mass.
biodb.TRACE[2025-10-11 16:02:11.693][self$getBiodb()$getEntryFields()$get] 1 fields were returned.
biodb.TRACE[2025-10-11 16:02:11.694][self$getBiodb()$getEntryFields()$get] fields variable is a list.
biodb.TRACE[2025-10-11 16:02:11.695][self$getBiodb()$getEntryFields()$get] Asked field names are: average.mass.
biodb.TRACE[2025-10-11 16:02:11.695][self$getBiodb()$getEntryFields()$get] Realnames of fields are: average.mass.
biodb.TRACE[2025-10-11 16:02:11.696][self$getBiodb()$getEntryFields()$get] 1 fields were returned.
biodb.TRACE[2025-10-11 16:02:11.697][self$getBiodb()$getEntryFields()$get] fields variable is a list.
biodb.TRACE[2025-10-11 16:02:11.698][self$getBiodb()$getEntryFields()$get] Asked field names are: cas.id.
biodb.TRACE[2025-10-11 16:02:11.698][self$getBiodb()$getEntryFields()$get] Realnames of fields are: cas.id.
biodb.TRACE[2025-10-11 16:02:11.699][self$getBiodb()$getEntryFields()$get] 1 fields were returned.
biodb.TRACE[2025-10-11 16:02:11.700][self$getBiodb()$getEntryFields()$get] fields variable is a list.
biodb.TRACE[2025-10-11 16:02:11.701][self$getBiodb()$getEntryFields()$get] Asked field names are: cas.id.
biodb.TRACE[2025-10-11 16:02:11.702][self$getBiodb()$getEntryFields()$get] Realnames of fields are: cas.id.
biodb.TRACE[2025-10-11 16:02:11.702][self$getBiodb()$getEntryFields()$get] 1 fields were returned.
biodb.TRACE[2025-10-11 16:02:11.703][self$getBiodb()$getEntryFields()$get] fields variable is a list.
biodb.TRACE[2025-10-11 16:02:11.704][self$getBiodb()$getEntryFields()$get] Asked field names are: cas.id.
biodb.TRACE[2025-10-11 16:02:11.705][self$getBiodb()$getEntryFields()$get] Realnames of fields are: cas.id.
biodb.TRACE[2025-10-11 16:02:11.706][self$getBiodb()$getEntryFields()$get] 1 fields were returned.
biodb.TRACE[2025-10-11 16:02:11.706][self$getBiodb()$getEntryFields()$get] fields variable is a list.
biodb.TRACE[2025-10-11 16:02:11.707][self$getBiodb()$getEntryFields()$get] Asked field names are: chebi.id.
biodb.TRACE[2025-10-11 16:02:11.708][self$getBiodb()$getEntryFields()$get] Realnames of fields are: chebi.id.
biodb.TRACE[2025-10-11 16:02:11.709][self$getBiodb()$getEntryFields()$get] 1 fields were returned.
biodb.TRACE[2025-10-11 16:02:11.710][self$getBiodb()$getEntryFields()$get] fields variable is a list.
biodb.TRACE[2025-10-11 16:02:11.710][self$getBiodb()$getEntryFields()$get] Asked field names are: chebi.id.
biodb.TRACE[2025-10-11 16:02:11.711][self$getBiodb()$getEntryFields()$get] Realnames of fields are: chebi.id.
biodb.TRACE[2025-10-11 16:02:11.712][self$getBiodb()$getEntryFields()$get] 1 fields were returned.
biodb.TRACE[2025-10-11 16:02:11.713][self$getBiodb()$getEntryFields()$get] fields variable is a list.
biodb.TRACE[2025-10-11 16:02:11.713][self$getBiodb()$getEntryFields()$get] Asked field names are: chebi.id.
biodb.TRACE[2025-10-11 16:02:11.714][self$getBiodb()$getEntryFields()$get] Realnames of fields are: chebi.id.
biodb.TRACE[2025-10-11 16:02:11.715][self$getBiodb()$getEntryFields()$get] 1 fields were returned.
biodb.TRACE[2025-10-11 16:02:11.716][self$getBiodb()$getEntryFields()$get] fields variable is a list.
biodb.TRACE[2025-10-11 16:02:11.717][self$getBiodb()$getEntryFields()$get] Asked field names are: chemspider.id.
biodb.TRACE[2025-10-11 16:02:11.718][self$getBiodb()$getEntryFields()$get] Realnames of fields are: chemspider.id.
biodb.TRACE[2025-10-11 16:02:11.718][self$getBiodb()$getEntryFields()$get] 1 fields were returned.
biodb.TRACE[2025-10-11 16:02:11.719][self$getBiodb()$getEntryFields()$get] fields variable is a list.
biodb.TRACE[2025-10-11 16:02:11.720][self$getBiodb()$getEntryFields()$get] Asked field names are: chemspider.id.
biodb.TRACE[2025-10-11 16:02:11.721][self$getBiodb()$getEntryFields()$get] Realnames of fields are: chemspider.id.
biodb.TRACE[2025-10-11 16:02:11.722][self$getBiodb()$getEntryFields()$get] 1 fields were returned.
biodb.TRACE[2025-10-11 16:02:11.722][self$getBiodb()$getEntryFields()$get] fields variable is a list.
biodb.TRACE[2025-10-11 16:02:11.723][self$getBiodb()$getEntryFields()$get] Asked field names are: chemspider.id.
biodb.TRACE[2025-10-11 16:02:11.724][self$getBiodb()$getEntryFields()$get] Realnames of fields are: chemspider.id.
biodb.TRACE[2025-10-11 16:02:11.725][self$getBiodb()$getEntryFields()$get] 1 fields were returned.
biodb.TRACE[2025-10-11 16:02:11.725][self$getBiodb()$getEntryFields()$get] fields variable is a list.
biodb.TRACE[2025-10-11 16:02:11.726][self$getBiodb()$getEntryFields()$get] Asked field names are: comp.iupac.name.syst.
biodb.TRACE[2025-10-11 16:02:11.727][self$getBiodb()$getEntryFields()$get] Realnames of fields are: comp.iupac.name.syst.
biodb.TRACE[2025-10-11 16:02:11.728][self$getBiodb()$getEntryFields()$get] 1 fields were returned.
biodb.TRACE[2025-10-11 16:02:11.728][self$getBiodb()$getEntryFields()$get] fields variable is a list.
biodb.TRACE[2025-10-11 16:02:11.729][self$getBiodb()$getEntryFields()$get] Asked field names are: comp.iupac.name.syst.
biodb.TRACE[2025-10-11 16:02:11.730][self$getBiodb()$getEntryFields()$get] Realnames of fields are: comp.iupac.name.syst.
biodb.TRACE[2025-10-11 16:02:11.731][self$getBiodb()$getEntryFields()$get] 1 fields were returned.
biodb.TRACE[2025-10-11 16:02:11.732][self$getBiodb()$getEntryFields()$get] fields variable is a list.
biodb.TRACE[2025-10-11 16:02:11.733][self$getBiodb()$getEntryFields()$get] Asked field names are: comp.iupac.name.syst.
biodb.TRACE[2025-10-11 16:02:11.733][self$getBiodb()$getEntryFields()$get] Realnames of fields are: comp.iupac.name.syst.
biodb.TRACE[2025-10-11 16:02:11.734][self$getBiodb()$getEntryFields()$get] 1 fields were returned.
biodb.TRACE[2025-10-11 16:02:11.735][self$getBiodb()$getEntryFields()$get] fields variable is a list.
biodb.TRACE[2025-10-11 16:02:11.736][self$getBiodb()$getEntryFields()$get] Asked field names are: comp.iupac.name.trad.
biodb.TRACE[2025-10-11 16:02:11.736][self$getBiodb()$getEntryFields()$get] Realnames of fields are: comp.iupac.name.trad.
biodb.TRACE[2025-10-11 16:02:11.737][self$getBiodb()$getEntryFields()$get] 1 fields were returned.
biodb.TRACE[2025-10-11 16:02:11.738][self$getBiodb()$getEntryFields()$get] fields variable is a list.
biodb.TRACE[2025-10-11 16:02:11.739][self$getBiodb()$getEntryFields()$get] Asked field names are: comp.iupac.name.trad.
biodb.TRACE[2025-10-11 16:02:11.740][self$getBiodb()$getEntryFields()$get] Realnames of fields are: comp.iupac.name.trad.
biodb.TRACE[2025-10-11 16:02:11.741][self$getBiodb()$getEntryFields()$get] 1 fields were returned.
biodb.TRACE[2025-10-11 16:02:11.742][self$getBiodb()$getEntryFields()$get] fields variable is a list.
biodb.TRACE[2025-10-11 16:02:11.742][self$getBiodb()$getEntryFields()$get] Asked field names are: comp.iupac.name.trad.
biodb.TRACE[2025-10-11 16:02:11.743][self$getBiodb()$getEntryFields()$get] Realnames of fields are: comp.iupac.name.trad.
biodb.TRACE[2025-10-11 16:02:11.744][self$getBiodb()$getEntryFields()$get] 1 fields were returned.
biodb.TRACE[2025-10-11 16:02:11.745][self$getBiodb()$getEntryFields()$get] fields variable is a list.
biodb.TRACE[2025-10-11 16:02:11.746][self$getBiodb()$getEntryFields()$get] Asked field names are: comp.super.class.
biodb.TRACE[2025-10-11 16:02:11.747][self$getBiodb()$getEntryFields()$get] Realnames of fields are: comp.super.class.
biodb.TRACE[2025-10-11 16:02:11.747][self$getBiodb()$getEntryFields()$get] 1 fields were returned.
biodb.TRACE[2025-10-11 16:02:11.748][self$getBiodb()$getEntryFields()$get] fields variable is a list.
biodb.TRACE[2025-10-11 16:02:11.749][self$getBiodb()$getEntryFields()$get] Asked field names are: comp.super.class.
biodb.TRACE[2025-10-11 16:02:11.750][self$getBiodb()$getEntryFields()$get] Realnames of fields are: comp.super.class.
biodb.TRACE[2025-10-11 16:02:11.751][self$getBiodb()$getEntryFields()$get] 1 fields were returned.
biodb.TRACE[2025-10-11 16:02:11.751][self$getBiodb()$getEntryFields()$get] fields variable is a list.
biodb.TRACE[2025-10-11 16:02:11.752][self$getBiodb()$getEntryFields()$get] Asked field names are: comp.super.class.
biodb.TRACE[2025-10-11 16:02:11.753][self$getBiodb()$getEntryFields()$get] Realnames of fields are: comp.super.class.
biodb.TRACE[2025-10-11 16:02:11.754][self$getBiodb()$getEntryFields()$get] 1 fields were returned.
biodb.TRACE[2025-10-11 16:02:11.754][self$getBiodb()$getEntryFields()$get] fields variable is a list.
biodb.TRACE[2025-10-11 16:02:11.755][self$getBiodb()$getEntryFields()$get] Asked field names are: description.
biodb.TRACE[2025-10-11 16:02:11.756][self$getBiodb()$getEntryFields()$get] Realnames of fields are: description.
biodb.TRACE[2025-10-11 16:02:11.757][self$getBiodb()$getEntryFields()$get] 1 fields were returned.
biodb.TRACE[2025-10-11 16:02:11.758][self$getBiodb()$getEntryFields()$get] fields variable is a list.
biodb.TRACE[2025-10-11 16:02:11.759][self$getBiodb()$getEntryFields()$get] Asked field names are: description.
biodb.TRACE[2025-10-11 16:02:11.760][self$getBiodb()$getEntryFields()$get] Realnames of fields are: description.
biodb.TRACE[2025-10-11 16:02:11.760][self$getBiodb()$getEntryFields()$get] 1 fields were returned.
biodb.TRACE[2025-10-11 16:02:11.761][self$getBiodb()$getEntryFields()$get] fields variable is a list.
biodb.TRACE[2025-10-11 16:02:11.762][self$getBiodb()$getEntryFields()$get] Asked field names are: description.
biodb.TRACE[2025-10-11 16:02:11.763][self$getBiodb()$getEntryFields()$get] Realnames of fields are: description.
biodb.TRACE[2025-10-11 16:02:11.764][self$getBiodb()$getEntryFields()$get] 1 fields were returned.
biodb.TRACE[2025-10-11 16:02:11.769][self$getBiodb()$getEntryFields()$get] fields variable is a list.
biodb.TRACE[2025-10-11 16:02:11.770][self$getBiodb()$getEntryFields()$get] Asked field names are: formula.
biodb.TRACE[2025-10-11 16:02:11.771][self$getBiodb()$getEntryFields()$get] Realnames of fields are: formula.
biodb.TRACE[2025-10-11 16:02:11.772][self$getBiodb()$getEntryFields()$get] 1 fields were returned.
biodb.TRACE[2025-10-11 16:02:11.772][self$getBiodb()$getEntryFields()$get] fields variable is a list.
biodb.TRACE[2025-10-11 16:02:11.773][self$getBiodb()$getEntryFields()$get] Asked field names are: formula.
biodb.TRACE[2025-10-11 16:02:11.774][self$getBiodb()$getEntryFields()$get] Realnames of fields are: formula.
biodb.TRACE[2025-10-11 16:02:11.775][self$getBiodb()$getEntryFields()$get] 1 fields were returned.
biodb.TRACE[2025-10-11 16:02:11.776][self$getBiodb()$getEntryFields()$get] fields variable is a list.
biodb.TRACE[2025-10-11 16:02:11.777][self$getBiodb()$getEntryFields()$get] Asked field names are: formula.
biodb.TRACE[2025-10-11 16:02:11.778][self$getBiodb()$getEntryFields()$get] Realnames of fields are: formula.
biodb.TRACE[2025-10-11 16:02:11.779][self$getBiodb()$getEntryFields()$get] 1 fields were returned.
biodb.TRACE[2025-10-11 16:02:11.780][self$getBiodb()$getEntryFields()$get] fields variable is a list.
biodb.TRACE[2025-10-11 16:02:11.780][self$getBiodb()$getEntryFields()$get] Asked field names are: inchi.
biodb.TRACE[2025-10-11 16:02:11.781][self$getBiodb()$getEntryFields()$get] Realnames of fields are: inchi.
biodb.TRACE[2025-10-11 16:02:11.782][self$getBiodb()$getEntryFields()$get] 1 fields were returned.
biodb.TRACE[2025-10-11 16:02:11.783][self$getBiodb()$getEntryFields()$get] fields variable is a list.
biodb.TRACE[2025-10-11 16:02:11.784][self$getBiodb()$getEntryFields()$get] Asked field names are: inchi.
biodb.TRACE[2025-10-11 16:02:11.785][self$getBiodb()$getEntryFields()$get] Realnames of fields are: inchi.
biodb.TRACE[2025-10-11 16:02:11.786][self$getBiodb()$getEntryFields()$get] 1 fields were returned.
biodb.TRACE[2025-10-11 16:02:11.786][self$getBiodb()$getEntryFields()$get] fields variable is a list.
biodb.TRACE[2025-10-11 16:02:11.787][self$getBiodb()$getEntryFields()$get] Asked field names are: inchi.
biodb.TRACE[2025-10-11 16:02:11.788][self$getBiodb()$getEntryFields()$get] Realnames of fields are: inchi.
biodb.TRACE[2025-10-11 16:02:11.789][self$getBiodb()$getEntryFields()$get] 1 fields were returned.
biodb.TRACE[2025-10-11 16:02:11.790][self$getBiodb()$getEntryFields()$get] fields variable is a list.
biodb.TRACE[2025-10-11 16:02:11.791][self$getBiodb()$getEntryFields()$get] Asked field names are: inchikey.
biodb.TRACE[2025-10-11 16:02:11.792][self$getBiodb()$getEntryFields()$get] Realnames of fields are: inchikey.
biodb.TRACE[2025-10-11 16:02:11.793][self$getBiodb()$getEntryFields()$get] 1 fields were returned.
biodb.TRACE[2025-10-11 16:02:11.794][self$getBiodb()$getEntryFields()$get] fields variable is a list.
biodb.TRACE[2025-10-11 16:02:11.795][self$getBiodb()$getEntryFields()$get] Asked field names are: inchikey.
biodb.TRACE[2025-10-11 16:02:11.796][self$getBiodb()$getEntryFields()$get] Realnames of fields are: inchikey.
biodb.TRACE[2025-10-11 16:02:11.797][self$getBiodb()$getEntryFields()$get] 1 fields were returned.
biodb.TRACE[2025-10-11 16:02:11.797][self$getBiodb()$getEntryFields()$get] fields variable is a list.
biodb.TRACE[2025-10-11 16:02:11.798][self$getBiodb()$getEntryFields()$get] Asked field names are: inchikey.
biodb.TRACE[2025-10-11 16:02:11.799][self$getBiodb()$getEntryFields()$get] Realnames of fields are: inchikey.
biodb.TRACE[2025-10-11 16:02:11.800][self$getBiodb()$getEntryFields()$get] 1 fields were returned.
biodb.TRACE[2025-10-11 16:02:11.801][self$getBiodb()$getEntryFields()$get] fields variable is a list.
biodb.TRACE[2025-10-11 16:02:11.802][self$getBiodb()$getEntryFields()$get] Asked field names are: kegg.compound.id.
biodb.TRACE[2025-10-11 16:02:11.803][self$getBiodb()$getEntryFields()$get] Realnames of fields are: kegg.compound.id.
biodb.TRACE[2025-10-11 16:02:11.804][self$getBiodb()$getEntryFields()$get] 1 fields were returned.
biodb.TRACE[2025-10-11 16:02:11.805][self$getBiodb()$getEntryFields()$get] fields variable is a list.
biodb.TRACE[2025-10-11 16:02:11.806][self$getBiodb()$getEntryFields()$get] Asked field names are: kegg.compound.id.
biodb.TRACE[2025-10-11 16:02:11.807][self$getBiodb()$getEntryFields()$get] Realnames of fields are: kegg.compound.id.
biodb.TRACE[2025-10-11 16:02:11.808][self$getBiodb()$getEntryFields()$get] 1 fields were returned.
biodb.TRACE[2025-10-11 16:02:11.809][self$getBiodb()$getEntryFields()$get] fields variable is a list.
biodb.TRACE[2025-10-11 16:02:11.810][self$getBiodb()$getEntryFields()$get] Asked field names are: kegg.compound.id.
biodb.TRACE[2025-10-11 16:02:11.810][self$getBiodb()$getEntryFields()$get] Realnames of fields are: kegg.compound.id.
biodb.TRACE[2025-10-11 16:02:11.811][self$getBiodb()$getEntryFields()$get] 1 fields were returned.
biodb.TRACE[2025-10-11 16:02:11.812][self$getBiodb()$getEntryFields()$get] fields variable is a list.
biodb.TRACE[2025-10-11 16:02:11.813][self$getBiodb()$getEntryFields()$get] Asked field names are: monoisotopic.mass.
biodb.TRACE[2025-10-11 16:02:11.814][self$getBiodb()$getEntryFields()$get] Realnames of fields are: monoisotopic.mass.
biodb.TRACE[2025-10-11 16:02:11.815][self$getBiodb()$getEntryFields()$get] 1 fields were returned.
biodb.TRACE[2025-10-11 16:02:11.815][self$getBiodb()$getEntryFields()$get] fields variable is a list.
biodb.TRACE[2025-10-11 16:02:11.816][self$getBiodb()$getEntryFields()$get] Asked field names are: monoisotopic.mass.
biodb.TRACE[2025-10-11 16:02:11.817][self$getBiodb()$getEntryFields()$get] Realnames of fields are: monoisotopic.mass.
biodb.TRACE[2025-10-11 16:02:11.818][self$getBiodb()$getEntryFields()$get] 1 fields were returned.
biodb.TRACE[2025-10-11 16:02:11.819][self$getBiodb()$getEntryFields()$get] fields variable is a list.
biodb.TRACE[2025-10-11 16:02:11.820][self$getBiodb()$getEntryFields()$get] Asked field names are: monoisotopic.mass.
biodb.TRACE[2025-10-11 16:02:11.820][self$getBiodb()$getEntryFields()$get] Realnames of fields are: monoisotopic.mass.
biodb.TRACE[2025-10-11 16:02:11.821][self$getBiodb()$getEntryFields()$get] 1 fields were returned.
biodb.TRACE[2025-10-11 16:02:11.822][self$getBiodb()$getEntryFields()$get] fields variable is a list.
biodb.TRACE[2025-10-11 16:02:11.823][self$getBiodb()$getEntryFields()$get] Asked field names are: name.
biodb.TRACE[2025-10-11 16:02:11.824][self$getBiodb()$getEntryFields()$get] Realnames of fields are: name.
biodb.TRACE[2025-10-11 16:02:11.825][self$getBiodb()$getEntryFields()$get] 1 fields were returned.
biodb.TRACE[2025-10-11 16:02:11.825][self$getBiodb()$getEntryFields()$get] fields variable is a list.
biodb.TRACE[2025-10-11 16:02:11.826][self$getBiodb()$getEntryFields()$get] Asked field names are: name.
biodb.TRACE[2025-10-11 16:02:11.827][self$getBiodb()$getEntryFields()$get] Realnames of fields are: name.
biodb.TRACE[2025-10-11 16:02:11.828][self$getBiodb()$getEntryFields()$get] 1 fields were returned.
biodb.TRACE[2025-10-11 16:02:11.829][self$getBiodb()$getEntryFields()$get] fields variable is a list.
biodb.TRACE[2025-10-11 16:02:11.829][self$getBiodb()$getEntryFields()$get] Asked field names are: name.
biodb.TRACE[2025-10-11 16:02:11.830][self$getBiodb()$getEntryFields()$get] Realnames of fields are: name.
biodb.TRACE[2025-10-11 16:02:11.831][self$getBiodb()$getEntryFields()$get] 1 fields were returned.
biodb.TRACE[2025-10-11 16:02:11.832][self$getBiodb()$getEntryFields()$get] fields variable is a list.
biodb.TRACE[2025-10-11 16:02:11.833][self$getBiodb()$getEntryFields()$get] Asked field names are: ncbi.pubchem.comp.id.
biodb.TRACE[2025-10-11 16:02:11.833][self$getBiodb()$getEntryFields()$get] Realnames of fields are: ncbi.pubchem.comp.id.
biodb.TRACE[2025-10-11 16:02:11.834][self$getBiodb()$getEntryFields()$get] 1 fields were returned.
biodb.TRACE[2025-10-11 16:02:11.835][self$getBiodb()$getEntryFields()$get] fields variable is a list.
biodb.TRACE[2025-10-11 16:02:11.836][self$getBiodb()$getEntryFields()$get] Asked field names are: ncbi.pubchem.comp.id.
biodb.TRACE[2025-10-11 16:02:11.837][self$getBiodb()$getEntryFields()$get] Realnames of fields are: ncbi.pubchem.comp.id.
biodb.TRACE[2025-10-11 16:02:11.837][self$getBiodb()$getEntryFields()$get] 1 fields were returned.
biodb.TRACE[2025-10-11 16:02:11.838][self$getBiodb()$getEntryFields()$get] fields variable is a list.
biodb.TRACE[2025-10-11 16:02:11.839][self$getBiodb()$getEntryFields()$get] Asked field names are: ncbi.pubchem.comp.id.
biodb.TRACE[2025-10-11 16:02:11.840][self$getBiodb()$getEntryFields()$get] Realnames of fields are: ncbi.pubchem.comp.id.
biodb.TRACE[2025-10-11 16:02:11.841][self$getBiodb()$getEntryFields()$get] 1 fields were returned.
biodb.TRACE[2025-10-11 16:02:11.841][self$getBiodb()$getEntryFields()$get] fields variable is a list.
biodb.TRACE[2025-10-11 16:02:11.842][self$getBiodb()$getEntryFields()$get] Asked field names are: secondary.accessions.
biodb.TRACE[2025-10-11 16:02:11.843][self$getBiodb()$getEntryFields()$get] Realnames of fields are: secondary.accessions.
biodb.TRACE[2025-10-11 16:02:11.844][self$getBiodb()$getEntryFields()$get] 1 fields were returned.
biodb.TRACE[2025-10-11 16:02:11.845][self$getBiodb()$getEntryFields()$get] fields variable is a list.
biodb.TRACE[2025-10-11 16:02:11.846][self$getBiodb()$getEntryFields()$get] Asked field names are: secondary.accessions.
biodb.TRACE[2025-10-11 16:02:11.846][self$getBiodb()$getEntryFields()$get] Realnames of fields are: secondary.accessions.
biodb.TRACE[2025-10-11 16:02:11.847][self$getBiodb()$getEntryFields()$get] 1 fields were returned.
biodb.TRACE[2025-10-11 16:02:11.848][self$getBiodb()$getEntryFields()$get] fields variable is a list.
biodb.TRACE[2025-10-11 16:02:11.849][self$getBiodb()$getEntryFields()$get] Asked field names are: secondary.accessions.
biodb.TRACE[2025-10-11 16:02:11.850][self$getBiodb()$getEntryFields()$get] Realnames of fields are: secondary.accessions.
biodb.TRACE[2025-10-11 16:02:11.850][self$getBiodb()$getEntryFields()$get] 1 fields were returned.
biodb.TRACE[2025-10-11 16:02:11.851][self$getBiodb()$getEntryFields()$get] fields variable is a list.
biodb.TRACE[2025-10-11 16:02:11.852][self$getBiodb()$getEntryFields()$get] Asked field names are: smiles.
biodb.TRACE[2025-10-11 16:02:11.853][self$getBiodb()$getEntryFields()$get] Realnames of fields are: smiles.
biodb.TRACE[2025-10-11 16:02:11.854][self$getBiodb()$getEntryFields()$get] 1 fields were returned.
biodb.TRACE[2025-10-11 16:02:11.854][self$getBiodb()$getEntryFields()$get] fields variable is a list.
biodb.TRACE[2025-10-11 16:02:11.855][self$getBiodb()$getEntryFields()$get] Asked field names are: smiles.
biodb.TRACE[2025-10-11 16:02:11.856][self$getBiodb()$getEntryFields()$get] Realnames of fields are: smiles.
biodb.TRACE[2025-10-11 16:02:11.857][self$getBiodb()$getEntryFields()$get] 1 fields were returned.
biodb.TRACE[2025-10-11 16:02:11.858][self$getBiodb()$getEntryFields()$get] fields variable is a list.
biodb.TRACE[2025-10-11 16:02:11.859][self$getBiodb()$getEntryFields()$get] Asked field names are: smiles.
biodb.TRACE[2025-10-11 16:02:11.859][self$getBiodb()$getEntryFields()$get] Realnames of fields are: smiles.
biodb.TRACE[2025-10-11 16:02:11.860][self$getBiodb()$getEntryFields()$get] 1 fields were returned.
biodb.TRACE[2025-10-11 16:02:11.861][self$getBiodb()$getEntryFields()$get] fields variable is a list.
biodb.TRACE[2025-10-11 16:02:11.862][self$getBiodb()$getEntryFields()$get] Asked field names are: INCHIKEY.
biodb.TRACE[2025-10-11 16:02:11.862][self$getBiodb()$getEntryFields()$get] Realnames of fields are: inchikey.
biodb.TRACE[2025-10-11 16:02:11.863][self$getBiodb()$getEntryFields()$get] 1 fields were returned.
biodb.TRACE[2025-10-11 16:02:11.864][self$getBiodb()$getEntryFields()$get] fields variable is a list.
biodb.TRACE[2025-10-11 16:02:11.865][self$getBiodb()$getEntryFields()$get] Asked field names are: inchikey.
biodb.TRACE[2025-10-11 16:02:11.865][self$getBiodb()$getEntryFields()$get] Realnames of fields are: inchikey.
biodb.TRACE[2025-10-11 16:02:11.866][self$getBiodb()$getEntryFields()$get] 1 fields were returned.
biodb.TRACE[2025-10-11 16:02:11.867][self$getBiodb()$getEntryFields()$get] fields variable is a list.
biodb.TRACE[2025-10-11 16:02:11.868][self$getBiodb()$getEntryFields()$get] Asked field names are: inchikey.
biodb.TRACE[2025-10-11 16:02:11.869][self$getBiodb()$getEntryFields()$get] Realnames of fields are: inchikey.
biodb.TRACE[2025-10-11 16:02:11.870][self$getBiodb()$getEntryFields()$get] 1 fields were returned.
biodb.TRACE[2025-10-11 16:02:11.870][self$getBiodb()$getEntryFields()$get] fields variable is a list.
biodb.TRACE[2025-10-11 16:02:11.871][self$getBiodb()$getEntryFields()$get] Asked field names are: inchikey.
biodb.TRACE[2025-10-11 16:02:11.872][self$getBiodb()$getEntryFields()$get] Realnames of fields are: inchikey.
biodb.TRACE[2025-10-11 16:02:11.873][self$getBiodb()$getEntryFields()$get] 1 fields were returned.
biodb.TRACE[2025-10-11 16:02:11.873][self$getBiodb()$getEntryFields()$get] fields variable is a list.
biodb.TRACE[2025-10-11 16:02:11.874][self$getBiodb()$getEntryFields()$get] Asked field names are: INCHIKEY.
biodb.TRACE[2025-10-11 16:02:11.879][self$getBiodb()$getEntryFields()$get] Realnames of fields are: inchikey.
biodb.TRACE[2025-10-11 16:02:11.880][self$getBiodb()$getEntryFields()$get] 1 fields were returned.
biodb.TRACE[2025-10-11 16:02:11.881][self$getBiodb()$getEntryFields()$get] fields variable is a list.
biodb.TRACE[2025-10-11 16:02:11.895][self$getBiodb()$getEntryFields()$get] Asked field names are: name.
biodb.TRACE[2025-10-11 16:02:11.896][self$getBiodb()$getEntryFields()$get] Realnames of fields are: name.
biodb.TRACE[2025-10-11 16:02:11.896][self$getBiodb()$getEntryFields()$get] 1 fields were returned.
biodb.TRACE[2025-10-11 16:02:11.897][self$getBiodb()$getEntryFields()$get] fields variable is a list.
biodb.TRACE[2025-10-11 16:02:11.898][self$getBiodb()$getEntryFields()$get] Asked field names are: name.
biodb.TRACE[2025-10-11 16:02:11.899][self$getBiodb()$getEntryFields()$get] Realnames of fields are: name.
biodb.TRACE[2025-10-11 16:02:11.899][self$getBiodb()$getEntryFields()$get] 1 fields were returned.
biodb.TRACE[2025-10-11 16:02:11.900][self$getBiodb()$getEntryFields()$get] fields variable is a list.
biodb.TRACE[2025-10-11 16:02:11.901][self$getBiodb()$getEntryFields()$get] Asked field names are: name.
biodb.TRACE[2025-10-11 16:02:11.902][self$getBiodb()$getEntryFields()$get] Realnames of fields are: name.
biodb.TRACE[2025-10-11 16:02:11.903][self$getBiodb()$getEntryFields()$get] 1 fields were returned.
biodb.TRACE[2025-10-11 16:02:11.904][self$getBiodb()$getEntryFields()$get] fields variable is a list.
biodb.TRACE[2025-10-11 16:02:11.904][self$getBiodb()$getEntryFields()$get] Asked field names are: name.
biodb.TRACE[2025-10-11 16:02:11.905][self$getBiodb()$getEntryFields()$get] Realnames of fields are: name.
biodb.TRACE[2025-10-11 16:02:11.906][self$getBiodb()$getEntryFields()$get] 1 fields were returned.
biodb.TRACE[2025-10-11 16:02:11.907][self$getBiodb()$getEntryFields()$get] fields variable is a list.
biodb.TRACE[2025-10-11 16:02:11.907][self$getBiodb()$getEntryFields()$get] Asked field names are: name.
biodb.TRACE[2025-10-11 16:02:11.908][self$getBiodb()$getEntryFields()$get] Realnames of fields are: name.
biodb.TRACE[2025-10-11 16:02:11.909][self$getBiodb()$getEntryFields()$get] 1 fields were returned.
biodb.TRACE[2025-10-11 16:02:11.910][self$getBiodb()$getEntryFields()$get] fields variable is a list.
biodb.TRACE[2025-10-11 16:02:11.911][self$getBiodb()$getEntryFields()$get] Asked field names are: hmdb.metabolites.id.
biodb.TRACE[2025-10-11 16:02:11.912][self$getBiodb()$getEntryFields()$get] Realnames of fields are: hmdb.metabolites.id.
biodb.TRACE[2025-10-11 16:02:11.913][self$getBiodb()$getEntryFields()$get] 1 fields were returned.
biodb.TRACE[2025-10-11 16:02:11.913][self$getBiodb()$getEntryFields()$get] fields variable is a list.
biodb.TRACE[2025-10-11 16:02:11.914][self$getBiodb()$getEntryFields()$get] Asked field names are: hmdb.metabolites.id.
biodb.TRACE[2025-10-11 16:02:11.916][self$getBiodb()$getEntryFields()$get] Realnames of fields are: hmdb.metabolites.id.
biodb.TRACE[2025-10-11 16:02:11.916][self$getBiodb()$getEntryFields()$get] 1 fields were returned.
biodb.TRACE[2025-10-11 16:02:11.917][self$getBiodb()$getEntryFields()$get] fields variable is a list.
biodb.TRACE[2025-10-11 16:02:11.918][self$getBiodb()$getEntryFields()$get] Asked field names are: accession.
biodb.TRACE[2025-10-11 16:02:11.919][self$getBiodb()$getEntryFields()$get] Realnames of fields are: accession.
biodb.TRACE[2025-10-11 16:02:11.920][self$getBiodb()$getEntryFields()$get] 1 fields were returned.
biodb.TRACE[2025-10-11 16:02:11.921][self$getBiodb()$getEntryFields()$get] fields variable is a list.
biodb.TRACE[2025-10-11 16:02:11.921][self$getBiodb()$getEntryFields()$get] Asked field names are: hmdb.metabolites.id.
biodb.TRACE[2025-10-11 16:02:11.923][self$getBiodb()$getEntryFields()$get] Realnames of fields are: hmdb.metabolites.id.
biodb.TRACE[2025-10-11 16:02:11.923][self$getBiodb()$getEntryFields()$get] 1 fields were returned.
biodb.TRACE[2025-10-11 16:02:11.924][self$getBiodb()$getEntryFields()$get] fields variable is a list.
biodb.TRACE[2025-10-11 16:02:11.925][self$getBiodb()$getEntryFields()$get] Asked field names are: accession.
biodb.TRACE[2025-10-11 16:02:11.926][self$getBiodb()$getEntryFields()$get] Realnames of fields are: accession.
biodb.TRACE[2025-10-11 16:02:11.927][self$getBiodb()$getEntryFields()$get] 1 fields were returned.
biodb.TRACE[2025-10-11 16:02:11.928][self$getBiodb()$getEntryFields()$get] fields variable is a list.
biodb.TRACE[2025-10-11 16:02:11.929][self$getBiodb()$getEntryFields()$get] Asked field names are: accession.
biodb.TRACE[2025-10-11 16:02:11.930][self$getBiodb()$getEntryFields()$get] Realnames of fields are: accession.
biodb.TRACE[2025-10-11 16:02:11.931][self$getBiodb()$getEntryFields()$get] 1 fields were returned.
biodb.TRACE[2025-10-11 16:02:11.931][self$getBiodb()$getEntryFields()$get] fields variable is a list.
biodb.TRACE[2025-10-11 16:02:11.932][self$getBiodb()$getEntryFields()$get] Asked field names are: accession.
biodb.TRACE[2025-10-11 16:02:11.933][self$getBiodb()$getEntryFields()$get] Realnames of fields are: accession.
biodb.TRACE[2025-10-11 16:02:11.934][self$getBiodb()$getEntryFields()$get] 1 fields were returned.
biodb.TRACE[2025-10-11 16:02:11.935][self$getBiodb()$getEntryFields()$get] fields variable is a list.
biodb.TRACE[2025-10-11 16:02:11.936][self$getBiodb()$getEntryFields()$get] Asked field names are: accession.
biodb.TRACE[2025-10-11 16:02:11.937][self$getBiodb()$getEntryFields()$get] Realnames of fields are: accession.
biodb.TRACE[2025-10-11 16:02:11.938][self$getBiodb()$getEntryFields()$get] 1 fields were returned.
biodb.TRACE[2025-10-11 16:02:11.939][self$getBiodb()$getEntryFields()$get] fields variable is a list.
biodb.TRACE[2025-10-11 16:02:11.940][self$getBiodb()$getEntryFields()$get] Asked field names are: accession.
biodb.TRACE[2025-10-11 16:02:11.941][self$getBiodb()$getEntryFields()$get] Realnames of fields are: accession.
biodb.TRACE[2025-10-11 16:02:11.942][self$getBiodb()$getEntryFields()$get] 1 fields were returned.
biodb.TRACE[2025-10-11 16:02:11.943][self$getBiodb()$getEntryFields()$get] fields variable is a list.
biodb.TRACE[2025-10-11 16:02:11.944][self$getBiodb()$getEntryFields()$get] Asked field names are: accession.
biodb.TRACE[2025-10-11 16:02:11.945][self$getBiodb()$getEntryFields()$get] Realnames of fields are: accession.
biodb.TRACE[2025-10-11 16:02:11.946][self$getBiodb()$getEntryFields()$get] 1 fields were returned.
biodb.TRACE[2025-10-11 16:02:11.947][self$getBiodb()$getEntryFields()$get] fields variable is a list.
biodb.DEBUG[2025-10-11 16:02:11.948][biodb$getFactory()$createEntryFromCo ...] Accession numbers: HMDB0000001.
biodb.TRACE[2025-10-11 16:02:11.950][self$getBiodb()$getEntryFields()$get] Asked field names are: peak.mz.
biodb.TRACE[2025-10-11 16:02:11.951][self$getBiodb()$getEntryFields()$get] Realnames of fields are: peak.mz.
biodb.TRACE[2025-10-11 16:02:11.952][self$getBiodb()$getEntryFields()$get] 1 fields were returned.
biodb.TRACE[2025-10-11 16:02:11.953][self$getBiodb()$getEntryFields()$get] fields variable is a list.
biodb.TRACE[2025-10-11 16:02:11.953][self$getBiodb()$getEntryFields()$get] Asked field names are: peak.mz.
biodb.TRACE[2025-10-11 16:02:11.954][self$getBiodb()$getEntryFields()$get] Realnames of fields are: peak.mz.
biodb.TRACE[2025-10-11 16:02:11.955][self$getBiodb()$getEntryFields()$get] 1 fields were returned.
biodb.TRACE[2025-10-11 16:02:11.956][self$getBiodb()$getEntryFields()$get] fields variable is a list.
biodb.TRACE[2025-10-11 16:02:11.957][self$getBiodb()$getEntryFields()$get] Asked field names are: peak.mzexp.
biodb.TRACE[2025-10-11 16:02:11.958][self$getBiodb()$getEntryFields()$get] Realnames of fields are: peak.mzexp.
biodb.TRACE[2025-10-11 16:02:11.959][self$getBiodb()$getEntryFields()$get] 1 fields were returned.
biodb.TRACE[2025-10-11 16:02:11.959][self$getBiodb()$getEntryFields()$get] fields variable is a list.
biodb.TRACE[2025-10-11 16:02:11.960][self$getBiodb()$getEntryFields()$get] Asked field names are: peak.mztheo.
biodb.TRACE[2025-10-11 16:02:11.961][self$getBiodb()$getEntryFields()$get] Realnames of fields are: peak.mztheo.
biodb.TRACE[2025-10-11 16:02:11.962][self$getBiodb()$getEntryFields()$get] 1 fields were returned.
biodb.TRACE[2025-10-11 16:02:11.962][self$getBiodb()$getEntryFields()$get] fields variable is a list.
biodb.TRACE[2025-10-11 16:02:11.964][self$getBiodb()$getEntryFields()$get] Asked field names are: accession.
biodb.TRACE[2025-10-11 16:02:11.965][self$getBiodb()$getEntryFields()$get] Realnames of fields are: accession.
biodb.TRACE[2025-10-11 16:02:11.966][self$getBiodb()$getEntryFields()$get] 1 fields were returned.
biodb.TRACE[2025-10-11 16:02:11.967][self$getBiodb()$getEntryFields()$get] fields variable is a list.
biodb.TRACE[2025-10-11 16:02:11.971][self$getBiodb()$getEntryFields()$get] Asked field names are: hmdb.metabolites.id.
biodb.TRACE[2025-10-11 16:02:11.972][self$getBiodb()$getEntryFields()$get] Realnames of fields are: hmdb.metabolites.id.
biodb.TRACE[2025-10-11 16:02:11.973][self$getBiodb()$getEntryFields()$get] 1 fields were returned.
biodb.TRACE[2025-10-11 16:02:11.974][self$getBiodb()$getEntryFields()$get] fields variable is a list.
biodb.TRACE[2025-10-11 16:02:11.979][self$getBiodb()$getEntryFields()$get] Asked field names are: accession.
biodb.TRACE[2025-10-11 16:02:11.979][self$getBiodb()$getEntryFields()$get] Realnames of fields are: accession.
biodb.TRACE[2025-10-11 16:02:11.980][self$getBiodb()$getEntryFields()$get] 1 fields were returned.
biodb.TRACE[2025-10-11 16:02:11.981][self$getBiodb()$getEntryFields()$get] fields variable is a list.
biodb.TRACE[2025-10-11 16:02:11.982][self$getBiodb()$getEntryFields()$get] Asked field names are: accession.
biodb.TRACE[2025-10-11 16:02:11.983][self$getBiodb()$getEntryFields()$get] Realnames of fields are: accession.
biodb.TRACE[2025-10-11 16:02:11.987][self$getBiodb()$getEntryFields()$get] 1 fields were returned.
biodb.TRACE[2025-10-11 16:02:11.988][self$getBiodb()$getEntryFields()$get] fields variable is a list.
biodb.TRACE[2025-10-11 16:02:11.989][self$getBiodb()$getEntryFields()$get] Asked field names are: accession.
biodb.TRACE[2025-10-11 16:02:11.989][self$getBiodb()$getEntryFields()$get] Realnames of fields are: accession.
biodb.TRACE[2025-10-11 16:02:11.990][self$getBiodb()$getEntryFields()$get] 1 fields were returned.
biodb.TRACE[2025-10-11 16:02:11.991][self$getBiodb()$getEntryFields()$get] fields variable is a list.
biodb.TRACE[2025-10-11 16:02:11.993][self$getBiodb()$getEntryFields()$get] Asked field names are: accession.
biodb.TRACE[2025-10-11 16:02:11.994][self$getBiodb()$getEntryFields()$get] Realnames of fields are: accession.
biodb.TRACE[2025-10-11 16:02:11.995][self$getBiodb()$getEntryFields()$get] 1 fields were returned.
biodb.TRACE[2025-10-11 16:02:11.996][self$getBiodb()$getEntryFields()$get] fields variable is a list.
biodb.TRACE[2025-10-11 16:02:11.996][self$getBiodb()$getEntryFields()$get] Asked field names are: accession.
biodb.TRACE[2025-10-11 16:02:11.997][self$getBiodb()$getEntryFields()$get] Realnames of fields are: accession.
biodb.TRACE[2025-10-11 16:02:11.998][self$getBiodb()$getEntryFields()$get] 1 fields were returned.
biodb.TRACE[2025-10-11 16:02:11.999][self$getBiodb()$getEntryFields()$get] fields variable is a list.
biodb.TRACE[2025-10-11 16:02:11.999][self$getBiodb()$getEntryFields()$get] Asked field names are: accession.
biodb.TRACE[2025-10-11 16:02:12.000][self$getBiodb()$getEntryFields()$get] Realnames of fields are: accession.
biodb.TRACE[2025-10-11 16:02:12.001][self$getBiodb()$getEntryFields()$get] 1 fields were returned.
biodb.TRACE[2025-10-11 16:02:12.002][self$getBiodb()$getEntryFields()$get] fields variable is a list.
biodb.TRACE[2025-10-11 16:02:12.002][self$getBiodb()$getEntryFields()$get] Asked field names are: hmdb.metabolites.id.
biodb.TRACE[2025-10-11 16:02:12.003][self$getBiodb()$getEntryFields()$get] Realnames of fields are: hmdb.metabolites.id.
biodb.TRACE[2025-10-11 16:02:12.004][self$getBiodb()$getEntryFields()$get] 1 fields were returned.
biodb.TRACE[2025-10-11 16:02:12.005][self$getBiodb()$getEntryFields()$get] fields variable is a list.
biodb.TRACE[2025-10-11 16:02:12.006][self$getBiodb()$getEntryFields()$get] Asked field names are: hmdb.metabolites.id.
biodb.TRACE[2025-10-11 16:02:12.006][self$getBiodb()$getEntryFields()$get] Realnames of fields are: hmdb.metabolites.id.
biodb.TRACE[2025-10-11 16:02:12.007][self$getBiodb()$getEntryFields()$get] 1 fields were returned.
biodb.TRACE[2025-10-11 16:02:12.008][self$getBiodb()$getEntryFields()$get] fields variable is a list.
biodb.TRACE[2025-10-11 16:02:12.009][self$getBiodb()$getEntryFields()$get] Asked field names are: hmdb.metabolites.id.
biodb.TRACE[2025-10-11 16:02:12.009][self$getBiodb()$getEntryFields()$get] Realnames of fields are: hmdb.metabolites.id.
biodb.TRACE[2025-10-11 16:02:12.010][self$getBiodb()$getEntryFields()$get] 1 fields were returned.
biodb.TRACE[2025-10-11 16:02:12.011][self$getBiodb()$getEntryFields()$get] fields variable is a list.
biodb.TRACE[2025-10-11 16:02:12.018][self$getBiodb()$getEntryFields()$get] Asked field names are: accession.
biodb.TRACE[2025-10-11 16:02:12.019][self$getBiodb()$getEntryFields()$get] Realnames of fields are: accession.
biodb.TRACE[2025-10-11 16:02:12.020][self$getBiodb()$getEntryFields()$get] 1 fields were returned.
biodb.TRACE[2025-10-11 16:02:12.021][self$getBiodb()$getEntryFields()$get] fields variable is a list.
biodb.TRACE[2025-10-11 16:02:12.022][self$getBiodb()$getEntryFields()$get] Asked field names are: accession.
biodb.TRACE[2025-10-11 16:02:12.022][self$getBiodb()$getEntryFields()$get] Realnames of fields are: accession.
biodb.TRACE[2025-10-11 16:02:12.023][self$getBiodb()$getEntryFields()$get] 1 fields were returned.
biodb.TRACE[2025-10-11 16:02:12.024][self$getBiodb()$getEntryFields()$get] fields variable is a list.
biodb.TRACE[2025-10-11 16:02:12.024][self$getBiodb()$getEntryFields()$get] Asked field names are: accession.
biodb.TRACE[2025-10-11 16:02:12.025][self$getBiodb()$getEntryFields()$get] Realnames of fields are: accession.
biodb.TRACE[2025-10-11 16:02:12.026][self$getBiodb()$getEntryFields()$get] 1 fields were returned.
biodb.TRACE[2025-10-11 16:02:12.027][self$getBiodb()$getEntryFields()$get] fields variable is a list.
biodb.TRACE[2025-10-11 16:02:12.028][ef$get] Asked field names are: accession.
biodb.TRACE[2025-10-11 16:02:12.028][ef$get] Realnames of fields are: accession.
biodb.TRACE[2025-10-11 16:02:12.029][ef$get] 1 fields were returned.
biodb.TRACE[2025-10-11 16:02:12.030][ef$get] fields variable is a list.
biodb.TRACE[2025-10-11 16:02:12.030][self$getBiodb()$getEntryFields()$get] Asked field names are: accession.
biodb.TRACE[2025-10-11 16:02:12.031][self$getBiodb()$getEntryFields()$get] Realnames of fields are: accession.
biodb.TRACE[2025-10-11 16:02:12.032][self$getBiodb()$getEntryFields()$get] 1 fields were returned.
biodb.TRACE[2025-10-11 16:02:12.033][self$getBiodb()$getEntryFields()$get] fields variable is a list.
biodb.TRACE[2025-10-11 16:02:12.040][self$getBiodb()$getEntryFields()$get] Asked field names are: secondary.accessions.
biodb.TRACE[2025-10-11 16:02:12.041][self$getBiodb()$getEntryFields()$get] Realnames of fields are: secondary.accessions.
biodb.TRACE[2025-10-11 16:02:12.042][self$getBiodb()$getEntryFields()$get] 1 fields were returned.
biodb.TRACE[2025-10-11 16:02:12.043][self$getBiodb()$getEntryFields()$get] fields variable is a list.
biodb.TRACE[2025-10-11 16:02:12.043][self$getBiodb()$getEntryFields()$get] Asked field names are: secondary.accessions.
biodb.TRACE[2025-10-11 16:02:12.044][self$getBiodb()$getEntryFields()$get] Realnames of fields are: secondary.accessions.
biodb.TRACE[2025-10-11 16:02:12.045][self$getBiodb()$getEntryFields()$get] 1 fields were returned.
biodb.TRACE[2025-10-11 16:02:12.046][self$getBiodb()$getEntryFields()$get] fields variable is a list.
biodb.TRACE[2025-10-11 16:02:12.047][self$getBiodb()$getEntryFields()$get] Asked field names are: secondary.accessions.
biodb.TRACE[2025-10-11 16:02:12.048][self$getBiodb()$getEntryFields()$get] Realnames of fields are: secondary.accessions.
biodb.TRACE[2025-10-11 16:02:12.048][self$getBiodb()$getEntryFields()$get] 1 fields were returned.
biodb.TRACE[2025-10-11 16:02:12.049][self$getBiodb()$getEntryFields()$get] fields variable is a list.
biodb.TRACE[2025-10-11 16:02:12.050][ef$get] Asked field names are: secondary.accessions.
biodb.TRACE[2025-10-11 16:02:12.051][ef$get] Realnames of fields are: secondary.accessions.
biodb.TRACE[2025-10-11 16:02:12.051][ef$get] 1 fields were returned.
biodb.TRACE[2025-10-11 16:02:12.052][ef$get] fields variable is a list.
biodb.TRACE[2025-10-11 16:02:12.053][self$getBiodb()$getEntryFields()$get] Asked field names are: secondary.accessions.
biodb.TRACE[2025-10-11 16:02:12.053][self$getBiodb()$getEntryFields()$get] Realnames of fields are: secondary.accessions.
biodb.TRACE[2025-10-11 16:02:12.054][self$getBiodb()$getEntryFields()$get] 1 fields were returned.
biodb.TRACE[2025-10-11 16:02:12.055][self$getBiodb()$getEntryFields()$get] fields variable is a list.
biodb.TRACE[2025-10-11 16:02:12.063][self$getBiodb()$getEntryFields()$get] Asked field names are: chemspider.id.
biodb.TRACE[2025-10-11 16:02:12.064][self$getBiodb()$getEntryFields()$get] Realnames of fields are: chemspider.id.
biodb.TRACE[2025-10-11 16:02:12.064][self$getBiodb()$getEntryFields()$get] 1 fields were returned.
biodb.TRACE[2025-10-11 16:02:12.065][self$getBiodb()$getEntryFields()$get] fields variable is a list.
biodb.TRACE[2025-10-11 16:02:12.066][self$getBiodb()$getEntryFields()$get] Asked field names are: chemspider.id.
biodb.TRACE[2025-10-11 16:02:12.066][self$getBiodb()$getEntryFields()$get] Realnames of fields are: chemspider.id.
biodb.TRACE[2025-10-11 16:02:12.067][self$getBiodb()$getEntryFields()$get] 1 fields were returned.
biodb.TRACE[2025-10-11 16:02:12.068][self$getBiodb()$getEntryFields()$get] fields variable is a list.
biodb.TRACE[2025-10-11 16:02:12.069][self$getBiodb()$getEntryFields()$get] Asked field names are: chemspider.id.
biodb.TRACE[2025-10-11 16:02:12.070][self$getBiodb()$getEntryFields()$get] Realnames of fields are: chemspider.id.
biodb.TRACE[2025-10-11 16:02:12.070][self$getBiodb()$getEntryFields()$get] 1 fields were returned.
biodb.TRACE[2025-10-11 16:02:12.071][self$getBiodb()$getEntryFields()$get] fields variable is a list.
biodb.TRACE[2025-10-11 16:02:12.072][ef$get] Asked field names are: chemspider.id.
biodb.TRACE[2025-10-11 16:02:12.073][ef$get] Realnames of fields are: chemspider.id.
biodb.TRACE[2025-10-11 16:02:12.073][ef$get] 1 fields were returned.
biodb.TRACE[2025-10-11 16:02:12.074][ef$get] fields variable is a list.
biodb.TRACE[2025-10-11 16:02:12.075][self$getBiodb()$getEntryFields()$get] Asked field names are: chemspider.id.
biodb.TRACE[2025-10-11 16:02:12.076][self$getBiodb()$getEntryFields()$get] Realnames of fields are: chemspider.id.
biodb.TRACE[2025-10-11 16:02:12.076][self$getBiodb()$getEntryFields()$get] 1 fields were returned.
biodb.TRACE[2025-10-11 16:02:12.077][self$getBiodb()$getEntryFields()$get] fields variable is a list.
biodb.TRACE[2025-10-11 16:02:12.085][self$getBiodb()$getEntryFields()$get] Asked field names are: ncbi.pubchem.comp.id.
biodb.TRACE[2025-10-11 16:02:12.086][self$getBiodb()$getEntryFields()$get] Realnames of fields are: ncbi.pubchem.comp.id.
biodb.TRACE[2025-10-11 16:02:12.087][self$getBiodb()$getEntryFields()$get] 1 fields were returned.
biodb.TRACE[2025-10-11 16:02:12.088][self$getBiodb()$getEntryFields()$get] fields variable is a list.
biodb.TRACE[2025-10-11 16:02:12.088][self$getBiodb()$getEntryFields()$get] Asked field names are: ncbi.pubchem.comp.id.
biodb.TRACE[2025-10-11 16:02:12.089][self$getBiodb()$getEntryFields()$get] Realnames of fields are: ncbi.pubchem.comp.id.
biodb.TRACE[2025-10-11 16:02:12.090][self$getBiodb()$getEntryFields()$get] 1 fields were returned.
biodb.TRACE[2025-10-11 16:02:12.095][self$getBiodb()$getEntryFields()$get] fields variable is a list.
biodb.TRACE[2025-10-11 16:02:12.096][self$getBiodb()$getEntryFields()$get] Asked field names are: ncbi.pubchem.comp.id.
biodb.TRACE[2025-10-11 16:02:12.096][self$getBiodb()$getEntryFields()$get] Realnames of fields are: ncbi.pubchem.comp.id.
biodb.TRACE[2025-10-11 16:02:12.097][self$getBiodb()$getEntryFields()$get] 1 fields were returned.
biodb.TRACE[2025-10-11 16:02:12.098][self$getBiodb()$getEntryFields()$get] fields variable is a list.
biodb.TRACE[2025-10-11 16:02:12.099][ef$get] Asked field names are: ncbi.pubchem.comp.id.
biodb.TRACE[2025-10-11 16:02:12.099][ef$get] Realnames of fields are: ncbi.pubchem.comp.id.
biodb.TRACE[2025-10-11 16:02:12.100][ef$get] 1 fields were returned.
biodb.TRACE[2025-10-11 16:02:12.101][ef$get] fields variable is a list.
biodb.TRACE[2025-10-11 16:02:12.102][self$getBiodb()$getEntryFields()$get] Asked field names are: ncbi.pubchem.comp.id.
biodb.TRACE[2025-10-11 16:02:12.102][self$getBiodb()$getEntryFields()$get] Realnames of fields are: ncbi.pubchem.comp.id.
biodb.TRACE[2025-10-11 16:02:12.103][self$getBiodb()$getEntryFields()$get] 1 fields were returned.
biodb.TRACE[2025-10-11 16:02:12.104][self$getBiodb()$getEntryFields()$get] fields variable is a list.
biodb.TRACE[2025-10-11 16:02:12.112][self$getBiodb()$getEntryFields()$get] Asked field names are: chebi.id.
biodb.TRACE[2025-10-11 16:02:12.113][self$getBiodb()$getEntryFields()$get] Realnames of fields are: chebi.id.
biodb.TRACE[2025-10-11 16:02:12.113][self$getBiodb()$getEntryFields()$get] 1 fields were returned.
biodb.TRACE[2025-10-11 16:02:12.114][self$getBiodb()$getEntryFields()$get] fields variable is a list.
biodb.TRACE[2025-10-11 16:02:12.115][self$getBiodb()$getEntryFields()$get] Asked field names are: chebi.id.
biodb.TRACE[2025-10-11 16:02:12.116][self$getBiodb()$getEntryFields()$get] Realnames of fields are: chebi.id.
biodb.TRACE[2025-10-11 16:02:12.116][self$getBiodb()$getEntryFields()$get] 1 fields were returned.
biodb.TRACE[2025-10-11 16:02:12.117][self$getBiodb()$getEntryFields()$get] fields variable is a list.
biodb.TRACE[2025-10-11 16:02:12.118][self$getBiodb()$getEntryFields()$get] Asked field names are: chebi.id.
biodb.TRACE[2025-10-11 16:02:12.119][self$getBiodb()$getEntryFields()$get] Realnames of fields are: chebi.id.
biodb.TRACE[2025-10-11 16:02:12.120][self$getBiodb()$getEntryFields()$get] 1 fields were returned.
biodb.TRACE[2025-10-11 16:02:12.120][self$getBiodb()$getEntryFields()$get] fields variable is a list.
biodb.TRACE[2025-10-11 16:02:12.121][ef$get] Asked field names are: chebi.id.
biodb.TRACE[2025-10-11 16:02:12.122][ef$get] Realnames of fields are: chebi.id.
biodb.TRACE[2025-10-11 16:02:12.123][ef$get] 1 fields were returned.
biodb.TRACE[2025-10-11 16:02:12.123][ef$get] fields variable is a list.
biodb.TRACE[2025-10-11 16:02:12.124][self$getBiodb()$getEntryFields()$get] Asked field names are: chebi.id.
biodb.TRACE[2025-10-11 16:02:12.125][self$getBiodb()$getEntryFields()$get] Realnames of fields are: chebi.id.
biodb.TRACE[2025-10-11 16:02:12.125][self$getBiodb()$getEntryFields()$get] 1 fields were returned.
biodb.TRACE[2025-10-11 16:02:12.126][self$getBiodb()$getEntryFields()$get] fields variable is a list.
biodb.TRACE[2025-10-11 16:02:12.134][self$getBiodb()$getEntryFields()$get] Asked field names are: kegg.compound.id.
biodb.TRACE[2025-10-11 16:02:12.135][self$getBiodb()$getEntryFields()$get] Realnames of fields are: kegg.compound.id.
biodb.TRACE[2025-10-11 16:02:12.135][self$getBiodb()$getEntryFields()$get] 1 fields were returned.
biodb.TRACE[2025-10-11 16:02:12.136][self$getBiodb()$getEntryFields()$get] fields variable is a list.
biodb.TRACE[2025-10-11 16:02:12.137][self$getBiodb()$getEntryFields()$get] Asked field names are: kegg.compound.id.
biodb.TRACE[2025-10-11 16:02:12.138][self$getBiodb()$getEntryFields()$get] Realnames of fields are: kegg.compound.id.
biodb.TRACE[2025-10-11 16:02:12.138][self$getBiodb()$getEntryFields()$get] 1 fields were returned.
biodb.TRACE[2025-10-11 16:02:12.139][self$getBiodb()$getEntryFields()$get] fields variable is a list.
biodb.TRACE[2025-10-11 16:02:12.140][self$getBiodb()$getEntryFields()$get] Asked field names are: kegg.compound.id.
biodb.TRACE[2025-10-11 16:02:12.141][self$getBiodb()$getEntryFields()$get] Realnames of fields are: kegg.compound.id.
biodb.TRACE[2025-10-11 16:02:12.142][self$getBiodb()$getEntryFields()$get] 1 fields were returned.
biodb.TRACE[2025-10-11 16:02:12.142][self$getBiodb()$getEntryFields()$get] fields variable is a list.
biodb.TRACE[2025-10-11 16:02:12.143][ef$get] Asked field names are: kegg.compound.id.
biodb.TRACE[2025-10-11 16:02:12.144][ef$get] Realnames of fields are: kegg.compound.id.
biodb.TRACE[2025-10-11 16:02:12.145][ef$get] 1 fields were returned.
biodb.TRACE[2025-10-11 16:02:12.145][ef$get] fields variable is a list.
biodb.TRACE[2025-10-11 16:02:12.146][self$getBiodb()$getEntryFields()$get] Asked field names are: kegg.compound.id.
biodb.TRACE[2025-10-11 16:02:12.147][self$getBiodb()$getEntryFields()$get] Realnames of fields are: kegg.compound.id.
biodb.TRACE[2025-10-11 16:02:12.147][self$getBiodb()$getEntryFields()$get] 1 fields were returned.
biodb.TRACE[2025-10-11 16:02:12.148][self$getBiodb()$getEntryFields()$get] fields variable is a list.
biodb.TRACE[2025-10-11 16:02:12.156][self$getBiodb()$getEntryFields()$get] Asked field names are: name.
biodb.TRACE[2025-10-11 16:02:12.157][self$getBiodb()$getEntryFields()$get] Realnames of fields are: name.
biodb.TRACE[2025-10-11 16:02:12.158][self$getBiodb()$getEntryFields()$get] 1 fields were returned.
biodb.TRACE[2025-10-11 16:02:12.159][self$getBiodb()$getEntryFields()$get] fields variable is a list.
biodb.TRACE[2025-10-11 16:02:12.160][self$getBiodb()$getEntryFields()$get] Asked field names are: name.
biodb.TRACE[2025-10-11 16:02:12.161][self$getBiodb()$getEntryFields()$get] Realnames of fields are: name.
biodb.TRACE[2025-10-11 16:02:12.161][self$getBiodb()$getEntryFields()$get] 1 fields were returned.
biodb.TRACE[2025-10-11 16:02:12.162][self$getBiodb()$getEntryFields()$get] fields variable is a list.
biodb.TRACE[2025-10-11 16:02:12.163][self$getBiodb()$getEntryFields()$get] Asked field names are: name.
biodb.TRACE[2025-10-11 16:02:12.164][self$getBiodb()$getEntryFields()$get] Realnames of fields are: name.
biodb.TRACE[2025-10-11 16:02:12.164][self$getBiodb()$getEntryFields()$get] 1 fields were returned.
biodb.TRACE[2025-10-11 16:02:12.165][self$getBiodb()$getEntryFields()$get] fields variable is a list.
biodb.TRACE[2025-10-11 16:02:12.166][ef$get] Asked field names are: name.
biodb.TRACE[2025-10-11 16:02:12.167][ef$get] Realnames of fields are: name.
biodb.TRACE[2025-10-11 16:02:12.167][ef$get] 1 fields were returned.
biodb.TRACE[2025-10-11 16:02:12.168][ef$get] fields variable is a list.
biodb.TRACE[2025-10-11 16:02:12.169][self$getBiodb()$getEntryFields()$get] Asked field names are: name.
biodb.TRACE[2025-10-11 16:02:12.170][self$getBiodb()$getEntryFields()$get] Realnames of fields are: name.
biodb.TRACE[2025-10-11 16:02:12.170][self$getBiodb()$getEntryFields()$get] 1 fields were returned.
biodb.TRACE[2025-10-11 16:02:12.171][self$getBiodb()$getEntryFields()$get] fields variable is a list.
biodb.TRACE[2025-10-11 16:02:12.179][self$getBiodb()$getEntryFields()$get] Asked field names are: description.
biodb.TRACE[2025-10-11 16:02:12.180][self$getBiodb()$getEntryFields()$get] Realnames of fields are: description.
biodb.TRACE[2025-10-11 16:02:12.180][self$getBiodb()$getEntryFields()$get] 1 fields were returned.
biodb.TRACE[2025-10-11 16:02:12.181][self$getBiodb()$getEntryFields()$get] fields variable is a list.
biodb.TRACE[2025-10-11 16:02:12.182][self$getBiodb()$getEntryFields()$get] Asked field names are: description.
biodb.TRACE[2025-10-11 16:02:12.182][self$getBiodb()$getEntryFields()$get] Realnames of fields are: description.
biodb.TRACE[2025-10-11 16:02:12.183][self$getBiodb()$getEntryFields()$get] 1 fields were returned.
biodb.TRACE[2025-10-11 16:02:12.184][self$getBiodb()$getEntryFields()$get] fields variable is a list.
biodb.TRACE[2025-10-11 16:02:12.185][self$getBiodb()$getEntryFields()$get] Asked field names are: description.
biodb.TRACE[2025-10-11 16:02:12.186][self$getBiodb()$getEntryFields()$get] Realnames of fields are: description.
biodb.TRACE[2025-10-11 16:02:12.186][self$getBiodb()$getEntryFields()$get] 1 fields were returned.
biodb.TRACE[2025-10-11 16:02:12.187][self$getBiodb()$getEntryFields()$get] fields variable is a list.
biodb.TRACE[2025-10-11 16:02:12.188][ef$get] Asked field names are: description.
biodb.TRACE[2025-10-11 16:02:12.189][ef$get] Realnames of fields are: description.
biodb.TRACE[2025-10-11 16:02:12.189][ef$get] 1 fields were returned.
biodb.TRACE[2025-10-11 16:02:12.190][ef$get] fields variable is a list.
biodb.TRACE[2025-10-11 16:02:12.191][self$getBiodb()$getEntryFields()$get] Asked field names are: description.
biodb.TRACE[2025-10-11 16:02:12.192][self$getBiodb()$getEntryFields()$get] Realnames of fields are: description.
biodb.TRACE[2025-10-11 16:02:12.192][self$getBiodb()$getEntryFields()$get] 1 fields were returned.
biodb.TRACE[2025-10-11 16:02:12.193][self$getBiodb()$getEntryFields()$get] fields variable is a list.
biodb.TRACE[2025-10-11 16:02:12.205][self$getBiodb()$getEntryFields()$get] Asked field names are: formula.
biodb.TRACE[2025-10-11 16:02:12.206][self$getBiodb()$getEntryFields()$get] Realnames of fields are: formula.
biodb.TRACE[2025-10-11 16:02:12.207][self$getBiodb()$getEntryFields()$get] 1 fields were returned.
biodb.TRACE[2025-10-11 16:02:12.208][self$getBiodb()$getEntryFields()$get] fields variable is a list.
biodb.TRACE[2025-10-11 16:02:12.208][self$getBiodb()$getEntryFields()$get] Asked field names are: formula.
biodb.TRACE[2025-10-11 16:02:12.209][self$getBiodb()$getEntryFields()$get] Realnames of fields are: formula.
biodb.TRACE[2025-10-11 16:02:12.210][self$getBiodb()$getEntryFields()$get] 1 fields were returned.
biodb.TRACE[2025-10-11 16:02:12.211][self$getBiodb()$getEntryFields()$get] fields variable is a list.
biodb.TRACE[2025-10-11 16:02:12.211][self$getBiodb()$getEntryFields()$get] Asked field names are: formula.
biodb.TRACE[2025-10-11 16:02:12.212][self$getBiodb()$getEntryFields()$get] Realnames of fields are: formula.
biodb.TRACE[2025-10-11 16:02:12.213][self$getBiodb()$getEntryFields()$get] 1 fields were returned.
biodb.TRACE[2025-10-11 16:02:12.214][self$getBiodb()$getEntryFields()$get] fields variable is a list.
biodb.TRACE[2025-10-11 16:02:12.214][ef$get] Asked field names are: formula.
biodb.TRACE[2025-10-11 16:02:12.215][ef$get] Realnames of fields are: formula.
biodb.TRACE[2025-10-11 16:02:12.216][ef$get] 1 fields were returned.
biodb.TRACE[2025-10-11 16:02:12.217][ef$get] fields variable is a list.
biodb.TRACE[2025-10-11 16:02:12.217][self$getBiodb()$getEntryFields()$get] Asked field names are: formula.
biodb.TRACE[2025-10-11 16:02:12.218][self$getBiodb()$getEntryFields()$get] Realnames of fields are: formula.
biodb.TRACE[2025-10-11 16:02:12.219][self$getBiodb()$getEntryFields()$get] 1 fields were returned.
biodb.TRACE[2025-10-11 16:02:12.220][self$getBiodb()$getEntryFields()$get] fields variable is a list.
biodb.TRACE[2025-10-11 16:02:12.227][self$getBiodb()$getEntryFields()$get] Asked field names are: average.mass.
biodb.TRACE[2025-10-11 16:02:12.228][self$getBiodb()$getEntryFields()$get] Realnames of fields are: average.mass.
biodb.TRACE[2025-10-11 16:02:12.229][self$getBiodb()$getEntryFields()$get] 1 fields were returned.
biodb.TRACE[2025-10-11 16:02:12.229][self$getBiodb()$getEntryFields()$get] fields variable is a list.
biodb.TRACE[2025-10-11 16:02:12.230][self$getBiodb()$getEntryFields()$get] Asked field names are: average.mass.
biodb.TRACE[2025-10-11 16:02:12.231][self$getBiodb()$getEntryFields()$get] Realnames of fields are: average.mass.
biodb.TRACE[2025-10-11 16:02:12.232][self$getBiodb()$getEntryFields()$get] 1 fields were returned.
biodb.TRACE[2025-10-11 16:02:12.232][self$getBiodb()$getEntryFields()$get] fields variable is a list.
biodb.TRACE[2025-10-11 16:02:12.233][self$getBiodb()$getEntryFields()$get] Asked field names are: average.mass.
biodb.TRACE[2025-10-11 16:02:12.234][self$getBiodb()$getEntryFields()$get] Realnames of fields are: average.mass.
biodb.TRACE[2025-10-11 16:02:12.235][self$getBiodb()$getEntryFields()$get] 1 fields were returned.
biodb.TRACE[2025-10-11 16:02:12.236][self$getBiodb()$getEntryFields()$get] fields variable is a list.
biodb.TRACE[2025-10-11 16:02:12.236][ef$get] Asked field names are: average.mass.
biodb.TRACE[2025-10-11 16:02:12.237][ef$get] Realnames of fields are: average.mass.
biodb.TRACE[2025-10-11 16:02:12.238][ef$get] 1 fields were returned.
biodb.TRACE[2025-10-11 16:02:12.239][ef$get] fields variable is a list.
biodb.TRACE[2025-10-11 16:02:12.239][self$getBiodb()$getEntryFields()$get] Asked field names are: average.mass.
biodb.TRACE[2025-10-11 16:02:12.240][self$getBiodb()$getEntryFields()$get] Realnames of fields are: average.mass.
biodb.TRACE[2025-10-11 16:02:12.241][self$getBiodb()$getEntryFields()$get] 1 fields were returned.
biodb.TRACE[2025-10-11 16:02:12.242][self$getBiodb()$getEntryFields()$get] fields variable is a list.
biodb.TRACE[2025-10-11 16:02:12.249][self$getBiodb()$getEntryFields()$get] Asked field names are: monoisotopic.mass.
biodb.TRACE[2025-10-11 16:02:12.250][self$getBiodb()$getEntryFields()$get] Realnames of fields are: monoisotopic.mass.
biodb.TRACE[2025-10-11 16:02:12.251][self$getBiodb()$getEntryFields()$get] 1 fields were returned.
biodb.TRACE[2025-10-11 16:02:12.252][self$getBiodb()$getEntryFields()$get] fields variable is a list.
biodb.TRACE[2025-10-11 16:02:12.253][self$getBiodb()$getEntryFields()$get] Asked field names are: monoisotopic.mass.
biodb.TRACE[2025-10-11 16:02:12.253][self$getBiodb()$getEntryFields()$get] Realnames of fields are: monoisotopic.mass.
biodb.TRACE[2025-10-11 16:02:12.254][self$getBiodb()$getEntryFields()$get] 1 fields were returned.
biodb.TRACE[2025-10-11 16:02:12.255][self$getBiodb()$getEntryFields()$get] fields variable is a list.
biodb.TRACE[2025-10-11 16:02:12.256][self$getBiodb()$getEntryFields()$get] Asked field names are: monoisotopic.mass.
biodb.TRACE[2025-10-11 16:02:12.257][self$getBiodb()$getEntryFields()$get] Realnames of fields are: monoisotopic.mass.
biodb.TRACE[2025-10-11 16:02:12.257][self$getBiodb()$getEntryFields()$get] 1 fields were returned.
biodb.TRACE[2025-10-11 16:02:12.258][self$getBiodb()$getEntryFields()$get] fields variable is a list.
biodb.TRACE[2025-10-11 16:02:12.259][ef$get] Asked field names are: monoisotopic.mass.
biodb.TRACE[2025-10-11 16:02:12.259][ef$get] Realnames of fields are: monoisotopic.mass.
biodb.TRACE[2025-10-11 16:02:12.260][ef$get] 1 fields were returned.
biodb.TRACE[2025-10-11 16:02:12.261][ef$get] fields variable is a list.
biodb.TRACE[2025-10-11 16:02:12.262][self$getBiodb()$getEntryFields()$get] Asked field names are: monoisotopic.mass.
biodb.TRACE[2025-10-11 16:02:12.262][self$getBiodb()$getEntryFields()$get] Realnames of fields are: monoisotopic.mass.
biodb.TRACE[2025-10-11 16:02:12.263][self$getBiodb()$getEntryFields()$get] 1 fields were returned.
biodb.TRACE[2025-10-11 16:02:12.264][self$getBiodb()$getEntryFields()$get] fields variable is a list.
biodb.TRACE[2025-10-11 16:02:12.272][self$getBiodb()$getEntryFields()$get] Asked field names are: comp.super.class.
biodb.TRACE[2025-10-11 16:02:12.272][self$getBiodb()$getEntryFields()$get] Realnames of fields are: comp.super.class.
biodb.TRACE[2025-10-11 16:02:12.273][self$getBiodb()$getEntryFields()$get] 1 fields were returned.
biodb.TRACE[2025-10-11 16:02:12.274][self$getBiodb()$getEntryFields()$get] fields variable is a list.
biodb.TRACE[2025-10-11 16:02:12.275][self$getBiodb()$getEntryFields()$get] Asked field names are: comp.super.class.
biodb.TRACE[2025-10-11 16:02:12.275][self$getBiodb()$getEntryFields()$get] Realnames of fields are: comp.super.class.
biodb.TRACE[2025-10-11 16:02:12.276][self$getBiodb()$getEntryFields()$get] 1 fields were returned.
biodb.TRACE[2025-10-11 16:02:12.277][self$getBiodb()$getEntryFields()$get] fields variable is a list.
biodb.TRACE[2025-10-11 16:02:12.278][self$getBiodb()$getEntryFields()$get] Asked field names are: comp.super.class.
biodb.TRACE[2025-10-11 16:02:12.279][self$getBiodb()$getEntryFields()$get] Realnames of fields are: comp.super.class.
biodb.TRACE[2025-10-11 16:02:12.279][self$getBiodb()$getEntryFields()$get] 1 fields were returned.
biodb.TRACE[2025-10-11 16:02:12.280][self$getBiodb()$getEntryFields()$get] fields variable is a list.
biodb.TRACE[2025-10-11 16:02:12.281][ef$get] Asked field names are: comp.super.class.
biodb.TRACE[2025-10-11 16:02:12.282][ef$get] Realnames of fields are: comp.super.class.
biodb.TRACE[2025-10-11 16:02:12.283][ef$get] 1 fields were returned.
biodb.TRACE[2025-10-11 16:02:12.284][ef$get] fields variable is a list.
biodb.TRACE[2025-10-11 16:02:12.284][self$getBiodb()$getEntryFields()$get] Asked field names are: comp.super.class.
biodb.TRACE[2025-10-11 16:02:12.285][self$getBiodb()$getEntryFields()$get] Realnames of fields are: comp.super.class.
biodb.TRACE[2025-10-11 16:02:12.286][self$getBiodb()$getEntryFields()$get] 1 fields were returned.
biodb.TRACE[2025-10-11 16:02:12.287][self$getBiodb()$getEntryFields()$get] fields variable is a list.
biodb.TRACE[2025-10-11 16:02:12.295][self$getBiodb()$getEntryFields()$get] Asked field names are: comp.iupac.name.syst.
biodb.TRACE[2025-10-11 16:02:12.296][self$getBiodb()$getEntryFields()$get] Realnames of fields are: comp.iupac.name.syst.
biodb.TRACE[2025-10-11 16:02:12.297][self$getBiodb()$getEntryFields()$get] 1 fields were returned.
biodb.TRACE[2025-10-11 16:02:12.298][self$getBiodb()$getEntryFields()$get] fields variable is a list.
biodb.TRACE[2025-10-11 16:02:12.299][self$getBiodb()$getEntryFields()$get] Asked field names are: comp.iupac.name.syst.
biodb.TRACE[2025-10-11 16:02:12.300][self$getBiodb()$getEntryFields()$get] Realnames of fields are: comp.iupac.name.syst.
biodb.TRACE[2025-10-11 16:02:12.301][self$getBiodb()$getEntryFields()$get] 1 fields were returned.
biodb.TRACE[2025-10-11 16:02:12.302][self$getBiodb()$getEntryFields()$get] fields variable is a list.
biodb.TRACE[2025-10-11 16:02:12.303][self$getBiodb()$getEntryFields()$get] Asked field names are: comp.iupac.name.syst.
biodb.TRACE[2025-10-11 16:02:12.304][self$getBiodb()$getEntryFields()$get] Realnames of fields are: comp.iupac.name.syst.
biodb.TRACE[2025-10-11 16:02:12.304][self$getBiodb()$getEntryFields()$get] 1 fields were returned.
biodb.TRACE[2025-10-11 16:02:12.305][self$getBiodb()$getEntryFields()$get] fields variable is a list.
biodb.TRACE[2025-10-11 16:02:12.310][ef$get] Asked field names are: comp.iupac.name.syst.
biodb.TRACE[2025-10-11 16:02:12.311][ef$get] Realnames of fields are: comp.iupac.name.syst.
biodb.TRACE[2025-10-11 16:02:12.312][ef$get] 1 fields were returned.
biodb.TRACE[2025-10-11 16:02:12.313][ef$get] fields variable is a list.
biodb.TRACE[2025-10-11 16:02:12.314][self$getBiodb()$getEntryFields()$get] Asked field names are: comp.iupac.name.syst.
biodb.TRACE[2025-10-11 16:02:12.315][self$getBiodb()$getEntryFields()$get] Realnames of fields are: comp.iupac.name.syst.
biodb.TRACE[2025-10-11 16:02:12.316][self$getBiodb()$getEntryFields()$get] 1 fields were returned.
biodb.TRACE[2025-10-11 16:02:12.316][self$getBiodb()$getEntryFields()$get] fields variable is a list.
biodb.TRACE[2025-10-11 16:02:12.324][self$getBiodb()$getEntryFields()$get] Asked field names are: comp.iupac.name.trad.
biodb.TRACE[2025-10-11 16:02:12.325][self$getBiodb()$getEntryFields()$get] Realnames of fields are: comp.iupac.name.trad.
biodb.TRACE[2025-10-11 16:02:12.326][self$getBiodb()$getEntryFields()$get] 1 fields were returned.
biodb.TRACE[2025-10-11 16:02:12.327][self$getBiodb()$getEntryFields()$get] fields variable is a list.
biodb.TRACE[2025-10-11 16:02:12.327][self$getBiodb()$getEntryFields()$get] Asked field names are: comp.iupac.name.trad.
biodb.TRACE[2025-10-11 16:02:12.328][self$getBiodb()$getEntryFields()$get] Realnames of fields are: comp.iupac.name.trad.
biodb.TRACE[2025-10-11 16:02:12.329][self$getBiodb()$getEntryFields()$get] 1 fields were returned.
biodb.TRACE[2025-10-11 16:02:12.330][self$getBiodb()$getEntryFields()$get] fields variable is a list.
biodb.TRACE[2025-10-11 16:02:12.331][self$getBiodb()$getEntryFields()$get] Asked field names are: comp.iupac.name.trad.
biodb.TRACE[2025-10-11 16:02:12.331][self$getBiodb()$getEntryFields()$get] Realnames of fields are: comp.iupac.name.trad.
biodb.TRACE[2025-10-11 16:02:12.332][self$getBiodb()$getEntryFields()$get] 1 fields were returned.
biodb.TRACE[2025-10-11 16:02:12.333][self$getBiodb()$getEntryFields()$get] fields variable is a list.
biodb.TRACE[2025-10-11 16:02:12.334][ef$get] Asked field names are: comp.iupac.name.trad.
biodb.TRACE[2025-10-11 16:02:12.335][ef$get] Realnames of fields are: comp.iupac.name.trad.
biodb.TRACE[2025-10-11 16:02:12.335][ef$get] 1 fields were returned.
biodb.TRACE[2025-10-11 16:02:12.336][ef$get] fields variable is a list.
biodb.TRACE[2025-10-11 16:02:12.337][self$getBiodb()$getEntryFields()$get] Asked field names are: comp.iupac.name.trad.
biodb.TRACE[2025-10-11 16:02:12.337][self$getBiodb()$getEntryFields()$get] Realnames of fields are: comp.iupac.name.trad.
biodb.TRACE[2025-10-11 16:02:12.338][self$getBiodb()$getEntryFields()$get] 1 fields were returned.
biodb.TRACE[2025-10-11 16:02:12.339][self$getBiodb()$getEntryFields()$get] fields variable is a list.
biodb.TRACE[2025-10-11 16:02:12.347][self$getBiodb()$getEntryFields()$get] Asked field names are: smiles.
biodb.TRACE[2025-10-11 16:02:12.348][self$getBiodb()$getEntryFields()$get] Realnames of fields are: smiles.
biodb.TRACE[2025-10-11 16:02:12.349][self$getBiodb()$getEntryFields()$get] 1 fields were returned.
biodb.TRACE[2025-10-11 16:02:12.349][self$getBiodb()$getEntryFields()$get] fields variable is a list.
biodb.TRACE[2025-10-11 16:02:12.350][self$getBiodb()$getEntryFields()$get] Asked field names are: smiles.
biodb.TRACE[2025-10-11 16:02:12.351][self$getBiodb()$getEntryFields()$get] Realnames of fields are: smiles.
biodb.TRACE[2025-10-11 16:02:12.352][self$getBiodb()$getEntryFields()$get] 1 fields were returned.
biodb.TRACE[2025-10-11 16:02:12.353][self$getBiodb()$getEntryFields()$get] fields variable is a list.
biodb.TRACE[2025-10-11 16:02:12.354][self$getBiodb()$getEntryFields()$get] Asked field names are: smiles.
biodb.TRACE[2025-10-11 16:02:12.354][self$getBiodb()$getEntryFields()$get] Realnames of fields are: smiles.
biodb.TRACE[2025-10-11 16:02:12.355][self$getBiodb()$getEntryFields()$get] 1 fields were returned.
biodb.TRACE[2025-10-11 16:02:12.356][self$getBiodb()$getEntryFields()$get] fields variable is a list.
biodb.TRACE[2025-10-11 16:02:12.357][ef$get] Asked field names are: smiles.
biodb.TRACE[2025-10-11 16:02:12.358][ef$get] Realnames of fields are: smiles.
biodb.TRACE[2025-10-11 16:02:12.358][ef$get] 1 fields were returned.
biodb.TRACE[2025-10-11 16:02:12.359][ef$get] fields variable is a list.
biodb.TRACE[2025-10-11 16:02:12.360][self$getBiodb()$getEntryFields()$get] Asked field names are: smiles.
biodb.TRACE[2025-10-11 16:02:12.360][self$getBiodb()$getEntryFields()$get] Realnames of fields are: smiles.
biodb.TRACE[2025-10-11 16:02:12.361][self$getBiodb()$getEntryFields()$get] 1 fields were returned.
biodb.TRACE[2025-10-11 16:02:12.362][self$getBiodb()$getEntryFields()$get] fields variable is a list.
biodb.TRACE[2025-10-11 16:02:12.370][self$getBiodb()$getEntryFields()$get] Asked field names are: inchi.
biodb.TRACE[2025-10-11 16:02:12.371][self$getBiodb()$getEntryFields()$get] Realnames of fields are: inchi.
biodb.TRACE[2025-10-11 16:02:12.372][self$getBiodb()$getEntryFields()$get] 1 fields were returned.
biodb.TRACE[2025-10-11 16:02:12.373][self$getBiodb()$getEntryFields()$get] fields variable is a list.
biodb.TRACE[2025-10-11 16:02:12.374][self$getBiodb()$getEntryFields()$get] Asked field names are: inchi.
biodb.TRACE[2025-10-11 16:02:12.375][self$getBiodb()$getEntryFields()$get] Realnames of fields are: inchi.
biodb.TRACE[2025-10-11 16:02:12.376][self$getBiodb()$getEntryFields()$get] 1 fields were returned.
biodb.TRACE[2025-10-11 16:02:12.376][self$getBiodb()$getEntryFields()$get] fields variable is a list.
biodb.TRACE[2025-10-11 16:02:12.377][self$getBiodb()$getEntryFields()$get] Asked field names are: inchi.
biodb.TRACE[2025-10-11 16:02:12.378][self$getBiodb()$getEntryFields()$get] Realnames of fields are: inchi.
biodb.TRACE[2025-10-11 16:02:12.379][self$getBiodb()$getEntryFields()$get] 1 fields were returned.
biodb.TRACE[2025-10-11 16:02:12.380][self$getBiodb()$getEntryFields()$get] fields variable is a list.
biodb.TRACE[2025-10-11 16:02:12.381][ef$get] Asked field names are: inchi.
biodb.TRACE[2025-10-11 16:02:12.381][ef$get] Realnames of fields are: inchi.
biodb.TRACE[2025-10-11 16:02:12.382][ef$get] 1 fields were returned.
biodb.TRACE[2025-10-11 16:02:12.383][ef$get] fields variable is a list.
biodb.TRACE[2025-10-11 16:02:12.384][self$getBiodb()$getEntryFields()$get] Asked field names are: inchi.
biodb.TRACE[2025-10-11 16:02:12.385][self$getBiodb()$getEntryFields()$get] Realnames of fields are: inchi.
biodb.TRACE[2025-10-11 16:02:12.385][self$getBiodb()$getEntryFields()$get] 1 fields were returned.
biodb.TRACE[2025-10-11 16:02:12.386][self$getBiodb()$getEntryFields()$get] fields variable is a list.
biodb.TRACE[2025-10-11 16:02:12.395][self$getBiodb()$getEntryFields()$get] Asked field names are: inchikey.
biodb.TRACE[2025-10-11 16:02:12.396][self$getBiodb()$getEntryFields()$get] Realnames of fields are: inchikey.
biodb.TRACE[2025-10-11 16:02:12.396][self$getBiodb()$getEntryFields()$get] 1 fields were returned.
biodb.TRACE[2025-10-11 16:02:12.397][self$getBiodb()$getEntryFields()$get] fields variable is a list.
biodb.TRACE[2025-10-11 16:02:12.398][self$getBiodb()$getEntryFields()$get] Asked field names are: inchikey.
biodb.TRACE[2025-10-11 16:02:12.399][self$getBiodb()$getEntryFields()$get] Realnames of fields are: inchikey.
biodb.TRACE[2025-10-11 16:02:12.400][self$getBiodb()$getEntryFields()$get] 1 fields were returned.
biodb.TRACE[2025-10-11 16:02:12.401][self$getBiodb()$getEntryFields()$get] fields variable is a list.
biodb.TRACE[2025-10-11 16:02:12.401][self$getBiodb()$getEntryFields()$get] Asked field names are: inchikey.
biodb.TRACE[2025-10-11 16:02:12.402][self$getBiodb()$getEntryFields()$get] Realnames of fields are: inchikey.
biodb.TRACE[2025-10-11 16:02:12.403][self$getBiodb()$getEntryFields()$get] 1 fields were returned.
biodb.TRACE[2025-10-11 16:02:12.404][self$getBiodb()$getEntryFields()$get] fields variable is a list.
biodb.TRACE[2025-10-11 16:02:12.405][ef$get] Asked field names are: inchikey.
biodb.TRACE[2025-10-11 16:02:12.406][ef$get] Realnames of fields are: inchikey.
biodb.TRACE[2025-10-11 16:02:12.407][ef$get] 1 fields were returned.
biodb.TRACE[2025-10-11 16:02:12.407][ef$get] fields variable is a list.
biodb.TRACE[2025-10-11 16:02:12.408][self$getBiodb()$getEntryFields()$get] Asked field names are: inchikey.
biodb.TRACE[2025-10-11 16:02:12.409][self$getBiodb()$getEntryFields()$get] Realnames of fields are: inchikey.
biodb.TRACE[2025-10-11 16:02:12.410][self$getBiodb()$getEntryFields()$get] 1 fields were returned.
biodb.TRACE[2025-10-11 16:02:12.411][self$getBiodb()$getEntryFields()$get] fields variable is a list.
biodb.TRACE[2025-10-11 16:02:12.422][self$getBiodb()$getEntryFields()$get] Asked field names are: cas.id.
biodb.TRACE[2025-10-11 16:02:12.423][self$getBiodb()$getEntryFields()$get] Realnames of fields are: cas.id.
biodb.TRACE[2025-10-11 16:02:12.424][self$getBiodb()$getEntryFields()$get] 1 fields were returned.
biodb.TRACE[2025-10-11 16:02:12.425][self$getBiodb()$getEntryFields()$get] fields variable is a list.
biodb.TRACE[2025-10-11 16:02:12.426][self$getBiodb()$getEntryFields()$get] Asked field names are: cas.id.
biodb.TRACE[2025-10-11 16:02:12.427][self$getBiodb()$getEntryFields()$get] Realnames of fields are: cas.id.
biodb.TRACE[2025-10-11 16:02:12.427][self$getBiodb()$getEntryFields()$get] 1 fields were returned.
biodb.TRACE[2025-10-11 16:02:12.428][self$getBiodb()$getEntryFields()$get] fields variable is a list.
biodb.TRACE[2025-10-11 16:02:12.429][self$getBiodb()$getEntryFields()$get] Asked field names are: cas.id.
biodb.TRACE[2025-10-11 16:02:12.430][self$getBiodb()$getEntryFields()$get] Realnames of fields are: cas.id.
biodb.TRACE[2025-10-11 16:02:12.431][self$getBiodb()$getEntryFields()$get] 1 fields were returned.
biodb.TRACE[2025-10-11 16:02:12.431][self$getBiodb()$getEntryFields()$get] fields variable is a list.
biodb.TRACE[2025-10-11 16:02:12.432][ef$get] Asked field names are: cas.id.
biodb.TRACE[2025-10-11 16:02:12.433][ef$get] Realnames of fields are: cas.id.
biodb.TRACE[2025-10-11 16:02:12.434][ef$get] 1 fields were returned.
biodb.TRACE[2025-10-11 16:02:12.435][ef$get] fields variable is a list.
biodb.TRACE[2025-10-11 16:02:12.435][self$getBiodb()$getEntryFields()$get] Asked field names are: cas.id.
biodb.TRACE[2025-10-11 16:02:12.436][self$getBiodb()$getEntryFields()$get] Realnames of fields are: cas.id.
biodb.TRACE[2025-10-11 16:02:12.437][self$getBiodb()$getEntryFields()$get] 1 fields were returned.
biodb.TRACE[2025-10-11 16:02:12.438][self$getBiodb()$getEntryFields()$get] fields variable is a list.
biodb.TRACE[2025-10-11 16:02:12.446][ef$get] Asked field names are: accession.
biodb.TRACE[2025-10-11 16:02:12.447][ef$get] Realnames of fields are: accession.
biodb.TRACE[2025-10-11 16:02:12.447][ef$get] 1 fields were returned.
biodb.TRACE[2025-10-11 16:02:12.448][ef$get] fields variable is a list.
biodb.TRACE[2025-10-11 16:02:12.453][ef$get] Asked field names are: average.mass.
biodb.TRACE[2025-10-11 16:02:12.454][ef$get] Realnames of fields are: average.mass.
biodb.TRACE[2025-10-11 16:02:12.454][ef$get] 1 fields were returned.
biodb.TRACE[2025-10-11 16:02:12.455][ef$get] fields variable is a list.
biodb.TRACE[2025-10-11 16:02:12.461][ef$get] Asked field names are: cas.id.
biodb.TRACE[2025-10-11 16:02:12.462][ef$get] Realnames of fields are: cas.id.
biodb.TRACE[2025-10-11 16:02:12.463][ef$get] 1 fields were returned.
biodb.TRACE[2025-10-11 16:02:12.465][ef$get] fields variable is a list.
biodb.TRACE[2025-10-11 16:02:12.469][ef$get] Asked field names are: chebi.id.
biodb.TRACE[2025-10-11 16:02:12.470][ef$get] Realnames of fields are: chebi.id.
biodb.TRACE[2025-10-11 16:02:12.471][ef$get] 1 fields were returned.
biodb.TRACE[2025-10-11 16:02:12.472][ef$get] fields variable is a list.
biodb.TRACE[2025-10-11 16:02:12.476][ef$get] Asked field names are: chemspider.id.
biodb.TRACE[2025-10-11 16:02:12.477][ef$get] Realnames of fields are: chemspider.id.
biodb.TRACE[2025-10-11 16:02:12.478][ef$get] 1 fields were returned.
biodb.TRACE[2025-10-11 16:02:12.479][ef$get] fields variable is a list.
biodb.TRACE[2025-10-11 16:02:12.483][ef$get] Asked field names are: comp.iupac.name.syst.
biodb.TRACE[2025-10-11 16:02:12.483][ef$get] Realnames of fields are: comp.iupac.name.syst.
biodb.TRACE[2025-10-11 16:02:12.484][ef$get] 1 fields were returned.
biodb.TRACE[2025-10-11 16:02:12.485][ef$get] fields variable is a list.
biodb.TRACE[2025-10-11 16:02:12.489][ef$get] Asked field names are: comp.iupac.name.trad.
biodb.TRACE[2025-10-11 16:02:12.490][ef$get] Realnames of fields are: comp.iupac.name.trad.
biodb.TRACE[2025-10-11 16:02:12.491][ef$get] 1 fields were returned.
biodb.TRACE[2025-10-11 16:02:12.491][ef$get] fields variable is a list.
biodb.TRACE[2025-10-11 16:02:12.495][ef$get] Asked field names are: comp.super.class.
biodb.TRACE[2025-10-11 16:02:12.496][ef$get] Realnames of fields are: comp.super.class.
biodb.TRACE[2025-10-11 16:02:12.497][ef$get] 1 fields were returned.
biodb.TRACE[2025-10-11 16:02:12.497][ef$get] fields variable is a list.
biodb.TRACE[2025-10-11 16:02:12.501][ef$get] Asked field names are: description.
biodb.TRACE[2025-10-11 16:02:12.502][ef$get] Realnames of fields are: description.
biodb.TRACE[2025-10-11 16:02:12.503][ef$get] 1 fields were returned.
biodb.TRACE[2025-10-11 16:02:12.504][ef$get] fields variable is a list.
biodb.TRACE[2025-10-11 16:02:12.508][ef$get] Asked field names are: formula.
biodb.TRACE[2025-10-11 16:02:12.508][ef$get] Realnames of fields are: formula.
biodb.TRACE[2025-10-11 16:02:12.509][ef$get] 1 fields were returned.
biodb.TRACE[2025-10-11 16:02:12.510][ef$get] fields variable is a list.
biodb.TRACE[2025-10-11 16:02:12.514][ef$get] Asked field names are: inchi.
biodb.TRACE[2025-10-11 16:02:12.514][ef$get] Realnames of fields are: inchi.
biodb.TRACE[2025-10-11 16:02:12.515][ef$get] 1 fields were returned.
biodb.TRACE[2025-10-11 16:02:12.516][ef$get] fields variable is a list.
biodb.TRACE[2025-10-11 16:02:12.520][ef$get] Asked field names are: inchikey.
biodb.TRACE[2025-10-11 16:02:12.521][ef$get] Realnames of fields are: inchikey.
biodb.TRACE[2025-10-11 16:02:12.521][ef$get] 1 fields were returned.
biodb.TRACE[2025-10-11 16:02:12.522][ef$get] fields variable is a list.
biodb.TRACE[2025-10-11 16:02:12.526][ef$get] Asked field names are: kegg.compound.id.
biodb.TRACE[2025-10-11 16:02:12.527][ef$get] Realnames of fields are: kegg.compound.id.
biodb.TRACE[2025-10-11 16:02:12.528][ef$get] 1 fields were returned.
biodb.TRACE[2025-10-11 16:02:12.528][ef$get] fields variable is a list.
biodb.TRACE[2025-10-11 16:02:12.532][ef$get] Asked field names are: monoisotopic.mass.
biodb.TRACE[2025-10-11 16:02:12.533][ef$get] Realnames of fields are: monoisotopic.mass.
biodb.TRACE[2025-10-11 16:02:12.534][ef$get] 1 fields were returned.
biodb.TRACE[2025-10-11 16:02:12.538][ef$get] fields variable is a list.
biodb.TRACE[2025-10-11 16:02:12.543][ef$get] Asked field names are: name.
biodb.TRACE[2025-10-11 16:02:12.544][ef$get] Realnames of fields are: name.
biodb.TRACE[2025-10-11 16:02:12.544][ef$get] 1 fields were returned.
biodb.TRACE[2025-10-11 16:02:12.545][ef$get] fields variable is a list.
biodb.TRACE[2025-10-11 16:02:12.549][ef$get] Asked field names are: ncbi.pubchem.comp.id.
biodb.TRACE[2025-10-11 16:02:12.550][ef$get] Realnames of fields are: ncbi.pubchem.comp.id.
biodb.TRACE[2025-10-11 16:02:12.550][ef$get] 1 fields were returned.
biodb.TRACE[2025-10-11 16:02:12.551][ef$get] fields variable is a list.
biodb.TRACE[2025-10-11 16:02:12.555][ef$get] Asked field names are: secondary.accessions.
biodb.TRACE[2025-10-11 16:02:12.556][ef$get] Realnames of fields are: secondary.accessions.
biodb.TRACE[2025-10-11 16:02:12.557][ef$get] 1 fields were returned.
biodb.TRACE[2025-10-11 16:02:12.558][ef$get] fields variable is a list.
biodb.TRACE[2025-10-11 16:02:12.561][ef$get] Asked field names are: smiles.
biodb.TRACE[2025-10-11 16:02:12.562][ef$get] Realnames of fields are: smiles.
biodb.TRACE[2025-10-11 16:02:12.563][ef$get] 1 fields were returned.
biodb.TRACE[2025-10-11 16:02:12.564][ef$get] fields variable is a list.
biodb.INFO [2025-10-11 16:02:12.570][biodb::testThat]
biodb.INFO [2025-10-11 16:02:12.571][biodb::testThat] Running test function  test.rt.unit  (" RT unit is defined when there is an RT value. ").
biodb.INFO [2025-10-11 16:02:12.572][biodb::testThat] --------------------------------------------------------------------------------
biodb.INFO [2025-10-11 16:02:12.573][biodb::testThat]
biodb.DEBUG[2025-10-11 16:02:12.582][private$loadEntries] Creating entries from ids [1]: "HMDB0000001".
biodb.DEBUG[2025-10-11 16:02:12.586][conn$getEntryContent] Get HMDB Metabolites entry content(s) for 1 id(s)...
biodb.DEBUG[2025-10-11 16:02:12.588][self$isDownloaded] Database hmdb.metabolites has already been downloaded.
biodb.DEBUG[2025-10-11 16:02:12.612][self$isDownloaded] Database hmdb.metabolites has already been downloaded.
biodb.INFO [2025-10-11 16:02:12.613][self$download] Extract whole database of hmdb.metabolites.
biodb.INFO [2025-10-11 16:02:12.614][private$doExtractDownload] Extracting content of downloaded',
                    ' HMDB metabolite database...
biodb.INFO [2025-10-11 16:02:12.654][biodb::testThat]
biodb.INFO [2025-10-11 16:02:12.655][biodb::testThat] Running test function  test.searchForEntries  (" We can search for an entry by searchable field ").
biodb.INFO [2025-10-11 16:02:12.656][biodb::testThat] --------------------------------------------------------------------------------
biodb.INFO [2025-10-11 16:02:12.657][biodb::testThat]
biodb.TRACE[2025-10-11 16:02:12.660][ef$get] Asked field names are: name.
biodb.TRACE[2025-10-11 16:02:12.661][ef$get] Realnames of fields are: name.
biodb.TRACE[2025-10-11 16:02:12.663][ef$get] 1 fields were returned.
biodb.TRACE[2025-10-11 16:02:12.663][ef$get] fields variable is a list.
biodb.DEBUG[2025-10-11 16:02:12.665][function(conn, opt)] Testing searchForEntries() with entry "HMDB0000001" and field "name".
biodb.DEBUG[2025-10-11 16:02:12.686][private$loadEntries] Creating entries from ids [1]: "HMDB0000001".
biodb.DEBUG[2025-10-11 16:02:12.721][conn$getEntryContent] Get HMDB Metabolites entry content(s) for 1 id(s)...
biodb.DEBUG[2025-10-11 16:02:12.722][self$isDownloaded] Database hmdb.metabolites has already been downloaded.
biodb.DEBUG[2025-10-11 16:02:12.723][self$isDownloaded] Database hmdb.metabolites has already been downloaded.
biodb.INFO [2025-10-11 16:02:12.724][self$download] Extract whole database of hmdb.metabolites.
biodb.INFO [2025-10-11 16:02:12.738][private$doExtractDownload] Extracting content of downloaded',
                    ' HMDB metabolite database...
biodb.INFO [2025-10-11 16:02:12.757][biodb::testThat]
biodb.INFO [2025-10-11 16:02:12.758][biodb::testThat] Running test function  test.searchByName  (" We can search for an entry by name. ").
biodb.INFO [2025-10-11 16:02:12.758][biodb::testThat] --------------------------------------------------------------------------------
biodb.INFO [2025-10-11 16:02:12.759][biodb::testThat]
biodb.DEBUG[2025-10-11 16:02:12.766][private$loadEntries] Creating entries from ids [1]: "HMDB0000001".
biodb.DEBUG[2025-10-11 16:02:12.767][conn$getEntryContent] Get HMDB Metabolites entry content(s) for 1 id(s)...
biodb.DEBUG[2025-10-11 16:02:12.768][self$isDownloaded] Database hmdb.metabolites has already been downloaded.
biodb.DEBUG[2025-10-11 16:02:12.769][self$isDownloaded] Database hmdb.metabolites has already been downloaded.
biodb.INFO [2025-10-11 16:02:12.770][self$download] Extract whole database of hmdb.metabolites.
biodb.INFO [2025-10-11 16:02:12.771][private$doExtractDownload] Extracting content of downloaded',
                    ' HMDB metabolite database...
biodb.INFO [2025-10-11 16:02:12.782][biodb::testThat]
biodb.INFO [2025-10-11 16:02:12.783][biodb::testThat] Running test function  testEntryLoading  (" We can load an entry from the database. ").
biodb.INFO [2025-10-11 16:02:12.784][biodb::testThat] --------------------------------------------------------------------------------
biodb.INFO [2025-10-11 16:02:12.784][biodb::testThat]
biodb.DEBUG[2025-10-11 16:02:12.788][private$loadEntries] Creating entries from ids [1]: "HMDB0000001".
biodb.DEBUG[2025-10-11 16:02:12.788][conn$getEntryContent] Get HMDB Metabolites entry content(s) for 1 id(s)...
biodb.DEBUG[2025-10-11 16:02:12.789][self$isDownloaded] Database hmdb.metabolites has already been downloaded.
biodb.DEBUG[2025-10-11 16:02:12.790][self$isDownloaded] Database hmdb.metabolites has already been downloaded.
biodb.INFO [2025-10-11 16:02:12.791][self$download] Extract whole database of hmdb.metabolites.
biodb.INFO [2025-10-11 16:02:12.792][private$doExtractDownload] Extracting content of downloaded',
                    ' HMDB metabolite database...
biodb.INFO [2025-10-11 16:02:12.802][biodb::testThat]
biodb.INFO [2025-10-11 16:02:12.803][biodb::testThat] Running test function  test.entry.page.url  (" We can get a URL pointing to the entry page. ").
biodb.INFO [2025-10-11 16:02:12.804][biodb::testThat] --------------------------------------------------------------------------------
biodb.INFO [2025-10-11 16:02:12.805][biodb::testThat]
biodb.INFO [2025-10-11 16:02:12.816][biodb::testThat]
biodb.INFO [2025-10-11 16:02:12.817][biodb::testThat] Running test function  test.entry.image.url  (" We can get a URL pointing to the entry image. ").
biodb.INFO [2025-10-11 16:02:12.817][biodb::testThat] --------------------------------------------------------------------------------
biodb.INFO [2025-10-11 16:02:12.818][biodb::testThat]
biodb.INFO [2025-10-11 16:02:12.833][biodb::testThat]
biodb.INFO [2025-10-11 16:02:12.834][biodb::testThat] Running test function  test.entry.page.url.download  (" The entry page URL can be downloaded. ").
biodb.INFO [2025-10-11 16:02:12.835][biodb::testThat] --------------------------------------------------------------------------------
biodb.INFO [2025-10-11 16:02:12.836][biodb::testThat]
biodb.INFO [2025-10-11 16:02:12.847][biodb::testThat]
biodb.INFO [2025-10-11 16:02:12.848][biodb::testThat] Running test function  test.entry.image.url.download  (" The entry image URL can be downloaded. ").
biodb.INFO [2025-10-11 16:02:12.848][biodb::testThat] --------------------------------------------------------------------------------
biodb.INFO [2025-10-11 16:02:12.849][biodb::testThat]
biodb.TRACE[2025-10-11 16:02:12.869][ef$get] Asked field names are: name.
biodb.TRACE[2025-10-11 16:02:12.870][ef$get] Realnames of fields are: name.
biodb.TRACE[2025-10-11 16:02:12.871][ef$get] 1 fields were returned.
biodb.TRACE[2025-10-11 16:02:12.872][ef$get] fields variable is a list.
biodb.TRACE[2025-10-11 16:02:12.872][ef$get] Asked field names are: description.
biodb.TRACE[2025-10-11 16:02:12.873][ef$get] Realnames of fields are: description.
biodb.TRACE[2025-10-11 16:02:12.874][ef$get] 1 fields were returned.
biodb.TRACE[2025-10-11 16:02:12.875][ef$get] fields variable is a list.
biodb.TRACE[2025-10-11 16:02:12.875][ef$get] Asked field names are: secondary.accessions.
biodb.TRACE[2025-10-11 16:02:12.876][ef$get] Realnames of fields are: secondary.accessions.
biodb.TRACE[2025-10-11 16:02:12.877][ef$get] 1 fields were returned.
biodb.TRACE[2025-10-11 16:02:12.877][ef$get] fields variable is a list.
biodb.TRACE[2025-10-11 16:02:12.878][ef$get] Asked field names are: name.
biodb.TRACE[2025-10-11 16:02:12.879][ef$get] Realnames of fields are: name.
biodb.TRACE[2025-10-11 16:02:12.880][ef$get] 1 fields were returned.
biodb.TRACE[2025-10-11 16:02:12.880][ef$get] fields variable is a list.
biodb.TRACE[2025-10-11 16:02:12.881][ef$get] Asked field names are: description.
biodb.TRACE[2025-10-11 16:02:12.882][ef$get] Realnames of fields are: description.
biodb.TRACE[2025-10-11 16:02:12.882][ef$get] 1 fields were returned.
biodb.TRACE[2025-10-11 16:02:12.883][ef$get] fields variable is a list.
biodb.TRACE[2025-10-11 16:02:12.884][ef$get] Asked field names are: secondary.accessions.
biodb.TRACE[2025-10-11 16:02:12.884][ef$get] Realnames of fields are: secondary.accessions.
biodb.TRACE[2025-10-11 16:02:12.885][ef$get] 1 fields were returned.
biodb.TRACE[2025-10-11 16:02:12.886][ef$get] fields variable is a list.
biodb.INFO [2025-10-11 16:02:12.887][biodb$terminate] Closing BiodbMain instance...
biodb.INFO [2025-10-11 16:02:12.887][self$deleteConn] Connector "hmdb.metabolites" deleted.
biodb.DEBUG[2025-10-11 16:02:12.888][notifyObservers] Notify observers for terminate.
biodb.DEBUG[2025-10-11 16:02:12.889][FUN] Trying to call function terminate on observer BiodbTestMsgAck.
biodb.DEBUG[2025-10-11 16:02:12.889][FUN] Functions in observer BiodbTestMsgAck: [4]: ".__enclos_env__, clone, notifyProgress, initialize".
biodb.DEBUG[2025-10-11 16:02:12.890][FUN] Trying to call function terminate on observer BiodbEntryFields.
biodb.DEBUG[2025-10-11 16:02:12.891][FUN] Functions in observer BiodbEntryFields: [15]: ".__enclos_env__, clone, terminate, define, print, getDatabaseIdField, getFieldNames, get, getRealName, checkIsDefined, isDefined, formatName, isAlias, notifyCfgUpdate, initialize".
biodb.DEBUG[2025-10-11 16:02:12.891][FUN] Trying to call function terminate on observer BiodbConfig.
biodb.DEBUG[2025-10-11 16:02:12.892][FUN] Functions in observer BiodbConfig: [21]: ".__enclos_env__, clone, terminate, notifyNewObservers, define, getAssocEnvVar, listKeys, print, disable, enable, reset, set, get, isEnabled, isDefined, hasKey, getDefaultValue, getDescription, getTitle, getKeys, initialize".
[ FAIL 8 | WARN 2 | SKIP 0 | PASS 103 ]

══ Failed tests ════════════════════════════════════════════════════════════════
── Error ('test_long_100_generic.R:42:1'): RT unit is defined when there is an RT value. ──
Error in `private$doExtractDownload()`: attempt to apply non-function
Backtrace:
    ▆
 1. ├─base::do.call(fct, params)
 2. └─biodb (local) `<fn>`(conn = `<HmdbMtbC>`, opt = `<named list>`)
 3.   └─conn$getBiodb()$getFactory()$getEntry(...)
 4.     └─private$loadEntries(conn$getId(), missing.ids, drop = FALSE)
 5.       └─conn$getEntryContent(ids)
 6.         └─self$download()
 7.           └─private$doExtractDownload()
── Error ('test_long_100_generic.R:42:1'): We can search for an entry by searchable field ──
Error in `cch$getTmpFolderPath()`: attempt to apply non-function
Backtrace:
    ▆
 1. ├─base::do.call(fct, params)
 2. └─biodb (local) `<fn>`(conn = `<HmdbMtbC>`, opt = `<named list>`)
 3.   └─conn$getEntry(id, drop = TRUE)
 4.     └─private$bdb$getFactory()$getEntry(self$getId(), id = id, drop = drop)
 5.       └─private$loadEntries(conn$getId(), missing.ids, drop = FALSE)
 6.         └─conn$getEntryContent(ids)
 7.           └─self$download()
 8.             └─private$doExtractDownload()
── Error ('test_long_100_generic.R:42:1'): We can search for an entry by name. ──
Error in `cch$getTmpFolderPath()`: attempt to apply non-function
Backtrace:
    ▆
 1. ├─base::do.call(fct, params)
 2. └─biodb (local) `<fn>`(conn = `<HmdbMtbC>`, opt = `<named list>`)
 3.   └─conn$getEntry(id, drop = TRUE)
 4.     └─private$bdb$getFactory()$getEntry(self$getId(), id = id, drop = drop)
 5.       └─private$loadEntries(conn$getId(), missing.ids, drop = FALSE)
 6.         └─conn$getEntryContent(ids)
 7.           └─self$download()
 8.             └─private$doExtractDownload()
── Error ('test_long_100_generic.R:42:1'): We can load an entry from the database. ──
Error in `cch$getTmpFolderPath()`: attempt to apply non-function
Backtrace:
    ▆
 1. ├─base::do.call(fct, params)
 2. └─biodb (local) `<fn>`(conn = `<HmdbMtbC>`, opt = `<named list>`)
 3.   └─opt$refEntries$getRealEntry(id)
 4.     └─self$getRealEntries(ids = id)
 5.       └─private$bdb$getFactory()$getEntry(...)
 6.         └─private$loadEntries(conn$getId(), missing.ids, drop = FALSE)
 7.           └─conn$getEntryContent(ids)
 8.             └─self$download()
 9.               └─private$doExtractDownload()
── Error ('test_long_100_generic.R:42:1'): We can get a URL pointing to the entry page. ──
Error in `FUN(X[[i]], ...)`: object 'BiodbUrl' not found
Backtrace:
    ▆
 1. ├─base::do.call(fct, params)
 2. └─biodb (local) `<fn>`(conn = `<HmdbMtbC>`, opt = `<named list>`)
 3.   └─conn$getEntryPageUrl(ref.ids)
 4.     └─private$doGetEntryPageUrl(entry.id)
 5.       └─base::vapply(id, fct, FUN.VALUE = "")
 6.         └─biodbHmdb (local) FUN(X[[i]], ...)
── Error ('test_long_100_generic.R:42:1'): We can get a URL pointing to the entry image. ──
Error in `FUN(X[[i]], ...)`: object 'BiodbUrl' not found
Backtrace:
    ▆
 1. ├─base::do.call(fct, params)
 2. └─biodb (local) `<fn>`(conn = `<HmdbMtbC>`, opt = `<named list>`)
 3.   └─conn$getEntryImageUrl(ref.ids)
 4.     └─private$doGetEntryImageUrl(entry.id)
 5.       └─base::vapply(id, fct, FUN.VALUE = "")
 6.         └─biodbHmdb (local) FUN(X[[i]], ...)
── Error ('test_long_100_generic.R:42:1'): The entry page URL can be downloaded. ──
Error in `FUN(X[[i]], ...)`: object 'BiodbUrl' not found
Backtrace:
    ▆
 1. ├─base::do.call(fct, params)
 2. └─biodb (local) `<fn>`(conn = `<HmdbMtbC>`, opt = `<named list>`)
 3.   └─conn$getEntryPageUrl(ref.ids[[1]])
 4.     └─private$doGetEntryPageUrl(entry.id)
 5.       └─base::vapply(id, fct, FUN.VALUE = "")
 6.         └─biodbHmdb (local) FUN(X[[i]], ...)
── Error ('test_long_100_generic.R:42:1'): The entry image URL can be downloaded. ──
Error in `FUN(X[[i]], ...)`: object 'BiodbUrl' not found
Backtrace:
    ▆
 1. ├─base::do.call(fct, params)
 2. └─biodb (local) `<fn>`(conn = `<HmdbMtbC>`, opt = `<named list>`)
 3.   └─conn$getEntryImageUrl(ref.ids[[1]])
 4.     └─private$doGetEntryImageUrl(entry.id)
 5.       └─base::vapply(id, fct, FUN.VALUE = "")
 6.         └─biodbHmdb (local) FUN(X[[i]], ...)

[ FAIL 8 | WARN 2 | SKIP 0 | PASS 103 ]
Error: Test failures
Execution halted

'R CMD check' output

##############################################################################
##############################################################################
###
### Running command:
###
###   /Library/Frameworks/R.framework/Resources/bin/R CMD check --test-dir=longtests --no-stop-on-test-error --no-codoc --no-examples --no-manual --ignore-vignettes --check-subdirs=no biodbHmdb_1.15.1.tar.gz
###
##############################################################################
##############################################################################


* using log directory ‘/Users/biocbuild/bbs-3.22-bioc-longtests/meat/biodbHmdb.Rcheck’
* using R version 4.5.1 Patched (2025-09-10 r88807)
* using platform: x86_64-apple-darwin20
* R was compiled by
    Apple clang version 14.0.0 (clang-1400.0.29.202)
    GNU Fortran (GCC) 14.2.0
* running under: macOS Monterey 12.7.6
* using session charset: UTF-8
* using options ‘--no-codoc --no-examples --no-manual --ignore-vignettes --no-stop-on-test-error’
* checking for file ‘biodbHmdb/DESCRIPTION’ ... OK
* this is package ‘biodbHmdb’ version ‘1.15.1’
* package encoding: UTF-8
* checking package namespace information ... OK
* checking package dependencies ... OK
* checking if this is a source package ... OK
* checking if there is a namespace ... OK
* checking for hidden files and directories ... OK
* checking for portable file names ... OK
* checking for sufficient/correct file permissions ... OK
* checking whether package ‘biodbHmdb’ can be installed ... OK
* used C++ compiler: ‘Apple clang version 14.0.0 (clang-1400.0.29.202)’
* used SDK: ‘MacOSX11.3.1.sdk’
* checking installed package size ... OK
* checking package directory ... OK
* checking DESCRIPTION meta-information ... OK
* checking top-level files ... OK
* checking for left-over files ... OK
* checking index information ... OK
* checking package subdirectories ... OK
* checking code files for non-ASCII characters ... OK
* checking R files for syntax errors ... OK
* checking whether the package can be loaded ... OK
* checking whether the package can be loaded with stated dependencies ... OK
* checking whether the package can be unloaded cleanly ... OK
* checking whether the namespace can be loaded with stated dependencies ... OK
* checking whether the namespace can be unloaded cleanly ... OK
* checking whether startup messages can be suppressed ... OK
* checking dependencies in R code ... NOTE
Namespace in Imports field not imported from: ‘zip’
  All declared Imports should be used.
* checking S3 generic/method consistency ... OK
* checking replacement functions ... OK
* checking foreign function calls ... OK
* checking R code for possible problems ... OK
* checking for missing documentation entries ... WARNING
Undocumented code objects:
  ‘HmdbMetabolitesConn’ ‘HmdbMetabolitesEntry’ ‘hmdbToSqlite’
All user-level objects in a package should have documentation entries.
See chapter ‘Writing R documentation files’ in the ‘Writing R
Extensions’ manual.
* checking line endings in C/C++/Fortran sources/headers ... OK
* checking compiled code ... OK
* checking files in ‘vignettes’ ... SKIPPED
* checking examples ... SKIPPED
* checking for unstated dependencies in ‘longtests’ ... OK
* checking tests in ‘longtests’ ...
  Running ‘testthat.R’
 ERROR
Running the tests in ‘longtests/testthat.R’ failed.
Last 13 lines of output:
   6.         └─biodbHmdb (local) FUN(X[[i]], ...)
  ── Error ('test_long_100_generic.R:42:1'): The entry image URL can be downloaded. ──
  Error in `FUN(X[[i]], ...)`: object 'BiodbUrl' not found
  Backtrace:
      ▆
   1. ├─base::do.call(fct, params)
   2. └─biodb (local) `<fn>`(conn = `<HmdbMtbC>`, opt = `<named list>`)
   3.   └─conn$getEntryImageUrl(ref.ids[[1]])
   4.     └─private$doGetEntryImageUrl(entry.id)
   5.       └─base::vapply(id, fct, FUN.VALUE = "")
   6.         └─biodbHmdb (local) FUN(X[[i]], ...)
  
  [ FAIL 8 | WARN 2 | SKIP 0 | PASS 103 ]
  Error: Test failures
  Execution halted
* DONE

Status: 1 ERROR, 1 WARNING, 1 NOTE
See
  ‘/Users/biocbuild/bbs-3.22-bioc-longtests/meat/biodbHmdb.Rcheck/00check.log’
for details.


Installation output

biodbHmdb.Rcheck/00install.out

* installing *source* package ‘biodbHmdb’ ...
** this is package ‘biodbHmdb’ version ‘1.15.1’
** using staged installation
** libs
using C++ compiler: ‘Apple clang version 14.0.0 (clang-1400.0.29.202)’
using SDK: ‘MacOSX11.3.1.sdk’
clang++ -arch x86_64 -std=gnu++17 -I"/Library/Frameworks/R.framework/Resources/include" -DNDEBUG  -I'/Library/Frameworks/R.framework/Versions/4.5-x86_64/Resources/library/Rcpp/include' -I'/Library/Frameworks/R.framework/Versions/4.5-x86_64/Resources/library/testthat/include' -I/opt/R/x86_64/include    -fPIC  -falign-functions=64 -Wall -g -O2   -c EntryMaker.cpp -o EntryMaker.o
EntryMaker.cpp:6:5: warning: field 'accession_tag' will be initialized after field 'closed' [-Wreorder-ctor]
    accession_tag("<accession>", "</accession>"),
    ^~~~~~~~~~~~~~~~~~~~~~~~~~~~~~~~~~~~~~~~~~~~
    closed(true)
1 warning generated.
clang++ -arch x86_64 -std=gnu++17 -I"/Library/Frameworks/R.framework/Resources/include" -DNDEBUG  -I'/Library/Frameworks/R.framework/Versions/4.5-x86_64/Resources/library/Rcpp/include' -I'/Library/Frameworks/R.framework/Versions/4.5-x86_64/Resources/library/testthat/include' -I/opt/R/x86_64/include    -fPIC  -falign-functions=64 -Wall -g -O2   -c FileEntryMaker.cpp -o FileEntryMaker.o
clang++ -arch x86_64 -std=gnu++17 -I"/Library/Frameworks/R.framework/Resources/include" -DNDEBUG  -I'/Library/Frameworks/R.framework/Versions/4.5-x86_64/Resources/library/Rcpp/include' -I'/Library/Frameworks/R.framework/Versions/4.5-x86_64/Resources/library/testthat/include' -I/opt/R/x86_64/include    -fPIC  -falign-functions=64 -Wall -g -O2   -c RcppExports.cpp -o RcppExports.o
clang++ -arch x86_64 -std=gnu++17 -I"/Library/Frameworks/R.framework/Resources/include" -DNDEBUG  -I'/Library/Frameworks/R.framework/Versions/4.5-x86_64/Resources/library/Rcpp/include' -I'/Library/Frameworks/R.framework/Versions/4.5-x86_64/Resources/library/testthat/include' -I/opt/R/x86_64/include    -fPIC  -falign-functions=64 -Wall -g -O2   -c StringEnrtryMaker.cpp -o StringEnrtryMaker.o
clang++ -arch x86_64 -std=gnu++17 -I"/Library/Frameworks/R.framework/Resources/include" -DNDEBUG  -I'/Library/Frameworks/R.framework/Versions/4.5-x86_64/Resources/library/Rcpp/include' -I'/Library/Frameworks/R.framework/Versions/4.5-x86_64/Resources/library/testthat/include' -I/opt/R/x86_64/include    -fPIC  -falign-functions=64 -Wall -g -O2   -c TagDetector.cpp -o TagDetector.o
clang++ -arch x86_64 -std=gnu++17 -I"/Library/Frameworks/R.framework/Resources/include" -DNDEBUG  -I'/Library/Frameworks/R.framework/Versions/4.5-x86_64/Resources/library/Rcpp/include' -I'/Library/Frameworks/R.framework/Versions/4.5-x86_64/Resources/library/testthat/include' -I/opt/R/x86_64/include    -fPIC  -falign-functions=64 -Wall -g -O2   -c XmlSplitter.cpp -o XmlSplitter.o
clang++ -arch x86_64 -std=gnu++17 -I"/Library/Frameworks/R.framework/Resources/include" -DNDEBUG  -I'/Library/Frameworks/R.framework/Versions/4.5-x86_64/Resources/library/Rcpp/include' -I'/Library/Frameworks/R.framework/Versions/4.5-x86_64/Resources/library/testthat/include' -I/opt/R/x86_64/include    -fPIC  -falign-functions=64 -Wall -g -O2   -c extractXmlEntries.cpp -o extractXmlEntries.o
clang++ -arch x86_64 -std=gnu++17 -I"/Library/Frameworks/R.framework/Resources/include" -DNDEBUG  -I'/Library/Frameworks/R.framework/Versions/4.5-x86_64/Resources/library/Rcpp/include' -I'/Library/Frameworks/R.framework/Versions/4.5-x86_64/Resources/library/testthat/include' -I/opt/R/x86_64/include    -fPIC  -falign-functions=64 -Wall -g -O2   -c test-100-TagDetector.cpp -o test-100-TagDetector.o
clang++ -arch x86_64 -std=gnu++17 -I"/Library/Frameworks/R.framework/Resources/include" -DNDEBUG  -I'/Library/Frameworks/R.framework/Versions/4.5-x86_64/Resources/library/Rcpp/include' -I'/Library/Frameworks/R.framework/Versions/4.5-x86_64/Resources/library/testthat/include' -I/opt/R/x86_64/include    -fPIC  -falign-functions=64 -Wall -g -O2   -c test-150-StringEntryMaker.cpp -o test-150-StringEntryMaker.o
clang++ -arch x86_64 -std=gnu++17 -I"/Library/Frameworks/R.framework/Resources/include" -DNDEBUG  -I'/Library/Frameworks/R.framework/Versions/4.5-x86_64/Resources/library/Rcpp/include' -I'/Library/Frameworks/R.framework/Versions/4.5-x86_64/Resources/library/testthat/include' -I/opt/R/x86_64/include    -fPIC  -falign-functions=64 -Wall -g -O2   -c test-200-XmlSplitter.cpp -o test-200-XmlSplitter.o
clang++ -arch x86_64 -std=gnu++17 -I"/Library/Frameworks/R.framework/Resources/include" -DNDEBUG  -I'/Library/Frameworks/R.framework/Versions/4.5-x86_64/Resources/library/Rcpp/include' -I'/Library/Frameworks/R.framework/Versions/4.5-x86_64/Resources/library/testthat/include' -I/opt/R/x86_64/include    -fPIC  -falign-functions=64 -Wall -g -O2   -c test-runner.cpp -o test-runner.o
clang++ -arch x86_64 -std=gnu++17 -dynamiclib -Wl,-headerpad_max_install_names -undefined dynamic_lookup -L/Library/Frameworks/R.framework/Resources/lib -L/opt/R/x86_64/lib -o biodbHmdb.so EntryMaker.o FileEntryMaker.o RcppExports.o StringEnrtryMaker.o TagDetector.o XmlSplitter.o extractXmlEntries.o test-100-TagDetector.o test-150-StringEntryMaker.o test-200-XmlSplitter.o test-runner.o -F/Library/Frameworks/R.framework/.. -framework R
installing to /Users/biocbuild/bbs-3.22-bioc-longtests/meat/biodbHmdb.Rcheck/00LOCK-biodbHmdb/00new/biodbHmdb/libs
** R
** inst
** byte-compile and prepare package for lazy loading
** help
No man pages found in package  ‘biodbHmdb’ 
*** installing help indices
** building package indices
** installing vignettes
** testing if installed package can be loaded from temporary location
Warning in fun(libname, pkgname) :
  Package 'biodbHmdb' is deprecated and will be removed from Bioconductor
  version 3.23
** checking absolute paths in shared objects and dynamic libraries
** testing if installed package can be loaded from final location
Warning in fun(libname, pkgname) :
  Package 'biodbHmdb' is deprecated and will be removed from Bioconductor
  version 3.23
** testing if installed package keeps a record of temporary installation path
* DONE (biodbHmdb)