| Back to Multiple platform build/check report for BioC 3.22: simplified long | 
 | 
This page was generated on 2025-08-15 12:07 -0400 (Fri, 15 Aug 2025).
| Hostname | OS | Arch (*) | R version | Installed pkgs | 
|---|---|---|---|---|
| nebbiolo2 | Linux (Ubuntu 24.04.3 LTS) | x86_64 | 4.5.1 (2025-06-13) -- "Great Square Root" | 4818 | 
| palomino8 | Windows Server 2022 Datacenter | x64 | 4.5.1 (2025-06-13 ucrt) -- "Great Square Root" | 4554 | 
| lconway | macOS 12.7.1 Monterey | x86_64 | 4.5.1 (2025-06-13) -- "Great Square Root" | 4595 | 
| kjohnson3 | macOS 13.7.7 Ventura | arm64 | 4.5.1 Patched (2025-06-14 r88325) -- "Great Square Root" | 4537 | 
| taishan | Linux (openEuler 24.03 LTS) | aarch64 | 4.5.0 (2025-04-11) -- "How About a Twenty-Six" | 4535 | 
| Click on any hostname to see more info about the system (e.g. compilers) (*) as reported by 'uname -p', except on Windows and Mac OS X | ||||
| Package 2038/2317 | Hostname | OS / Arch | INSTALL | BUILD | CHECK | BUILD BIN | ||||||||
| spatialDE 1.15.1  (landing page) Gabriele Sales 
 | nebbiolo2 | Linux (Ubuntu 24.04.3 LTS) / x86_64 | OK | OK | OK |  | ||||||||
| palomino8 | Windows Server 2022 Datacenter / x64 | OK | ERROR | skipped | skipped | |||||||||
| lconway | macOS 12.7.1 Monterey / x86_64 | OK | OK | OK | OK |  | ||||||||
| kjohnson3 | macOS 13.7.7 Ventura / arm64 | OK | OK | OK | OK |  | ||||||||
| taishan | Linux (openEuler 24.03 LTS) / aarch64 | OK | OK | OK | ||||||||||
| To the developers/maintainers of the spatialDE package: - Allow up to 24 hours (and sometimes 48 hours) for your latest push to git@git.bioconductor.org:packages/spatialDE.git to reflect on this report. See Troubleshooting Build Report for more information. - Use the following Renviron settings to reproduce errors and warnings. - If 'R CMD check' started to fail recently on the Linux builder(s) over a missing dependency, add the missing dependency to 'Suggests:' in your DESCRIPTION file. See Renviron.bioc for more information. | 
| Package: spatialDE | 
| Version: 1.15.1 | 
| Command: chmod a+r spatialDE -R && F:\biocbuild\bbs-3.22-bioc\R\bin\R.exe CMD build --keep-empty-dirs --no-resave-data spatialDE | 
| StartedAt: 2025-08-14 23:26:55 -0400 (Thu, 14 Aug 2025) | 
| EndedAt: 2025-08-14 23:27:51 -0400 (Thu, 14 Aug 2025) | 
| EllapsedTime: 56.4 seconds | 
| RetCode: 1 | 
| Status: ERROR | 
| PackageFile: None | 
| PackageFileSize: NA | 
##############################################################################
##############################################################################
###
### Running command:
###
###   chmod a+r spatialDE -R && F:\biocbuild\bbs-3.22-bioc\R\bin\R.exe CMD build --keep-empty-dirs --no-resave-data spatialDE
###
##############################################################################
##############################################################################
* checking for file 'spatialDE/DESCRIPTION' ... OK
* preparing 'spatialDE':
* checking DESCRIPTION meta-information ... OK
* installing the package to build vignettes
* creating vignettes ... ERROR
--- re-building 'spatialDE.Rmd' using rmarkdown
:: [Info] ::  Mirror: https://www.python.org/ftp/python
:: [Info] ::  Mirror: https://downloads.python.org/pypy/versions.json
:: [Info] ::  Mirror: https://api.github.com/repos/oracle/graalpython/releases
:: [Installing] ::  3.11.9 ...
:: [Error] :: error installing "core" component MSI.
:: [Error] :: couldn't install 3.11.9
Quitting from spatialDE.Rmd:122-125 [stabilize]
~~~~~~~~~~~~~~~~~~~~~~~~~~~~~~~~~~~~~~~~~~~~~~~~~~~~~~~~~~~~~~~~~~~~~~~~~~~~~~~~
<error/rlang_error>
Error in `pyenv_python()`:
! Python NA does not appear to be installed.
Try installing it with install_python(version = "NA").
---
Backtrace:
    ▆
 1. └─spatialDE::stabilize(Rep11_MOB_0)
 2.   └─basilisk::basiliskStart(spatialDE_env, testload = "scipy.optimize")
 3.     └─basilisk::obtainEnvironmentPath(env)
 4.       └─basilisk::setupBasiliskEnv(...)
 5.         ├─base::suppressMessages(install_python(version))
 6.         │ └─base::withCallingHandlers(...)
 7.         └─reticulate::install_python(version)
 8.           └─reticulate:::pyenv_python(version = version)
~~~~~~~~~~~~~~~~~~~~~~~~~~~~~~~~~~~~~~~~~~~~~~~~~~~~~~~~~~~~~~~~~~~~~~~~~~~~~~~~
Error: processing vignette 'spatialDE.Rmd' failed with diagnostics:
Python NA does not appear to be installed.
Try installing it with install_python(version = "NA").
--- failed re-building 'spatialDE.Rmd'
SUMMARY: processing the following file failed:
  'spatialDE.Rmd'
Error: Vignette re-building failed.
Execution halted