Back to Multiple platform build/check report for BioC 3.23:   simplified   long
ABCDEFGHIJKLMNOPQ[R]STUVWXYZ

This page was generated on 2025-11-18 11:39 -0500 (Tue, 18 Nov 2025).

HostnameOSArch (*)R versionInstalled pkgs
nebbiolo1Linux (Ubuntu 24.04.3 LTS)x86_64R Under development (unstable) (2025-10-20 r88955) -- "Unsuffered Consequences" 4826
lconwaymacOS 12.7.6 Montereyx86_64R Under development (unstable) (2025-10-21 r88958) -- "Unsuffered Consequences" 4561
kjohnson3macOS 13.7.7 Venturaarm64R Under development (unstable) (2025-11-04 r88984) -- "Unsuffered Consequences" 4562
Click on any hostname to see more info about the system (e.g. compilers)      (*) as reported by 'uname -p', except on Windows and Mac OS X

Package 1774/2325HostnameOS / ArchINSTALLBUILDCHECKBUILD BIN
rifi 1.15.0  (landing page)
Jens Georg
Snapshot Date: 2025-11-17 13:40 -0500 (Mon, 17 Nov 2025)
git_url: https://git.bioconductor.org/packages/rifi
git_branch: devel
git_last_commit: 16a7acf
git_last_commit_date: 2025-10-29 11:16:59 -0500 (Wed, 29 Oct 2025)
nebbiolo1Linux (Ubuntu 24.04.3 LTS) / x86_64  OK    OK    WARNINGS  UNNEEDED, same version is already published
lconwaymacOS 12.7.6 Monterey / x86_64  OK    OK    WARNINGS    OK  NO, package depends on 'rtracklayer' which is only available as a source package that needs compilation
kjohnson3macOS 13.7.7 Ventura / arm64  OK    OK    WARNINGS    OK  NO, package depends on 'rtracklayer' which is only available as a source package that needs compilation


CHECK results for rifi on lconway

To the developers/maintainers of the rifi package:
- Allow up to 24 hours (and sometimes 48 hours) for your latest push to git@git.bioconductor.org:packages/rifi.git to reflect on this report. See Troubleshooting Build Report for more information.
- Use the following Renviron settings to reproduce errors and warnings.
- If 'R CMD check' started to fail recently on the Linux builder(s) over a missing dependency, add the missing dependency to 'Suggests:' in your DESCRIPTION file. See Renviron.bioc for more information.

raw results


Summary

Package: rifi
Version: 1.15.0
Command: /Library/Frameworks/R.framework/Resources/bin/R CMD check --install=check:rifi.install-out.txt --library=/Library/Frameworks/R.framework/Resources/library --no-vignettes --timings rifi_1.15.0.tar.gz
StartedAt: 2025-11-18 05:09:00 -0500 (Tue, 18 Nov 2025)
EndedAt: 2025-11-18 05:19:50 -0500 (Tue, 18 Nov 2025)
EllapsedTime: 649.5 seconds
RetCode: 0
Status:   WARNINGS  
CheckDir: rifi.Rcheck
Warnings: 2

Command output

##############################################################################
##############################################################################
###
### Running command:
###
###   /Library/Frameworks/R.framework/Resources/bin/R CMD check --install=check:rifi.install-out.txt --library=/Library/Frameworks/R.framework/Resources/library --no-vignettes --timings rifi_1.15.0.tar.gz
###
##############################################################################
##############################################################################


* using log directory ‘/Users/biocbuild/bbs-3.23-bioc/meat/rifi.Rcheck’
* using R Under development (unstable) (2025-10-21 r88958)
* using platform: x86_64-apple-darwin20
* R was compiled by
    Apple clang version 14.0.0 (clang-1400.0.29.202)
    GNU Fortran (GCC) 14.2.0
* running under: macOS Ventura 13.7.8
* using session charset: UTF-8
* using option ‘--no-vignettes’
* checking for file ‘rifi/DESCRIPTION’ ... OK
* this is package ‘rifi’ version ‘1.15.0’
* package encoding: UTF-8
* checking package namespace information ... OK
* checking package dependencies ... OK
* checking if this is a source package ... OK
* checking if there is a namespace ... OK
* checking for hidden files and directories ... NOTE
Found the following hidden files and directories:
  .BBSoptions
  R/.ipynb_checkpoints
  vignettes/.ipynb_checkpoints
These were most likely included in error. See section ‘Package
structure’ in the ‘Writing R Extensions’ manual.
* checking for portable file names ... OK
* checking for sufficient/correct file permissions ... OK
* checking whether package ‘rifi’ can be installed ... WARNING
Found the following significant warnings:
  Note: next used in wrong context: no loop is visible 
  Warning: /Users/biocbuild/bbs-3.23-bioc/meat/rifi/man/apply_Ttest_delay.Rd:55: unexpected '}'
  Warning: /Users/biocbuild/bbs-3.23-bioc/meat/rifi/man/predict_ps_itss.Rd:57: unexpected '}'
See ‘/Users/biocbuild/bbs-3.23-bioc/meat/rifi.Rcheck/00install.out’ for details.
Information on the location(s) of code generating the ‘Note’s can be
obtained by re-running with environment variable R_KEEP_PKG_SOURCE set
to ‘yes’.
* checking installed package size ... OK
* checking package directory ... OK
* checking ‘build’ directory ... OK
* checking DESCRIPTION meta-information ...Warning: /Users/biocbuild/bbs-3.23-bioc/meat/rifi.Rcheck/00_pkg_src/rifi/man/apply_Ttest_delay.Rd:55: unexpected '}'
Warning: /Users/biocbuild/bbs-3.23-bioc/meat/rifi.Rcheck/00_pkg_src/rifi/man/predict_ps_itss.Rd:57: unexpected '}'
 OK
* checking top-level files ... OK
* checking for left-over files ... OK
* checking index information ... OK
* checking package subdirectories ... OK
* checking code files for non-ASCII characters ... OK
* checking R files for syntax errors ... OK
* checking whether the package can be loaded ... OK
* checking whether the package can be loaded with stated dependencies ... OK
* checking whether the package can be unloaded cleanly ... OK
* checking whether the namespace can be loaded with stated dependencies ... OK
* checking whether the namespace can be unloaded cleanly ... OK
* checking dependencies in R code ... OK
* checking S3 generic/method consistency ... OK
* checking replacement functions ... OK
* checking foreign function calls ... OK
* checking R code for possible problems ... OK
* checking Rd files ... WARNING
prepare_Rd: ./man/apply_Ttest_delay.Rd:55: unexpected '}'
prepare_Rd: ./man/predict_ps_itss.Rd:57: unexpected '}'
* checking Rd metadata ... OK
* checking Rd cross-references ...Warning: /Users/biocbuild/bbs-3.23-bioc/meat/rifi.Rcheck/00_pkg_src/rifi/man/apply_Ttest_delay.Rd:55: unexpected '}'
Warning: /Users/biocbuild/bbs-3.23-bioc/meat/rifi.Rcheck/00_pkg_src/rifi/man/predict_ps_itss.Rd:57: unexpected '}'
 OK
* checking for missing documentation entries ... OK
* checking for code/documentation mismatches ... OK
* checking Rd \usage sections ... OK
* checking Rd contents ... OK
* checking for unstated dependencies in examples ... OK
* checking contents of ‘data’ directory ... OK
* checking data for non-ASCII characters ... OK
* checking data for ASCII and uncompressed saves ... OK
* checking files in ‘vignettes’ ... OK
* checking examples ... OK
Examples with CPU (user + system) or elapsed time > 5s
                      user system elapsed
rifi_wrapper       123.175 35.360 139.007
rifi_penalties      60.565 25.621  82.631
nls2_fit            42.357  2.683  27.910
rifi_visualization  32.807  2.433  35.544
rifi_fit            26.750  0.404  27.388
TI_fit              14.760  3.059  10.565
make_pen            11.055  4.378  14.794
* checking for unstated dependencies in vignettes ... OK
* checking package vignettes ... OK
* checking running R code from vignettes ... SKIPPED
* checking re-building of vignette outputs ... SKIPPED
* checking PDF version of manual ... OK
* DONE

Status: 2 WARNINGs, 1 NOTE
See
  ‘/Users/biocbuild/bbs-3.23-bioc/meat/rifi.Rcheck/00check.log’
for details.


Installation output

rifi.Rcheck/00install.out

##############################################################################
##############################################################################
###
### Running command:
###
###   /Library/Frameworks/R.framework/Resources/bin/R CMD INSTALL rifi
###
##############################################################################
##############################################################################


* installing to library ‘/Library/Frameworks/R.framework/Versions/4.6-x86_64/Resources/library’
* installing *source* package ‘rifi’ ...
** this is package ‘rifi’ version ‘1.15.0’
** using staged installation
** R
** data
** inst
** byte-compile and prepare package for lazy loading
Note: next used in wrong context: no loop is visible 
** help
Warning: /Users/biocbuild/bbs-3.23-bioc/meat/rifi/man/apply_Ttest_delay.Rd:55: unexpected '}'
Warning: /Users/biocbuild/bbs-3.23-bioc/meat/rifi/man/predict_ps_itss.Rd:57: unexpected '}'
*** installing help indices
** building package indices
** installing vignettes
** testing if installed package can be loaded from temporary location
** testing if installed package can be loaded from final location
** testing if installed package keeps a record of temporary installation path
* DONE (rifi)

Tests output


Example timings

rifi.Rcheck/rifi-Ex.timings

nameusersystemelapsed
TI_fit14.760 3.05910.565
TUgether0.5460.1180.654
apply_Ttest_delay0.1330.0180.154
apply_ancova0.3610.0370.399
apply_event_position1.1490.1921.349
apply_manova0.6790.0070.690
apply_t_test0.8000.0310.834
apply_t_test_ti0.1930.0030.196
check_input0.3990.0040.406
dataframe_summary0.1000.0090.110
dataframe_summary_TI0.0510.0050.056
dataframe_summary_events0.9210.0300.957
dataframe_summary_events_HL_int0.7230.0260.754
dataframe_summary_events_ps_itss0.3420.0230.368
dataframe_summary_events_velocity0.2980.0210.321
event_dataframe0.8380.0280.869
finding_PDD0.2440.0760.306
finding_TI0.4140.1120.507
fold_change3.2460.1083.378
fragment_HL0.6360.1300.736
fragment_TI0.4880.0430.532
fragment_delay1.2730.3891.611
fragment_inty0.7380.1520.866
gff3_preprocess0.6570.0560.718
make_df0.9550.3930.924
make_pen11.055 4.37814.794
nls2_fit42.357 2.68327.910
predict_ps_itss0.3120.0360.349
rifi_fit26.750 0.40427.388
rifi_fragmentation3.6650.8924.456
rifi_penalties60.56525.62182.631
rifi_preprocess2.0150.6302.164
rifi_stats3.5720.1293.737
rifi_summary2.3970.0492.465
rifi_visualization32.807 2.43335.544
rifi_wrapper123.175 35.360139.007
segment_pos0.2120.0050.219
viz_pen_obj0.0080.0060.014