Back to Multiple platform build/check report for BioC 3.21:   simplified   long
ABCDEFGHIJKLMNOPQ[R]STUVWXYZ

This page was generated on 2025-02-04 11:40 -0500 (Tue, 04 Feb 2025).

HostnameOSArch (*)R versionInstalled pkgs
nebbiolo1Linux (Ubuntu 24.04.1 LTS)x86_64R Under development (unstable) (2025-01-20 r87609) -- "Unsuffered Consequences" 4716
palomino7Windows Server 2022 Datacenterx64R Under development (unstable) (2025-01-21 r87610 ucrt) -- "Unsuffered Consequences" 4478
lconwaymacOS 12.7.1 Montereyx86_64R Under development (unstable) (2025-01-22 r87618) -- "Unsuffered Consequences" 4489
kjohnson3macOS 13.7.1 Venturaarm64R Under development (unstable) (2025-01-20 r87609) -- "Unsuffered Consequences" 4442
Click on any hostname to see more info about the system (e.g. compilers)      (*) as reported by 'uname -p', except on Windows and Mac OS X

Package 1756/2295HostnameOS / ArchINSTALLBUILDCHECKBUILD BIN
rifi 1.11.0  (landing page)
Jens Georg
Snapshot Date: 2025-02-03 13:40 -0500 (Mon, 03 Feb 2025)
git_url: https://git.bioconductor.org/packages/rifi
git_branch: devel
git_last_commit: 73780f2
git_last_commit_date: 2024-10-29 11:11:44 -0500 (Tue, 29 Oct 2024)
nebbiolo1Linux (Ubuntu 24.04.1 LTS) / x86_64  OK    OK    WARNINGS  UNNEEDED, same version is already published
palomino7Windows Server 2022 Datacenter / x64... NOT SUPPORTED ...
lconwaymacOS 12.7.1 Monterey / x86_64  OK    OK    WARNINGS    OK  NO, package depends on 'rtracklayer' which is only available as a source package that needs compilation
kjohnson3macOS 13.7.1 Ventura / arm64  OK    OK    WARNINGS    OK  NO, package depends on 'rtracklayer' which is only available as a source package that needs compilation


CHECK results for rifi on nebbiolo1

To the developers/maintainers of the rifi package:
- Allow up to 24 hours (and sometimes 48 hours) for your latest push to git@git.bioconductor.org:packages/rifi.git to reflect on this report. See Troubleshooting Build Report for more information.
- Use the following Renviron settings to reproduce errors and warnings.
- If 'R CMD check' started to fail recently on the Linux builder(s) over a missing dependency, add the missing dependency to 'Suggests:' in your DESCRIPTION file. See Renviron.bioc for more information.

raw results


Summary

Package: rifi
Version: 1.11.0
Command: /home/biocbuild/bbs-3.21-bioc/R/bin/R CMD check --install=check:rifi.install-out.txt --library=/home/biocbuild/bbs-3.21-bioc/R/site-library --timings rifi_1.11.0.tar.gz
StartedAt: 2025-02-04 02:03:12 -0500 (Tue, 04 Feb 2025)
EndedAt: 2025-02-04 02:13:31 -0500 (Tue, 04 Feb 2025)
EllapsedTime: 618.9 seconds
RetCode: 0
Status:   WARNINGS  
CheckDir: rifi.Rcheck
Warnings: 2

Command output

##############################################################################
##############################################################################
###
### Running command:
###
###   /home/biocbuild/bbs-3.21-bioc/R/bin/R CMD check --install=check:rifi.install-out.txt --library=/home/biocbuild/bbs-3.21-bioc/R/site-library --timings rifi_1.11.0.tar.gz
###
##############################################################################
##############################################################################


* using log directory ‘/home/biocbuild/bbs-3.21-bioc/meat/rifi.Rcheck’
* using R Under development (unstable) (2025-01-20 r87609)
* using platform: x86_64-pc-linux-gnu
* R was compiled by
    gcc (Ubuntu 13.3.0-6ubuntu2~24.04) 13.3.0
    GNU Fortran (Ubuntu 13.3.0-6ubuntu2~24.04) 13.3.0
* running under: Ubuntu 24.04.1 LTS
* using session charset: UTF-8
* checking for file ‘rifi/DESCRIPTION’ ... OK
* this is package ‘rifi’ version ‘1.11.0’
* package encoding: UTF-8
* checking package namespace information ... OK
* checking package dependencies ... OK
* checking if this is a source package ... OK
* checking if there is a namespace ... OK
* checking for hidden files and directories ... NOTE
Found the following hidden files and directories:
  .BBSoptions
  R/.ipynb_checkpoints
  vignettes/.ipynb_checkpoints
These were most likely included in error. See section ‘Package
structure’ in the ‘Writing R Extensions’ manual.
* checking for portable file names ... OK
* checking for sufficient/correct file permissions ... OK
* checking whether package ‘rifi’ can be installed ... WARNING
Found the following significant warnings:
  Note: next used in wrong context: no loop is visible 
  Warning: /home/biocbuild/bbs-3.21-bioc/meat/rifi/man/apply_Ttest_delay.Rd:55: unexpected '}'
  Warning: /home/biocbuild/bbs-3.21-bioc/meat/rifi/man/predict_ps_itss.Rd:57: unexpected '}'
See ‘/home/biocbuild/bbs-3.21-bioc/meat/rifi.Rcheck/00install.out’ for details.
Information on the location(s) of code generating the ‘Note’s can be
obtained by re-running with environment variable R_KEEP_PKG_SOURCE set
to ‘yes’.
* checking installed package size ... OK
* checking package directory ... OK
* checking ‘build’ directory ... OK
* checking DESCRIPTION meta-information ... OK
* checking top-level files ... OK
* checking for left-over files ... OK
* checking index information ... OK
* checking package subdirectories ... OK
* checking code files for non-ASCII characters ... OK
* checking R files for syntax errors ... OK
* checking whether the package can be loaded ... OK
* checking whether the package can be loaded with stated dependencies ... OK
* checking whether the package can be unloaded cleanly ... OK
* checking whether the namespace can be loaded with stated dependencies ... OK
* checking whether the namespace can be unloaded cleanly ... OK
* checking loading without being on the library search path ... OK
* checking dependencies in R code ... OK
* checking S3 generic/method consistency ... OK
* checking replacement functions ... OK
* checking foreign function calls ... OK
* checking R code for possible problems ... OK
* checking Rd files ... WARNING
prepare_Rd: ./man/apply_Ttest_delay.Rd:55: unexpected '}'
prepare_Rd: ./man/predict_ps_itss.Rd:57: unexpected '}'
* checking Rd metadata ... OK
* checking Rd cross-references ...Warning: /home/biocbuild/bbs-3.21-bioc/meat/rifi.Rcheck/00_pkg_src/rifi/man/apply_Ttest_delay.Rd:55: unexpected '}'
Warning: /home/biocbuild/bbs-3.21-bioc/meat/rifi.Rcheck/00_pkg_src/rifi/man/predict_ps_itss.Rd:57: unexpected '}'
 OK
* checking for missing documentation entries ... OK
* checking for code/documentation mismatches ... OK
* checking Rd \usage sections ... OK
* checking Rd contents ... OK
* checking for unstated dependencies in examples ... OK
* checking contents of ‘data’ directory ... OK
* checking data for non-ASCII characters ... OK
* checking data for ASCII and uncompressed saves ... OK
* checking files in ‘vignettes’ ... OK
* checking examples ... OK
Examples with CPU (user + system) or elapsed time > 5s
                      user system elapsed
rifi_wrapper       106.574 74.083 132.525
rifi_penalties      49.525 48.852  76.343
nls2_fit            36.755  2.324  24.451
rifi_visualization  28.393  1.443  29.846
rifi_fit            22.550  0.814  23.365
make_pen             9.107  9.151  13.987
TI_fit              10.526  1.734   7.039
* checking for unstated dependencies in vignettes ... OK
* checking package vignettes ... OK
* checking re-building of vignette outputs ... OK
* checking PDF version of manual ... OK
* DONE

Status: 2 WARNINGs, 1 NOTE
See
  ‘/home/biocbuild/bbs-3.21-bioc/meat/rifi.Rcheck/00check.log’
for details.


Installation output

rifi.Rcheck/00install.out

##############################################################################
##############################################################################
###
### Running command:
###
###   /home/biocbuild/bbs-3.21-bioc/R/bin/R CMD INSTALL rifi
###
##############################################################################
##############################################################################


* installing to library ‘/home/biocbuild/bbs-3.21-bioc/R/site-library’
* installing *source* package ‘rifi’ ...
** this is package ‘rifi’ version ‘1.11.0’
** using staged installation
** R
** data
** inst
** byte-compile and prepare package for lazy loading
Note: next used in wrong context: no loop is visible 
** help
Warning: /home/biocbuild/bbs-3.21-bioc/meat/rifi/man/apply_Ttest_delay.Rd:55: unexpected '}'
Warning: /home/biocbuild/bbs-3.21-bioc/meat/rifi/man/predict_ps_itss.Rd:57: unexpected '}'
*** installing help indices
** building package indices
** installing vignettes
** testing if installed package can be loaded from temporary location
** testing if installed package can be loaded from final location
** testing if installed package keeps a record of temporary installation path
* DONE (rifi)

Tests output


Example timings

rifi.Rcheck/rifi-Ex.timings

nameusersystemelapsed
TI_fit10.526 1.734 7.039
TUgether0.4180.1890.510
apply_Ttest_delay0.0960.0150.112
apply_ancova1.1330.3141.447
apply_event_position0.0810.0020.084
apply_manova0.5340.0220.555
apply_t_test0.6230.0360.659
apply_t_test_ti0.1520.0130.165
check_input0.3200.0140.333
dataframe_summary0.0910.0140.105
dataframe_summary_TI0.0390.0030.043
dataframe_summary_events0.7200.0310.751
dataframe_summary_events_HL_int0.5810.0130.593
dataframe_summary_events_ps_itss0.2580.0060.265
dataframe_summary_events_velocity0.2870.0040.290
event_dataframe0.7320.0470.779
finding_PDD0.1960.1520.266
finding_TI0.3120.1380.396
fold_change2.9680.1913.160
fragment_HL0.5790.1600.652
fragment_TI0.4030.0570.460
fragment_delay0.9110.2961.102
fragment_inty0.6180.1700.726
gff3_preprocess0.5690.0580.627
make_df0.6650.3190.600
make_pen 9.107 9.15113.987
nls2_fit36.755 2.32424.451
predict_ps_itss0.2820.0510.333
rifi_fit22.550 0.81423.365
rifi_fragmentation2.8400.9733.423
rifi_penalties49.52548.85276.343
rifi_preprocess1.5400.6901.691
rifi_stats2.9020.1093.012
rifi_summary1.9120.1002.012
rifi_visualization28.393 1.44329.846
rifi_wrapper106.574 74.083132.525
segment_pos0.1930.0010.194
viz_pen_obj0.0090.0010.010