Back to Multiple platform build/check report for BioC 3.23:   simplified   long
ABCDEFGHIJKL[M]NOPQRSTUVWXYZ

This page was generated on 2025-11-19 10:13 -0500 (Wed, 19 Nov 2025).

HostnameOSArch (*)R versionInstalled pkgs
nebbiolo1Linux (Ubuntu 24.04.3 LTS)x86_64R Under development (unstable) (2025-10-20 r88955) -- "Unsuffered Consequences" 4827
lconwaymacOS 12.7.6 Montereyx86_64R Under development (unstable) (2025-10-21 r88958) -- "Unsuffered Consequences" 4600
kjohnson3macOS 13.7.7 Venturaarm64R Under development (unstable) (2025-11-04 r88984) -- "Unsuffered Consequences" 4564
Click on any hostname to see more info about the system (e.g. compilers)      (*) as reported by 'uname -p', except on Windows and Mac OS X

Package 1307/2325HostnameOS / ArchINSTALLBUILDCHECKBUILD BIN
missMethyl 1.45.0  (landing page)
Belinda Phipson
Snapshot Date: 2025-11-18 13:40 -0500 (Tue, 18 Nov 2025)
git_url: https://git.bioconductor.org/packages/missMethyl
git_branch: devel
git_last_commit: 886b656
git_last_commit_date: 2025-10-29 10:20:32 -0500 (Wed, 29 Oct 2025)
nebbiolo1Linux (Ubuntu 24.04.3 LTS) / x86_64  OK    OK    WARNINGS  UNNEEDED, same version is already published
lconwaymacOS 12.7.6 Monterey / x86_64  OK    OK    WARNINGS    OK  NO, package depends on 'GenomicRanges' which is only available as a source package that needs compilation
kjohnson3macOS 13.7.7 Ventura / arm64  OK    OK    WARNINGS    OK  NO, package depends on 'GenomicRanges' which is only available as a source package that needs compilation


CHECK results for missMethyl on lconway

To the developers/maintainers of the missMethyl package:
- Allow up to 24 hours (and sometimes 48 hours) for your latest push to git@git.bioconductor.org:packages/missMethyl.git to reflect on this report. See Troubleshooting Build Report for more information.
- Use the following Renviron settings to reproduce errors and warnings.
- If 'R CMD check' started to fail recently on the Linux builder(s) over a missing dependency, add the missing dependency to 'Suggests:' in your DESCRIPTION file. See Renviron.bioc for more information.

raw results


Summary

Package: missMethyl
Version: 1.45.0
Command: /Library/Frameworks/R.framework/Resources/bin/R CMD check --install=check:missMethyl.install-out.txt --library=/Library/Frameworks/R.framework/Resources/library --no-vignettes --timings missMethyl_1.45.0.tar.gz
StartedAt: 2025-11-18 22:23:00 -0500 (Tue, 18 Nov 2025)
EndedAt: 2025-11-18 22:46:02 -0500 (Tue, 18 Nov 2025)
EllapsedTime: 1382.5 seconds
RetCode: 0
Status:   WARNINGS  
CheckDir: missMethyl.Rcheck
Warnings: 1

Command output

##############################################################################
##############################################################################
###
### Running command:
###
###   /Library/Frameworks/R.framework/Resources/bin/R CMD check --install=check:missMethyl.install-out.txt --library=/Library/Frameworks/R.framework/Resources/library --no-vignettes --timings missMethyl_1.45.0.tar.gz
###
##############################################################################
##############################################################################


* using log directory ‘/Users/biocbuild/bbs-3.23-bioc/meat/missMethyl.Rcheck’
* using R Under development (unstable) (2025-10-21 r88958)
* using platform: x86_64-apple-darwin20
* R was compiled by
    Apple clang version 14.0.0 (clang-1400.0.29.202)
    GNU Fortran (GCC) 14.2.0
* running under: macOS Ventura 13.7.8
* using session charset: UTF-8
* using option ‘--no-vignettes’
* checking for file ‘missMethyl/DESCRIPTION’ ... OK
* checking extension type ... Package
* this is package ‘missMethyl’ version ‘1.45.0’
* package encoding: UTF-8
* checking package namespace information ... OK
* checking package dependencies ... OK
* checking if this is a source package ... OK
* checking if there is a namespace ... OK
* checking for hidden files and directories ... OK
* checking for portable file names ... OK
* checking for sufficient/correct file permissions ... OK
* checking whether package ‘missMethyl’ can be installed ... OK
* checking installed package size ... OK
* checking package directory ... OK
* checking ‘build’ directory ... OK
* checking DESCRIPTION meta-information ... OK
* checking top-level files ... OK
* checking for left-over files ... OK
* checking index information ... OK
* checking package subdirectories ... OK
* checking code files for non-ASCII characters ... OK
* checking R files for syntax errors ... OK
* checking whether the package can be loaded ... OK
* checking whether the package can be loaded with stated dependencies ... OK
* checking whether the package can be unloaded cleanly ... OK
* checking whether the namespace can be loaded with stated dependencies ... OK
* checking whether the namespace can be unloaded cleanly ... OK
* checking dependencies in R code ... WARNING
'::' or ':::' import not declared from: ‘dplyr’
Package in Depends field not imported from: ‘IlluminaHumanMethylationEPICv2anno.20a1.hg38’
  These packages need to be imported from (in the NAMESPACE file)
  for when this namespace is loaded but not attached.
* checking S3 generic/method consistency ... OK
* checking replacement functions ... OK
* checking foreign function calls ... OK
* checking R code for possible problems ... OK
* checking Rd files ... OK
* checking Rd metadata ... OK
* checking Rd cross-references ... NOTE
Non-topic package-anchored link(s) in Rd file 'topRUV.Rd':
  ‘[limma:marraylm]{MArrayLM}’

See section 'Cross-references' in the 'Writing R Extensions' manual.

Found the following Rd file(s) with Rd \link{} targets missing package
anchors:
  RUVadj.Rd: variance_adjust, ruv, ruv_summary, MArrayLM-class, RUV2,
    RUV4, RUVinv, RUVrinv, get_empirical_variances, sigmashrink
  RUVfit.Rd: lmFit, limma, RUV2, RUV4, RUVinv, RUVrinv, ruv,
    design.matrix
  SWAN.Rd: RGChannelSet-class, MethylSet-class, MethyLumiSet-class,
    IlluminaMethylationManifest-class
  densityByProbeType.Rd: densityPlot, densityBeanPlot
  getAdj.Rd: MArrayLM-class
  getINCs.Rd: RGChannelSet-class
  getMappedEntrezIDs.Rd: minfi, getAnnotation
  gometh.Rd: minfi, getAnnotation
  goregion.Rd: minfi, getAnnotation
  gsameth.Rd: minfi, getAnnotation
  gsaregion.Rd: minfi, getAnnotation
  gsaseq.Rd: goana, kegga, camera, roast
  varFit.Rd: MArrayLM-class, lmFit, eBayes, topTable, decideTests, voom
Please provide package anchors for all Rd \link{} targets not in the
package itself and the base packages.
* checking for missing documentation entries ... OK
* checking for code/documentation mismatches ... OK
* checking Rd \usage sections ... OK
* checking Rd contents ... OK
* checking for unstated dependencies in examples ... OK
* checking files in ‘vignettes’ ... OK
* checking examples ... OK
Examples with CPU (user + system) or elapsed time > 5s
                     user system elapsed
RUVadj             42.237  1.552  44.009
RUVfit             31.872  0.942  32.973
topRUV             29.818  0.959  30.926
SWAN               25.624  1.152  26.911
getAdj             23.385  0.763  24.300
topGSA             21.822  0.601  22.562
densityByProbeType 16.655  1.203  17.965
* checking for unstated dependencies in vignettes ... OK
* checking package vignettes ... OK
* checking running R code from vignettes ... SKIPPED
* checking re-building of vignette outputs ... SKIPPED
* checking PDF version of manual ... OK
* DONE

Status: 1 WARNING, 1 NOTE
See
  ‘/Users/biocbuild/bbs-3.23-bioc/meat/missMethyl.Rcheck/00check.log’
for details.


Installation output

missMethyl.Rcheck/00install.out

##############################################################################
##############################################################################
###
### Running command:
###
###   /Library/Frameworks/R.framework/Resources/bin/R CMD INSTALL missMethyl
###
##############################################################################
##############################################################################


* installing to library ‘/Library/Frameworks/R.framework/Versions/4.6-x86_64/Resources/library’
* installing *source* package ‘missMethyl’ ...
** this is package ‘missMethyl’ version ‘1.45.0’
** using staged installation
** R
** inst
** byte-compile and prepare package for lazy loading
** help
*** installing help indices
** building package indices
** installing vignettes
** testing if installed package can be loaded from temporary location
** testing if installed package can be loaded from final location
** testing if installed package keeps a record of temporary installation path
* DONE (missMethyl)

Tests output


Example timings

missMethyl.Rcheck/missMethyl-Ex.timings

nameusersystemelapsed
RUVadj42.237 1.55244.009
RUVfit31.872 0.94232.973
SWAN25.624 1.15226.911
contrasts.varFit0.0550.0030.058
densityByProbeType16.655 1.20317.965
getAdj23.385 0.76324.300
getINCs0.3760.0060.383
getLeveneResiduals0.0090.0060.019
getMappedEntrezIDs0.0000.0010.001
gometh0.0000.0010.000
goregion0.0000.0010.001
gsameth0.0000.0010.001
gsaregion0.0010.0010.000
gsaseq0.0000.0000.001
topGSA21.822 0.60122.562
topRUV29.818 0.95930.926
topVar0.0110.0000.012
varFit0.0110.0010.011