Back to Multiple platform build/check report for BioC 3.22:   simplified   long
ABCDEFGHIJKL[M]NOPQRSTUVWXYZ

This page was generated on 2025-05-09 12:11 -0400 (Fri, 09 May 2025).

HostnameOSArch (*)R versionInstalled pkgs
nebbiolo2Linux (Ubuntu 24.04.1 LTS)x86_644.5.0 (2025-04-11) -- "How About a Twenty-Six" 4749
palomino8Windows Server 2022 Datacenterx644.5.0 (2025-04-11 ucrt) -- "How About a Twenty-Six" 4510
lconwaymacOS 12.7.1 Montereyx86_644.5.0 Patched (2025-04-21 r88169) -- "How About a Twenty-Six" 4548
kjohnson3macOS 13.7.1 Venturaarm644.5.0 Patched (2025-04-21 r88169) -- "How About a Twenty-Six" 4489
taishanLinux (openEuler 24.03 LTS)aarch644.5.0 (2025-04-11) -- "How About a Twenty-Six" 4449
Click on any hostname to see more info about the system (e.g. compilers)      (*) as reported by 'uname -p', except on Windows and Mac OS X

Package 1292/2304HostnameOS / ArchINSTALLBUILDCHECKBUILD BIN
missMethyl 1.43.0  (landing page)
Belinda Phipson
Snapshot Date: 2025-05-08 13:00 -0400 (Thu, 08 May 2025)
git_url: https://git.bioconductor.org/packages/missMethyl
git_branch: devel
git_last_commit: 211f30f
git_last_commit_date: 2025-04-15 10:32:44 -0400 (Tue, 15 Apr 2025)
nebbiolo2Linux (Ubuntu 24.04.1 LTS) / x86_64  OK    ERROR  skipped
palomino8Windows Server 2022 Datacenter / x64  OK    ERROR  skippedskipped
lconwaymacOS 12.7.1 Monterey / x86_64  OK    ERROR  skippedskipped
kjohnson3macOS 13.7.1 Ventura / arm64  OK    ERROR  skippedskipped
taishanLinux (openEuler 24.03 LTS) / aarch64  OK    ERROR  skipped


BUILD results for missMethyl on kjohnson3

To the developers/maintainers of the missMethyl package:
- Allow up to 24 hours (and sometimes 48 hours) for your latest push to git@git.bioconductor.org:packages/missMethyl.git to reflect on this report. See Troubleshooting Build Report for more information.
- Use the following Renviron settings to reproduce errors and warnings.
- If 'R CMD check' started to fail recently on the Linux builder(s) over a missing dependency, add the missing dependency to 'Suggests:' in your DESCRIPTION file. See Renviron.bioc for more information.

raw results


Summary

Package: missMethyl
Version: 1.43.0
Command: /Library/Frameworks/R.framework/Resources/bin/R CMD build --keep-empty-dirs --no-resave-data missMethyl
StartedAt: 2025-05-08 17:00:08 -0400 (Thu, 08 May 2025)
EndedAt: 2025-05-08 17:08:19 -0400 (Thu, 08 May 2025)
EllapsedTime: 491.5 seconds
RetCode: 1
Status:   ERROR  
PackageFile: None
PackageFileSize: NA

Command output

##############################################################################
##############################################################################
###
### Running command:
###
###   /Library/Frameworks/R.framework/Resources/bin/R CMD build --keep-empty-dirs --no-resave-data missMethyl
###
##############################################################################
##############################################################################


* checking for file ‘missMethyl/DESCRIPTION’ ... OK
* preparing ‘missMethyl’:
* checking DESCRIPTION meta-information ... OK
* installing the package to build vignettes
* creating vignettes ... ERROR
--- re-building ‘missMethyl.Rmd’ using rmarkdown
2025-05-08 17:05:10.753 R[34128:1121897116] XType: Using static font registry.

Quitting from missMethyl.Rmd:905-912 [dmrcatetopDMR]
~~~~~~~~~~~~~~~~~~~~~~~~~~~~~~~~~~~~~~~~~~~~~~~~~~~~~~~~~~~~~~~~~~~~~~~~~~~~~~~~
<error/rlang_error>
Error:
! Your query has been redirected to http://status.ensembl.org indicating this Ensembl service is currently unavailable.
Look at ?useEnsembl for details on how to try a mirror site.
---
Backtrace:
    ▆
 1. └─DMRcate::DMR.plot(...)
 2.   ├─base::suppressWarnings(...)
 3.   │ └─base::withCallingHandlers(...)
 4.   └─biomaRt::useEnsembl(...)
 5.     └─biomaRt:::.listMarts(...)
~~~~~~~~~~~~~~~~~~~~~~~~~~~~~~~~~~~~~~~~~~~~~~~~~~~~~~~~~~~~~~~~~~~~~~~~~~~~~~~~

Error: processing vignette 'missMethyl.Rmd' failed with diagnostics:
Your query has been redirected to http://status.ensembl.org indicating this Ensembl service is currently unavailable.
Look at ?useEnsembl for details on how to try a mirror site.
--- failed re-building ‘missMethyl.Rmd’

SUMMARY: processing the following file failed:
  ‘missMethyl.Rmd’

Error: Vignette re-building failed.
Execution halted