| Back to Multiple platform build/check report for BioC 3.22: simplified long |
|
This page was generated on 2025-10-23 12:05 -0400 (Thu, 23 Oct 2025).
| Hostname | OS | Arch (*) | R version | Installed pkgs |
|---|---|---|---|---|
| nebbiolo2 | Linux (Ubuntu 24.04.3 LTS) | x86_64 | 4.5.1 Patched (2025-08-23 r88802) -- "Great Square Root" | 4894 |
| lconway | macOS 12.7.6 Monterey | x86_64 | 4.5.1 Patched (2025-09-10 r88807) -- "Great Square Root" | 4684 |
| kjohnson3 | macOS 13.7.7 Ventura | arm64 | 4.5.1 Patched (2025-09-10 r88807) -- "Great Square Root" | 4629 |
| taishan | Linux (openEuler 24.03 LTS) | aarch64 | 4.5.0 (2025-04-11) -- "How About a Twenty-Six" | 4642 |
| Click on any hostname to see more info about the system (e.g. compilers) (*) as reported by 'uname -p', except on Windows and Mac OS X | ||||
| Package 1226/2355 | Hostname | OS / Arch | INSTALL | BUILD | CHECK | BUILD BIN | ||||||||
| memes 1.17.2 (landing page) Spencer Nystrom
| nebbiolo2 | Linux (Ubuntu 24.04.3 LTS) / x86_64 | OK | OK | WARNINGS | |||||||||
| lconway | macOS 12.7.6 Monterey / x86_64 | OK | OK | WARNINGS | OK | |||||||||
| kjohnson3 | macOS 13.7.7 Ventura / arm64 | OK | OK | WARNINGS | OK | |||||||||
| taishan | Linux (openEuler 24.03 LTS) / aarch64 | OK | OK | NA | ||||||||||
|
To the developers/maintainers of the memes package: - Allow up to 24 hours (and sometimes 48 hours) for your latest push to git@git.bioconductor.org:packages/memes.git to reflect on this report. See Troubleshooting Build Report for more information. - Use the following Renviron settings to reproduce errors and warnings. - If 'R CMD check' started to fail recently on the Linux builder(s) over a missing dependency, add the missing dependency to 'Suggests:' in your DESCRIPTION file. See Renviron.bioc for more information. |
| Package: memes |
| Version: 1.17.2 |
| Command: /Library/Frameworks/R.framework/Resources/bin/R CMD check --install=check:memes.install-out.txt --library=/Library/Frameworks/R.framework/Resources/library --no-vignettes --timings memes_1.17.2.tar.gz |
| StartedAt: 2025-10-22 22:09:27 -0400 (Wed, 22 Oct 2025) |
| EndedAt: 2025-10-22 22:12:26 -0400 (Wed, 22 Oct 2025) |
| EllapsedTime: 178.9 seconds |
| RetCode: 0 |
| Status: WARNINGS |
| CheckDir: memes.Rcheck |
| Warnings: 1 |
##############################################################################
##############################################################################
###
### Running command:
###
### /Library/Frameworks/R.framework/Resources/bin/R CMD check --install=check:memes.install-out.txt --library=/Library/Frameworks/R.framework/Resources/library --no-vignettes --timings memes_1.17.2.tar.gz
###
##############################################################################
##############################################################################
* using log directory ‘/Users/biocbuild/bbs-3.22-bioc/meat/memes.Rcheck’
* using R version 4.5.1 Patched (2025-09-10 r88807)
* using platform: x86_64-apple-darwin20
* R was compiled by
Apple clang version 14.0.0 (clang-1400.0.29.202)
GNU Fortran (GCC) 14.2.0
* running under: macOS Monterey 12.7.6
* using session charset: UTF-8
* using option ‘--no-vignettes’
* checking for file ‘memes/DESCRIPTION’ ... OK
* checking extension type ... Package
* this is package ‘memes’ version ‘1.17.2’
* package encoding: UTF-8
* checking package namespace information ... OK
* checking package dependencies ... OK
* checking if this is a source package ... OK
* checking if there is a namespace ... OK
* checking for hidden files and directories ... OK
* checking for portable file names ... OK
* checking for sufficient/correct file permissions ... OK
* checking whether package ‘memes’ can be installed ... OK
* checking installed package size ... OK
* checking package directory ... OK
* checking ‘build’ directory ... OK
* checking DESCRIPTION meta-information ... OK
* checking top-level files ... OK
* checking for left-over files ... OK
* checking index information ... OK
* checking package subdirectories ... OK
* checking code files for non-ASCII characters ... OK
* checking R files for syntax errors ... OK
* checking whether the package can be loaded ... OK
* checking whether the package can be loaded with stated dependencies ... OK
* checking whether the package can be unloaded cleanly ... OK
* checking whether the namespace can be loaded with stated dependencies ... OK
* checking whether the namespace can be unloaded cleanly ... OK
* checking dependencies in R code ... OK
* checking S3 generic/method consistency ... WARNING
motif_input:
function(x, ...)
motif_input.universalmotif_df:
function(input, path)
motif_input:
function(x, ...)
motif_input.universalmotif:
function(input, path)
motif_input:
function(x, ...)
motif_input.list:
function(input, path)
motif_input:
function(x, ...)
motif_input.character:
function(input, path)
motif_input:
function(x, ...)
motif_input.data.frame:
function(input, path)
sequence_input:
function(x)
sequence_input.DNAStringSet:
function(input)
sequence_input:
function(x)
sequence_input.character:
function(input)
sequence_input:
function(x)
sequence_input.BStringSet:
function(input)
sequence_input:
function(x)
sequence_input.AAStringSet:
function(input)
See section ‘Generic functions and methods’ in the ‘Writing R
Extensions’ manual.
* checking replacement functions ... OK
* checking foreign function calls ... OK
* checking R code for possible problems ... OK
* checking Rd files ... NOTE
checkRd: (-1) runTomTom.Rd:51: Lost braces; missing escapes or markup?
51 | \item{...}{additional flags passed to tomtom using {cmdfun} formating (see table below for details)}
| ^
* checking Rd metadata ... OK
* checking Rd cross-references ... OK
* checking for missing documentation entries ... OK
* checking for code/documentation mismatches ... OK
* checking Rd \usage sections ... OK
* checking Rd contents ... OK
* checking for unstated dependencies in examples ... OK
* checking contents of ‘data’ directory ... OK
* checking data for non-ASCII characters ... OK
* checking LazyData ... OK
* checking data for ASCII and uncompressed saves ... OK
* checking files in ‘vignettes’ ... OK
* checking examples ... OK
Examples with CPU (user + system) or elapsed time > 5s
user system elapsed
runAme 14.502 8.288 20.873
add_sequence 8.320 0.319 8.715
* checking for unstated dependencies in vignettes ... OK
* checking package vignettes ... OK
* checking running R code from vignettes ... SKIPPED
* checking re-building of vignette outputs ... SKIPPED
* checking PDF version of manual ... OK
* DONE
Status: 1 WARNING, 1 NOTE
See
‘/Users/biocbuild/bbs-3.22-bioc/meat/memes.Rcheck/00check.log’
for details.
memes.Rcheck/00install.out
############################################################################## ############################################################################## ### ### Running command: ### ### /Library/Frameworks/R.framework/Resources/bin/R CMD INSTALL memes ### ############################################################################## ############################################################################## * installing to library ‘/Library/Frameworks/R.framework/Versions/4.5-x86_64/Resources/library’ * installing *source* package ‘memes’ ... ** this is package ‘memes’ version ‘1.17.2’ ** using staged installation ** R ** data *** moving datasets to lazyload DB ** inst ** byte-compile and prepare package for lazy loading ** help *** installing help indices *** copying figures ** building package indices ** installing vignettes ** testing if installed package can be loaded from temporary location ** testing if installed package can be loaded from final location ** testing if installed package keeps a record of temporary installation path * DONE (memes)
memes.Rcheck/memes-Ex.timings
| name | user | system | elapsed | |
| add_sequence | 8.320 | 0.319 | 8.715 | |
| ame_compare_heatmap_methods | 2.796 | 0.157 | 2.983 | |
| check_meme_install | 0.667 | 0.041 | 0.713 | |
| drop_best_match | 0.006 | 0.002 | 0.008 | |
| example_ame | 0.059 | 0.003 | 0.063 | |
| example_ame_large | 0.04 | 0.00 | 0.04 | |
| force_best_match | 1.388 | 0.296 | 1.747 | |
| get_sequence | 0.520 | 0.086 | 0.614 | |
| has_duplicate_motifs | 0.005 | 0.002 | 0.007 | |
| importAme | 0.274 | 0.064 | 0.355 | |
| importDremeXML | 0.323 | 0.022 | 0.347 | |
| importFimo | 0.041 | 0.015 | 0.046 | |
| importMeme | 0.114 | 0.007 | 0.122 | |
| importStremeXML | 0.310 | 0.018 | 0.331 | |
| importTomTomXML | 0.519 | 0.011 | 0.534 | |
| meme_is_installed | 0.062 | 0.002 | 0.065 | |
| nest_tomtom | 1.109 | 0.192 | 1.354 | |
| plot_ame_heatmap | 1.038 | 0.089 | 1.138 | |
| plot_sequence_heatmap | 4.644 | 0.167 | 4.900 | |
| remove_duplicate_motifs | 0.003 | 0.002 | 0.005 | |
| runAme | 14.502 | 8.288 | 20.873 | |
| runDreme | 3.529 | 0.538 | 4.126 | |
| runFimo | 0.348 | 0.164 | 0.493 | |
| runMeme | 0.881 | 0.356 | 1.418 | |
| runTomTom | 2.087 | 0.428 | 2.535 | |
| update_best_match | 0.074 | 0.002 | 0.077 | |
| view_tomtom_hits | 1.385 | 0.017 | 1.414 | |
| write_fasta | 0.002 | 0.001 | 0.002 | |