| Back to Build/check report for BioC 3.23: simplified long |
|
This page was generated on 2025-11-11 11:32 -0500 (Tue, 11 Nov 2025).
| Hostname | OS | Arch (*) | R version | Installed pkgs |
|---|---|---|---|---|
| nebbiolo1 | Linux (Ubuntu 24.04.3 LTS) | x86_64 | R Under development (unstable) (2025-10-20 r88955) -- "Unsuffered Consequences" | 4823 |
| Click on any hostname to see more info about the system (e.g. compilers) (*) as reported by 'uname -p', except on Windows and Mac OS X | ||||
| Package 1211/2325 | Hostname | OS / Arch | INSTALL | BUILD | CHECK | BUILD BIN | ||||||||
| memes 1.19.0 (landing page) Spencer Nystrom
| nebbiolo1 | Linux (Ubuntu 24.04.3 LTS) / x86_64 | OK | OK | WARNINGS | |||||||||
|
To the developers/maintainers of the memes package: - Allow up to 24 hours (and sometimes 48 hours) for your latest push to git@git.bioconductor.org:packages/memes.git to reflect on this report. See Troubleshooting Build Report for more information. - Use the following Renviron settings to reproduce errors and warnings. - If 'R CMD check' started to fail recently on the Linux builder(s) over a missing dependency, add the missing dependency to 'Suggests:' in your DESCRIPTION file. See Renviron.bioc for more information. |
| Package: memes |
| Version: 1.19.0 |
| Command: /home/biocbuild/bbs-3.23-bioc/R/bin/R CMD check --install=check:memes.install-out.txt --library=/home/biocbuild/bbs-3.23-bioc/R/site-library --timings memes_1.19.0.tar.gz |
| StartedAt: 2025-11-11 01:08:07 -0500 (Tue, 11 Nov 2025) |
| EndedAt: 2025-11-11 01:11:18 -0500 (Tue, 11 Nov 2025) |
| EllapsedTime: 190.3 seconds |
| RetCode: 0 |
| Status: WARNINGS |
| CheckDir: memes.Rcheck |
| Warnings: 2 |
##############################################################################
##############################################################################
###
### Running command:
###
### /home/biocbuild/bbs-3.23-bioc/R/bin/R CMD check --install=check:memes.install-out.txt --library=/home/biocbuild/bbs-3.23-bioc/R/site-library --timings memes_1.19.0.tar.gz
###
##############################################################################
##############################################################################
* using log directory ‘/home/biocbuild/bbs-3.23-bioc/meat/memes.Rcheck’
* using R Under development (unstable) (2025-10-20 r88955)
* using platform: x86_64-pc-linux-gnu
* R was compiled by
gcc (Ubuntu 13.3.0-6ubuntu2~24.04) 13.3.0
GNU Fortran (Ubuntu 13.3.0-6ubuntu2~24.04) 13.3.0
* running under: Ubuntu 24.04.3 LTS
* using session charset: UTF-8
* checking for file ‘memes/DESCRIPTION’ ... OK
* checking extension type ... Package
* this is package ‘memes’ version ‘1.19.0’
* package encoding: UTF-8
* checking package namespace information ... OK
* checking package dependencies ... OK
* checking if this is a source package ... OK
* checking if there is a namespace ... OK
* checking for hidden files and directories ... OK
* checking for portable file names ... OK
* checking for sufficient/correct file permissions ... OK
* checking whether package ‘memes’ can be installed ... OK
* checking installed package size ... OK
* checking package directory ... OK
* checking ‘build’ directory ... OK
* checking DESCRIPTION meta-information ... OK
* checking top-level files ... OK
* checking for left-over files ... OK
* checking index information ... OK
* checking package subdirectories ... OK
* checking code files for non-ASCII characters ... OK
* checking R files for syntax errors ... OK
* checking whether the package can be loaded ... OK
* checking whether the package can be loaded with stated dependencies ... OK
* checking whether the package can be unloaded cleanly ... OK
* checking whether the namespace can be loaded with stated dependencies ... OK
* checking whether the namespace can be unloaded cleanly ... OK
* checking loading without being on the library search path ... OK
* checking dependencies in R code ... WARNING
Missing or unexported objects:
‘plyranges::mutate’ ‘plyranges::select’
* checking S3 generic/method consistency ... WARNING
motif_input:
function(x, ...)
motif_input.universalmotif_df:
function(input, path)
motif_input:
function(x, ...)
motif_input.universalmotif:
function(input, path)
motif_input:
function(x, ...)
motif_input.list:
function(input, path)
motif_input:
function(x, ...)
motif_input.character:
function(input, path)
motif_input:
function(x, ...)
motif_input.data.frame:
function(input, path)
sequence_input:
function(x)
sequence_input.DNAStringSet:
function(input)
sequence_input:
function(x)
sequence_input.character:
function(input)
sequence_input:
function(x)
sequence_input.BStringSet:
function(input)
sequence_input:
function(x)
sequence_input.AAStringSet:
function(input)
See section ‘Generic functions and methods’ in the ‘Writing R
Extensions’ manual.
* checking replacement functions ... OK
* checking foreign function calls ... OK
* checking R code for possible problems ... OK
* checking Rd files ... NOTE
checkRd: (-1) runTomTom.Rd:51: Lost braces; missing escapes or markup?
51 | \item{...}{additional flags passed to tomtom using {cmdfun} formating (see table below for details)}
| ^
* checking Rd metadata ... OK
* checking Rd cross-references ... OK
* checking for missing documentation entries ... OK
* checking for code/documentation mismatches ... OK
* checking Rd \usage sections ... OK
* checking Rd contents ... OK
* checking for unstated dependencies in examples ... OK
* checking contents of ‘data’ directory ... OK
* checking data for non-ASCII characters ... OK
* checking LazyData ... OK
* checking data for ASCII and uncompressed saves ... OK
* checking files in ‘vignettes’ ... OK
* checking examples ... OK
Examples with CPU (user + system) or elapsed time > 5s
user system elapsed
add_sequence 7.336 0.347 7.687
* checking for unstated dependencies in vignettes ... OK
* checking package vignettes ... OK
* checking re-building of vignette outputs ... OK
* checking PDF version of manual ... OK
* DONE
Status: 2 WARNINGs, 1 NOTE
See
‘/home/biocbuild/bbs-3.23-bioc/meat/memes.Rcheck/00check.log’
for details.
memes.Rcheck/00install.out
############################################################################## ############################################################################## ### ### Running command: ### ### /home/biocbuild/bbs-3.23-bioc/R/bin/R CMD INSTALL memes ### ############################################################################## ############################################################################## * installing to library ‘/home/biocbuild/bbs-3.23-bioc/R/site-library’ * installing *source* package ‘memes’ ... ** this is package ‘memes’ version ‘1.19.0’ ** using staged installation ** R ** data *** moving datasets to lazyload DB ** inst ** byte-compile and prepare package for lazy loading ** help *** installing help indices *** copying figures ** building package indices ** installing vignettes ** testing if installed package can be loaded from temporary location ** testing if installed package can be loaded from final location ** testing if installed package keeps a record of temporary installation path * DONE (memes)
memes.Rcheck/memes-Ex.timings
| name | user | system | elapsed | |
| add_sequence | 7.336 | 0.347 | 7.687 | |
| ame_compare_heatmap_methods | 1.472 | 0.142 | 1.613 | |
| check_meme_install | 0.466 | 0.005 | 0.471 | |
| drop_best_match | 0.004 | 0.002 | 0.005 | |
| example_ame | 0.051 | 0.001 | 0.052 | |
| example_ame_large | 0.034 | 0.000 | 0.033 | |
| force_best_match | 0.047 | 0.009 | 0.056 | |
| get_sequence | 0.338 | 0.039 | 0.377 | |
| has_duplicate_motifs | 0.182 | 0.015 | 0.195 | |
| importAme | 0.184 | 0.052 | 0.221 | |
| importDremeXML | 0.274 | 0.005 | 0.279 | |
| importFimo | 0.037 | 0.014 | 0.046 | |
| importMeme | 0.083 | 0.002 | 0.086 | |
| importStremeXML | 0.219 | 0.007 | 0.225 | |
| importTomTomXML | 0.444 | 0.004 | 0.448 | |
| meme_is_installed | 0.046 | 0.002 | 0.047 | |
| nest_tomtom | 0.047 | 0.001 | 0.047 | |
| plot_ame_heatmap | 1.553 | 0.012 | 1.566 | |
| plot_sequence_heatmap | 3.497 | 0.067 | 3.565 | |
| remove_duplicate_motifs | 0.002 | 0.000 | 0.002 | |
| runAme | 0.046 | 0.000 | 0.046 | |
| runDreme | 0.041 | 0.003 | 0.045 | |
| runFimo | 0.045 | 0.000 | 0.045 | |
| runMeme | 0.045 | 0.000 | 0.045 | |
| runTomTom | 0.046 | 0.000 | 0.045 | |
| update_best_match | 0.062 | 0.001 | 0.063 | |
| view_tomtom_hits | 1.283 | 0.021 | 1.303 | |
| write_fasta | 0.004 | 0.000 | 0.003 | |