| Back to Multiple platform build/check report for BioC 3.22: simplified long |
|
This page was generated on 2025-10-24 12:05 -0400 (Fri, 24 Oct 2025).
| Hostname | OS | Arch (*) | R version | Installed pkgs |
|---|---|---|---|---|
| nebbiolo2 | Linux (Ubuntu 24.04.3 LTS) | x86_64 | 4.5.1 Patched (2025-08-23 r88802) -- "Great Square Root" | 4898 |
| lconway | macOS 12.7.6 Monterey | x86_64 | 4.5.1 Patched (2025-09-10 r88807) -- "Great Square Root" | 4688 |
| kjohnson3 | macOS 13.7.7 Ventura | arm64 | 4.5.1 Patched (2025-09-10 r88807) -- "Great Square Root" | 4634 |
| taishan | Linux (openEuler 24.03 LTS) | aarch64 | 4.5.0 (2025-04-11) -- "How About a Twenty-Six" | 4658 |
| Click on any hostname to see more info about the system (e.g. compilers) (*) as reported by 'uname -p', except on Windows and Mac OS X | ||||
| Package 929/2359 | Hostname | OS / Arch | INSTALL | BUILD | CHECK | BUILD BIN | ||||||||
| groHMM 1.43.1 (landing page) Tulip Nandu
| nebbiolo2 | Linux (Ubuntu 24.04.3 LTS) / x86_64 | OK | OK | WARNINGS | |||||||||
| lconway | macOS 12.7.6 Monterey / x86_64 | OK | OK | WARNINGS | OK | |||||||||
| kjohnson3 | macOS 13.7.7 Ventura / arm64 | OK | OK | WARNINGS | OK | |||||||||
| taishan | Linux (openEuler 24.03 LTS) / aarch64 | OK | OK | NA | ||||||||||
|
To the developers/maintainers of the groHMM package: - Allow up to 24 hours (and sometimes 48 hours) for your latest push to git@git.bioconductor.org:packages/groHMM.git to reflect on this report. See Troubleshooting Build Report for more information. - Use the following Renviron settings to reproduce errors and warnings. - If 'R CMD check' started to fail recently on the Linux builder(s) over a missing dependency, add the missing dependency to 'Suggests:' in your DESCRIPTION file. See Renviron.bioc for more information. |
| Package: groHMM |
| Version: 1.43.1 |
| Command: /Library/Frameworks/R.framework/Resources/bin/R CMD check --install=check:groHMM.install-out.txt --library=/Library/Frameworks/R.framework/Resources/library --no-vignettes --timings groHMM_1.43.1.tar.gz |
| StartedAt: 2025-10-23 21:35:24 -0400 (Thu, 23 Oct 2025) |
| EndedAt: 2025-10-23 21:39:49 -0400 (Thu, 23 Oct 2025) |
| EllapsedTime: 265.1 seconds |
| RetCode: 0 |
| Status: WARNINGS |
| CheckDir: groHMM.Rcheck |
| Warnings: 1 |
##############################################################################
##############################################################################
###
### Running command:
###
### /Library/Frameworks/R.framework/Resources/bin/R CMD check --install=check:groHMM.install-out.txt --library=/Library/Frameworks/R.framework/Resources/library --no-vignettes --timings groHMM_1.43.1.tar.gz
###
##############################################################################
##############################################################################
* using log directory ‘/Users/biocbuild/bbs-3.22-bioc/meat/groHMM.Rcheck’
* using R version 4.5.1 Patched (2025-09-10 r88807)
* using platform: x86_64-apple-darwin20
* R was compiled by
Apple clang version 14.0.0 (clang-1400.0.29.202)
GNU Fortran (GCC) 14.2.0
* running under: macOS Monterey 12.7.6
* using session charset: UTF-8
* using option ‘--no-vignettes’
* checking for file ‘groHMM/DESCRIPTION’ ... OK
* this is package ‘groHMM’ version ‘1.43.1’
* checking package namespace information ... OK
* checking package dependencies ... INFO
Depends: includes the non-default packages:
'MASS', 'parallel', 'S4Vectors', 'IRanges', 'Seqinfo',
'GenomicRanges', 'GenomicAlignments', 'rtracklayer'
Adding so many packages to the search path is excessive and importing
selectively is preferable.
* checking if this is a source package ... OK
* checking if there is a namespace ... OK
* checking for hidden files and directories ... OK
* checking for portable file names ... OK
* checking for sufficient/correct file permissions ... OK
* checking whether package ‘groHMM’ can be installed ... WARNING
Found the following significant warnings:
hmmMiscFunctions.c:236:49: warning: format specifies type 'int' but the argument has type 'double' [-Wformat]
See ‘/Users/biocbuild/bbs-3.22-bioc/meat/groHMM.Rcheck/00install.out’ for details.
* used C compiler: ‘Apple clang version 14.0.0 (clang-1400.0.29.202)’
* used SDK: ‘MacOSX11.3.1.sdk’
* checking installed package size ... OK
* checking package directory ... OK
* checking ‘build’ directory ... OK
* checking DESCRIPTION meta-information ... OK
* checking top-level files ... OK
* checking for left-over files ... OK
* checking index information ... OK
* checking package subdirectories ... OK
* checking code files for non-ASCII characters ... OK
* checking R files for syntax errors ... OK
* checking whether the package can be loaded ... OK
* checking whether the package can be loaded with stated dependencies ... OK
* checking whether the package can be unloaded cleanly ... OK
* checking whether the namespace can be loaded with stated dependencies ... OK
* checking whether the namespace can be unloaded cleanly ... OK
* checking dependencies in R code ... OK
* checking S3 generic/method consistency ... OK
* checking replacement functions ... OK
* checking foreign function calls ... OK
* checking R code for possible problems ... OK
* checking Rd files ... OK
* checking Rd metadata ... OK
* checking Rd cross-references ... OK
* checking for missing documentation entries ... OK
* checking for code/documentation mismatches ... OK
* checking Rd \usage sections ... OK
* checking Rd contents ... OK
* checking for unstated dependencies in examples ... OK
* checking line endings in C/C++/Fortran sources/headers ... OK
* checking compiled code ... NOTE
Note: information on .o files is not available
* checking sizes of PDF files under ‘inst/doc’ ... OK
* checking files in ‘vignettes’ ... OK
* checking examples ... OK
* checking for unstated dependencies in vignettes ... OK
* checking package vignettes ... OK
* checking running R code from vignettes ... SKIPPED
* checking re-building of vignette outputs ... SKIPPED
* checking PDF version of manual ... OK
* DONE
Status: 1 WARNING, 1 NOTE
See
‘/Users/biocbuild/bbs-3.22-bioc/meat/groHMM.Rcheck/00check.log’
for details.
groHMM.Rcheck/00install.out
##############################################################################
##############################################################################
###
### Running command:
###
### /Library/Frameworks/R.framework/Resources/bin/R CMD INSTALL groHMM
###
##############################################################################
##############################################################################
* installing to library ‘/Library/Frameworks/R.framework/Versions/4.5-x86_64/Resources/library’
* installing *source* package ‘groHMM’ ...
** this is package ‘groHMM’ version ‘1.43.1’
** using staged installation
** libs
using C compiler: ‘Apple clang version 14.0.0 (clang-1400.0.29.202)’
using SDK: ‘MacOSX11.3.1.sdk’
clang -arch x86_64 -I"/Library/Frameworks/R.framework/Resources/include" -DNDEBUG -I/opt/R/x86_64/include -fPIC -falign-functions=64 -Wall -g -O2 -c AnnotateProbes.c -o AnnotateProbes.o
clang -arch x86_64 -I"/Library/Frameworks/R.framework/Resources/include" -DNDEBUG -I/opt/R/x86_64/include -fPIC -falign-functions=64 -Wall -g -O2 -c DecayAlgorithm.c -o DecayAlgorithm.o
DecayAlgorithm.c:94:15: warning: unused variable 'false_value' [-Wunused-variable]
const int false_value= 0;
^
1 warning generated.
clang -arch x86_64 -I"/Library/Frameworks/R.framework/Resources/include" -DNDEBUG -I/opt/R/x86_64/include -fPIC -falign-functions=64 -Wall -g -O2 -c MLEfit.c -o MLEfit.o
In file included from MLEfit.c:43:
./hmmHeader.h:281:16: warning: unused function 'MargainalizeSumLogProbOver' [-Wunused-function]
static double MargainalizeSumLogProbOver(int state, int position,
^
./hmmHeader.h:301:16: warning: unused function 'expSum' [-Wunused-function]
static double expSum(double *logValues, int length) {
^
2 warnings generated.
clang -arch x86_64 -I"/Library/Frameworks/R.framework/Resources/include" -DNDEBUG -I/opt/R/x86_64/include -fPIC -falign-functions=64 -Wall -g -O2 -c RegisterRRoutines.c -o RegisterRRoutines.o
clang -arch x86_64 -I"/Library/Frameworks/R.framework/Resources/include" -DNDEBUG -I/opt/R/x86_64/include -fPIC -falign-functions=64 -Wall -g -O2 -c Windowing.c -o Windowing.o
Windowing.c:146:6: warning: unused variable 'II' [-Wunused-variable]
int II = 0;
^
1 warning generated.
clang -arch x86_64 -I"/Library/Frameworks/R.framework/Resources/include" -DNDEBUG -I/opt/R/x86_64/include -fPIC -falign-functions=64 -Wall -g -O2 -c hmmEM.c -o hmmEM.o
In file included from hmmEM.c:50:
./hmmHeader.h:281:16: warning: unused function 'MargainalizeSumLogProbOver' [-Wunused-function]
static double MargainalizeSumLogProbOver(int state, int position,
^
./hmmHeader.h:301:16: warning: unused function 'expSum' [-Wunused-function]
static double expSum(double *logValues, int length) {
^
2 warnings generated.
clang -arch x86_64 -I"/Library/Frameworks/R.framework/Resources/include" -DNDEBUG -I/opt/R/x86_64/include -fPIC -falign-functions=64 -Wall -g -O2 -c hmmFwBw.c -o hmmFwBw.o
In file included from hmmFwBw.c:45:
./hmmHeader.h:281:16: warning: unused function 'MargainalizeSumLogProbOver' [-Wunused-function]
static double MargainalizeSumLogProbOver(int state, int position,
^
./hmmHeader.h:301:16: warning: unused function 'expSum' [-Wunused-function]
static double expSum(double *logValues, int length) {
^
2 warnings generated.
clang -arch x86_64 -I"/Library/Frameworks/R.framework/Resources/include" -DNDEBUG -I/opt/R/x86_64/include -fPIC -falign-functions=64 -Wall -g -O2 -c hmmMiscFunctions.c -o hmmMiscFunctions.o
hmmMiscFunctions.c:236:49: warning: format specifies type 'int' but the argument has type 'double' [-Wformat]
Assertion about to fail! logPP= %d\n", logPP);
~~ ^~~~~
%f
hmmMiscFunctions.c:384:10: warning: unused variable 'wi' [-Wunused-variable]
double wi, *newEx;
^
hmmMiscFunctions.c:417:10: warning: unused variable 'epsilon' [-Wunused-variable]
double epsilon=0.00001;
^
3 warnings generated.
clang -arch x86_64 -I"/Library/Frameworks/R.framework/Resources/include" -DNDEBUG -I/opt/R/x86_64/include -fPIC -falign-functions=64 -Wall -g -O2 -c hmmViterbi.c -o hmmViterbi.o
In file included from hmmViterbi.c:48:
./hmmHeader.h:281:16: warning: unused function 'MargainalizeSumLogProbOver' [-Wunused-function]
static double MargainalizeSumLogProbOver(int state, int position,
^
./hmmHeader.h:301:16: warning: unused function 'expSum' [-Wunused-function]
static double expSum(double *logValues, int length) {
^
2 warnings generated.
clang -arch x86_64 -dynamiclib -Wl,-headerpad_max_install_names -undefined dynamic_lookup -L/Library/Frameworks/R.framework/Resources/lib -L/opt/R/x86_64/lib -o groHMM.so AnnotateProbes.o DecayAlgorithm.o MLEfit.o RegisterRRoutines.o Windowing.o hmmEM.o hmmFwBw.o hmmMiscFunctions.o hmmViterbi.o -F/Library/Frameworks/R.framework/.. -framework R
installing to /Library/Frameworks/R.framework/Versions/4.5-x86_64/Resources/library/00LOCK-groHMM/00new/groHMM/libs
** R
** inst
** byte-compile and prepare package for lazy loading
** help
*** installing help indices
** building package indices
** installing vignettes
** testing if installed package can be loaded from temporary location
** checking absolute paths in shared objects and dynamic libraries
** testing if installed package can be loaded from final location
** testing if installed package keeps a record of temporary installation path
* DONE (groHMM)
groHMM.Rcheck/groHMM-Ex.timings
| name | user | system | elapsed | |
| breakTranscriptsOnGenes | 0.628 | 0.026 | 0.845 | |
| combineTranscripts | 0.426 | 0.040 | 0.829 | |
| detectTranscripts | 1.330 | 0.039 | 2.329 | |
| evaluateHMMInAnnotations | 0.112 | 0.001 | 0.113 | |
| expressedGenes | 0.680 | 0.041 | 0.741 | |
| getCores | 0.000 | 0.001 | 0.000 | |
| getTxDensity | 0.020 | 0.000 | 0.021 | |
| limitToXkb | 0.083 | 0.001 | 0.084 | |
| makeConsensusAnnotations | 1.901 | 0.105 | 2.035 | |
| metaGene | 0.138 | 0.001 | 0.140 | |
| metaGene_nL | 0.060 | 0.001 | 0.061 | |
| pausingIndex | 0.275 | 0.020 | 0.306 | |
| polymeraseWave | 1.587 | 0.078 | 1.693 | |
| readBed | 0.027 | 0.001 | 0.028 | |
| runMetaGene | 0.022 | 0.001 | 0.023 | |
| windowAnalysis | 0.254 | 0.020 | 0.526 | |
| writeWiggle | 0.283 | 0.035 | 0.591 | |