Back to Multiple platform build/check report for BioC 3.23:   simplified   long
AB[C]DEFGHIJKLMNOPQRSTUVWXYZ

This page was generated on 2025-11-18 11:38 -0500 (Tue, 18 Nov 2025).

HostnameOSArch (*)R versionInstalled pkgs
nebbiolo1Linux (Ubuntu 24.04.3 LTS)x86_64R Under development (unstable) (2025-10-20 r88955) -- "Unsuffered Consequences" 4826
lconwaymacOS 12.7.6 Montereyx86_64R Under development (unstable) (2025-10-21 r88958) -- "Unsuffered Consequences" 4561
kjohnson3macOS 13.7.7 Venturaarm64R Under development (unstable) (2025-11-04 r88984) -- "Unsuffered Consequences" 4562
Click on any hostname to see more info about the system (e.g. compilers)      (*) as reported by 'uname -p', except on Windows and Mac OS X

Package 300/2325HostnameOS / ArchINSTALLBUILDCHECKBUILD BIN
cellbaseR 1.35.0  (landing page)
Mohammed OE Abdallah
Snapshot Date: 2025-11-17 13:40 -0500 (Mon, 17 Nov 2025)
git_url: https://git.bioconductor.org/packages/cellbaseR
git_branch: devel
git_last_commit: 6f10847
git_last_commit_date: 2025-10-29 10:38:23 -0500 (Wed, 29 Oct 2025)
nebbiolo1Linux (Ubuntu 24.04.3 LTS) / x86_64  OK    OK    OK  UNNEEDED, same version is already published
lconwaymacOS 12.7.6 Monterey / x86_64  OK    ERROR  skippedskipped
kjohnson3macOS 13.7.7 Ventura / arm64  OK    OK    OK    OK  NO, package depends on 'Rsamtools' which is only available as a source package that needs compilation


BUILD results for cellbaseR on lconway

To the developers/maintainers of the cellbaseR package:
- Allow up to 24 hours (and sometimes 48 hours) for your latest push to git@git.bioconductor.org:packages/cellbaseR.git to reflect on this report. See Troubleshooting Build Report for more information.
- Use the following Renviron settings to reproduce errors and warnings.
- If 'R CMD check' started to fail recently on the Linux builder(s) over a missing dependency, add the missing dependency to 'Suggests:' in your DESCRIPTION file. See Renviron.bioc for more information.

raw results


Summary

Package: cellbaseR
Version: 1.35.0
Command: /Library/Frameworks/R.framework/Resources/bin/R CMD build --keep-empty-dirs --no-resave-data cellbaseR
StartedAt: 2025-11-17 16:29:27 -0500 (Mon, 17 Nov 2025)
EndedAt: 2025-11-17 16:29:52 -0500 (Mon, 17 Nov 2025)
EllapsedTime: 25.1 seconds
RetCode: 1
Status:   ERROR  
PackageFile: None
PackageFileSize: NA

Command output

##############################################################################
##############################################################################
###
### Running command:
###
###   /Library/Frameworks/R.framework/Resources/bin/R CMD build --keep-empty-dirs --no-resave-data cellbaseR
###
##############################################################################
##############################################################################


* checking for file ‘cellbaseR/DESCRIPTION’ ... OK
* preparing ‘cellbaseR’:
* checking DESCRIPTION meta-information ... OK
* installing the package (it is needed to build vignettes)
* creating vignettes ... ERROR
--- re-building ‘cellbaseR.Rmd’ using rmarkdown

Quitting from cellbaseR.Rmd:56-67 [unnamed-chunk-2]
~~~~~~~~~~~~~~~~~~~~~~~~~~~~~~~~~~~~~~~~~~~~~~~~~~~~~~~~~~~~~~~~~~~~~~~~~~~~~~~~
<error/rlang_error>
Error in `curl::curl_fetch_memory()`:
! Timeout was reached [ws.zettagenomics.com]:
Operation timed out after 7000 milliseconds with 4098 bytes received
---
Backtrace:
    ▆
 1. ├─cellbaseR::CellBaseR()
 2. │ └─httr::GET(cbDocsUrl, timeout(7))
 3. │   └─httr:::request_perform(req, hu$handle$handle)
 4. │     ├─httr:::request_fetch(req$output, req$url, handle)
 5. │     └─httr:::request_fetch.write_memory(req$output, req$url, handle)
 6. │       └─curl::curl_fetch_memory(url, handle = handle)
 7. └─curl:::raise_libcurl_error(...)
~~~~~~~~~~~~~~~~~~~~~~~~~~~~~~~~~~~~~~~~~~~~~~~~~~~~~~~~~~~~~~~~~~~~~~~~~~~~~~~~

Error: processing vignette 'cellbaseR.Rmd' failed with diagnostics:
Timeout was reached [ws.zettagenomics.com]:
Operation timed out after 7000 milliseconds with 4098 bytes received
--- failed re-building ‘cellbaseR.Rmd’

SUMMARY: processing the following file failed:
  ‘cellbaseR.Rmd’

Error: Vignette re-building failed.
Execution halted