| Back to Build/check report for BioC 3.23: simplified long |
|
This page was generated on 2025-11-05 11:32 -0500 (Wed, 05 Nov 2025).
| Hostname | OS | Arch (*) | R version | Installed pkgs |
|---|---|---|---|---|
| nebbiolo1 | Linux (Ubuntu 24.04.3 LTS) | x86_64 | R Under development (unstable) (2025-10-20 r88955) -- "Unsuffered Consequences" | 4818 |
| Click on any hostname to see more info about the system (e.g. compilers) (*) as reported by 'uname -p', except on Windows and Mac OS X | ||||
| Package 2312/2323 | Hostname | OS / Arch | INSTALL | BUILD | CHECK | BUILD BIN | ||||||||
| XINA 1.29.0 (landing page) Lang Ho Lee
| nebbiolo1 | Linux (Ubuntu 24.04.3 LTS) / x86_64 | OK | OK | WARNINGS | |||||||||
|
To the developers/maintainers of the XINA package: - Allow up to 24 hours (and sometimes 48 hours) for your latest push to git@git.bioconductor.org:packages/XINA.git to reflect on this report. See Troubleshooting Build Report for more information. - Use the following Renviron settings to reproduce errors and warnings. - If 'R CMD check' started to fail recently on the Linux builder(s) over a missing dependency, add the missing dependency to 'Suggests:' in your DESCRIPTION file. See Renviron.bioc for more information. |
| Package: XINA |
| Version: 1.29.0 |
| Command: /home/biocbuild/bbs-3.23-bioc/R/bin/R CMD check --install=check:XINA.install-out.txt --library=/home/biocbuild/bbs-3.23-bioc/R/site-library --timings XINA_1.29.0.tar.gz |
| StartedAt: 2025-11-05 05:06:26 -0500 (Wed, 05 Nov 2025) |
| EndedAt: 2025-11-05 05:08:56 -0500 (Wed, 05 Nov 2025) |
| EllapsedTime: 150.7 seconds |
| RetCode: 0 |
| Status: WARNINGS |
| CheckDir: XINA.Rcheck |
| Warnings: 1 |
##############################################################################
##############################################################################
###
### Running command:
###
### /home/biocbuild/bbs-3.23-bioc/R/bin/R CMD check --install=check:XINA.install-out.txt --library=/home/biocbuild/bbs-3.23-bioc/R/site-library --timings XINA_1.29.0.tar.gz
###
##############################################################################
##############################################################################
* using log directory ‘/home/biocbuild/bbs-3.23-bioc/meat/XINA.Rcheck’
* using R Under development (unstable) (2025-10-20 r88955)
* using platform: x86_64-pc-linux-gnu
* R was compiled by
gcc (Ubuntu 13.3.0-6ubuntu2~24.04) 13.3.0
GNU Fortran (Ubuntu 13.3.0-6ubuntu2~24.04) 13.3.0
* running under: Ubuntu 24.04.3 LTS
* using session charset: UTF-8
* checking for file ‘XINA/DESCRIPTION’ ... OK
* checking extension type ... Package
* this is package ‘XINA’ version ‘1.29.0’
* package encoding: UTF-8
* checking package namespace information ... OK
* checking package dependencies ... OK
* checking if this is a source package ... OK
* checking if there is a namespace ... OK
* checking for hidden files and directories ... OK
* checking for portable file names ... OK
* checking for sufficient/correct file permissions ... OK
* checking whether package ‘XINA’ can be installed ... WARNING
Found the following significant warnings:
Warning: replacing previous import ‘mclust::count’ by ‘plyr::count’ when loading ‘XINA’
See ‘/home/biocbuild/bbs-3.23-bioc/meat/XINA.Rcheck/00install.out’ for details.
* checking installed package size ... OK
* checking package directory ... OK
* checking ‘build’ directory ... OK
* checking DESCRIPTION meta-information ... OK
* checking top-level files ... OK
* checking for left-over files ... OK
* checking index information ... OK
* checking package subdirectories ... OK
* checking code files for non-ASCII characters ... OK
* checking R files for syntax errors ... OK
* checking whether the package can be loaded ... OK
* checking whether the package can be loaded with stated dependencies ... OK
* checking whether the package can be unloaded cleanly ... OK
* checking whether the namespace can be loaded with stated dependencies ... OK
* checking whether the namespace can be unloaded cleanly ... OK
* checking loading without being on the library search path ... OK
* checking dependencies in R code ... OK
* checking S3 generic/method consistency ... OK
* checking replacement functions ... OK
* checking foreign function calls ... OK
* checking R code for possible problems ... OK
* checking Rd files ... OK
* checking Rd metadata ... OK
* checking Rd cross-references ... NOTE
Non-topic package-anchored link(s) in Rd file 'xina_enrichment.Rd':
‘[STRINGdb]{get_enrichment}’
Non-topic package-anchored link(s) in Rd file 'xina_plot_single.Rd':
‘[base]{Round}’
See section 'Cross-references' in the 'Writing R Extensions' manual.
* checking for missing documentation entries ... OK
* checking for code/documentation mismatches ... OK
* checking Rd \usage sections ... OK
* checking Rd contents ... OK
* checking for unstated dependencies in examples ... OK
* checking contents of ‘data’ directory ... OK
* checking data for non-ASCII characters ... OK
* checking data for ASCII and uncompressed saves ... OK
* checking files in ‘vignettes’ ... OK
* checking examples ... OK
Examples with CPU (user + system) or elapsed time > 5s
user system elapsed
xina_clustering 19.862 0.124 19.989
plot_condition_compositions 17.288 0.083 17.381
plot_clusters 10.426 0.050 10.476
mutate_colors 10.259 0.066 10.325
get_condition_biased_comigrations 5.988 0.067 6.057
xina_plot_all 5.136 0.098 5.233
* checking for unstated dependencies in vignettes ... OK
* checking package vignettes ... OK
* checking re-building of vignette outputs ... OK
* checking PDF version of manual ... OK
* DONE
Status: 1 WARNING, 1 NOTE
See
‘/home/biocbuild/bbs-3.23-bioc/meat/XINA.Rcheck/00check.log’
for details.
XINA.Rcheck/00install.out
############################################################################## ############################################################################## ### ### Running command: ### ### /home/biocbuild/bbs-3.23-bioc/R/bin/R CMD INSTALL XINA ### ############################################################################## ############################################################################## * installing to library ‘/home/biocbuild/bbs-3.23-bioc/R/site-library’ * installing *source* package ‘XINA’ ... ** this is package ‘XINA’ version ‘1.29.0’ ** using staged installation ** R ** data ** inst ** byte-compile and prepare package for lazy loading Warning: replacing previous import ‘mclust::count’ by ‘plyr::count’ when loading ‘XINA’ ** help *** installing help indices ** building package indices ** installing vignettes ** testing if installed package can be loaded from temporary location Warning: replacing previous import ‘mclust::count’ by ‘plyr::count’ when loading ‘XINA’ ** testing if installed package can be loaded from final location Warning: replacing previous import ‘mclust::count’ by ‘plyr::count’ when loading ‘XINA’ ** testing if installed package keeps a record of temporary installation path * DONE (XINA)
XINA.Rcheck/XINA-Ex.timings
| name | user | system | elapsed | |
| alluvial_enriched | 2.091 | 0.076 | 2.166 | |
| draw_alluvial_plot | 0.048 | 0.003 | 0.051 | |
| get_comigrations_by_name | 0.033 | 0.002 | 0.034 | |
| get_condition_biased_comigrations | 5.988 | 0.067 | 6.057 | |
| get_unknown_ppi_nodes | 0.108 | 0.006 | 0.114 | |
| load_previous_results | 1.111 | 0.055 | 1.166 | |
| make_random_xina_data | 0.145 | 0.012 | 0.156 | |
| mutate_colors | 10.259 | 0.066 | 10.325 | |
| plot_clusters | 10.426 | 0.050 | 10.476 | |
| plot_clusters_all | 2.100 | 0.024 | 2.124 | |
| plot_condition_compositions | 17.288 | 0.083 | 17.381 | |
| plot_enrichment_results | 0.001 | 0.000 | 0.000 | |
| xina_analysis | 0.001 | 0.000 | 0.000 | |
| xina_clustering | 19.862 | 0.124 | 19.989 | |
| xina_enrichment | 0.000 | 0.000 | 0.001 | |
| xina_plot_all | 5.136 | 0.098 | 5.233 | |
| xina_plot_bycluster | 0.217 | 0.002 | 0.220 | |
| xina_plot_single | 0.149 | 0.004 | 0.153 | |