| Back to Multiple platform build/check report for BioC 3.22: simplified long |
|
This page was generated on 2025-08-15 12:07 -0400 (Fri, 15 Aug 2025).
| Hostname | OS | Arch (*) | R version | Installed pkgs |
|---|---|---|---|---|
| nebbiolo2 | Linux (Ubuntu 24.04.3 LTS) | x86_64 | 4.5.1 (2025-06-13) -- "Great Square Root" | 4818 |
| palomino8 | Windows Server 2022 Datacenter | x64 | 4.5.1 (2025-06-13 ucrt) -- "Great Square Root" | 4554 |
| lconway | macOS 12.7.1 Monterey | x86_64 | 4.5.1 (2025-06-13) -- "Great Square Root" | 4595 |
| kjohnson3 | macOS 13.7.7 Ventura | arm64 | 4.5.1 Patched (2025-06-14 r88325) -- "Great Square Root" | 4537 |
| taishan | Linux (openEuler 24.03 LTS) | aarch64 | 4.5.0 (2025-04-11) -- "How About a Twenty-Six" | 4535 |
| Click on any hostname to see more info about the system (e.g. compilers) (*) as reported by 'uname -p', except on Windows and Mac OS X | ||||
| Package 2069/2317 | Hostname | OS / Arch | INSTALL | BUILD | CHECK | BUILD BIN | ||||||||
| SPLINTER 1.35.1 (landing page) Diana Low
| nebbiolo2 | Linux (Ubuntu 24.04.3 LTS) / x86_64 | OK | OK | OK | |||||||||
| palomino8 | Windows Server 2022 Datacenter / x64 | OK | OK | WARNINGS | OK | |||||||||
| lconway | macOS 12.7.1 Monterey / x86_64 | OK | OK | OK | OK | |||||||||
| kjohnson3 | macOS 13.7.7 Ventura / arm64 | OK | ERROR | skipped | skipped | |||||||||
| taishan | Linux (openEuler 24.03 LTS) / aarch64 | OK | ERROR | skipped | ||||||||||
|
To the developers/maintainers of the SPLINTER package: - Allow up to 24 hours (and sometimes 48 hours) for your latest push to git@git.bioconductor.org:packages/SPLINTER.git to reflect on this report. See Troubleshooting Build Report for more information. - Use the following Renviron settings to reproduce errors and warnings. - If 'R CMD check' started to fail recently on the Linux builder(s) over a missing dependency, add the missing dependency to 'Suggests:' in your DESCRIPTION file. See Renviron.bioc for more information. |
| Package: SPLINTER |
| Version: 1.35.1 |
| Command: F:\biocbuild\bbs-3.22-bioc\R\bin\R.exe CMD check --no-multiarch --install=check:SPLINTER.install-out.txt --library=F:\biocbuild\bbs-3.22-bioc\R\library --no-vignettes --timings SPLINTER_1.35.1.tar.gz |
| StartedAt: 2025-08-15 08:21:06 -0400 (Fri, 15 Aug 2025) |
| EndedAt: 2025-08-15 08:28:17 -0400 (Fri, 15 Aug 2025) |
| EllapsedTime: 430.3 seconds |
| RetCode: 0 |
| Status: WARNINGS |
| CheckDir: SPLINTER.Rcheck |
| Warnings: 1 |
##############################################################################
##############################################################################
###
### Running command:
###
### F:\biocbuild\bbs-3.22-bioc\R\bin\R.exe CMD check --no-multiarch --install=check:SPLINTER.install-out.txt --library=F:\biocbuild\bbs-3.22-bioc\R\library --no-vignettes --timings SPLINTER_1.35.1.tar.gz
###
##############################################################################
##############################################################################
* using log directory 'F:/biocbuild/bbs-3.22-bioc/meat/SPLINTER.Rcheck'
* using R version 4.5.1 (2025-06-13 ucrt)
* using platform: x86_64-w64-mingw32
* R was compiled by
gcc.exe (GCC) 14.2.0
GNU Fortran (GCC) 14.2.0
* running under: Windows Server 2022 x64 (build 20348)
* using session charset: UTF-8
* using option '--no-vignettes'
* checking for file 'SPLINTER/DESCRIPTION' ... OK
* checking extension type ... Package
* this is package 'SPLINTER' version '1.35.1'
* package encoding: UTF-8
* checking package namespace information ... OK
* checking package dependencies ... OK
* checking if this is a source package ... OK
* checking if there is a namespace ... OK
* checking for hidden files and directories ... OK
* checking for portable file names ... OK
* checking whether package 'SPLINTER' can be installed ... WARNING
Found the following significant warnings:
Warning: replacing previous import 'IRanges::windows' by 'grDevices::windows' when loading 'SPLINTER'
See 'F:/biocbuild/bbs-3.22-bioc/meat/SPLINTER.Rcheck/00install.out' for details.
* checking installed package size ... OK
* checking package directory ... OK
* checking 'build' directory ... OK
* checking DESCRIPTION meta-information ... OK
* checking top-level files ... OK
* checking for left-over files ... OK
* checking index information ... OK
* checking package subdirectories ... OK
* checking code files for non-ASCII characters ... OK
* checking R files for syntax errors ... OK
* checking whether the package can be loaded ... OK
* checking whether the package can be loaded with stated dependencies ... OK
* checking whether the package can be unloaded cleanly ... OK
* checking whether the namespace can be loaded with stated dependencies ... OK
* checking whether the namespace can be unloaded cleanly ... OK
* checking dependencies in R code ... OK
* checking S3 generic/method consistency ... OK
* checking replacement functions ... OK
* checking foreign function calls ... OK
* checking R code for possible problems ... OK
* checking Rd files ... OK
* checking Rd metadata ... OK
* checking Rd cross-references ... OK
* checking for missing documentation entries ... OK
* checking for code/documentation mismatches ... OK
* checking Rd \usage sections ... OK
* checking Rd contents ... OK
* checking for unstated dependencies in examples ... OK
* checking contents of 'data' directory ... OK
* checking data for non-ASCII characters ... OK
* checking LazyData ... OK
* checking data for ASCII and uncompressed saves ... OK
* checking sizes of PDF files under 'inst/doc' ... OK
* checking files in 'vignettes' ... OK
* checking examples ... OK
Examples with CPU (user + system) or elapsed time > 5s
user system elapsed
eventPlot 15.72 0.21 15.93
getPCRsizes 9.87 0.16 10.07
* checking for unstated dependencies in vignettes ... OK
* checking package vignettes ... OK
* checking running R code from vignettes ... SKIPPED
* checking re-building of vignette outputs ... SKIPPED
* checking PDF version of manual ... OK
* DONE
Status: 1 WARNING
See
'F:/biocbuild/bbs-3.22-bioc/meat/SPLINTER.Rcheck/00check.log'
for details.
SPLINTER.Rcheck/00install.out
############################################################################## ############################################################################## ### ### Running command: ### ### F:\biocbuild\bbs-3.22-bioc\R\bin\R.exe CMD INSTALL SPLINTER ### ############################################################################## ############################################################################## * installing to library 'F:/biocbuild/bbs-3.22-bioc/R/library' * installing *source* package 'SPLINTER' ... ** this is package 'SPLINTER' version '1.35.1' ** using staged installation ** R ** data *** moving datasets to lazyload DB ** inst ** byte-compile and prepare package for lazy loading Warning: replacing previous import 'IRanges::windows' by 'grDevices::windows' when loading 'SPLINTER' ** help *** installing help indices ** building package indices ** installing vignettes ** testing if installed package can be loaded from temporary location Warning: replacing previous import 'IRanges::windows' by 'grDevices::windows' when loading 'SPLINTER' ** testing if installed package can be loaded from final location Warning: replacing previous import 'IRanges::windows' by 'grDevices::windows' when loading 'SPLINTER' ** testing if installed package keeps a record of temporary installation path * DONE (SPLINTER)
SPLINTER.Rcheck/SPLINTER-Ex.timings
| name | user | system | elapsed | |
| acceptor.m | 0.00 | 0.01 | 0.01 | |
| addEnsemblAnnotation | 0.00 | 0.02 | 0.02 | |
| callPrimer3 | 0 | 0 | 0 | |
| checkPrimer | 0.11 | 0.00 | 0.11 | |
| compatible_cds | 0.00 | 0.01 | 0.02 | |
| compatible_tx | 0 | 0 | 0 | |
| donor.m | 0.02 | 0.00 | 0.02 | |
| eventOutcomeCompare | 1.75 | 0.13 | 1.90 | |
| eventOutcomeTranslate | 0.56 | 0.05 | 0.61 | |
| eventPlot | 15.72 | 0.21 | 15.93 | |
| extendROI | 0.82 | 0.00 | 0.82 | |
| extractSpliceEvents | 0.01 | 0.00 | 0.01 | |
| extractSpliceSites | 0.11 | 0.00 | 0.11 | |
| findCompatibleEvents | 0.42 | 0.02 | 0.44 | |
| findCompatibleExon | 0.22 | 0.00 | 0.22 | |
| findTX | 0.02 | 0.00 | 0.01 | |
| getPCRsizes | 9.87 | 0.16 | 10.07 | |
| getRegionDNA | 0.47 | 0.03 | 0.50 | |
| insertRegion | 0.28 | 0.00 | 0.28 | |
| makeROI | 0.31 | 0.00 | 0.32 | |
| makeUniqueIDs | 0 | 0 | 0 | |
| pcr_result1 | 0 | 0 | 0 | |
| plot_seqlogo | 0.05 | 0.00 | 0.04 | |
| primers | 0 | 0 | 0 | |
| psiPlot | 0.28 | 0.00 | 0.28 | |
| region_minus_exon | 0.00 | 0.01 | 0.02 | |
| roi | 0 | 0 | 0 | |
| shapiroAcceptor | 0.69 | 0.08 | 0.76 | |
| shapiroDonor | 0.59 | 0.10 | 0.69 | |
| splice_data | 0.02 | 0.00 | 0.02 | |
| splice_fasta | 0 | 0 | 0 | |
| splitPCRhit | 0.01 | 0.00 | 0.01 | |
| thecds | 0 | 0 | 0 | |
| theexons | 0 | 0 | 0 | |
| valid_cds | 0.02 | 0.00 | 0.02 | |
| valid_tx | 0 | 0 | 0 | |