Back to Multiple platform build/check report for BioC 3.22:   simplified   long
ABCDEFGHIJKLMN[O]PQRSTUVWXYZ

This page was generated on 2025-10-01 12:03 -0400 (Wed, 01 Oct 2025).

HostnameOSArch (*)R versionInstalled pkgs
nebbiolo2Linux (Ubuntu 24.04.3 LTS)x86_644.5.1 Patched (2025-08-23 r88802) -- "Great Square Root" 4843
lconwaymacOS 12.7.1 Montereyx86_644.5.1 Patched (2025-09-10 r88807) -- "Great Square Root" 4631
kjohnson3macOS 13.7.7 Venturaarm644.5.1 Patched (2025-09-10 r88807) -- "Great Square Root" 4575
taishanLinux (openEuler 24.03 LTS)aarch644.5.0 (2025-04-11) -- "How About a Twenty-Six" 4576
Click on any hostname to see more info about the system (e.g. compilers)      (*) as reported by 'uname -p', except on Windows and Mac OS X

Package 1488/2337HostnameOS / ArchINSTALLBUILDCHECKBUILD BIN
OmnipathR 3.17.6  (landing page)
Denes Turei
Snapshot Date: 2025-09-30 13:45 -0400 (Tue, 30 Sep 2025)
git_url: https://git.bioconductor.org/packages/OmnipathR
git_branch: devel
git_last_commit: 69ba6ef
git_last_commit_date: 2025-09-24 06:19:47 -0400 (Wed, 24 Sep 2025)
nebbiolo2Linux (Ubuntu 24.04.3 LTS) / x86_64  OK    OK    ERROR  
lconwaymacOS 12.7.1 Monterey / x86_64  OK    OK    ERROR    OK  
kjohnson3macOS 13.7.7 Ventura / arm64  OK    OK    ERROR    OK  
taishanLinux (openEuler 24.03 LTS) / aarch64  OK    OK    ERROR  


CHECK results for OmnipathR on nebbiolo2

To the developers/maintainers of the OmnipathR package:
- Allow up to 24 hours (and sometimes 48 hours) for your latest push to git@git.bioconductor.org:packages/OmnipathR.git to reflect on this report. See Troubleshooting Build Report for more information.
- Use the following Renviron settings to reproduce errors and warnings.
- If 'R CMD check' started to fail recently on the Linux builder(s) over a missing dependency, add the missing dependency to 'Suggests:' in your DESCRIPTION file. See Renviron.bioc for more information.

raw results


Summary

Package: OmnipathR
Version: 3.17.6
Command: /home/biocbuild/bbs-3.22-bioc/R/bin/R CMD check --install=check:OmnipathR.install-out.txt --library=/home/biocbuild/bbs-3.22-bioc/R/site-library --timings OmnipathR_3.17.6.tar.gz
StartedAt: 2025-10-01 02:24:37 -0400 (Wed, 01 Oct 2025)
EndedAt: 2025-10-01 03:00:03 -0400 (Wed, 01 Oct 2025)
EllapsedTime: 2125.5 seconds
RetCode: 1
Status:   ERROR  
CheckDir: OmnipathR.Rcheck
Warnings: NA

Command output

##############################################################################
##############################################################################
###
### Running command:
###
###   /home/biocbuild/bbs-3.22-bioc/R/bin/R CMD check --install=check:OmnipathR.install-out.txt --library=/home/biocbuild/bbs-3.22-bioc/R/site-library --timings OmnipathR_3.17.6.tar.gz
###
##############################################################################
##############################################################################


* using log directory ‘/home/biocbuild/bbs-3.22-bioc/meat/OmnipathR.Rcheck’
* using R version 4.5.1 Patched (2025-08-23 r88802)
* using platform: x86_64-pc-linux-gnu
* R was compiled by
    gcc (Ubuntu 13.3.0-6ubuntu2~24.04) 13.3.0
    GNU Fortran (Ubuntu 13.3.0-6ubuntu2~24.04) 13.3.0
* running under: Ubuntu 24.04.3 LTS
* using session charset: UTF-8
* checking for file ‘OmnipathR/DESCRIPTION’ ... OK
* checking extension type ... Package
* this is package ‘OmnipathR’ version ‘3.17.6’
* package encoding: UTF-8
* checking package namespace information ... OK
* checking package dependencies ... INFO
Imports includes 35 non-default packages.
Importing from so many packages makes the package vulnerable to any of
them becoming unavailable.  Move as many as possible to Suggests and
use conditionally.
* checking if this is a source package ... OK
* checking if there is a namespace ... OK
* checking for hidden files and directories ... OK
* checking for portable file names ... OK
* checking for sufficient/correct file permissions ... OK
* checking whether package ‘OmnipathR’ can be installed ... OK
* checking installed package size ... OK
* checking package directory ... OK
* checking DESCRIPTION meta-information ... OK
* checking top-level files ... OK
* checking for left-over files ... OK
* checking index information ... OK
* checking package subdirectories ... OK
* checking code files for non-ASCII characters ... OK
* checking R files for syntax errors ... OK
* checking whether the package can be loaded ... OK
* checking whether the package can be loaded with stated dependencies ... OK
* checking whether the package can be unloaded cleanly ... OK
* checking whether the namespace can be loaded with stated dependencies ... OK
* checking whether the namespace can be unloaded cleanly ... OK
* checking loading without being on the library search path ... OK
* checking whether startup messages can be suppressed ... NOTE
[2025-10-01 02:25:06] [TRACE]   [OmnipathR] Reading JSON from `/home/biocbuild/.cache/OmnipathR/cache.json` (encoding: UTF-8).
[2025-10-01 02:25:06] [TRACE]   [OmnipathR] JSON validation successful: TRUE
[2025-10-01 02:25:06] [INFO]    [OmnipathR] Initialized cache: `/home/biocbuild/.cache/OmnipathR`.
[2025-10-01 02:25:06] [INFO]    [OmnipathR] Package `OmnipathR` packaged: NA
[2025-10-01 02:25:06] [INFO]    [OmnipathR] Package `OmnipathR` date/publication: 2025-09-30
[2025-10-01 02:25:06] [INFO]    [OmnipathR] Package `OmnipathR` built: R 4.5.1; ; 2025-09-30 19:09:19 UTC; unix
[2025-10-01 02:25:06] [INFO]    [OmnipathR] Package `OmnipathR` version: 3.17.6
[2025-10-01 02:25:06] [INFO]    [OmnipathR] Package `OmnipathR` repository: Bioconductor 3.22
[2025-10-01 02:25:07] [INFO]    [OmnipathR] Session info: [version=R version 4.5.1 Patched (2025-08-23 r88802); os=Ubuntu 24.04.3 LTS; system=x86_64, linux-gnu; ui=X11; language=(EN); collate=C; ctype=en_US.UTF-8; tz=America/New_York; date=2025-10-01; pandoc=2.7.3 @ /usr/bin/ (via rmarkdown); quarto=1.7.32 @ /usr/local/bin/quarto]
[2025-10-01 02:25:07] [INFO]    [OmnipathR] External libraries: [cairo=1.18.0; cairoFT=; pango=1.52.1; png=1.6.43; jpeg=8.0; tiff=LIBTIFF, Version 4.5.1; tcl=8.6.14; curl=8.5.0; zlib=1.3; bzlib=1.0.8, 13-Jul-2019; xz=5.4.5; deflate=1.19; PCRE=10.42 2022-12-11; ICU=74.2; TRE=TRE 0.8.0 R_fixes (BSD); iconv=glibc 2.39; readline=8.2; BLAS=/home/biocbuild/bbs-3.22-bioc/R/lib/libRblas.so; lapack=/usr/lib/x86_64-linux-gnu/lapack/liblapack.so.3.12.0; lapack_version=3.12.0]
[2025-10-01 02:25:07] [INFO]    [OmnipathR] Loaded packages: backports 1.5.0(2024-05-23); bit 4.6.0(2025-03-06); bit64 4.6.0-1(2025-01-16); blob 1.2.4(2023-03-17); cachem 1.1.0(2024-05-16); cellranger 1.1.0(2016-07-27); checkmate 2.3.3(2025-08-18); chromote 0.5.1(2025-04-24); cli 3.6.5(2025-04-23); crayon 1.5.3(2024-06-20); curl 7.0.0(2025-08-19); DBI 1.2.3(2024-06-02); digest 0.6.37(2024-08-19); dplyr 1.1.4(2023-11-17); evaluate 1.0.5(2025-08-27); fastmap 1.2.0(2024-05-15); fs 1.6.6(2025-04-12); generics 0.1.4(2025-05-09); glue 1.8.0(2024-09-30); hms 1.1.3(2023-03-21); htmltools 0.5.8.1(2024-04-04); httr 1.4.7(2023-08-15); httr2 1.2.1(2025-07-22); igraph 2.1.4(2025-01-23); jsonlite 2.0.0(2025-03-27); knitr 1.50(2025-03-16); later 1.4.4(2025-08-27); lifecycle 1.0.4(2023-11-07); logger 0.4.1(2025-09-11); lubridate 1.9.4(2024-12-08); magrittr 2.0.4(2025-09-12); memoise 2.0.1(2021-11-26); OmnipathR 3.17.6(2025-09-30); pillar 1.11.1(2025-09-17); pkgconfig 2.0.3(2019-09-22); prettyunits 1.2.0(2023-09-24); processx 3.8.6(2025-02-21); progress 1.2.3(2023-12-06); promises 1.3.3(2025-05-29); ps 1.9.1(2025-04-12); purrr 1.1.0(2025-07-10); R.methodsS3 1.8.2(2022-06-13); R.oo 1.27.1(2025-05-02); R.utils 2.13.0(2025-02-24); R6 2.6.1(2025-02-15); rappdirs 0.3.3(2021-01-31); Rcpp 1.1.0(2025-07-02); readr 2.1.5(2024-01-10); readxl 1.4.5(2025-03-07); rlang 1.1.6(2025-04-11); rmarkdown 2.30(2025-09-28); RSQLite 2.4.3(2025-08-20); rvest 1.0.5(2025-08-29); sessioninfo 1.2.3(2025-02-05); stringi 1.8.7(2025-03-27); stringr 1.5.2(2025-09-08); tibble 3.3.0(2025-06-08); tidyr 1.3.1(2024-01-24); tidyselect 1.2.1(2024-03-11); timechange 0.3.0(2024-01-18); tzdb 0.5.0(2025-03-15); vctrs 0.6.5(2023-12-01); websocket 1.4.4(2025-04-10); withr 3.0.2(2024-10-28); xfun 0.53(2025-08-19); XML 3.99-0.19(2025-08-22); xml2 1.4.0(2025-08-20); yaml 2.3.10(2024-07-26); zip 2.3.3(2025-05-13)
[2025-10-01 02:25:07] [INFO]    [OmnipathR] CURL: version: 8.5.0; headers: 8.5.0; ssl_version: GnuTLS/3.8.3; libz_version: 1.3; libssh_version: libssh/0.10.6/openssl/zlib; libidn_version: 2.3.7; host: x86_64-pc-linux-gnu; protocols: dict, file, ftp, ftps, gopher, gophers, http, https, imap, imaps, ldap, ldaps, mqtt, pop3, pop3s, rtmp, rtmpe, rtmps, rtmpt, rtmpte, rtmpts, rtsp, scp, sftp, smb, smbs, smtp, smtps, telnet, tftp; ipv6: TRUE; http2: TRUE; idn: TRUE; url_parser: TRUE
[2025-10-01 02:25:07] [TRACE]   [OmnipathR] Running on a build server, wiping cache.
[2025-10-01 02:25:07] [TRACE]   [OmnipathR] Cache is at `/home/biocbuild/.cache/OmnipathR`.
[2025-10-01 02:25:07] [TRACE]   [OmnipathR] Contains 1 files.
[2025-10-01 02:25:07] [TRACE]   [OmnipathR] Cache is locked: FALSE.
[2025-10-01 02:25:07] [TRACE]   [OmnipathR] Reading JSON from `/home/biocbuild/.cache/OmnipathR/cache.json` (encoding: UTF-8).
[2025-10-01 02:25:07] [TRACE]   [OmnipathR] JSON validation successful: TRUE
[2025-10-01 02:25:07] [SUCCESS] [OmnipathR] Removing all cache contents from `/home/biocbuild/.cache/OmnipathR`.
[2025-10-01 02:25:07] [TRACE]   [OmnipathR] Pandoc version: `2.7.3`.
[2025-10-01 02:25:07] [TRACE]   [OmnipathR] Reading JSON from `/home/biocbuild/bbs-3.22-bioc/R/site-library/OmnipathR/db/db_def.json` (encoding: UTF-8).
[2025-10-01 02:25:07] [TRACE]   [OmnipathR] JSON validation successful: TRUE
[2025-10-01 02:25:07] [TRACE]   [OmnipathR] Reading JSON from `/home/biocbuild/bbs-3.22-bioc/R/site-library/OmnipathR/internal/magic_bytes.json` (encoding: UTF-8).
[2025-10-01 02:25:07] [TRACE]   [OmnipathR] JSON validation successful: TRUE
[2025-10-01 02:25:07] [TRACE]   [OmnipathR] Reading JSON from `/home/biocbuild/bbs-3.22-bioc/R/site-library/OmnipathR/internal/urls.json` (encoding: UTF-8).
[2025-10-01 02:25:07] [TRACE]   [OmnipathR] JSON validation successful: TRUE
[2025-10-01 02:25:07] [TRACE]   [OmnipathR] Reading JSON from `/home/biocbuild/bbs-3.22-bioc/R/site-library/OmnipathR/internal/id_types.json` (encoding: UTF-8).
[2025-10-01 02:25:07] [TRACE]   [OmnipathR] JSON validation successful: TRUE
[2025-10-01 02:25:07] [TRACE]   [OmnipathR] Cache locked: FALSE

It looks like this package (or a package it requires) has a startup
message which cannot be suppressed: see ?packageStartupMessage.
* checking dependencies in R code ... OK
* checking S3 generic/method consistency ... OK
* checking replacement functions ... OK
* checking foreign function calls ... OK
* checking R code for possible problems ... NOTE
[2025-10-01 02:25:24] [TRACE]   [OmnipathR] Reading JSON from `/home/biocbuild/.cache/OmnipathR/cache.json` (encoding: UTF-8).
[2025-10-01 02:25:24] [TRACE]   [OmnipathR] JSON validation successful: TRUE
[2025-10-01 02:25:24] [INFO]    [OmnipathR] Initialized cache: `/home/biocbuild/.cache/OmnipathR`.
[2025-10-01 02:25:24] [INFO]    [OmnipathR] Package `OmnipathR` packaged: NA
[2025-10-01 02:25:24] [INFO]    [OmnipathR] Package `OmnipathR` date/publication: 2025-09-30
[2025-10-01 02:25:24] [INFO]    [OmnipathR] Package `OmnipathR` built: R 4.5.1; ; 2025-09-30 19:09:19 UTC; unix
[2025-10-01 02:25:24] [INFO]    [OmnipathR] Package `OmnipathR` version: 3.17.6
[2025-10-01 02:25:24] [INFO]    [OmnipathR] Package `OmnipathR` repository: Bioconductor 3.22
[2025-10-01 02:25:24] [INFO]    [OmnipathR] Session info: [version=R version 4.5.1 Patched (2025-08-23 r88802); os=Ubuntu 24.04.3 LTS; system=x86_64, linux-gnu; ui=X11; language=(EN); collate=C; ctype=en_US.UTF-8; tz=America/New_York; date=2025-10-01; pandoc=2.7.3 @ /usr/bin/ (via rmarkdown); quarto=1.7.32 @ /usr/local/bin/quarto]
[2025-10-01 02:25:24] [INFO]    [OmnipathR] External libraries: [cairo=1.18.0; cairoFT=; pango=1.52.1; png=1.6.43; jpeg=8.0; tiff=LIBTIFF, Version 4.5.1; tcl=8.6.14; curl=8.5.0; zlib=1.3; bzlib=1.0.8, 13-Jul-2019; xz=5.4.5; deflate=1.19; PCRE=10.42 2022-12-11; ICU=74.2; TRE=TRE 0.8.0 R_fixes (BSD); iconv=glibc 2.39; readline=8.2; BLAS=/home/biocbuild/bbs-3.22-bioc/R/lib/libRblas.so; lapack=/usr/lib/x86_64-linux-gnu/lapack/liblapack.so.3.12.0; lapack_version=3.12.0]
[2025-10-01 02:25:24] [INFO]    [OmnipathR] Loaded packages: backports 1.5.0(2024-05-23); bit 4.6.0(2025-03-06); bit64 4.6.0-1(2025-01-16); blob 1.2.4(2023-03-17); cachem 1.1.0(2024-05-16); cellranger 1.1.0(2016-07-27); checkmate 2.3.3(2025-08-18); chromote 0.5.1(2025-04-24); cli 3.6.5(2025-04-23); crayon 1.5.3(2024-06-20); curl 7.0.0(2025-08-19); DBI 1.2.3(2024-06-02); digest 0.6.37(2024-08-19); dplyr 1.1.4(2023-11-17); evaluate 1.0.5(2025-08-27); fastmap 1.2.0(2024-05-15); fs 1.6.6(2025-04-12); generics 0.1.4(2025-05-09); glue 1.8.0(2024-09-30); hms 1.1.3(2023-03-21); htmltools 0.5.8.1(2024-04-04); httr 1.4.7(2023-08-15); httr2 1.2.1(2025-07-22); igraph 2.1.4(2025-01-23); jsonlite 2.0.0(2025-03-27); knitr 1.50(2025-03-16); later 1.4.4(2025-08-27); lifecycle 1.0.4(2023-11-07); logger 0.4.1(2025-09-11); lubridate 1.9.4(2024-12-08); magrittr 2.0.4(2025-09-12); memoise 2.0.1(2021-11-26); OmnipathR 3.17.6(2025-09-30); pillar 1.11.1(2025-09-17); pkgconfig 2.0.3(2019-09-22); prettyunits 1.2.0(2023-09-24); processx 3.8.6(2025-02-21); progress 1.2.3(2023-12-06); promises 1.3.3(2025-05-29); ps 1.9.1(2025-04-12); purrr 1.1.0(2025-07-10); R.methodsS3 1.8.2(2022-06-13); R.oo 1.27.1(2025-05-02); R.utils 2.13.0(2025-02-24); R6 2.6.1(2025-02-15); rappdirs 0.3.3(2021-01-31); Rcpp 1.1.0(2025-07-02); readr 2.1.5(2024-01-10); readxl 1.4.5(2025-03-07); rlang 1.1.6(2025-04-11); rmarkdown 2.30(2025-09-28); RSQLite 2.4.3(2025-08-20); rvest 1.0.5(2025-08-29); sessioninfo 1.2.3(2025-02-05); stringi 1.8.7(2025-03-27); stringr 1.5.2(2025-09-08); tibble 3.3.0(2025-06-08); tidyr 1.3.1(2024-01-24); tidyselect 1.2.1(2024-03-11); timechange 0.3.0(2024-01-18); tzdb 0.5.0(2025-03-15); vctrs 0.6.5(2023-12-01); websocket 1.4.4(2025-04-10); withr 3.0.2(2024-10-28); xfun 0.53(2025-08-19); XML 3.99-0.19(2025-08-22); xml2 1.4.0(2025-08-20); yaml 2.3.10(2024-07-26); zip 2.3.3(2025-05-13)
[2025-10-01 02:25:24] [INFO]    [OmnipathR] CURL: version: 8.5.0; headers: 8.5.0; ssl_version: GnuTLS/3.8.3; libz_version: 1.3; libssh_version: libssh/0.10.6/openssl/zlib; libidn_version: 2.3.7; host: x86_64-pc-linux-gnu; protocols: dict, file, ftp, ftps, gopher, gophers, http, https, imap, imaps, ldap, ldaps, mqtt, pop3, pop3s, rtmp, rtmpe, rtmps, rtmpt, rtmpte, rtmpts, rtsp, scp, sftp, smb, smbs, smtp, smtps, telnet, tftp; ipv6: TRUE; http2: TRUE; idn: TRUE; url_parser: TRUE
[2025-10-01 02:25:24] [TRACE]   [OmnipathR] Running on a build server, wiping cache.
[2025-10-01 02:25:24] [TRACE]   [OmnipathR] Cache is at `/home/biocbuild/.cache/OmnipathR`.
[2025-10-01 02:25:24] [TRACE]   [OmnipathR] Contains 1 files.
[2025-10-01 02:25:24] [TRACE]   [OmnipathR] Cache is locked: FALSE.
[2025-10-01 02:25:24] [TRACE]   [OmnipathR] Reading JSON from `/home/biocbuild/.cache/OmnipathR/cache.json` (encoding: UTF-8).
[2025-10-01 02:25:24] [TRACE]   [OmnipathR] JSON validation successful: TRUE
[2025-10-01 02:25:24] [SUCCESS] [OmnipathR] Removing all cache contents from `/home/biocbuild/.cache/OmnipathR`.
[2025-10-01 02:25:24] [TRACE]   [OmnipathR] Pandoc version: `2.7.3`.
[2025-10-01 02:25:24] [TRACE]   [OmnipathR] Reading JSON from `/home/biocbuild/bbs-3.22-bioc/R/site-library/OmnipathR/db/db_def.json` (encoding: UTF-8).
[2025-10-01 02:25:24] [TRACE]   [OmnipathR] JSON validation successful: TRUE
[2025-10-01 02:25:24] [TRACE]   [OmnipathR] Reading JSON from `/home/biocbuild/bbs-3.22-bioc/R/site-library/OmnipathR/internal/magic_bytes.json` (encoding: UTF-8).
[2025-10-01 02:25:24] [TRACE]   [OmnipathR] JSON validation successful: TRUE
[2025-10-01 02:25:25] [TRACE]   [OmnipathR] Reading JSON from `/home/biocbuild/bbs-3.22-bioc/R/site-library/OmnipathR/internal/urls.json` (encoding: UTF-8).
[2025-10-01 02:25:25] [TRACE]   [OmnipathR] JSON validation successful: TRUE
[2025-10-01 02:25:25] [TRACE]   [OmnipathR] Reading JSON from `/home/biocbuild/bbs-3.22-bioc/R/site-library/OmnipathR/internal/id_types.json` (encoding: UTF-8).
[2025-10-01 02:25:25] [TRACE]   [OmnipathR] JSON validation successful: TRUE
[2025-10-01 02:25:25] [TRACE]   [OmnipathR] Cache locked: FALSE
.cosmos_pkn: no visible global function definition for
  ‘metabolite_idsc’
cosmos_ksn: no visible binding for global variable
  ‘substrate_genesymbol’
cosmos_ksn: no visible binding for global variable ‘residue_type’
cosmos_ksn: no visible binding for global variable ‘residue_offset’
cosmos_ksn: no visible binding for global variable ‘enzyme_genesymbol’
cosmos_ksn: no visible binding for global variable ‘mor’
recon3d_genes: no visible binding for global variable ‘notes’
recon3d_genes: no visible binding for global variable ‘annotation’
recon3d_genes: no visible binding for global variable
  ‘original_bigg_ids’
recon3d_metabolites: no visible binding for global variable ‘notes’
recon3d_metabolites: no visible binding for global variable
  ‘original_bigg_ids’
recon3d_metabolites: no visible binding for global variable
  ‘annotation’
recon3d_metabolites: no visible global function definition for
  ‘chalmers_gem_matlab_tibble’
recon3d_metabolites: no visible binding for global variable ‘hmdb’
recon3d_metabolites: no visible binding for global variable ‘metHMDBID’
recon3d_reactions: no visible binding for global variable ‘notes’
recon3d_reactions: no visible binding for global variable ‘metabolites’
recon3d_reactions: no visible binding for global variable
  ‘original_bigg_ids’
taxon_names_table: no visible binding for global variable
  ‘latin_name_uniprot’
taxon_names_table: no visible binding for global variable
  ‘latin_name_ensembl’
taxon_names_table: no visible binding for global variable
  ‘latin_name_oma’
taxon_names_table: no visible binding for global variable
  ‘common_name_ensembl’
taxon_names_table: no visible binding for global variable
  ‘common_name_uniprot’
Undefined global functions or variables:
  annotation chalmers_gem_matlab_tibble common_name_ensembl
  common_name_uniprot enzyme_genesymbol hmdb latin_name_ensembl
  latin_name_oma latin_name_uniprot metHMDBID metabolite_idsc
  metabolites mor notes original_bigg_ids residue_offset residue_type
  substrate_genesymbol
* checking Rd files ... OK
* checking Rd metadata ... OK
* checking Rd cross-references ... OK
* checking for missing documentation entries ... WARNING
Undocumented code objects:
  ‘recon3d_raw’ ‘recon3d_raw_vmh’
All user-level objects in a package should have documentation entries.
See chapter ‘Writing R documentation files’ in the ‘Writing R
Extensions’ manual.
* checking for code/documentation mismatches ... OK
* checking Rd \usage sections ... WARNING
Undocumented arguments in Rd file 'recon3d.Rd'
  ‘extra_hmdb’

Undocumented arguments in Rd file 'translate_ids_multi.Rd'
  ‘ramp’ ‘expand’

Functions with \usage entries need to have the appropriate \alias
entries, and all their arguments documented.
The \usage entries must correspond to syntactically valid R code.
See chapter ‘Writing R documentation files’ in the ‘Writing R
Extensions’ manual.
* checking Rd contents ... OK
* checking for unstated dependencies in examples ... OK
* checking R/sysdata.rda ... OK
* checking files in ‘vignettes’ ... OK
* checking examples ... ERROR
Running examples in ‘OmnipathR-Ex.R’ failed
The error most likely occurred in:

> base::assign(".ptime", proc.time(), pos = "CheckExEnv")
> ### Name: recon3d_metabolites
> ### Title: Metabolites from Recon-3D
> ### Aliases: recon3d_metabolites recon3d_reactions recon3d_genes
> ###   recon3d_compartments
> 
> ### ** Examples
> 
> recon3d_metabolites()
/system.slice/cron.service is not a snap cgroup
/system.slice/cron.service is not a snap cgroup
/system.slice/cron.service is not a snap cgroup
Warning in readLines(con = path, encoding = encoding) :
  incomplete final line found on '/home/biocbuild/.cache/OmnipathR/be81cd1c9a119b749e4206f26272806591e8fb4c-1.gz'
Error in chalmers_gem_matlab_tibble(., "mets", "metHMDBID") : 
  could not find function "chalmers_gem_matlab_tibble"
Calls: recon3d_metabolites ... same_src.data.frame -> is.data.frame -> %>% -> unnest -> unnest
Execution halted
Examples with CPU (user + system) or elapsed time > 5s
                                       user system elapsed
annotation_categories                80.959  0.084  82.573
omnipath-interactions                47.038  2.885 106.534
curated_ligrec_stats                 41.377  3.591 119.163
filter_extra_attrs                   28.110  5.107  37.795
nichenet_gr_network_omnipath         28.865  1.076  38.513
all_uniprots                         23.376  1.612  50.125
nichenet_signaling_network_omnipath  22.646  0.757  32.513
giant_component                      20.601  0.785  29.404
go_annot_download                    17.727  1.635  20.454
filter_intercell                     15.194  0.954  23.035
has_extra_attrs                      13.640  1.644  15.891
extra_attrs_to_cols                  13.378  1.338  14.769
pivot_annotations                    13.197  0.822  22.632
extra_attr_values                    11.957  1.350  15.846
omnipath_for_cosmos                   9.800  0.618  30.131
find_all_paths                        8.736  0.358  11.598
curated_ligand_receptor_interactions  7.502  1.195  18.607
print_interactions                    8.268  0.367  13.284
extra_attrs                           7.244  1.150   8.425
filter_by_resource                    7.459  0.247  10.104
pubmed_open                           5.545  0.210   5.827
print_path_vs                         4.453  0.330   9.114
ensembl_id_mapping_table              2.546  0.198  19.888
kegg_picture                          2.395  0.048   7.542
metalinksdb_sqlite                    2.094  0.224  12.346
annotated_network                     1.773  0.265   5.163
kinasephos                            1.831  0.108  19.856
kegg_conv                             1.783  0.115  15.426
kegg_link                             1.515  0.068   7.954
kegg_rm_prefix                        1.025  0.054   6.127
* checking for unstated dependencies in ‘tests’ ... OK
* checking tests ...
  Running ‘testthat.R’
 OK
* checking for unstated dependencies in vignettes ... OK
* checking package vignettes ... OK
* checking re-building of vignette outputs ... OK
* checking PDF version of manual ... OK
* DONE

Status: 1 ERROR, 2 WARNINGs, 2 NOTEs
See
  ‘/home/biocbuild/bbs-3.22-bioc/meat/OmnipathR.Rcheck/00check.log’
for details.


Installation output

OmnipathR.Rcheck/00install.out

##############################################################################
##############################################################################
###
### Running command:
###
###   /home/biocbuild/bbs-3.22-bioc/R/bin/R CMD INSTALL OmnipathR
###
##############################################################################
##############################################################################


* installing to library ‘/home/biocbuild/bbs-3.22-bioc/R/site-library’
* installing *source* package ‘OmnipathR’ ...
** this is package ‘OmnipathR’ version ‘3.17.6’
** using staged installation
** R
** inst
** byte-compile and prepare package for lazy loading
** help
*** installing help indices
*** copying figures
** building package indices
** installing vignettes
** testing if installed package can be loaded from temporary location
[2025-09-30 15:09:32] [TRACE]   [OmnipathR] Reading JSON from `/home/biocbuild/.cache/OmnipathR/cache.json` (encoding: UTF-8).
[2025-09-30 15:09:33] [TRACE]   [OmnipathR] JSON validation successful: TRUE
[2025-09-30 15:09:33] [INFO]    [OmnipathR] Initialized cache: `/home/biocbuild/.cache/OmnipathR`.
[2025-09-30 15:09:33] [INFO]    [OmnipathR] Package `OmnipathR` packaged: NA
[2025-09-30 15:09:33] [INFO]    [OmnipathR] Package `OmnipathR` date/publication: 2025-09-30
[2025-09-30 15:09:33] [INFO]    [OmnipathR] Package `OmnipathR` built: R 4.5.1; ; 2025-09-30 19:09:19 UTC; unix
[2025-09-30 15:09:33] [INFO]    [OmnipathR] Package `OmnipathR` version: 3.17.6
[2025-09-30 15:09:33] [INFO]    [OmnipathR] Package `OmnipathR` repository: Bioconductor 3.22
[2025-09-30 15:09:33] [INFO]    [OmnipathR] Session info: [version=R version 4.5.1 Patched (2025-08-23 r88802); os=Ubuntu 24.04.3 LTS; system=x86_64, linux-gnu; ui=X11; language=(EN); collate=C; ctype=en_US.UTF-8; tz=America/New_York; date=2025-09-30; pandoc=2.7.3 @ /usr/bin/ (via rmarkdown); quarto=1.7.32 @ /usr/local/bin/quarto]
[2025-09-30 15:09:33] [INFO]    [OmnipathR] External libraries: [cairo=1.18.0; cairoFT=; pango=1.52.1; png=1.6.43; jpeg=8.0; tiff=LIBTIFF, Version 4.5.1; tcl=8.6.14; curl=8.5.0; zlib=1.3; bzlib=1.0.8, 13-Jul-2019; xz=5.4.5; deflate=1.19; PCRE=10.42 2022-12-11; ICU=74.2; TRE=TRE 0.8.0 R_fixes (BSD); iconv=glibc 2.39; readline=8.2; BLAS=/home/biocbuild/bbs-3.22-bioc/R/lib/libRblas.so; lapack=/usr/lib/x86_64-linux-gnu/lapack/liblapack.so.3.12.0; lapack_version=3.12.0]
[2025-09-30 15:09:33] [INFO]    [OmnipathR] Loaded packages: backports 1.5.0(2024-05-23); bit 4.6.0(2025-03-06); bit64 4.6.0-1(2025-01-16); blob 1.2.4(2023-03-17); cachem 1.1.0(2024-05-16); cellranger 1.1.0(2016-07-27); checkmate 2.3.3(2025-08-18); chromote 0.5.1(2025-04-24); cli 3.6.5(2025-04-23); crayon 1.5.3(2024-06-20); curl 7.0.0(2025-08-19); DBI 1.2.3(2024-06-02); digest 0.6.37(2024-08-19); dplyr 1.1.4(2023-11-17); evaluate 1.0.5(2025-08-27); fastmap 1.2.0(2024-05-15); fs 1.6.6(2025-04-12); generics 0.1.4(2025-05-09); glue 1.8.0(2024-09-30); hms 1.1.3(2023-03-21); htmltools 0.5.8.1(2024-04-04); httr 1.4.7(2023-08-15); httr2 1.2.1(2025-07-22); igraph 2.1.4(2025-01-23); jsonlite 2.0.0(2025-03-27); knitr 1.50(2025-03-16); later 1.4.4(2025-08-27); lifecycle 1.0.4(2023-11-07); logger 0.4.1(2025-09-11); lubridate 1.9.4(2024-12-08); magrittr 2.0.4(2025-09-12); memoise 2.0.1(2021-11-26); OmnipathR 3.17.6(2025-09-30); pillar 1.11.1(2025-09-17); pkgconfig 2.0.3(2019-09-22); prettyunits 1.2.0(2023-09-24); processx 3.8.6(2025-02-21); progress 1.2.3(2023-12-06); promises 1.3.3(2025-05-29); ps 1.9.1(2025-04-12); purrr 1.1.0(2025-07-10); R.methodsS3 1.8.2(2022-06-13); R.oo 1.27.1(2025-05-02); R.utils 2.13.0(2025-02-24); R6 2.6.1(2025-02-15); rappdirs 0.3.3(2021-01-31); Rcpp 1.1.0(2025-07-02); readr 2.1.5(2024-01-10); readxl 1.4.5(2025-03-07); rlang 1.1.6(2025-04-11); rmarkdown 2.30(2025-09-28); RSQLite 2.4.3(2025-08-20); rvest 1.0.5(2025-08-29); sessioninfo 1.2.3(2025-02-05); stringi 1.8.7(2025-03-27); stringr 1.5.2(2025-09-08); tibble 3.3.0(2025-06-08); tidyr 1.3.1(2024-01-24); tidyselect 1.2.1(2024-03-11); timechange 0.3.0(2024-01-18); tzdb 0.5.0(2025-03-15); vctrs 0.6.5(2023-12-01); websocket 1.4.4(2025-04-10); withr 3.0.2(2024-10-28); xfun 0.53(2025-08-19); XML 3.99-0.19(2025-08-22); xml2 1.4.0(2025-08-20); yaml 2.3.10(2024-07-26); zip 2.3.3(2025-05-13)
[2025-09-30 15:09:33] [INFO]    [OmnipathR] CURL: version: 8.5.0; headers: 8.5.0; ssl_version: GnuTLS/3.8.3; libz_version: 1.3; libssh_version: libssh/0.10.6/openssl/zlib; libidn_version: 2.3.7; host: x86_64-pc-linux-gnu; protocols: dict, file, ftp, ftps, gopher, gophers, http, https, imap, imaps, ldap, ldaps, mqtt, pop3, pop3s, rtmp, rtmpe, rtmps, rtmpt, rtmpte, rtmpts, rtsp, scp, sftp, smb, smbs, smtp, smtps, telnet, tftp; ipv6: TRUE; http2: TRUE; idn: TRUE; url_parser: TRUE
[2025-09-30 15:09:33] [TRACE]   [OmnipathR] Running on a build server, wiping cache.
[2025-09-30 15:09:33] [TRACE]   [OmnipathR] Cache is at `/home/biocbuild/.cache/OmnipathR`.
[2025-09-30 15:09:33] [TRACE]   [OmnipathR] Contains 7 files.
[2025-09-30 15:09:33] [TRACE]   [OmnipathR] Cache is locked: FALSE.
[2025-09-30 15:09:33] [TRACE]   [OmnipathR] Reading JSON from `/home/biocbuild/.cache/OmnipathR/cache.json` (encoding: UTF-8).
[2025-09-30 15:09:33] [TRACE]   [OmnipathR] JSON validation successful: TRUE
[2025-09-30 15:09:33] [SUCCESS] [OmnipathR] Removing all cache contents from `/home/biocbuild/.cache/OmnipathR`.
[2025-09-30 15:09:33] [TRACE]   [OmnipathR] Pandoc version: `2.7.3`.
[2025-09-30 15:09:33] [TRACE]   [OmnipathR] Reading JSON from `/home/biocbuild/bbs-3.22-bioc/R/site-library/00LOCK-OmnipathR/00new/OmnipathR/db/db_def.json` (encoding: UTF-8).
[2025-09-30 15:09:33] [TRACE]   [OmnipathR] JSON validation successful: TRUE
[2025-09-30 15:09:33] [TRACE]   [OmnipathR] Reading JSON from `/home/biocbuild/bbs-3.22-bioc/R/site-library/00LOCK-OmnipathR/00new/OmnipathR/internal/magic_bytes.json` (encoding: UTF-8).
[2025-09-30 15:09:33] [TRACE]   [OmnipathR] JSON validation successful: TRUE
[2025-09-30 15:09:33] [TRACE]   [OmnipathR] Reading JSON from `/home/biocbuild/bbs-3.22-bioc/R/site-library/00LOCK-OmnipathR/00new/OmnipathR/internal/urls.json` (encoding: UTF-8).
[2025-09-30 15:09:33] [TRACE]   [OmnipathR] JSON validation successful: TRUE
[2025-09-30 15:09:33] [TRACE]   [OmnipathR] Reading JSON from `/home/biocbuild/bbs-3.22-bioc/R/site-library/00LOCK-OmnipathR/00new/OmnipathR/internal/id_types.json` (encoding: UTF-8).
[2025-09-30 15:09:33] [TRACE]   [OmnipathR] JSON validation successful: TRUE
[2025-09-30 15:09:33] [TRACE]   [OmnipathR] Cache locked: FALSE
** testing if installed package can be loaded from final location
[2025-09-30 15:09:35] [TRACE]   [OmnipathR] Reading JSON from `/home/biocbuild/.cache/OmnipathR/cache.json` (encoding: UTF-8).
[2025-09-30 15:09:35] [TRACE]   [OmnipathR] JSON validation successful: TRUE
[2025-09-30 15:09:35] [INFO]    [OmnipathR] Initialized cache: `/home/biocbuild/.cache/OmnipathR`.
[2025-09-30 15:09:35] [INFO]    [OmnipathR] Package `OmnipathR` packaged: NA
[2025-09-30 15:09:35] [INFO]    [OmnipathR] Package `OmnipathR` date/publication: 2025-09-30
[2025-09-30 15:09:35] [INFO]    [OmnipathR] Package `OmnipathR` built: R 4.5.1; ; 2025-09-30 19:09:19 UTC; unix
[2025-09-30 15:09:35] [INFO]    [OmnipathR] Package `OmnipathR` version: 3.17.6
[2025-09-30 15:09:35] [INFO]    [OmnipathR] Package `OmnipathR` repository: Bioconductor 3.22
[2025-09-30 15:09:35] [INFO]    [OmnipathR] Session info: [version=R version 4.5.1 Patched (2025-08-23 r88802); os=Ubuntu 24.04.3 LTS; system=x86_64, linux-gnu; ui=X11; language=(EN); collate=C; ctype=en_US.UTF-8; tz=America/New_York; date=2025-09-30; pandoc=2.7.3 @ /usr/bin/ (via rmarkdown); quarto=1.7.32 @ /usr/local/bin/quarto]
[2025-09-30 15:09:36] [INFO]    [OmnipathR] External libraries: [cairo=1.18.0; cairoFT=; pango=1.52.1; png=1.6.43; jpeg=8.0; tiff=LIBTIFF, Version 4.5.1; tcl=8.6.14; curl=8.5.0; zlib=1.3; bzlib=1.0.8, 13-Jul-2019; xz=5.4.5; deflate=1.19; PCRE=10.42 2022-12-11; ICU=74.2; TRE=TRE 0.8.0 R_fixes (BSD); iconv=glibc 2.39; readline=8.2; BLAS=/home/biocbuild/bbs-3.22-bioc/R/lib/libRblas.so; lapack=/usr/lib/x86_64-linux-gnu/lapack/liblapack.so.3.12.0; lapack_version=3.12.0]
[2025-09-30 15:09:36] [INFO]    [OmnipathR] Loaded packages: backports 1.5.0(2024-05-23); bit 4.6.0(2025-03-06); bit64 4.6.0-1(2025-01-16); blob 1.2.4(2023-03-17); cachem 1.1.0(2024-05-16); cellranger 1.1.0(2016-07-27); checkmate 2.3.3(2025-08-18); chromote 0.5.1(2025-04-24); cli 3.6.5(2025-04-23); crayon 1.5.3(2024-06-20); curl 7.0.0(2025-08-19); DBI 1.2.3(2024-06-02); digest 0.6.37(2024-08-19); dplyr 1.1.4(2023-11-17); evaluate 1.0.5(2025-08-27); fastmap 1.2.0(2024-05-15); fs 1.6.6(2025-04-12); generics 0.1.4(2025-05-09); glue 1.8.0(2024-09-30); hms 1.1.3(2023-03-21); htmltools 0.5.8.1(2024-04-04); httr 1.4.7(2023-08-15); httr2 1.2.1(2025-07-22); igraph 2.1.4(2025-01-23); jsonlite 2.0.0(2025-03-27); knitr 1.50(2025-03-16); later 1.4.4(2025-08-27); lifecycle 1.0.4(2023-11-07); logger 0.4.1(2025-09-11); lubridate 1.9.4(2024-12-08); magrittr 2.0.4(2025-09-12); memoise 2.0.1(2021-11-26); OmnipathR 3.17.6(2025-09-30); pillar 1.11.1(2025-09-17); pkgconfig 2.0.3(2019-09-22); prettyunits 1.2.0(2023-09-24); processx 3.8.6(2025-02-21); progress 1.2.3(2023-12-06); promises 1.3.3(2025-05-29); ps 1.9.1(2025-04-12); purrr 1.1.0(2025-07-10); R.methodsS3 1.8.2(2022-06-13); R.oo 1.27.1(2025-05-02); R.utils 2.13.0(2025-02-24); R6 2.6.1(2025-02-15); rappdirs 0.3.3(2021-01-31); Rcpp 1.1.0(2025-07-02); readr 2.1.5(2024-01-10); readxl 1.4.5(2025-03-07); rlang 1.1.6(2025-04-11); rmarkdown 2.30(2025-09-28); RSQLite 2.4.3(2025-08-20); rvest 1.0.5(2025-08-29); sessioninfo 1.2.3(2025-02-05); stringi 1.8.7(2025-03-27); stringr 1.5.2(2025-09-08); tibble 3.3.0(2025-06-08); tidyr 1.3.1(2024-01-24); tidyselect 1.2.1(2024-03-11); timechange 0.3.0(2024-01-18); tzdb 0.5.0(2025-03-15); vctrs 0.6.5(2023-12-01); websocket 1.4.4(2025-04-10); withr 3.0.2(2024-10-28); xfun 0.53(2025-08-19); XML 3.99-0.19(2025-08-22); xml2 1.4.0(2025-08-20); yaml 2.3.10(2024-07-26); zip 2.3.3(2025-05-13)
[2025-09-30 15:09:36] [INFO]    [OmnipathR] CURL: version: 8.5.0; headers: 8.5.0; ssl_version: GnuTLS/3.8.3; libz_version: 1.3; libssh_version: libssh/0.10.6/openssl/zlib; libidn_version: 2.3.7; host: x86_64-pc-linux-gnu; protocols: dict, file, ftp, ftps, gopher, gophers, http, https, imap, imaps, ldap, ldaps, mqtt, pop3, pop3s, rtmp, rtmpe, rtmps, rtmpt, rtmpte, rtmpts, rtsp, scp, sftp, smb, smbs, smtp, smtps, telnet, tftp; ipv6: TRUE; http2: TRUE; idn: TRUE; url_parser: TRUE
[2025-09-30 15:09:36] [TRACE]   [OmnipathR] Running on a build server, wiping cache.
[2025-09-30 15:09:36] [TRACE]   [OmnipathR] Cache is at `/home/biocbuild/.cache/OmnipathR`.
[2025-09-30 15:09:36] [TRACE]   [OmnipathR] Contains 1 files.
[2025-09-30 15:09:36] [TRACE]   [OmnipathR] Cache is locked: FALSE.
[2025-09-30 15:09:36] [TRACE]   [OmnipathR] Reading JSON from `/home/biocbuild/.cache/OmnipathR/cache.json` (encoding: UTF-8).
[2025-09-30 15:09:36] [TRACE]   [OmnipathR] JSON validation successful: TRUE
[2025-09-30 15:09:36] [SUCCESS] [OmnipathR] Removing all cache contents from `/home/biocbuild/.cache/OmnipathR`.
[2025-09-30 15:09:36] [TRACE]   [OmnipathR] Pandoc version: `2.7.3`.
[2025-09-30 15:09:36] [TRACE]   [OmnipathR] Reading JSON from `/home/biocbuild/bbs-3.22-bioc/R/site-library/OmnipathR/db/db_def.json` (encoding: UTF-8).
[2025-09-30 15:09:36] [TRACE]   [OmnipathR] JSON validation successful: TRUE
[2025-09-30 15:09:36] [TRACE]   [OmnipathR] Reading JSON from `/home/biocbuild/bbs-3.22-bioc/R/site-library/OmnipathR/internal/magic_bytes.json` (encoding: UTF-8).
[2025-09-30 15:09:36] [TRACE]   [OmnipathR] JSON validation successful: TRUE
[2025-09-30 15:09:36] [TRACE]   [OmnipathR] Reading JSON from `/home/biocbuild/bbs-3.22-bioc/R/site-library/OmnipathR/internal/urls.json` (encoding: UTF-8).
[2025-09-30 15:09:36] [TRACE]   [OmnipathR] JSON validation successful: TRUE
[2025-09-30 15:09:36] [TRACE]   [OmnipathR] Reading JSON from `/home/biocbuild/bbs-3.22-bioc/R/site-library/OmnipathR/internal/id_types.json` (encoding: UTF-8).
[2025-09-30 15:09:36] [TRACE]   [OmnipathR] JSON validation successful: TRUE
[2025-09-30 15:09:36] [TRACE]   [OmnipathR] Cache locked: FALSE
** testing if installed package keeps a record of temporary installation path
* DONE (OmnipathR)

Tests output

OmnipathR.Rcheck/tests/testthat.Rout


R version 4.5.1 Patched (2025-08-23 r88802) -- "Great Square Root"
Copyright (C) 2025 The R Foundation for Statistical Computing
Platform: x86_64-pc-linux-gnu

R is free software and comes with ABSOLUTELY NO WARRANTY.
You are welcome to redistribute it under certain conditions.
Type 'license()' or 'licence()' for distribution details.

R is a collaborative project with many contributors.
Type 'contributors()' for more information and
'citation()' on how to cite R or R packages in publications.

Type 'demo()' for some demos, 'help()' for on-line help, or
'help.start()' for an HTML browser interface to help.
Type 'q()' to quit R.

> #!/usr/bin/env Rscript
> 
> #
> #  This file is part of the `OmnipathR` R package
> #
> #  Copyright
> #  2018-2024
> #  Saez Lab, Uniklinik RWTH Aachen, Heidelberg University
> #
> #  File author(s): Alberto Valdeolivas
> #                  Dénes Türei (turei.denes@gmail.com)
> #                  Attila Gábor
> #
> #  Distributed under the MIT (Expat) License.
> #  See accompanying file `LICENSE` or find a copy at
> #      https://directory.fsf.org/wiki/License:Expat
> #
> #  Website: https://r.omnipathdb.org/
> #  Git repo: https://github.com/saezlab/OmnipathR
> #
> 
> 
> library(testthat)
> library(OmnipathR)
[2025-10-01 02:41:44] [TRACE]   [OmnipathR] Reading JSON from `/home/biocbuild/.cache/OmnipathR/cache.json` (encoding: UTF-8).
[2025-10-01 02:41:44] [TRACE]   [OmnipathR] JSON validation successful: TRUE
[2025-10-01 02:41:44] [INFO]    [OmnipathR] Initialized cache: `/home/biocbuild/.cache/OmnipathR`.
[2025-10-01 02:41:44] [INFO]    [OmnipathR] Package `OmnipathR` packaged: NA
[2025-10-01 02:41:44] [INFO]    [OmnipathR] Package `OmnipathR` date/publication: 2025-09-30
[2025-10-01 02:41:44] [INFO]    [OmnipathR] Package `OmnipathR` built: R 4.5.1; ; 2025-09-30 19:09:19 UTC; unix
[2025-10-01 02:41:44] [INFO]    [OmnipathR] Package `OmnipathR` version: 3.17.6
[2025-10-01 02:41:44] [INFO]    [OmnipathR] Package `OmnipathR` repository: Bioconductor 3.22
[2025-10-01 02:41:45] [INFO]    [OmnipathR] Session info: [version=R version 4.5.1 Patched (2025-08-23 r88802); os=Ubuntu 24.04.3 LTS; system=x86_64, linux-gnu; ui=X11; language=C; collate=C; ctype=en_US.UTF-8; tz=America/New_York; date=2025-10-01; pandoc=2.7.3 @ /usr/bin/ (via rmarkdown); quarto=1.7.32 @ /usr/local/bin/quarto]
[2025-10-01 02:41:45] [INFO]    [OmnipathR] External libraries: [cairo=1.18.0; cairoFT=; pango=1.52.1; png=1.6.43; jpeg=8.0; tiff=LIBTIFF, Version 4.5.1; tcl=8.6.14; curl=8.5.0; zlib=1.3; bzlib=1.0.8, 13-Jul-2019; xz=5.4.5; deflate=1.19; PCRE=10.42 2022-12-11; ICU=74.2; TRE=TRE 0.8.0 R_fixes (BSD); iconv=glibc 2.39; readline=8.2; BLAS=/home/biocbuild/bbs-3.22-bioc/R/lib/libRblas.so; lapack=/usr/lib/x86_64-linux-gnu/lapack/liblapack.so.3.12.0; lapack_version=3.12.0]
[2025-10-01 02:41:45] [INFO]    [OmnipathR] Loaded packages: backports 1.5.0(2024-05-23); bit 4.6.0(2025-03-06); bit64 4.6.0-1(2025-01-16); blob 1.2.4(2023-03-17); brio 1.1.5(2024-04-24); cachem 1.1.0(2024-05-16); cellranger 1.1.0(2016-07-27); checkmate 2.3.3(2025-08-18); cli 3.6.5(2025-04-23); crayon 1.5.3(2024-06-20); curl 7.0.0(2025-08-19); DBI 1.2.3(2024-06-02); digest 0.6.37(2024-08-19); dplyr 1.1.4(2023-11-17); evaluate 1.0.5(2025-08-27); fastmap 1.2.0(2024-05-15); fs 1.6.6(2025-04-12); generics 0.1.4(2025-05-09); glue 1.8.0(2024-09-30); hms 1.1.3(2023-03-21); htmltools 0.5.8.1(2024-04-04); httr 1.4.7(2023-08-15); httr2 1.2.1(2025-07-22); igraph 2.1.4(2025-01-23); jsonlite 2.0.0(2025-03-27); knitr 1.50(2025-03-16); later 1.4.4(2025-08-27); lifecycle 1.0.4(2023-11-07); logger 0.4.1(2025-09-11); lubridate 1.9.4(2024-12-08); magrittr 2.0.4(2025-09-12); memoise 2.0.1(2021-11-26); OmnipathR 3.17.6(2025-09-30); pillar 1.11.1(2025-09-17); pkgconfig 2.0.3(2019-09-22); prettyunits 1.2.0(2023-09-24); progress 1.2.3(2023-12-06); purrr 1.1.0(2025-07-10); R.methodsS3 1.8.2(2022-06-13); R.oo 1.27.1(2025-05-02); R.utils 2.13.0(2025-02-24); R6 2.6.1(2025-02-15); rappdirs 0.3.3(2021-01-31); Rcpp 1.1.0(2025-07-02); readr 2.1.5(2024-01-10); readxl 1.4.5(2025-03-07); rlang 1.1.6(2025-04-11); rmarkdown 2.30(2025-09-28); RSQLite 2.4.3(2025-08-20); rvest 1.0.5(2025-08-29); sessioninfo 1.2.3(2025-02-05); stringi 1.8.7(2025-03-27); stringr 1.5.2(2025-09-08); testthat 3.2.3(2025-01-13); tibble 3.3.0(2025-06-08); tidyr 1.3.1(2024-01-24); tidyselect 1.2.1(2024-03-11); timechange 0.3.0(2024-01-18); tzdb 0.5.0(2025-03-15); vctrs 0.6.5(2023-12-01); withr 3.0.2(2024-10-28); xfun 0.53(2025-08-19); XML 3.99-0.19(2025-08-22); xml2 1.4.0(2025-08-20); yaml 2.3.10(2024-07-26); zip 2.3.3(2025-05-13)
[2025-10-01 02:41:45] [INFO]    [OmnipathR] CURL: version: 8.5.0; headers: 8.5.0; ssl_version: GnuTLS/3.8.3; libz_version: 1.3; libssh_version: libssh/0.10.6/openssl/zlib; libidn_version: 2.3.7; host: x86_64-pc-linux-gnu; protocols: dict, file, ftp, ftps, gopher, gophers, http, https, imap, imaps, ldap, ldaps, mqtt, pop3, pop3s, rtmp, rtmpe, rtmps, rtmpt, rtmpte, rtmpts, rtsp, scp, sftp, smb, smbs, smtp, smtps, telnet, tftp; ipv6: TRUE; http2: TRUE; idn: TRUE; url_parser: TRUE
[2025-10-01 02:41:45] [TRACE]   [OmnipathR] Running on a build server, wiping cache.
[2025-10-01 02:41:45] [TRACE]   [OmnipathR] Cache is at `/home/biocbuild/.cache/OmnipathR`.
[2025-10-01 02:41:45] [TRACE]   [OmnipathR] Contains 12 files.
[2025-10-01 02:41:45] [TRACE]   [OmnipathR] Cache is locked: FALSE.
[2025-10-01 02:41:45] [TRACE]   [OmnipathR] Reading JSON from `/home/biocbuild/.cache/OmnipathR/cache.json` (encoding: UTF-8).
[2025-10-01 02:41:45] [TRACE]   [OmnipathR] JSON validation successful: TRUE
[2025-10-01 02:41:45] [SUCCESS] [OmnipathR] Removing all cache contents from `/home/biocbuild/.cache/OmnipathR`.
[2025-10-01 02:41:45] [TRACE]   [OmnipathR] Pandoc version: `2.7.3`.
[2025-10-01 02:41:45] [TRACE]   [OmnipathR] Reading JSON from `/home/biocbuild/bbs-3.22-bioc/R/site-library/OmnipathR/db/db_def.json` (encoding: UTF-8).
[2025-10-01 02:41:45] [TRACE]   [OmnipathR] JSON validation successful: TRUE
[2025-10-01 02:41:45] [TRACE]   [OmnipathR] Reading JSON from `/home/biocbuild/bbs-3.22-bioc/R/site-library/OmnipathR/internal/magic_bytes.json` (encoding: UTF-8).
[2025-10-01 02:41:45] [TRACE]   [OmnipathR] JSON validation successful: TRUE
[2025-10-01 02:41:46] [TRACE]   [OmnipathR] Reading JSON from `/home/biocbuild/bbs-3.22-bioc/R/site-library/OmnipathR/internal/urls.json` (encoding: UTF-8).
[2025-10-01 02:41:46] [TRACE]   [OmnipathR] JSON validation successful: TRUE
[2025-10-01 02:41:46] [TRACE]   [OmnipathR] Reading JSON from `/home/biocbuild/bbs-3.22-bioc/R/site-library/OmnipathR/internal/id_types.json` (encoding: UTF-8).
[2025-10-01 02:41:46] [TRACE]   [OmnipathR] JSON validation successful: TRUE
[2025-10-01 02:41:46] [TRACE]   [OmnipathR] Cache locked: FALSE
> 
> test_check('OmnipathR')
[ FAIL 0 | WARN 12 | SKIP 0 | PASS 38 ]

[ FAIL 0 | WARN 12 | SKIP 0 | PASS 38 ]
> 
> proc.time()
   user  system elapsed 
 44.368   3.013  80.154 

Example timings

OmnipathR.Rcheck/OmnipathR-Ex.timings

nameusersystemelapsed
OmnipathR000
all_uniprot_acs0.0150.0040.019
all_uniprots23.376 1.61250.125
ancestors0.0080.0020.009
annotated_network1.7730.2655.163
annotation_categories80.959 0.08482.573
annotation_resources0.0930.0160.754
annotations0.7140.0881.747
biomart_query1.2820.1663.824
bioplex10.0090.0000.009
bioplex20.0060.0020.008
bioplex30.0070.0010.008
bioplex_all0.0080.0000.008
bioplex_hct116_10.0080.0000.008
bma_motif_es0.7240.0601.681
bma_motif_vs0.3240.0151.077
chalmers_gem0.0100.0020.012
chalmers_gem_id_mapping_table0.0100.0000.011
chalmers_gem_id_type0.0010.0010.002
chalmers_gem_metabolites0.0090.0000.010
chalmers_gem_network0.0100.0000.011
chalmers_gem_raw0.0060.0030.010
chalmers_gem_reactions0.0090.0000.009
common_name0.1650.0050.170
complex_genes0.9750.0822.780
complex_resources0.1300.0090.805
complexes0.2410.0120.940
consensuspathdb_download0.0010.0000.000
consensuspathdb_raw_table0.0280.0040.031
cosmos_pkn000
curated_ligand_receptor_interactions 7.502 1.19518.607
curated_ligrec_stats 41.377 3.591119.163
database_summary1.5730.1153.073
descendants0.0090.0010.010
ensembl_dataset0.0530.0020.055
ensembl_id_mapping_table 2.546 0.19819.888
ensembl_id_type0.0020.0000.002
ensembl_name0.2960.0040.300
ensembl_organisms0.1010.0090.111
ensembl_organisms_raw0.0980.0050.104
ensembl_orthology000
enzsub_graph2.2050.0814.404
enzsub_resources0.1290.0060.873
enzyme_substrate1.1290.0812.012
evex_download0.0090.0000.009
evidences000
extra_attr_values11.957 1.35015.846
extra_attrs7.2441.1508.425
extra_attrs_to_cols13.378 1.33814.769
filter_by_resource 7.459 0.24710.104
filter_extra_attrs28.110 5.10737.795
filter_intercell15.194 0.95423.035
filter_intercell_network0.0170.0010.018
find_all_paths 8.736 0.35811.598
from_evidences0.0010.0000.000
get_db000
get_ontology_db0.0160.0000.016
giant_component20.601 0.78529.404
go_annot_download17.727 1.63520.454
go_annot_slim0.0010.0000.000
go_ontology_download0.0180.0000.017
guide2pharma_download0.0140.0020.016
harmonizome_download0.0140.0010.015
has_extra_attrs13.640 1.64415.891
hmdb_id_mapping_table0.0150.0000.014
hmdb_id_type0.0030.0010.004
hmdb_metabolite_fields0.0000.0000.001
hmdb_protein_fields000
hmdb_table0.0160.0010.015
homologene_download0.0180.0000.017
homologene_raw0.0890.0050.094
homologene_uniprot_orthology0.0150.0000.014
hpo_download3.1140.2523.892
htridb_download0.0100.0020.012
id_translation_resources000
id_types0.0520.0070.058
inbiomap_download000
inbiomap_raw000
interaction_datasets1.3310.0871.799
interaction_graph0.6230.0181.281
interaction_resources0.1880.0100.940
interaction_types0.1020.0000.101
intercell0.9610.0591.969
intercell_categories1.2400.0631.921
intercell_consensus_filter1.3450.1393.478
intercell_generic_categories0.0860.0020.088
intercell_network0.0090.0000.009
intercell_resources0.1820.0090.932
intercell_summary0.0920.0010.095
is_ontology_id000
is_swissprot0.0560.0020.057
is_trembl0.0580.0000.058
is_uniprot0.0090.0000.009
kegg_api_templates0.0000.0000.001
kegg_conv 1.783 0.11515.426
kegg_databases000
kegg_ddi1.1820.0643.252
kegg_find1.2630.0564.123
kegg_info0.0230.0020.047
kegg_link1.5150.0687.954
kegg_list1.3300.0542.690
kegg_open0.0170.0000.025
kegg_operations0.0000.0000.001
kegg_organism_codes0.0170.0170.040
kegg_organisms0.0450.0030.064
kegg_pathway_annotations0.0010.0000.000
kegg_pathway_download0.0200.0010.032
kegg_pathway_list0.0200.0000.034
kegg_pathways_download000
kegg_picture2.3950.0487.542
kegg_process0.0330.0020.036
kegg_query0.0120.0020.014
kegg_request0.1200.0060.126
kegg_rm_prefix1.0250.0546.127
kinasephos 1.831 0.10819.856
latin_name0.4440.0060.451
load_db0.1260.0100.136
metalinksdb_sqlite 2.094 0.22412.346
metalinksdb_table0.4830.0270.597
metalinksdb_tables0.0450.0010.047
ncbi_taxid0.5250.0070.533
nichenet_build_model000
nichenet_expression_data0.0160.0020.018
nichenet_gr_network0.0440.0030.047
nichenet_gr_network_evex0.0160.0000.016
nichenet_gr_network_harmonizome0.0170.0000.017
nichenet_gr_network_htridb0.0140.0020.016
nichenet_gr_network_omnipath28.865 1.07638.513
nichenet_gr_network_pathwaycommons0.0360.0000.068
nichenet_gr_network_regnetwork0.0300.0040.064
nichenet_gr_network_remap0.0340.0030.059
nichenet_gr_network_trrust0.0260.0020.029
nichenet_ligand_activities000
nichenet_ligand_target_links0.0010.0000.000
nichenet_ligand_target_matrix000
nichenet_lr_network0.0960.0060.166
nichenet_lr_network_guide2pharma0.0260.0000.026
nichenet_lr_network_omnipath0.0780.0020.114
nichenet_lr_network_ramilowski0.0270.0000.053
nichenet_main000
nichenet_networks0.1330.0030.232
nichenet_optimization000
nichenet_remove_orphan_ligands0.0600.0040.064
nichenet_results_dir000
nichenet_signaling_network0.0900.0020.173
nichenet_signaling_network_cpdb0.0310.0030.065
nichenet_signaling_network_evex0.0260.0020.055
nichenet_signaling_network_harmonizome0.0300.0020.061
nichenet_signaling_network_inbiomap0.0010.0000.000
nichenet_signaling_network_omnipath22.646 0.75732.513
nichenet_signaling_network_pathwaycommons0.0160.0000.015
nichenet_signaling_network_vinayagam0.0140.0000.014
nichenet_test0.0000.0000.001
nichenet_workarounds000
obo_parser0.1960.0170.249
oma_code0.2000.0020.202
oma_organisms0.1090.0090.118
oma_pairwise0.0150.0010.015
oma_pairwise_genesymbols0.0140.0000.014
oma_pairwise_translated0.0130.0000.014
omnipath-interactions 47.038 2.885106.534
omnipath_cache_autoclean000
omnipath_cache_clean0.0070.0010.010
omnipath_cache_clean_db0.0970.0060.103
omnipath_cache_download_ready0.5160.0710.607
omnipath_cache_filter_versions0.0910.0080.105
omnipath_cache_get0.1060.0060.112
omnipath_cache_key0.0010.0010.001
omnipath_cache_latest_or_new0.0550.0030.058
omnipath_cache_load0.5980.0312.892
omnipath_cache_move_in0.1170.0150.138
omnipath_cache_remove0.0770.0040.085
omnipath_cache_save0.1880.0080.313
omnipath_cache_search0.0010.0000.000
omnipath_cache_set_ext0.0970.0080.108
omnipath_cache_update_status0.0750.0040.079
omnipath_cache_wipe000
omnipath_config_path0.0010.0000.001
omnipath_for_cosmos 9.800 0.61830.131
omnipath_load_config000
omnipath_log000
omnipath_logfile0.0000.0020.001
omnipath_msg0.0060.0000.005
omnipath_query3.4410.1173.553
omnipath_reset_config000
omnipath_save_config000
omnipath_set_cachedir0.0220.0020.024
omnipath_set_console_loglevel0.0020.0010.003
omnipath_set_logfile_loglevel0.0030.0000.003
omnipath_set_loglevel0.0020.0000.002
omnipath_show_db0.0830.0040.087
omnipath_unlock_cache_db0.0000.0000.001
only_from000
ontology_ensure_id0.0000.0000.001
ontology_ensure_name0.0000.0000.001
ontology_name_id0.0010.0000.001
organism_for0.1990.0060.205
pathwaycommons_download0.0010.0000.001
pivot_annotations13.197 0.82222.632
preppi_download0.0010.0000.001
preppi_filter0.0010.0000.002
print_bma_motif_es0.9640.0722.024
print_bma_motif_vs0.2550.0190.984
print_interactions 8.268 0.36713.284
print_path_es1.3820.0873.281
print_path_vs4.4530.3309.114
pubmed_open5.5450.2105.827
query_info1.2100.0211.525
ramilowski_download0.0010.0010.002
ramp_id_mapping_table0.0010.0010.002
ramp_id_type0.0090.0000.009
ramp_sqlite0.0020.0000.001
ramp_table0.0020.0000.002
ramp_tables0.0020.0000.001