Back to Multiple platform build/check report for BioC 3.21:   simplified   long
ABCDEFGH[I]JKLMNOPQRSTUVWXYZ

This page was generated on 2025-01-28 11:47 -0500 (Tue, 28 Jan 2025).

HostnameOSArch (*)R versionInstalled pkgs
nebbiolo1Linux (Ubuntu 24.04.1 LTS)x86_64R Under development (unstable) (2025-01-20 r87609) -- "Unsuffered Consequences" 4659
palomino7Windows Server 2022 Datacenterx64R Under development (unstable) (2025-01-21 r87610 ucrt) -- "Unsuffered Consequences" 4454
lconwaymacOS 12.7.1 Montereyx86_64R Under development (unstable) (2025-01-22 r87618) -- "Unsuffered Consequences" 4465
kjohnson3macOS 13.7.1 Venturaarm64R Under development (unstable) (2025-01-20 r87609) -- "Unsuffered Consequences" 4419
kunpeng2Linux (openEuler 22.03 LTS-SP1)aarch64R Under development (unstable) (2024-11-24 r87369) -- "Unsuffered Consequences" 4409
Click on any hostname to see more info about the system (e.g. compilers)      (*) as reported by 'uname -p', except on Windows and Mac OS X

Package 1047/2286HostnameOS / ArchINSTALLBUILDCHECKBUILD BIN
IRanges 2.41.2  (landing page)
Hervé Pagès
Snapshot Date: 2025-01-27 13:40 -0500 (Mon, 27 Jan 2025)
git_url: https://git.bioconductor.org/packages/IRanges
git_branch: devel
git_last_commit: 4eff83a
git_last_commit_date: 2024-12-02 20:02:22 -0500 (Mon, 02 Dec 2024)
nebbiolo1Linux (Ubuntu 24.04.1 LTS) / x86_64  OK    OK    ERROR  
palomino7Windows Server 2022 Datacenter / x64  OK    OK    ERROR    OK  
lconwaymacOS 12.7.1 Monterey / x86_64  OK    OK    ERROR    OK  
kjohnson3macOS 13.7.1 Ventura / arm64  OK    OK    ERROR    OK  
kunpeng2Linux (openEuler 22.03 LTS-SP1) / aarch64  OK    OK    WARNINGS  


CHECK results for IRanges on kunpeng2

To the developers/maintainers of the IRanges package:
- Allow up to 24 hours (and sometimes 48 hours) for your latest push to git@git.bioconductor.org:packages/IRanges.git to reflect on this report. See Troubleshooting Build Report for more information.
- Use the following Renviron settings to reproduce errors and warnings.
- If 'R CMD check' started to fail recently on the Linux builder(s) over a missing dependency, add the missing dependency to 'Suggests:' in your DESCRIPTION file. See Renviron.bioc for more information.
- See Martin Grigorov's blog post for how to debug Linux ARM64 related issues on a x86_64 host.

raw results


Summary

Package: IRanges
Version: 2.41.2
Command: /home/biocbuild/R/R/bin/R CMD check --install=check:IRanges.install-out.txt --library=/home/biocbuild/R/R/site-library --no-vignettes --timings IRanges_2.41.2.tar.gz
StartedAt: 2025-01-28 11:43:19 -0000 (Tue, 28 Jan 2025)
EndedAt: 2025-01-28 11:47:12 -0000 (Tue, 28 Jan 2025)
EllapsedTime: 233.2 seconds
RetCode: 0
Status:   WARNINGS  
CheckDir: IRanges.Rcheck
Warnings: 4

Command output

##############################################################################
##############################################################################
###
### Running command:
###
###   /home/biocbuild/R/R/bin/R CMD check --install=check:IRanges.install-out.txt --library=/home/biocbuild/R/R/site-library --no-vignettes --timings IRanges_2.41.2.tar.gz
###
##############################################################################
##############################################################################


* using log directory ‘/home/biocbuild/bbs-3.21-bioc/meat/IRanges.Rcheck’
* using R Under development (unstable) (2024-11-24 r87369)
* using platform: aarch64-unknown-linux-gnu
* R was compiled by
    aarch64-unknown-linux-gnu-gcc (GCC) 14.2.0
    GNU Fortran (GCC) 14.2.0
* running under: openEuler 24.03 (LTS)
* using session charset: UTF-8
* using option ‘--no-vignettes’
* checking for file ‘IRanges/DESCRIPTION’ ... OK
* this is package ‘IRanges’ version ‘2.41.2’
* package encoding: UTF-8
* checking package namespace information ... OK
* checking package dependencies ... OK
* checking if this is a source package ... OK
* checking if there is a namespace ... OK
* checking for hidden files and directories ... OK
* checking for portable file names ... OK
* checking for sufficient/correct file permissions ... OK
* checking whether package ‘IRanges’ can be installed ... OK
* used C compiler: ‘aarch64-unknown-linux-gnu-gcc (GCC) 14.2.0’
* checking installed package size ... OK
* checking package directory ... OK
* checking ‘build’ directory ... OK
* checking DESCRIPTION meta-information ... OK
* checking top-level files ... OK
* checking for left-over files ... OK
* checking index information ... OK
* checking package subdirectories ... OK
* checking code files for non-ASCII characters ... OK
* checking R files for syntax errors ... OK
* checking whether the package can be loaded ... OK
* checking whether the package can be loaded with stated dependencies ... OK
* checking whether the package can be unloaded cleanly ... OK
* checking whether the namespace can be loaded with stated dependencies ... OK
* checking whether the namespace can be unloaded cleanly ... OK
* checking loading without being on the library search path ... OK
* checking dependencies in R code ... OK
* checking S3 generic/method consistency ... OK
* checking replacement functions ... OK
* checking foreign function calls ... OK
* checking R code for possible problems ... NOTE
setCompressedListSummaryMethod : <anonymous>: no visible binding for
  global variable ‘C_fun’
setCompressedListWhichSummaryMethod : def: no visible binding for
  global variable ‘C_fun’
Undefined global functions or variables:
  C_fun
* checking Rd files ... OK
* checking Rd metadata ... OK
* checking Rd cross-references ... WARNING
Missing link(s) in Rd file 'IntegerRangesList-class.Rd':
  ‘[IRanges]{RangesList}’

Missing link(s) in Rd file 'intra-range-methods.Rd':
  ‘RangesList’

See section 'Cross-references' in the 'Writing R Extensions' manual.

Found the following Rd file(s) with Rd \link{} targets missing package
anchors:
  AtomicList-class.Rd: List-class
  AtomicList-utils.Rd: unstrsplit
  CompressedHitsList-class.Rd: HitsList
  CompressedList-class.Rd: List
  DataFrameList-class.Rd: DataFrame-class, List-class
  Grouping-class.Rd: List
  IPosRanges-comparison.Rd: Hits
  NCList-class.Rd: Hits
  RleViews-class.Rd: Rle, Rle-class
  Views-class.Rd: Vector, Vector-class
  ViewsList-class.Rd: List-class
  coverage-methods.Rd: Rle
  extractList.Rd: Vector, List
  extractListFragments.Rd: List
  intra-range-methods.Rd: RangesList
  reverse-methods.Rd: revElements
  seqapply.Rd: List, Vector
  slice-methods.Rd: Rle
  view-summarization-methods.Rd: List, Rle
Please provide package anchors for all Rd \link{} targets not in the
package itself and the base packages.
* checking for missing documentation entries ... WARNING
Undocumented code objects:
  ‘%poutside%’ ‘%pover%’ ‘%pwithin%’ ‘cvg’ ‘heads’ ‘slidingIRanges’
  ‘slidingViews’ ‘tails’ ‘windows’
Undocumented S4 classes:
  ‘BaseManyToManyGrouping’ ‘Pos’ ‘CompressedIntegerRangesList’
  ‘IPosList’ ‘CompressedRangesList’ ‘SimpleIPosList’ ‘RangesList’
  ‘CompressedPosList’ ‘CompressedIPosList’ ‘Ranges’ ‘SimplePosList’
  ‘PosList’ ‘SimpleRangesList’
Undocumented S4 methods:
  generic 'anyDuplicated' and siglist 'RangesNSBS'
  generic 'as.factor' and siglist 'ManyToOneGrouping'
  generic 'as.integer' and siglist 'NormalIRanges'
  generic 'as.integer' and siglist 'Pos'
  generic 'as.integer' and siglist 'RangesNSBS'
  generic 'cbind' and siglist 'Rle'
  generic 'cbind' and siglist 'RleList'
  generic 'chartr' and siglist 'ANY,ANY,CharacterList'
  generic 'chartr' and siglist 'ANY,ANY,RleList'
  generic 'coerce' and siglist 'ANY,IPosRanges'
  generic 'coerce' and siglist 'AtomicList,RleViews'
  generic 'coerce' and siglist 'IPosRanges,CompressedIntegerList'
  generic 'coerce' and siglist 'IPosRanges,IntegerList'
  generic 'coerce' and siglist 'IRanges,IPosList'
  generic 'coerce' and siglist 'IntegerRanges,CompressedIPosList'
  generic 'coerce' and siglist 'IntegerRanges,IPosList'
  generic 'coerce' and siglist 'PartitioningByEnd,PartitioningMap'
  generic 'coerce' and siglist 'factor,ManyToOneGrouping'
  generic 'commonColnames<-' and siglist 'SplitDataFrameList'
  generic 'cvg' and siglist 'IntegerRanges'
  generic 'cvg' and siglist 'IntegerRangesList'
  generic 'endsWith' and siglist 'CharacterList'
  generic 'endsWith' and siglist 'RleList'
  generic 'extractROWS' and siglist 'CompressedList,ANY'
  generic 'extractROWS' and siglist 'IPos,ANY'
  generic 'extractROWS' and siglist 'MaskCollection,ANY'
  generic 'extractROWS' and siglist 'NormalIRanges,ANY'
  generic 'extractROWS' and siglist 'Partitioning,ANY'
  generic 'extractROWS' and siglist 'Rle,RangesNSBS'
  generic 'extractROWS' and siglist 'vector_OR_factor,RangesNSBS'
  generic 'getListElement' and siglist 'CompressedList'
  generic 'getListElement' and siglist 'CompressedNormalIRangesList'
  generic 'getListElement' and siglist 'H2LGrouping'
  generic 'getListElement' and siglist 'MaskCollection'
  generic 'getListElement' and siglist 'NCLists'
  generic 'getListElement' and siglist 'Partitioning'
  generic 'getListElement' and siglist 'Views'
  generic 'gsub' and siglist 'ANY,ANY,CharacterList'
  generic 'gsub' and siglist 'ANY,ANY,RleList'
  generic 'ifelse2' and siglist 'ANY,List,List'
  generic 'is.unsorted' and siglist 'CompressedIntegerList'
  generic 'is.unsorted' and siglist 'CompressedLogicalList'
  generic 'is.unsorted' and siglist 'CompressedNumericList'
  generic 'isNormal' and siglist 'IntegerRanges'
  generic 'length' and siglist 'RangesNSBS'
  generic 'nchar' and siglist 'CharacterList'
  generic 'nchar' and siglist 'RleList'
  generic 'pcompareRecursively' and siglist 'IPosRanges'
  generic 'range' and siglist 'CompressedRleList'
  generic 'relist' and siglist 'grouping,missing'
  generic 'replaceROWS' and siglist 'IRanges'
  generic 'replaceROWS' and siglist 'NormalIRanges'
  generic 'slidingWindows' and siglist 'IntegerRanges'
  generic 'startsWith' and siglist 'CharacterList'
  generic 'startsWith' and siglist 'RleList'
  generic 'sub' and siglist 'ANY,ANY,CharacterList'
  generic 'sub' and siglist 'ANY,ANY,RleList'
  generic 'tile' and siglist 'IntegerRanges'
  generic 'tolower' and siglist 'CharacterList'
  generic 'tolower' and siglist 'RleList'
  generic 'toupper' and siglist 'CharacterList'
  generic 'toupper' and siglist 'RleList'
  generic 'updateObject' and siglist 'CompressedList'
  generic 'updateObject' and siglist 'IPosRanges'
  generic 'whichFirstNotNormal' and siglist 'IntegerRanges'
  generic 'windows' and siglist 'list_OR_List'
All user-level objects in a package (including S4 classes and methods)
should have documentation entries.
See chapter ‘Writing R documentation files’ in the ‘Writing R
Extensions’ manual.
* checking for code/documentation mismatches ... OK
* checking Rd \usage sections ... WARNING
Documented arguments not in \usage in Rd file 'nearest-methods.Rd':
  ‘hits’ ‘...’

Functions with \usage entries need to have the appropriate \alias
entries, and all their arguments documented.
The \usage entries must correspond to syntactically valid R code.
See chapter ‘Writing R documentation files’ in the ‘Writing R
Extensions’ manual.
* checking Rd contents ... OK
* checking for unstated dependencies in examples ... OK
* checking line endings in C/C++/Fortran sources/headers ... OK
* checking compiled code ... WARNING
Note: information on .o files is not available
File ‘/home/biocbuild/R/R-4.5.0-devel_2024-11-24/site-library/IRanges/libs/IRanges.so’:
  Found ‘sprintf’, possibly from ‘sprintf’ (C)

Compiled code should not call entry points which might terminate R nor
write to stdout/stderr instead of to the console, nor use Fortran I/O
nor system RNGs nor [v]sprintf. The detected symbols are linked into
the code but might come from libraries and not actually be called.

See ‘Writing portable packages’ in the ‘Writing R Extensions’ manual.
* checking files in ‘vignettes’ ... OK
* checking examples ... OK
Examples with CPU (user + system) or elapsed time > 5s
             user system elapsed
IPos-class 11.003  0.196  11.221
* checking for unstated dependencies in ‘tests’ ... OK
* checking tests ...
  Running ‘run_unitTests.R’
 OK
* checking for unstated dependencies in vignettes ... OK
* checking package vignettes ... OK
* checking running R code from vignettes ... SKIPPED
* checking re-building of vignette outputs ... SKIPPED
* checking PDF version of manual ... OK
* DONE

Status: 4 WARNINGs, 1 NOTE
See
  ‘/home/biocbuild/bbs-3.21-bioc/meat/IRanges.Rcheck/00check.log’
for details.


Installation output

IRanges.Rcheck/00install.out

##############################################################################
##############################################################################
###
### Running command:
###
###   /home/biocbuild/R/R/bin/R CMD INSTALL IRanges
###
##############################################################################
##############################################################################


* installing to library ‘/home/biocbuild/R/R-4.5.0-devel_2024-11-24/site-library’
* installing *source* package ‘IRanges’ ...
** using staged installation
** libs
using C compiler: ‘aarch64-unknown-linux-gnu-gcc (GCC) 14.2.0’
/opt/ohpc/pub/compiler/gcc/14.2.0/bin/aarch64-unknown-linux-gnu-gcc -I"/home/biocbuild/R/R/include" -DNDEBUG  -I'/home/biocbuild/R/R-4.5.0-devel_2024-11-24/site-library/S4Vectors/include' -I/usr/local/include    -fPIC  -g -O2  -Wall -Werror=format-security -c CompressedAtomicList_utils.c -o CompressedAtomicList_utils.o
/opt/ohpc/pub/compiler/gcc/14.2.0/bin/aarch64-unknown-linux-gnu-gcc -I"/home/biocbuild/R/R/include" -DNDEBUG  -I'/home/biocbuild/R/R-4.5.0-devel_2024-11-24/site-library/S4Vectors/include' -I/usr/local/include    -fPIC  -g -O2  -Wall -Werror=format-security -c CompressedIRangesList_class.c -o CompressedIRangesList_class.o
/opt/ohpc/pub/compiler/gcc/14.2.0/bin/aarch64-unknown-linux-gnu-gcc -I"/home/biocbuild/R/R/include" -DNDEBUG  -I'/home/biocbuild/R/R-4.5.0-devel_2024-11-24/site-library/S4Vectors/include' -I/usr/local/include    -fPIC  -g -O2  -Wall -Werror=format-security -c CompressedList_class.c -o CompressedList_class.o
/opt/ohpc/pub/compiler/gcc/14.2.0/bin/aarch64-unknown-linux-gnu-gcc -I"/home/biocbuild/R/R/include" -DNDEBUG  -I'/home/biocbuild/R/R-4.5.0-devel_2024-11-24/site-library/S4Vectors/include' -I/usr/local/include    -fPIC  -g -O2  -Wall -Werror=format-security -c Grouping_class.c -o Grouping_class.o
/opt/ohpc/pub/compiler/gcc/14.2.0/bin/aarch64-unknown-linux-gnu-gcc -I"/home/biocbuild/R/R/include" -DNDEBUG  -I'/home/biocbuild/R/R-4.5.0-devel_2024-11-24/site-library/S4Vectors/include' -I/usr/local/include    -fPIC  -g -O2  -Wall -Werror=format-security -c IPosRanges_comparison.c -o IPosRanges_comparison.o
/opt/ohpc/pub/compiler/gcc/14.2.0/bin/aarch64-unknown-linux-gnu-gcc -I"/home/biocbuild/R/R/include" -DNDEBUG  -I'/home/biocbuild/R/R-4.5.0-devel_2024-11-24/site-library/S4Vectors/include' -I/usr/local/include    -fPIC  -g -O2  -Wall -Werror=format-security -c IRanges_class.c -o IRanges_class.o
/opt/ohpc/pub/compiler/gcc/14.2.0/bin/aarch64-unknown-linux-gnu-gcc -I"/home/biocbuild/R/R/include" -DNDEBUG  -I'/home/biocbuild/R/R-4.5.0-devel_2024-11-24/site-library/S4Vectors/include' -I/usr/local/include    -fPIC  -g -O2  -Wall -Werror=format-security -c IRanges_constructor.c -o IRanges_constructor.o
/opt/ohpc/pub/compiler/gcc/14.2.0/bin/aarch64-unknown-linux-gnu-gcc -I"/home/biocbuild/R/R/include" -DNDEBUG  -I'/home/biocbuild/R/R-4.5.0-devel_2024-11-24/site-library/S4Vectors/include' -I/usr/local/include    -fPIC  -g -O2  -Wall -Werror=format-security -c NCList.c -o NCList.o
NCList.c:1173:13: warning: ‘NCList_get_y_overlaps_rec’ defined but not used [-Wunused-function]
 1173 | static void NCList_get_y_overlaps_rec(const NCList *x_nclist,
      |             ^~~~~~~~~~~~~~~~~~~~~~~~~
NCList.c:202:22: warning: ‘next_top_down’ defined but not used [-Wunused-function]
  202 | static const NCList *next_top_down(const NCList *nclist)
      |                      ^~~~~~~~~~~~~
NCList.c: In function ‘C_find_overlaps_in_groups_NCList’:
NCList.c:1608:24: warning: ‘ans’ may be used uninitialized [-Wmaybe-uninitialized]
 1608 |                 return ans;
      |                        ^~~
NCList.c:1546:14: note: ‘ans’ was declared here
 1546 |         SEXP ans;
      |              ^~~
/opt/ohpc/pub/compiler/gcc/14.2.0/bin/aarch64-unknown-linux-gnu-gcc -I"/home/biocbuild/R/R/include" -DNDEBUG  -I'/home/biocbuild/R/R-4.5.0-devel_2024-11-24/site-library/S4Vectors/include' -I/usr/local/include    -fPIC  -g -O2  -Wall -Werror=format-security -c R_init_IRanges.c -o R_init_IRanges.o
/opt/ohpc/pub/compiler/gcc/14.2.0/bin/aarch64-unknown-linux-gnu-gcc -I"/home/biocbuild/R/R/include" -DNDEBUG  -I'/home/biocbuild/R/R-4.5.0-devel_2024-11-24/site-library/S4Vectors/include' -I/usr/local/include    -fPIC  -g -O2  -Wall -Werror=format-security -c Ranges_class.c -o Ranges_class.o
/opt/ohpc/pub/compiler/gcc/14.2.0/bin/aarch64-unknown-linux-gnu-gcc -I"/home/biocbuild/R/R/include" -DNDEBUG  -I'/home/biocbuild/R/R-4.5.0-devel_2024-11-24/site-library/S4Vectors/include' -I/usr/local/include    -fPIC  -g -O2  -Wall -Werror=format-security -c RleViews_utils.c -o RleViews_utils.o
/opt/ohpc/pub/compiler/gcc/14.2.0/bin/aarch64-unknown-linux-gnu-gcc -I"/home/biocbuild/R/R/include" -DNDEBUG  -I'/home/biocbuild/R/R-4.5.0-devel_2024-11-24/site-library/S4Vectors/include' -I/usr/local/include    -fPIC  -g -O2  -Wall -Werror=format-security -c S4Vectors_stubs.c -o S4Vectors_stubs.o
/opt/ohpc/pub/compiler/gcc/14.2.0/bin/aarch64-unknown-linux-gnu-gcc -I"/home/biocbuild/R/R/include" -DNDEBUG  -I'/home/biocbuild/R/R-4.5.0-devel_2024-11-24/site-library/S4Vectors/include' -I/usr/local/include    -fPIC  -g -O2  -Wall -Werror=format-security -c SimpleIRangesList_class.c -o SimpleIRangesList_class.o
/opt/ohpc/pub/compiler/gcc/14.2.0/bin/aarch64-unknown-linux-gnu-gcc -I"/home/biocbuild/R/R/include" -DNDEBUG  -I'/home/biocbuild/R/R-4.5.0-devel_2024-11-24/site-library/S4Vectors/include' -I/usr/local/include    -fPIC  -g -O2  -Wall -Werror=format-security -c coverage_methods.c -o coverage_methods.o
In function ‘shift_and_clip_ranges’,
    inlined from ‘compute_coverage_from_IRanges_holder’ at coverage_methods.c:609:12:
coverage_methods.c:579:35: warning: ‘x_end’ may be used uninitialized [-Wmaybe-uninitialized]
  579 |         if (*out_ranges_are_tiles && x_end != cvg_len)
      |             ~~~~~~~~~~~~~~~~~~~~~~^~~~~~~~~~~~~~~~~~~
coverage_methods.c: In function ‘compute_coverage_from_IRanges_holder’:
coverage_methods.c:495:28: note: ‘x_end’ was declared here
  495 |             i, j, x_start, x_end, shift_elt, tmp;
      |                            ^~~~~
/opt/ohpc/pub/compiler/gcc/14.2.0/bin/aarch64-unknown-linux-gnu-gcc -I"/home/biocbuild/R/R/include" -DNDEBUG  -I'/home/biocbuild/R/R-4.5.0-devel_2024-11-24/site-library/S4Vectors/include' -I/usr/local/include    -fPIC  -g -O2  -Wall -Werror=format-security -c extractListFragments.c -o extractListFragments.o
extractListFragments.c: In function ‘C_find_partition_overlaps’:
extractListFragments.c:85:25: warning: ‘split_partitions_buf’ may be used uninitialized [-Wmaybe-uninitialized]
   85 |                         IntAE_insert_at(split_partitions_buf,
      |                         ^~~~~~~~~~~~~~~~~~~~~~~~~~~~~~~~~~~~~
   86 |                                 IntAE_get_nelt(split_partitions_buf),
      |                                 ~~~~~~~~~~~~~~~~~~~~~~~~~~~~~~~~~~~~~
   87 |                                 q_prev_end);
      |                                 ~~~~~~~~~~~
extractListFragments.c:35:16: note: ‘split_partitions_buf’ was declared here
   35 |         IntAE *split_partitions_buf;
      |                ^~~~~~~~~~~~~~~~~~~~
/opt/ohpc/pub/compiler/gcc/14.2.0/bin/aarch64-unknown-linux-gnu-gcc -I"/home/biocbuild/R/R/include" -DNDEBUG  -I'/home/biocbuild/R/R-4.5.0-devel_2024-11-24/site-library/S4Vectors/include' -I/usr/local/include    -fPIC  -g -O2  -Wall -Werror=format-security -c inter_range_methods.c -o inter_range_methods.o
inter_range_methods.c: In function ‘reduce_ranges.isra’:
inter_range_methods.c:154:39: warning: ‘gapwidth’ may be used uninitialized [-Wmaybe-uninitialized]
  154 |                                 delta += gapwidth;
      |                                 ~~~~~~^~~~~~~~~~~
inter_range_methods.c:102:38: note: ‘gapwidth’ was declared here
  102 |             append_or_drop, max_end, gapwidth, delta, width_inc;
      |                                      ^~~~~~~~
/opt/ohpc/pub/compiler/gcc/14.2.0/bin/aarch64-unknown-linux-gnu-gcc -shared -L/home/biocbuild/R/R/lib -L/usr/local/lib -o IRanges.so CompressedAtomicList_utils.o CompressedIRangesList_class.o CompressedList_class.o Grouping_class.o IPosRanges_comparison.o IRanges_class.o IRanges_constructor.o NCList.o R_init_IRanges.o Ranges_class.o RleViews_utils.o S4Vectors_stubs.o SimpleIRangesList_class.o coverage_methods.o extractListFragments.o inter_range_methods.o -L/home/biocbuild/R/R/lib -lR
installing to /home/biocbuild/R/R-4.5.0-devel_2024-11-24/site-library/00LOCK-IRanges/00new/IRanges/libs
** R
** inst
** byte-compile and prepare package for lazy loading
Creating a generic function for ‘drop’ from package ‘base’ in package ‘IRanges’
Creating a generic function for ‘runmed’ from package ‘stats’ in package ‘IRanges’
Creating a generic function for ‘chartr’ from package ‘base’ in package ‘IRanges’
Creating a generic function for ‘toupper’ from package ‘base’ in package ‘IRanges’
Creating a generic function for ‘tolower’ from package ‘base’ in package ‘IRanges’
Creating a generic function for ‘sub’ from package ‘base’ in package ‘IRanges’
Creating a generic function for ‘gsub’ from package ‘base’ in package ‘IRanges’
Creating a generic function for ‘startsWith’ from package ‘base’ in package ‘IRanges’
Creating a generic function for ‘endsWith’ from package ‘base’ in package ‘IRanges’
Creating a generic function for ‘smoothEnds’ from package ‘stats’ in package ‘IRanges’
** help
*** installing help indices
** building package indices
** installing vignettes
** testing if installed package can be loaded from temporary location
** checking absolute paths in shared objects and dynamic libraries
** testing if installed package can be loaded from final location
** testing if installed package keeps a record of temporary installation path
* DONE (IRanges)

Tests output

IRanges.Rcheck/tests/run_unitTests.Rout


R Under development (unstable) (2024-11-24 r87369) -- "Unsuffered Consequences"
Copyright (C) 2024 The R Foundation for Statistical Computing
Platform: aarch64-unknown-linux-gnu

R is free software and comes with ABSOLUTELY NO WARRANTY.
You are welcome to redistribute it under certain conditions.
Type 'license()' or 'licence()' for distribution details.

R is a collaborative project with many contributors.
Type 'contributors()' for more information and
'citation()' on how to cite R or R packages in publications.

Type 'demo()' for some demos, 'help()' for on-line help, or
'help.start()' for an HTML browser interface to help.
Type 'q()' to quit R.

> require("IRanges") || stop("unable to load IRanges package")
Loading required package: IRanges
Loading required package: BiocGenerics
Loading required package: generics

Attaching package: 'generics'

The following objects are masked from 'package:base':

    as.difftime, as.factor, as.ordered, intersect, is.element, setdiff,
    setequal, union


Attaching package: 'BiocGenerics'

The following objects are masked from 'package:stats':

    IQR, mad, sd, var, xtabs

The following objects are masked from 'package:base':

    Filter, Find, Map, Position, Reduce, anyDuplicated, aperm, append,
    as.data.frame, basename, cbind, colnames, dirname, do.call,
    duplicated, eval, evalq, get, grep, grepl, is.unsorted, lapply,
    mapply, match, mget, order, paste, pmax, pmax.int, pmin, pmin.int,
    rank, rbind, rownames, sapply, saveRDS, table, tapply, unique,
    unsplit, which.max, which.min

Loading required package: S4Vectors
Loading required package: stats4

Attaching package: 'S4Vectors'

The following object is masked from 'package:utils':

    findMatches

The following objects are masked from 'package:base':

    I, expand.grid, unname

[1] TRUE
> IRanges:::.test()


RUNIT TEST PROTOCOL -- Tue Jan 28 11:47:04 2025 
*********************************************** 
Number of test functions: 99 
Number of errors: 0 
Number of failures: 0 

 
1 Test Suite : 
IRanges RUnit Tests - 99 test functions, 0 errors, 0 failures
Number of test functions: 99 
Number of errors: 0 
Number of failures: 0 
Warning messages:
1: In recycleListElements(e1, en) :
  Some element lengths are not multiples of their corresponding element length in e1
2: In x + y :
  longer object length is not a multiple of shorter object length
3: In recycleListElements(e1, en) :
  Some element lengths are not multiples of their corresponding element length in e1
4: In x + y :
  longer object length is not a multiple of shorter object length
> 
> proc.time()
   user  system elapsed 
121.164   0.132 121.563 

Example timings

IRanges.Rcheck/IRanges-Ex.timings

nameusersystemelapsed
AtomicList-class0.2800.0160.296
AtomicList-utils0.0570.0000.057
CompressedList-class0.0370.0040.041
DataFrameList-class0.1280.0000.128
Grouping-class0.0600.0000.061
Hits-class-leftovers0.0810.0000.081
IPos-class11.003 0.19611.221
IPosRanges-class0.0490.0000.050
IPosRanges-comparison0.0550.0080.063
IRanges-class3.6610.0043.673
IRanges-constructor0.080.000.08
IRanges-utils3.7230.0043.731
IRangesList-class0.0570.0000.057
IntegerRangesList-class0.0920.0000.092
MaskCollection-class0.0950.0000.095
NCList-class0.030.000.03
RangedSelection-class0.0250.0000.025
Rle-class-leftovers0.0050.0000.005
RleViews-class0.0640.0000.064
RleViewsList-class0.0640.0000.064
Views-class0.0590.0000.059
ViewsList-class0.0010.0000.000
coverage-methods0.2230.0000.224
extractList0.0830.0080.091
extractListFragments0.7650.0760.843
findOverlaps-methods0.4080.0040.413
inter-range-methods0.8440.0040.849
intra-range-methods0.6250.0040.629
multisplit0.0170.0030.020
nearest-methods0.1550.0010.155
range-squeezers000
read.Mask0.0350.0000.042
reverse-methods0.0730.0000.074
setops-methods0.2860.0040.291
slice-methods0.0150.0000.015
view-summarization-methods0.0220.0000.021