Back to Multiple platform build/check report for BioC 3.21:   simplified   long
ABCDEFGH[I]JKLMNOPQRSTUVWXYZ

This page was generated on 2025-02-04 11:44 -0500 (Tue, 04 Feb 2025).

HostnameOSArch (*)R versionInstalled pkgs
nebbiolo1Linux (Ubuntu 24.04.1 LTS)x86_64R Under development (unstable) (2025-01-20 r87609) -- "Unsuffered Consequences" 4716
palomino7Windows Server 2022 Datacenterx64R Under development (unstable) (2025-01-21 r87610 ucrt) -- "Unsuffered Consequences" 4478
lconwaymacOS 12.7.1 Montereyx86_64R Under development (unstable) (2025-01-22 r87618) -- "Unsuffered Consequences" 4489
kjohnson3macOS 13.7.1 Venturaarm64R Under development (unstable) (2025-01-20 r87609) -- "Unsuffered Consequences" 4442
Click on any hostname to see more info about the system (e.g. compilers)      (*) as reported by 'uname -p', except on Windows and Mac OS X

Package 1051/2295HostnameOS / ArchINSTALLBUILDCHECKBUILD BIN
IRanges 2.41.2  (landing page)
Hervé Pagès
Snapshot Date: 2025-02-03 13:40 -0500 (Mon, 03 Feb 2025)
git_url: https://git.bioconductor.org/packages/IRanges
git_branch: devel
git_last_commit: 4eff83a
git_last_commit_date: 2024-12-02 20:02:22 -0500 (Mon, 02 Dec 2024)
nebbiolo1Linux (Ubuntu 24.04.1 LTS) / x86_64  OK    OK    ERROR  
palomino7Windows Server 2022 Datacenter / x64  OK    OK    ERROR    OK  
lconwaymacOS 12.7.1 Monterey / x86_64  OK    OK    ERROR    OK  
kjohnson3macOS 13.7.1 Ventura / arm64  OK    OK    ERROR    OK  


CHECK results for IRanges on kjohnson3

To the developers/maintainers of the IRanges package:
- Allow up to 24 hours (and sometimes 48 hours) for your latest push to git@git.bioconductor.org:packages/IRanges.git to reflect on this report. See Troubleshooting Build Report for more information.
- Use the following Renviron settings to reproduce errors and warnings.
- If 'R CMD check' started to fail recently on the Linux builder(s) over a missing dependency, add the missing dependency to 'Suggests:' in your DESCRIPTION file. See Renviron.bioc for more information.

raw results


Summary

Package: IRanges
Version: 2.41.2
Command: /Library/Frameworks/R.framework/Resources/bin/R CMD check --install=check:IRanges.install-out.txt --library=/Library/Frameworks/R.framework/Resources/library --no-vignettes --timings IRanges_2.41.2.tar.gz
StartedAt: 2025-02-03 20:23:33 -0500 (Mon, 03 Feb 2025)
EndedAt: 2025-02-03 20:24:30 -0500 (Mon, 03 Feb 2025)
EllapsedTime: 57.7 seconds
RetCode: 1
Status:   ERROR  
CheckDir: IRanges.Rcheck
Warnings: NA

Command output

##############################################################################
##############################################################################
###
### Running command:
###
###   /Library/Frameworks/R.framework/Resources/bin/R CMD check --install=check:IRanges.install-out.txt --library=/Library/Frameworks/R.framework/Resources/library --no-vignettes --timings IRanges_2.41.2.tar.gz
###
##############################################################################
##############################################################################


* using log directory ‘/Users/biocbuild/bbs-3.21-bioc/meat/IRanges.Rcheck’
* using R Under development (unstable) (2025-01-20 r87609)
* using platform: aarch64-apple-darwin20
* R was compiled by
    Apple clang version 14.0.0 (clang-1400.0.29.202)
    GNU Fortran (GCC) 14.2.0
* running under: macOS Ventura 13.7.1
* using session charset: UTF-8
* using option ‘--no-vignettes’
* checking for file ‘IRanges/DESCRIPTION’ ... OK
* this is package ‘IRanges’ version ‘2.41.2’
* package encoding: UTF-8
* checking package namespace information ... OK
* checking package dependencies ... OK
* checking if this is a source package ... OK
* checking if there is a namespace ... OK
* checking for hidden files and directories ... OK
* checking for portable file names ... OK
* checking for sufficient/correct file permissions ... OK
* checking whether package ‘IRanges’ can be installed ... WARNING
Found the following significant warnings:
  NCList.c:1173:13: warning: function 'NCList_get_y_overlaps_rec' is not needed and will not be emitted [-Wunneeded-internal-declaration]
See ‘/Users/biocbuild/bbs-3.21-bioc/meat/IRanges.Rcheck/00install.out’ for details.
* used C compiler: ‘Apple clang version 15.0.0 (clang-1500.1.0.2.5)’
* used SDK: ‘MacOSX11.3.sdk’
* checking installed package size ... OK
* checking package directory ... OK
* checking ‘build’ directory ... OK
* checking DESCRIPTION meta-information ... OK
* checking top-level files ... OK
* checking for left-over files ... OK
* checking index information ... OK
* checking package subdirectories ... OK
* checking code files for non-ASCII characters ... OK
* checking R files for syntax errors ... OK
* checking whether the package can be loaded ... OK
* checking whether the package can be loaded with stated dependencies ... OK
* checking whether the package can be unloaded cleanly ... OK
* checking whether the namespace can be loaded with stated dependencies ... OK
* checking whether the namespace can be unloaded cleanly ... OK
* checking dependencies in R code ... OK
* checking S3 generic/method consistency ... OK
* checking replacement functions ... OK
* checking foreign function calls ... OK
* checking R code for possible problems ... NOTE
setCompressedListSummaryMethod : <anonymous>: no visible binding for
  global variable ‘C_fun’
setCompressedListWhichSummaryMethod : def: no visible binding for
  global variable ‘C_fun’
Undefined global functions or variables:
  C_fun
* checking Rd files ... OK
* checking Rd metadata ... OK
* checking Rd cross-references ... WARNING
Missing link(s) in Rd file 'IntegerRangesList-class.Rd':
  ‘[IRanges]{RangesList}’

Missing link(s) in Rd file 'intra-range-methods.Rd':
  ‘RangesList’

See section 'Cross-references' in the 'Writing R Extensions' manual.

Found the following Rd file(s) with Rd \link{} targets missing package
anchors:
  AtomicList-class.Rd: List-class
  AtomicList-utils.Rd: unstrsplit
  CompressedHitsList-class.Rd: HitsList
  CompressedList-class.Rd: List
  DataFrameList-class.Rd: DataFrame-class, List-class
  Grouping-class.Rd: List
  IPosRanges-comparison.Rd: Hits
  NCList-class.Rd: Hits
  RleViews-class.Rd: Rle, Rle-class
  Views-class.Rd: Vector, Vector-class
  ViewsList-class.Rd: List-class
  coverage-methods.Rd: Rle
  extractList.Rd: Vector, List
  extractListFragments.Rd: List
  intra-range-methods.Rd: RangesList
  reverse-methods.Rd: revElements
  seqapply.Rd: List, Vector
  slice-methods.Rd: Rle
  view-summarization-methods.Rd: List, Rle
Please provide package anchors for all Rd \link{} targets not in the
package itself and the base packages.
* checking for missing documentation entries ... WARNING
Undocumented code objects:
  ‘%poutside%’ ‘%pover%’ ‘%pwithin%’ ‘cvg’ ‘heads’ ‘slidingIRanges’
  ‘slidingViews’ ‘tails’ ‘windows’
Undocumented S4 classes:
  ‘BaseManyToManyGrouping’ ‘Pos’ ‘CompressedIntegerRangesList’
  ‘IPosList’ ‘CompressedRangesList’ ‘SimpleIPosList’ ‘RangesList’
  ‘CompressedPosList’ ‘CompressedIPosList’ ‘Ranges’ ‘SimplePosList’
  ‘PosList’ ‘SimpleRangesList’
Undocumented S4 methods:
  generic 'anyDuplicated' and siglist 'RangesNSBS'
  generic 'as.factor' and siglist 'ManyToOneGrouping'
  generic 'as.integer' and siglist 'NormalIRanges'
  generic 'as.integer' and siglist 'Pos'
  generic 'as.integer' and siglist 'RangesNSBS'
  generic 'cbind' and siglist 'Rle'
  generic 'cbind' and siglist 'RleList'
  generic 'chartr' and siglist 'ANY,ANY,CharacterList'
  generic 'chartr' and siglist 'ANY,ANY,RleList'
  generic 'coerce' and siglist 'ANY,IPosRanges'
  generic 'coerce' and siglist 'AtomicList,RleViews'
  generic 'coerce' and siglist 'IPosRanges,CompressedIntegerList'
  generic 'coerce' and siglist 'IPosRanges,IntegerList'
  generic 'coerce' and siglist 'IRanges,IPosList'
  generic 'coerce' and siglist 'IntegerRanges,CompressedIPosList'
  generic 'coerce' and siglist 'IntegerRanges,IPosList'
  generic 'coerce' and siglist 'PartitioningByEnd,PartitioningMap'
  generic 'coerce' and siglist 'factor,ManyToOneGrouping'
  generic 'commonColnames<-' and siglist 'SplitDataFrameList'
  generic 'cvg' and siglist 'IntegerRanges'
  generic 'cvg' and siglist 'IntegerRangesList'
  generic 'endsWith' and siglist 'CharacterList'
  generic 'endsWith' and siglist 'RleList'
  generic 'extractROWS' and siglist 'CompressedList,ANY'
  generic 'extractROWS' and siglist 'IPos,ANY'
  generic 'extractROWS' and siglist 'MaskCollection,ANY'
  generic 'extractROWS' and siglist 'NormalIRanges,ANY'
  generic 'extractROWS' and siglist 'Partitioning,ANY'
  generic 'extractROWS' and siglist 'Rle,RangesNSBS'
  generic 'extractROWS' and siglist 'vector_OR_factor,RangesNSBS'
  generic 'getListElement' and siglist 'CompressedList'
  generic 'getListElement' and siglist 'CompressedNormalIRangesList'
  generic 'getListElement' and siglist 'H2LGrouping'
  generic 'getListElement' and siglist 'MaskCollection'
  generic 'getListElement' and siglist 'NCLists'
  generic 'getListElement' and siglist 'Partitioning'
  generic 'getListElement' and siglist 'Views'
  generic 'gsub' and siglist 'ANY,ANY,CharacterList'
  generic 'gsub' and siglist 'ANY,ANY,RleList'
  generic 'ifelse2' and siglist 'ANY,List,List'
  generic 'is.unsorted' and siglist 'CompressedIntegerList'
  generic 'is.unsorted' and siglist 'CompressedLogicalList'
  generic 'is.unsorted' and siglist 'CompressedNumericList'
  generic 'isNormal' and siglist 'IntegerRanges'
  generic 'length' and siglist 'RangesNSBS'
  generic 'nchar' and siglist 'CharacterList'
  generic 'nchar' and siglist 'RleList'
  generic 'pcompareRecursively' and siglist 'IPosRanges'
  generic 'range' and siglist 'CompressedRleList'
  generic 'relist' and siglist 'grouping,missing'
  generic 'replaceROWS' and siglist 'IRanges'
  generic 'replaceROWS' and siglist 'NormalIRanges'
  generic 'slidingWindows' and siglist 'IntegerRanges'
  generic 'startsWith' and siglist 'CharacterList'
  generic 'startsWith' and siglist 'RleList'
  generic 'sub' and siglist 'ANY,ANY,CharacterList'
  generic 'sub' and siglist 'ANY,ANY,RleList'
  generic 'tile' and siglist 'IntegerRanges'
  generic 'tolower' and siglist 'CharacterList'
  generic 'tolower' and siglist 'RleList'
  generic 'toupper' and siglist 'CharacterList'
  generic 'toupper' and siglist 'RleList'
  generic 'updateObject' and siglist 'CompressedList'
  generic 'updateObject' and siglist 'IPosRanges'
  generic 'whichFirstNotNormal' and siglist 'IntegerRanges'
  generic 'windows' and siglist 'list_OR_List'
All user-level objects in a package (including S4 classes and methods)
should have documentation entries.
See chapter ‘Writing R documentation files’ in the ‘Writing R
Extensions’ manual.
* checking for code/documentation mismatches ... OK
* checking Rd \usage sections ... WARNING
Documented arguments not in \usage in Rd file 'nearest-methods.Rd':
  ‘hits’ ‘...’

Functions with \usage entries need to have the appropriate \alias
entries, and all their arguments documented.
The \usage entries must correspond to syntactically valid R code.
See chapter ‘Writing R documentation files’ in the ‘Writing R
Extensions’ manual.
* checking Rd contents ... OK
* checking for unstated dependencies in examples ... OK
* checking line endings in C/C++/Fortran sources/headers ... OK
* checking compiled code ... WARNING
Note: information on .o files is not available
File ‘/Library/Frameworks/R.framework/Versions/4.5-arm64/Resources/library/IRanges/libs/IRanges.so’:
  Found ‘___sprintf_chk’, possibly from ‘sprintf’ (C)

Compiled code should not call entry points which might terminate R nor
write to stdout/stderr instead of to the console, nor use Fortran I/O
nor system RNGs nor [v]sprintf. The detected symbols are linked into
the code but might come from libraries and not actually be called.

See ‘Writing portable packages’ in the ‘Writing R Extensions’ manual.
* checking sizes of PDF files under ‘inst/doc’ ... OK
* checking files in ‘vignettes’ ... OK
* checking examples ... OK
* checking for unstated dependencies in ‘tests’ ... OK
* checking tests ...
  Running ‘run_unitTests.R’/Library/Frameworks/R.framework/Resources/bin/BATCH: line 60: 40488 Segmentation fault: 11  ${R_HOME}/bin/R -f ${in} ${opts} ${R_BATCH_OPTIONS} > ${out} 2>&1

 ERROR
Running the tests in ‘tests/run_unitTests.R’ failed.
Last 13 lines of output:
   3: viewWhichMins(empty)
   4: checkIdentical(integer(0), viewWhichMins(empty))
   5: func()
   6: system.time(func(), gcFirst = RUnitEnv$.gcBeforeTest)
   7: doTryCatch(return(expr), name, parentenv, handler)
   8: tryCatchOne(expr, names, parentenv, handlers[[1L]])
   9: tryCatchList(expr, classes, parentenv, handlers)
  10: tryCatch(expr, error = function(e) {    call <- conditionCall(e)    if (!is.null(call)) {        if (identical(call[[1L]], quote(doTryCatch)))             call <- sys.call(-4L)        dcall <- deparse(call, nlines = 1L)        prefix <- paste("Error in", dcall, ": ")        LONG <- 75L        sm <- strsplit(conditionMessage(e), "\n")[[1L]]        w <- 14L + nchar(dcall, type = "w") + nchar(sm[1L], type = "w")        if (is.na(w))             w <- 14L + nchar(dcall, type = "b") + nchar(sm[1L],                 type = "b")        if (w > LONG)             prefix <- paste0(prefix, "\n  ")    }    else prefix <- "Error : "    msg <- paste0(prefix, conditionMessage(e), "\n")    .Internal(seterrmessage(msg[1L]))    if (!silent && isTRUE(getOption("show.error.messages"))) {        cat(msg, file = outFile)        .Internal(printDeferredWarnings())    }    invisible(structure(msg, class = "try-error", condition = e))})
  11: try(system.time(func(), gcFirst = RUnitEnv$.gcBeforeTest))
  12: .executeTestCase(funcName, envir = sandbox, setUpFunc = .setUp,     tearDownFunc = .tearDown)
  13: .sourceTestFile(testFile, testSuite$testFuncRegexp)
  14: RUnit::runTestSuite(suite)
  15: BiocGenerics:::testPackage("IRanges")
  16: IRanges:::.test()
  An irrecoverable exception occurred. R is aborting now ...
* checking for unstated dependencies in vignettes ... OK
* checking package vignettes ... OK
* checking running R code from vignettes ... SKIPPED
* checking re-building of vignette outputs ... SKIPPED
* checking PDF version of manual ... OK
* DONE

Status: 1 ERROR, 5 WARNINGs, 1 NOTE
See
  ‘/Users/biocbuild/bbs-3.21-bioc/meat/IRanges.Rcheck/00check.log’
for details.


Installation output

IRanges.Rcheck/00install.out

##############################################################################
##############################################################################
###
### Running command:
###
###   /Library/Frameworks/R.framework/Resources/bin/R CMD INSTALL IRanges
###
##############################################################################
##############################################################################


* installing to library ‘/Library/Frameworks/R.framework/Versions/4.5-arm64/Resources/library’
* installing *source* package ‘IRanges’ ...
** this is package ‘IRanges’ version ‘2.41.2’
** using staged installation
** libs
using C compiler: ‘Apple clang version 15.0.0 (clang-1500.1.0.2.5)’
using SDK: ‘MacOSX11.3.sdk’
clang -arch arm64 -I"/Library/Frameworks/R.framework/Resources/include" -DNDEBUG  -I'/Library/Frameworks/R.framework/Versions/4.5-arm64/Resources/library/S4Vectors/include' -I/opt/R/arm64/include    -fPIC  -falign-functions=64 -Wall -g -O2  -c CompressedAtomicList_utils.c -o CompressedAtomicList_utils.o
clang -arch arm64 -I"/Library/Frameworks/R.framework/Resources/include" -DNDEBUG  -I'/Library/Frameworks/R.framework/Versions/4.5-arm64/Resources/library/S4Vectors/include' -I/opt/R/arm64/include    -fPIC  -falign-functions=64 -Wall -g -O2  -c CompressedIRangesList_class.c -o CompressedIRangesList_class.o
clang -arch arm64 -I"/Library/Frameworks/R.framework/Resources/include" -DNDEBUG  -I'/Library/Frameworks/R.framework/Versions/4.5-arm64/Resources/library/S4Vectors/include' -I/opt/R/arm64/include    -fPIC  -falign-functions=64 -Wall -g -O2  -c CompressedList_class.c -o CompressedList_class.o
clang -arch arm64 -I"/Library/Frameworks/R.framework/Resources/include" -DNDEBUG  -I'/Library/Frameworks/R.framework/Versions/4.5-arm64/Resources/library/S4Vectors/include' -I/opt/R/arm64/include    -fPIC  -falign-functions=64 -Wall -g -O2  -c Grouping_class.c -o Grouping_class.o
clang -arch arm64 -I"/Library/Frameworks/R.framework/Resources/include" -DNDEBUG  -I'/Library/Frameworks/R.framework/Versions/4.5-arm64/Resources/library/S4Vectors/include' -I/opt/R/arm64/include    -fPIC  -falign-functions=64 -Wall -g -O2  -c IPosRanges_comparison.c -o IPosRanges_comparison.o
clang -arch arm64 -I"/Library/Frameworks/R.framework/Resources/include" -DNDEBUG  -I'/Library/Frameworks/R.framework/Versions/4.5-arm64/Resources/library/S4Vectors/include' -I/opt/R/arm64/include    -fPIC  -falign-functions=64 -Wall -g -O2  -c IRanges_class.c -o IRanges_class.o
clang -arch arm64 -I"/Library/Frameworks/R.framework/Resources/include" -DNDEBUG  -I'/Library/Frameworks/R.framework/Versions/4.5-arm64/Resources/library/S4Vectors/include' -I/opt/R/arm64/include    -fPIC  -falign-functions=64 -Wall -g -O2  -c IRanges_constructor.c -o IRanges_constructor.o
clang -arch arm64 -I"/Library/Frameworks/R.framework/Resources/include" -DNDEBUG  -I'/Library/Frameworks/R.framework/Versions/4.5-arm64/Resources/library/S4Vectors/include' -I/opt/R/arm64/include    -fPIC  -falign-functions=64 -Wall -g -O2  -c NCList.c -o NCList.o
NCList.c:202:22: warning: unused function 'next_top_down' [-Wunused-function]
static const NCList *next_top_down(const NCList *nclist)
                     ^
NCList.c:1173:13: warning: function 'NCList_get_y_overlaps_rec' is not needed and will not be emitted [-Wunneeded-internal-declaration]
static void NCList_get_y_overlaps_rec(const NCList *x_nclist,
            ^
2 warnings generated.
clang -arch arm64 -I"/Library/Frameworks/R.framework/Resources/include" -DNDEBUG  -I'/Library/Frameworks/R.framework/Versions/4.5-arm64/Resources/library/S4Vectors/include' -I/opt/R/arm64/include    -fPIC  -falign-functions=64 -Wall -g -O2  -c R_init_IRanges.c -o R_init_IRanges.o
clang -arch arm64 -I"/Library/Frameworks/R.framework/Resources/include" -DNDEBUG  -I'/Library/Frameworks/R.framework/Versions/4.5-arm64/Resources/library/S4Vectors/include' -I/opt/R/arm64/include    -fPIC  -falign-functions=64 -Wall -g -O2  -c Ranges_class.c -o Ranges_class.o
clang -arch arm64 -I"/Library/Frameworks/R.framework/Resources/include" -DNDEBUG  -I'/Library/Frameworks/R.framework/Versions/4.5-arm64/Resources/library/S4Vectors/include' -I/opt/R/arm64/include    -fPIC  -falign-functions=64 -Wall -g -O2  -c RleViews_utils.c -o RleViews_utils.o
clang -arch arm64 -I"/Library/Frameworks/R.framework/Resources/include" -DNDEBUG  -I'/Library/Frameworks/R.framework/Versions/4.5-arm64/Resources/library/S4Vectors/include' -I/opt/R/arm64/include    -fPIC  -falign-functions=64 -Wall -g -O2  -c S4Vectors_stubs.c -o S4Vectors_stubs.o
clang -arch arm64 -I"/Library/Frameworks/R.framework/Resources/include" -DNDEBUG  -I'/Library/Frameworks/R.framework/Versions/4.5-arm64/Resources/library/S4Vectors/include' -I/opt/R/arm64/include    -fPIC  -falign-functions=64 -Wall -g -O2  -c SimpleIRangesList_class.c -o SimpleIRangesList_class.o
clang -arch arm64 -I"/Library/Frameworks/R.framework/Resources/include" -DNDEBUG  -I'/Library/Frameworks/R.framework/Versions/4.5-arm64/Resources/library/S4Vectors/include' -I/opt/R/arm64/include    -fPIC  -falign-functions=64 -Wall -g -O2  -c coverage_methods.c -o coverage_methods.o
clang -arch arm64 -I"/Library/Frameworks/R.framework/Resources/include" -DNDEBUG  -I'/Library/Frameworks/R.framework/Versions/4.5-arm64/Resources/library/S4Vectors/include' -I/opt/R/arm64/include    -fPIC  -falign-functions=64 -Wall -g -O2  -c extractListFragments.c -o extractListFragments.o
clang -arch arm64 -I"/Library/Frameworks/R.framework/Resources/include" -DNDEBUG  -I'/Library/Frameworks/R.framework/Versions/4.5-arm64/Resources/library/S4Vectors/include' -I/opt/R/arm64/include    -fPIC  -falign-functions=64 -Wall -g -O2  -c inter_range_methods.c -o inter_range_methods.o
clang -arch arm64 -dynamiclib -Wl,-headerpad_max_install_names -undefined dynamic_lookup -L/Library/Frameworks/R.framework/Resources/lib -L/opt/R/arm64/lib -o IRanges.so CompressedAtomicList_utils.o CompressedIRangesList_class.o CompressedList_class.o Grouping_class.o IPosRanges_comparison.o IRanges_class.o IRanges_constructor.o NCList.o R_init_IRanges.o Ranges_class.o RleViews_utils.o S4Vectors_stubs.o SimpleIRangesList_class.o coverage_methods.o extractListFragments.o inter_range_methods.o -F/Library/Frameworks/R.framework/.. -framework R -Wl,-framework -Wl,CoreFoundation
installing to /Library/Frameworks/R.framework/Versions/4.5-arm64/Resources/library/00LOCK-IRanges/00new/IRanges/libs
** R
** inst
** byte-compile and prepare package for lazy loading
Creating a generic function for ‘drop’ from package ‘base’ in package ‘IRanges’
Creating a generic function for ‘runmed’ from package ‘stats’ in package ‘IRanges’
Creating a generic function for ‘chartr’ from package ‘base’ in package ‘IRanges’
Creating a generic function for ‘toupper’ from package ‘base’ in package ‘IRanges’
Creating a generic function for ‘tolower’ from package ‘base’ in package ‘IRanges’
Creating a generic function for ‘sub’ from package ‘base’ in package ‘IRanges’
Creating a generic function for ‘gsub’ from package ‘base’ in package ‘IRanges’
Creating a generic function for ‘startsWith’ from package ‘base’ in package ‘IRanges’
Creating a generic function for ‘endsWith’ from package ‘base’ in package ‘IRanges’
Creating a generic function for ‘smoothEnds’ from package ‘stats’ in package ‘IRanges’
** help
*** installing help indices
** building package indices
** installing vignettes
** testing if installed package can be loaded from temporary location
** checking absolute paths in shared objects and dynamic libraries
** testing if installed package can be loaded from final location
** testing if installed package keeps a record of temporary installation path
* DONE (IRanges)

Tests output

IRanges.Rcheck/tests/run_unitTests.Rout.fail


R Under development (unstable) (2025-01-20 r87609) -- "Unsuffered Consequences"
Copyright (C) 2025 The R Foundation for Statistical Computing
Platform: aarch64-apple-darwin20

R is free software and comes with ABSOLUTELY NO WARRANTY.
You are welcome to redistribute it under certain conditions.
Type 'license()' or 'licence()' for distribution details.

R is a collaborative project with many contributors.
Type 'contributors()' for more information and
'citation()' on how to cite R or R packages in publications.

Type 'demo()' for some demos, 'help()' for on-line help, or
'help.start()' for an HTML browser interface to help.
Type 'q()' to quit R.

> require("IRanges") || stop("unable to load IRanges package")
Loading required package: IRanges
Loading required package: BiocGenerics
Loading required package: generics

Attaching package: 'generics'

The following objects are masked from 'package:base':

    as.difftime, as.factor, as.ordered, intersect, is.element, setdiff,
    setequal, union


Attaching package: 'BiocGenerics'

The following objects are masked from 'package:stats':

    IQR, mad, sd, var, xtabs

The following objects are masked from 'package:base':

    Filter, Find, Map, Position, Reduce, anyDuplicated, aperm, append,
    as.data.frame, basename, cbind, colnames, dirname, do.call,
    duplicated, eval, evalq, get, grep, grepl, is.unsorted, lapply,
    mapply, match, mget, order, paste, pmax, pmax.int, pmin, pmin.int,
    rank, rbind, rownames, sapply, saveRDS, table, tapply, unique,
    unsplit, which.max, which.min

Loading required package: S4Vectors
Loading required package: stats4

Attaching package: 'S4Vectors'

The following object is masked from 'package:utils':

    findMatches

The following objects are masked from 'package:base':

    I, expand.grid, unname

[1] TRUE
> IRanges:::.test()

 *** caught segfault ***
address 0x1, cause 'invalid permissions'

Traceback:
 1: .Call2("C_viewWhichMins_RleViews", trim(x), na.rm, PACKAGE = "IRanges")
 2: viewWhichMins(empty)
 3: viewWhichMins(empty)
 4: checkIdentical(integer(0), viewWhichMins(empty))
 5: func()
 6: system.time(func(), gcFirst = RUnitEnv$.gcBeforeTest)
 7: doTryCatch(return(expr), name, parentenv, handler)
 8: tryCatchOne(expr, names, parentenv, handlers[[1L]])
 9: tryCatchList(expr, classes, parentenv, handlers)
10: tryCatch(expr, error = function(e) {    call <- conditionCall(e)    if (!is.null(call)) {        if (identical(call[[1L]], quote(doTryCatch)))             call <- sys.call(-4L)        dcall <- deparse(call, nlines = 1L)        prefix <- paste("Error in", dcall, ": ")        LONG <- 75L        sm <- strsplit(conditionMessage(e), "\n")[[1L]]        w <- 14L + nchar(dcall, type = "w") + nchar(sm[1L], type = "w")        if (is.na(w))             w <- 14L + nchar(dcall, type = "b") + nchar(sm[1L],                 type = "b")        if (w > LONG)             prefix <- paste0(prefix, "\n  ")    }    else prefix <- "Error : "    msg <- paste0(prefix, conditionMessage(e), "\n")    .Internal(seterrmessage(msg[1L]))    if (!silent && isTRUE(getOption("show.error.messages"))) {        cat(msg, file = outFile)        .Internal(printDeferredWarnings())    }    invisible(structure(msg, class = "try-error", condition = e))})
11: try(system.time(func(), gcFirst = RUnitEnv$.gcBeforeTest))
12: .executeTestCase(funcName, envir = sandbox, setUpFunc = .setUp,     tearDownFunc = .tearDown)
13: .sourceTestFile(testFile, testSuite$testFuncRegexp)
14: RUnit::runTestSuite(suite)
15: BiocGenerics:::testPackage("IRanges")
16: IRanges:::.test()
An irrecoverable exception occurred. R is aborting now ...

Example timings

IRanges.Rcheck/IRanges-Ex.timings

nameusersystemelapsed
AtomicList-class0.0600.0040.063
AtomicList-utils0.0110.0010.011
CompressedList-class0.0080.0000.008
DataFrameList-class0.0250.0010.025
Grouping-class0.0110.0010.012
Hits-class-leftovers0.0160.0000.017
IPos-class2.9090.1503.082
IPosRanges-class0.2650.0060.280
IPosRanges-comparison0.0130.0010.014
IRanges-class1.2360.0141.268
IRanges-constructor0.0150.0010.017
IRanges-utils1.2640.0131.307
IRangesList-class0.0120.0000.013
IntegerRangesList-class0.0190.0010.021
MaskCollection-class0.0210.0010.026
NCList-class0.0060.0010.006
RangedSelection-class0.0050.0000.005
Rle-class-leftovers0.0010.0000.001
RleViews-class0.0110.0010.011
RleViewsList-class0.0130.0000.014
Views-class0.0100.0010.010
ViewsList-class000
coverage-methods0.0500.0040.056
extractList0.0190.0020.021
extractListFragments0.1760.0160.192
findOverlaps-methods0.0830.0030.086
inter-range-methods0.1760.0030.179
intra-range-methods0.1370.0030.141
multisplit0.0040.0010.004
nearest-methods0.0330.0000.033
range-squeezers000
read.Mask0.0090.0020.011
reverse-methods0.0140.0000.014
setops-methods0.0610.0010.062
slice-methods0.0030.0000.003
view-summarization-methods0.0040.0000.004