| Back to Multiple platform build/check report for BioC 3.22: simplified long |
|
This page was generated on 2025-10-23 12:07 -0400 (Thu, 23 Oct 2025).
| Hostname | OS | Arch (*) | R version | Installed pkgs |
|---|---|---|---|---|
| nebbiolo2 | Linux (Ubuntu 24.04.3 LTS) | x86_64 | 4.5.1 Patched (2025-08-23 r88802) -- "Great Square Root" | 4894 |
| lconway | macOS 12.7.6 Monterey | x86_64 | 4.5.1 Patched (2025-09-10 r88807) -- "Great Square Root" | 4684 |
| kjohnson3 | macOS 13.7.7 Ventura | arm64 | 4.5.1 Patched (2025-09-10 r88807) -- "Great Square Root" | 4629 |
| taishan | Linux (openEuler 24.03 LTS) | aarch64 | 4.5.0 (2025-04-11) -- "How About a Twenty-Six" | 4642 |
| Click on any hostname to see more info about the system (e.g. compilers) (*) as reported by 'uname -p', except on Windows and Mac OS X | ||||
| Package 189/2355 | Hostname | OS / Arch | INSTALL | BUILD | CHECK | BUILD BIN | ||||||||
| BiocGenerics 0.55.4 (landing page) Hervé Pagès
| nebbiolo2 | Linux (Ubuntu 24.04.3 LTS) / x86_64 | OK | OK | WARNINGS | |||||||||
| lconway | macOS 12.7.6 Monterey / x86_64 | OK | OK | WARNINGS | OK | |||||||||
| kjohnson3 | macOS 13.7.7 Ventura / arm64 | OK | OK | WARNINGS | OK | |||||||||
| taishan | Linux (openEuler 24.03 LTS) / aarch64 | OK | OK | WARNINGS | ||||||||||
|
To the developers/maintainers of the BiocGenerics package: - Allow up to 24 hours (and sometimes 48 hours) for your latest push to git@git.bioconductor.org:packages/BiocGenerics.git to reflect on this report. See Troubleshooting Build Report for more information. - Use the following Renviron settings to reproduce errors and warnings. - If 'R CMD check' started to fail recently on the Linux builder(s) over a missing dependency, add the missing dependency to 'Suggests:' in your DESCRIPTION file. See Renviron.bioc for more information. - See Martin Grigorov's blog post for how to debug Linux ARM64 related issues on a x86_64 host. |
| Package: BiocGenerics |
| Version: 0.55.4 |
| Command: /home/biocbuild/R/R/bin/R CMD check --install=check:BiocGenerics.install-out.txt --library=/home/biocbuild/R/R/site-library --no-vignettes --timings BiocGenerics_0.55.4.tar.gz |
| StartedAt: 2025-10-21 04:56:01 -0000 (Tue, 21 Oct 2025) |
| EndedAt: 2025-10-21 04:57:06 -0000 (Tue, 21 Oct 2025) |
| EllapsedTime: 65.0 seconds |
| RetCode: 0 |
| Status: WARNINGS |
| CheckDir: BiocGenerics.Rcheck |
| Warnings: 1 |
##############################################################################
##############################################################################
###
### Running command:
###
### /home/biocbuild/R/R/bin/R CMD check --install=check:BiocGenerics.install-out.txt --library=/home/biocbuild/R/R/site-library --no-vignettes --timings BiocGenerics_0.55.4.tar.gz
###
##############################################################################
##############################################################################
* using log directory ‘/home/biocbuild/bbs-3.22-bioc/meat/BiocGenerics.Rcheck’
* using R version 4.5.0 (2025-04-11)
* using platform: aarch64-unknown-linux-gnu
* R was compiled by
aarch64-unknown-linux-gnu-gcc (GCC) 14.2.0
GNU Fortran (GCC) 14.2.0
* running under: openEuler 24.03 (LTS)
* using session charset: UTF-8
* using option ‘--no-vignettes’
* checking for file ‘BiocGenerics/DESCRIPTION’ ... OK
* this is package ‘BiocGenerics’ version ‘0.55.4’
* package encoding: UTF-8
* checking package namespace information ... OK
* checking package dependencies ... OK
* checking if this is a source package ... OK
* checking if there is a namespace ... OK
* checking for hidden files and directories ... OK
* checking for portable file names ... OK
* checking for sufficient/correct file permissions ... OK
* checking whether package ‘BiocGenerics’ can be installed ... OK
* checking installed package size ... OK
* checking package directory ... OK
* checking DESCRIPTION meta-information ... NOTE
Packages listed in more than one of Depends, Imports, Suggests, Enhances:
‘methods’ ‘utils’ ‘graphics’ ‘stats’
A package should be listed in only one of these fields.
* checking top-level files ... OK
* checking for left-over files ... OK
* checking index information ... OK
* checking package subdirectories ... OK
* checking code files for non-ASCII characters ... OK
* checking R files for syntax errors ... OK
* checking whether the package can be loaded ... OK
* checking whether the package can be loaded with stated dependencies ... OK
* checking whether the package can be unloaded cleanly ... OK
* checking whether the namespace can be loaded with stated dependencies ... OK
* checking whether the namespace can be unloaded cleanly ... OK
* checking loading without being on the library search path ... OK
* checking dependencies in R code ... NOTE
'library' or 'require' call to ‘RUnit’ in package code.
Please use :: or requireNamespace() instead.
See section 'Suggested packages' in the 'Writing R Extensions' manual.
* checking S3 generic/method consistency ... OK
* checking replacement functions ... OK
* checking foreign function calls ... OK
* checking R code for possible problems ... OK
* checking Rd files ... OK
* checking Rd metadata ... OK
* checking Rd cross-references ... WARNING
Missing link(s) in Rd file 'as.data.frame.Rd':
‘[IRanges]{as.data.frame,IntegerRanges-method}’
Missing link(s) in Rd file 'order.Rd':
‘[IRanges]{order,IntegerRanges-method}’
See section 'Cross-references' in the 'Writing R Extensions' manual.
* checking for missing documentation entries ... OK
* checking for code/documentation mismatches ... OK
* checking Rd \usage sections ... OK
* checking Rd contents ... OK
* checking for unstated dependencies in examples ... OK
* checking examples ... OK
Examples with CPU (user + system) or elapsed time > 5s
user system elapsed
fileName 7.773 0.598 8.392
containsOutOfMemoryData 4.974 0.108 5.095
* checking for unstated dependencies in ‘tests’ ... OK
* checking tests ...
Running ‘run_unitTests.R’
OK
* checking PDF version of manual ... OK
* DONE
Status: 1 WARNING, 2 NOTEs
See
‘/home/biocbuild/bbs-3.22-bioc/meat/BiocGenerics.Rcheck/00check.log’
for details.
BiocGenerics.Rcheck/00install.out
############################################################################## ############################################################################## ### ### Running command: ### ### /home/biocbuild/R/R/bin/R CMD INSTALL BiocGenerics ### ############################################################################## ############################################################################## * installing to library ‘/home/biocbuild/R/R-4.5.0/site-library’ * installing *source* package ‘BiocGenerics’ ... ** this is package ‘BiocGenerics’ version ‘0.55.4’ ** using staged installation ** R ** inst ** byte-compile and prepare package for lazy loading Creating a new generic function for ‘aperm’ in package ‘BiocGenerics’ Creating a new generic function for ‘append’ in package ‘BiocGenerics’ Creating a new generic function for ‘as.data.frame’ in package ‘BiocGenerics’ Creating a new generic function for ‘cbind’ in package ‘BiocGenerics’ Creating a new generic function for ‘rbind’ in package ‘BiocGenerics’ Creating a new generic function for ‘do.call’ in package ‘BiocGenerics’ Creating a new generic function for ‘duplicated’ in package ‘BiocGenerics’ Creating a new generic function for ‘anyDuplicated’ in package ‘BiocGenerics’ Creating a new generic function for ‘eval’ in package ‘BiocGenerics’ Creating a new generic function for ‘pmax’ in package ‘BiocGenerics’ Creating a new generic function for ‘pmin’ in package ‘BiocGenerics’ Creating a new generic function for ‘pmax.int’ in package ‘BiocGenerics’ Creating a new generic function for ‘pmin.int’ in package ‘BiocGenerics’ Creating a new generic function for ‘Reduce’ in package ‘BiocGenerics’ Creating a new generic function for ‘Filter’ in package ‘BiocGenerics’ Creating a new generic function for ‘Find’ in package ‘BiocGenerics’ Creating a new generic function for ‘Map’ in package ‘BiocGenerics’ Creating a new generic function for ‘Position’ in package ‘BiocGenerics’ Creating a new generic function for ‘get’ in package ‘BiocGenerics’ Creating a new generic function for ‘mget’ in package ‘BiocGenerics’ Creating a new generic function for ‘grep’ in package ‘BiocGenerics’ Creating a new generic function for ‘grepl’ in package ‘BiocGenerics’ Creating a new generic function for ‘is.unsorted’ in package ‘BiocGenerics’ Creating a new generic function for ‘lapply’ in package ‘BiocGenerics’ Creating a new generic function for ‘sapply’ in package ‘BiocGenerics’ Creating a new generic function for ‘mapply’ in package ‘BiocGenerics’ Creating a new generic function for ‘match’ in package ‘BiocGenerics’ Creating a new generic function for ‘order’ in package ‘BiocGenerics’ Creating a new generic function for ‘paste’ in package ‘BiocGenerics’ Creating a new generic function for ‘rank’ in package ‘BiocGenerics’ Creating a new generic function for ‘rownames’ in package ‘BiocGenerics’ Creating a new generic function for ‘colnames’ in package ‘BiocGenerics’ Creating a new generic function for ‘saveRDS’ in package ‘BiocGenerics’ Creating a new generic function for ‘table’ in package ‘BiocGenerics’ Creating a new generic function for ‘tapply’ in package ‘BiocGenerics’ Creating a new generic function for ‘unique’ in package ‘BiocGenerics’ Creating a new generic function for ‘unsplit’ in package ‘BiocGenerics’ Creating a new generic function for ‘which.min’ in package ‘BiocGenerics’ Creating a new generic function for ‘which.max’ in package ‘BiocGenerics’ Creating a new generic function for ‘IQR’ in package ‘BiocGenerics’ Creating a new generic function for ‘mad’ in package ‘BiocGenerics’ Creating a new generic function for ‘var’ in package ‘BiocGenerics’ Creating a new generic function for ‘sd’ in package ‘BiocGenerics’ Creating a new generic function for ‘xtabs’ in package ‘BiocGenerics’ Creating a new generic function for ‘basename’ in package ‘BiocGenerics’ Creating a new generic function for ‘dirname’ in package ‘BiocGenerics’ ** help *** installing help indices ** building package indices ** testing if installed package can be loaded from temporary location ** testing if installed package can be loaded from final location ** testing if installed package keeps a record of temporary installation path * DONE (BiocGenerics)
BiocGenerics.Rcheck/tests/run_unitTests.Rout
R version 4.5.0 (2025-04-11) -- "How About a Twenty-Six"
Copyright (C) 2025 The R Foundation for Statistical Computing
Platform: aarch64-unknown-linux-gnu
R is free software and comes with ABSOLUTELY NO WARRANTY.
You are welcome to redistribute it under certain conditions.
Type 'license()' or 'licence()' for distribution details.
R is a collaborative project with many contributors.
Type 'contributors()' for more information and
'citation()' on how to cite R or R packages in publications.
Type 'demo()' for some demos, 'help()' for on-line help, or
'help.start()' for an HTML browser interface to help.
Type 'q()' to quit R.
> require("BiocGenerics") || stop("unable to load BiocGenerics package")
Loading required package: BiocGenerics
Loading required package: generics
Attaching package: 'generics'
The following objects are masked from 'package:base':
as.difftime, as.factor, as.ordered, intersect, is.element, setdiff,
setequal, union
Attaching package: 'BiocGenerics'
The following objects are masked from 'package:stats':
IQR, mad, sd, var, xtabs
The following objects are masked from 'package:base':
Filter, Find, Map, Position, Reduce, anyDuplicated, aperm, append,
as.data.frame, basename, cbind, colnames, dirname, do.call,
duplicated, eval, evalq, get, grep, grepl, is.unsorted, lapply,
mapply, match, mget, order, paste, pmax, pmax.int, pmin, pmin.int,
rank, rbind, rownames, sapply, saveRDS, table, tapply, unique,
unsplit, which.max, which.min
[1] TRUE
> BiocGenerics:::.test()
Loading required package: S4Vectors
Loading required package: stats4
Attaching package: 'S4Vectors'
The following object is masked from 'package:utils':
findMatches
The following objects are masked from 'package:base':
I, expand.grid, unname
RUNIT TEST PROTOCOL -- Tue Oct 21 04:56:59 2025
***********************************************
Number of test functions: 25
Number of errors: 0
Number of failures: 0
1 Test Suite :
BiocGenerics RUnit Tests - 25 test functions, 0 errors, 0 failures
Number of test functions: 25
Number of errors: 0
Number of failures: 0
>
> proc.time()
user system elapsed
2.727 0.069 2.787
BiocGenerics.Rcheck/BiocGenerics-Ex.timings
| name | user | system | elapsed | |
| BiocGenerics-package | 0.000 | 0.000 | 0.001 | |
| Extremes | 0.008 | 0.003 | 0.010 | |
| IQR | 0.002 | 0.000 | 0.002 | |
| Ontology | 4.075 | 0.244 | 4.335 | |
| annotation | 0.017 | 0.000 | 0.017 | |
| aperm | 0.003 | 0.000 | 0.003 | |
| append | 0.003 | 0.000 | 0.003 | |
| as.data.frame | 0.004 | 0.000 | 0.004 | |
| as.list | 0.029 | 0.009 | 0.038 | |
| as.vector | 0.003 | 0.001 | 0.004 | |
| boxplot | 0.166 | 0.004 | 0.170 | |
| cbind | 0.029 | 0.004 | 0.032 | |
| combine | 0.06 | 0.00 | 0.06 | |
| containsOutOfMemoryData | 4.974 | 0.108 | 5.095 | |
| dbconn | 0.085 | 0.000 | 0.084 | |
| density | 0.008 | 0.000 | 0.008 | |
| dims | 0.045 | 0.000 | 0.045 | |
| do.call | 0.002 | 0.000 | 0.003 | |
| duplicated | 0.006 | 0.000 | 0.006 | |
| eval | 0.004 | 0.000 | 0.003 | |
| evalq | 0.001 | 0.000 | 0.000 | |
| fileName | 7.773 | 0.598 | 8.392 | |
| format | 0.011 | 0.004 | 0.015 | |
| funprog | 0.01 | 0.00 | 0.01 | |
| get | 0.005 | 0.000 | 0.004 | |
| grep | 0.002 | 0.000 | 0.002 | |
| image | 0.048 | 0.000 | 0.048 | |
| is.unsorted | 0.004 | 0.000 | 0.003 | |
| lapply | 0.005 | 0.000 | 0.005 | |
| longForm | 0.184 | 0.008 | 0.193 | |
| mad | 0.003 | 0.000 | 0.003 | |
| mapply | 0.002 | 0.000 | 0.002 | |
| match | 0.163 | 0.000 | 0.163 | |
| mean | 0.013 | 0.000 | 0.014 | |
| normalize | 0.04 | 0.00 | 0.04 | |
| nrow | 0.052 | 0.000 | 0.052 | |
| order | 0.000 | 0.004 | 0.003 | |
| organism_species | 0.228 | 0.012 | 0.241 | |
| paste | 0.004 | 0.000 | 0.004 | |
| paste2 | 0.007 | 0.000 | 0.006 | |
| path | 0.038 | 0.000 | 0.039 | |
| plotMA | 4.328 | 0.243 | 4.585 | |
| plotPCA | 3.041 | 0.008 | 3.111 | |
| rank | 0.005 | 0.001 | 0.006 | |
| relist | 0.013 | 0.000 | 0.014 | |
| rep | 0.013 | 0.000 | 0.014 | |
| residuals | 0.012 | 0.000 | 0.012 | |
| row_colnames | 0.036 | 0.000 | 0.036 | |
| saveRDS | 0.003 | 0.000 | 0.002 | |
| score | 0.116 | 0.000 | 0.116 | |
| setops | 0.059 | 0.000 | 0.059 | |
| sort | 0.014 | 0.000 | 0.014 | |
| start | 0.113 | 0.000 | 0.113 | |
| strand | 0.125 | 0.000 | 0.125 | |
| subset | 0.058 | 0.000 | 0.058 | |
| t | 0.016 | 0.000 | 0.016 | |
| table | 0.003 | 0.000 | 0.003 | |
| tapply | 0.003 | 0.000 | 0.003 | |
| testPackage | 0.441 | 0.000 | 0.447 | |
| toTable | 0.111 | 0.000 | 0.111 | |
| type | 0.497 | 0.012 | 0.510 | |
| unique | 0.004 | 0.000 | 0.005 | |
| unlist | 0.004 | 0.000 | 0.004 | |
| unsplit | 0.003 | 0.000 | 0.002 | |
| updateObject | 0.214 | 0.000 | 0.215 | |
| var | 0.003 | 0.000 | 0.003 | |
| weights | 0.013 | 0.000 | 0.013 | |
| which | 0.237 | 0.008 | 0.246 | |
| which.min | 0.075 | 0.000 | 0.075 | |
| xtabs | 0.043 | 0.004 | 0.047 | |