| Back to Multiple platform build/check report for BioC 3.22: simplified long |
|
This page was generated on 2025-10-23 12:03 -0400 (Thu, 23 Oct 2025).
| Hostname | OS | Arch (*) | R version | Installed pkgs |
|---|---|---|---|---|
| nebbiolo2 | Linux (Ubuntu 24.04.3 LTS) | x86_64 | 4.5.1 Patched (2025-08-23 r88802) -- "Great Square Root" | 4894 |
| lconway | macOS 12.7.6 Monterey | x86_64 | 4.5.1 Patched (2025-09-10 r88807) -- "Great Square Root" | 4684 |
| kjohnson3 | macOS 13.7.7 Ventura | arm64 | 4.5.1 Patched (2025-09-10 r88807) -- "Great Square Root" | 4629 |
| taishan | Linux (openEuler 24.03 LTS) | aarch64 | 4.5.0 (2025-04-11) -- "How About a Twenty-Six" | 4642 |
| Click on any hostname to see more info about the system (e.g. compilers) (*) as reported by 'uname -p', except on Windows and Mac OS X | ||||
| Package 189/2355 | Hostname | OS / Arch | INSTALL | BUILD | CHECK | BUILD BIN | ||||||||
| BiocGenerics 0.55.4 (landing page) Hervé Pagès
| nebbiolo2 | Linux (Ubuntu 24.04.3 LTS) / x86_64 | OK | OK | WARNINGS | |||||||||
| lconway | macOS 12.7.6 Monterey / x86_64 | OK | OK | WARNINGS | OK | |||||||||
| kjohnson3 | macOS 13.7.7 Ventura / arm64 | OK | OK | WARNINGS | OK | |||||||||
| taishan | Linux (openEuler 24.03 LTS) / aarch64 | OK | OK | WARNINGS | ||||||||||
|
To the developers/maintainers of the BiocGenerics package: - Allow up to 24 hours (and sometimes 48 hours) for your latest push to git@git.bioconductor.org:packages/BiocGenerics.git to reflect on this report. See Troubleshooting Build Report for more information. - Use the following Renviron settings to reproduce errors and warnings. - If 'R CMD check' started to fail recently on the Linux builder(s) over a missing dependency, add the missing dependency to 'Suggests:' in your DESCRIPTION file. See Renviron.bioc for more information. |
| Package: BiocGenerics |
| Version: 0.55.4 |
| Command: /home/biocbuild/bbs-3.22-bioc/R/bin/R CMD check --install=check:BiocGenerics.install-out.txt --library=/home/biocbuild/bbs-3.22-bioc/R/site-library --timings BiocGenerics_0.55.4.tar.gz |
| StartedAt: 2025-10-22 21:32:02 -0400 (Wed, 22 Oct 2025) |
| EndedAt: 2025-10-22 21:32:50 -0400 (Wed, 22 Oct 2025) |
| EllapsedTime: 48.0 seconds |
| RetCode: 0 |
| Status: WARNINGS |
| CheckDir: BiocGenerics.Rcheck |
| Warnings: 1 |
##############################################################################
##############################################################################
###
### Running command:
###
### /home/biocbuild/bbs-3.22-bioc/R/bin/R CMD check --install=check:BiocGenerics.install-out.txt --library=/home/biocbuild/bbs-3.22-bioc/R/site-library --timings BiocGenerics_0.55.4.tar.gz
###
##############################################################################
##############################################################################
* using log directory ‘/home/biocbuild/bbs-3.22-bioc/meat/BiocGenerics.Rcheck’
* using R version 4.5.1 Patched (2025-08-23 r88802)
* using platform: x86_64-pc-linux-gnu
* R was compiled by
gcc (Ubuntu 13.3.0-6ubuntu2~24.04) 13.3.0
GNU Fortran (Ubuntu 13.3.0-6ubuntu2~24.04) 13.3.0
* running under: Ubuntu 24.04.3 LTS
* using session charset: UTF-8
* checking for file ‘BiocGenerics/DESCRIPTION’ ... OK
* this is package ‘BiocGenerics’ version ‘0.55.4’
* package encoding: UTF-8
* checking package namespace information ... OK
* checking package dependencies ... OK
* checking if this is a source package ... OK
* checking if there is a namespace ... OK
* checking for hidden files and directories ... OK
* checking for portable file names ... OK
* checking for sufficient/correct file permissions ... OK
* checking whether package ‘BiocGenerics’ can be installed ... OK
* checking installed package size ... OK
* checking package directory ... OK
* checking DESCRIPTION meta-information ... NOTE
Packages listed in more than one of Depends, Imports, Suggests, Enhances:
‘methods’ ‘utils’ ‘graphics’ ‘stats’
A package should be listed in only one of these fields.
* checking top-level files ... OK
* checking for left-over files ... OK
* checking index information ... OK
* checking package subdirectories ... OK
* checking code files for non-ASCII characters ... OK
* checking R files for syntax errors ... OK
* checking whether the package can be loaded ... OK
* checking whether the package can be loaded with stated dependencies ... OK
* checking whether the package can be unloaded cleanly ... OK
* checking whether the namespace can be loaded with stated dependencies ... OK
* checking whether the namespace can be unloaded cleanly ... OK
* checking loading without being on the library search path ... OK
* checking dependencies in R code ... NOTE
'library' or 'require' call to ‘RUnit’ in package code.
Please use :: or requireNamespace() instead.
See section 'Suggested packages' in the 'Writing R Extensions' manual.
* checking S3 generic/method consistency ... OK
* checking replacement functions ... OK
* checking foreign function calls ... OK
* checking R code for possible problems ... OK
* checking Rd files ... OK
* checking Rd metadata ... OK
* checking Rd cross-references ... WARNING
Missing link(s) in Rd file 'as.data.frame.Rd':
‘[IRanges]{as.data.frame,IntegerRanges-method}’
Missing link(s) in Rd file 'order.Rd':
‘[IRanges]{order,IntegerRanges-method}’
See section 'Cross-references' in the 'Writing R Extensions' manual.
* checking for missing documentation entries ... OK
* checking for code/documentation mismatches ... OK
* checking Rd \usage sections ... OK
* checking Rd contents ... OK
* checking for unstated dependencies in examples ... OK
* checking examples ... OK
Examples with CPU (user + system) or elapsed time > 5s
user system elapsed
fileName 5.593 0.233 5.826
* checking for unstated dependencies in ‘tests’ ... OK
* checking tests ...
Running ‘run_unitTests.R’
OK
* checking PDF version of manual ... OK
* DONE
Status: 1 WARNING, 2 NOTEs
See
‘/home/biocbuild/bbs-3.22-bioc/meat/BiocGenerics.Rcheck/00check.log’
for details.
BiocGenerics.Rcheck/00install.out
############################################################################## ############################################################################## ### ### Running command: ### ### /home/biocbuild/bbs-3.22-bioc/R/bin/R CMD INSTALL BiocGenerics ### ############################################################################## ############################################################################## * installing to library ‘/home/biocbuild/bbs-3.22-bioc/R/site-library’ * installing *source* package ‘BiocGenerics’ ... ** this is package ‘BiocGenerics’ version ‘0.55.4’ ** using staged installation ** R ** inst ** byte-compile and prepare package for lazy loading Creating a new generic function for ‘aperm’ in package ‘BiocGenerics’ Creating a new generic function for ‘append’ in package ‘BiocGenerics’ Creating a new generic function for ‘as.data.frame’ in package ‘BiocGenerics’ Creating a new generic function for ‘cbind’ in package ‘BiocGenerics’ Creating a new generic function for ‘rbind’ in package ‘BiocGenerics’ Creating a new generic function for ‘do.call’ in package ‘BiocGenerics’ Creating a new generic function for ‘duplicated’ in package ‘BiocGenerics’ Creating a new generic function for ‘anyDuplicated’ in package ‘BiocGenerics’ Creating a new generic function for ‘eval’ in package ‘BiocGenerics’ Creating a new generic function for ‘pmax’ in package ‘BiocGenerics’ Creating a new generic function for ‘pmin’ in package ‘BiocGenerics’ Creating a new generic function for ‘pmax.int’ in package ‘BiocGenerics’ Creating a new generic function for ‘pmin.int’ in package ‘BiocGenerics’ Creating a new generic function for ‘Reduce’ in package ‘BiocGenerics’ Creating a new generic function for ‘Filter’ in package ‘BiocGenerics’ Creating a new generic function for ‘Find’ in package ‘BiocGenerics’ Creating a new generic function for ‘Map’ in package ‘BiocGenerics’ Creating a new generic function for ‘Position’ in package ‘BiocGenerics’ Creating a new generic function for ‘get’ in package ‘BiocGenerics’ Creating a new generic function for ‘mget’ in package ‘BiocGenerics’ Creating a new generic function for ‘grep’ in package ‘BiocGenerics’ Creating a new generic function for ‘grepl’ in package ‘BiocGenerics’ Creating a new generic function for ‘is.unsorted’ in package ‘BiocGenerics’ Creating a new generic function for ‘lapply’ in package ‘BiocGenerics’ Creating a new generic function for ‘sapply’ in package ‘BiocGenerics’ Creating a new generic function for ‘mapply’ in package ‘BiocGenerics’ Creating a new generic function for ‘match’ in package ‘BiocGenerics’ Creating a new generic function for ‘order’ in package ‘BiocGenerics’ Creating a new generic function for ‘paste’ in package ‘BiocGenerics’ Creating a new generic function for ‘rank’ in package ‘BiocGenerics’ Creating a new generic function for ‘rownames’ in package ‘BiocGenerics’ Creating a new generic function for ‘colnames’ in package ‘BiocGenerics’ Creating a new generic function for ‘saveRDS’ in package ‘BiocGenerics’ Creating a new generic function for ‘table’ in package ‘BiocGenerics’ Creating a new generic function for ‘tapply’ in package ‘BiocGenerics’ Creating a new generic function for ‘unique’ in package ‘BiocGenerics’ Creating a new generic function for ‘unsplit’ in package ‘BiocGenerics’ Creating a new generic function for ‘which.min’ in package ‘BiocGenerics’ Creating a new generic function for ‘which.max’ in package ‘BiocGenerics’ Creating a new generic function for ‘IQR’ in package ‘BiocGenerics’ Creating a new generic function for ‘mad’ in package ‘BiocGenerics’ Creating a new generic function for ‘var’ in package ‘BiocGenerics’ Creating a new generic function for ‘sd’ in package ‘BiocGenerics’ Creating a new generic function for ‘xtabs’ in package ‘BiocGenerics’ Creating a new generic function for ‘basename’ in package ‘BiocGenerics’ Creating a new generic function for ‘dirname’ in package ‘BiocGenerics’ ** help *** installing help indices ** building package indices ** testing if installed package can be loaded from temporary location ** testing if installed package can be loaded from final location ** testing if installed package keeps a record of temporary installation path * DONE (BiocGenerics)
BiocGenerics.Rcheck/tests/run_unitTests.Rout
R version 4.5.1 Patched (2025-08-23 r88802) -- "Great Square Root"
Copyright (C) 2025 The R Foundation for Statistical Computing
Platform: x86_64-pc-linux-gnu
R is free software and comes with ABSOLUTELY NO WARRANTY.
You are welcome to redistribute it under certain conditions.
Type 'license()' or 'licence()' for distribution details.
R is a collaborative project with many contributors.
Type 'contributors()' for more information and
'citation()' on how to cite R or R packages in publications.
Type 'demo()' for some demos, 'help()' for on-line help, or
'help.start()' for an HTML browser interface to help.
Type 'q()' to quit R.
> require("BiocGenerics") || stop("unable to load BiocGenerics package")
Loading required package: BiocGenerics
Loading required package: generics
Attaching package: 'generics'
The following objects are masked from 'package:base':
as.difftime, as.factor, as.ordered, intersect, is.element, setdiff,
setequal, union
Attaching package: 'BiocGenerics'
The following objects are masked from 'package:stats':
IQR, mad, sd, var, xtabs
The following objects are masked from 'package:base':
Filter, Find, Map, Position, Reduce, anyDuplicated, aperm, append,
as.data.frame, basename, cbind, colnames, dirname, do.call,
duplicated, eval, evalq, get, grep, grepl, is.unsorted, lapply,
mapply, match, mget, order, paste, pmax, pmax.int, pmin, pmin.int,
rank, rbind, rownames, sapply, saveRDS, table, tapply, unique,
unsplit, which.max, which.min
[1] TRUE
> BiocGenerics:::.test()
Loading required package: S4Vectors
Loading required package: stats4
Attaching package: 'S4Vectors'
The following object is masked from 'package:utils':
findMatches
The following objects are masked from 'package:base':
I, expand.grid, unname
RUNIT TEST PROTOCOL -- Wed Oct 22 21:32:44 2025
***********************************************
Number of test functions: 25
Number of errors: 0
Number of failures: 0
1 Test Suite :
BiocGenerics RUnit Tests - 25 test functions, 0 errors, 0 failures
Number of test functions: 25
Number of errors: 0
Number of failures: 0
>
> proc.time()
user system elapsed
1.825 0.122 1.936
BiocGenerics.Rcheck/BiocGenerics-Ex.timings
| name | user | system | elapsed | |
| BiocGenerics-package | 0.001 | 0.000 | 0.001 | |
| Extremes | 0.006 | 0.001 | 0.007 | |
| IQR | 0.001 | 0.000 | 0.001 | |
| Ontology | 2.991 | 0.148 | 3.139 | |
| annotation | 0.009 | 0.002 | 0.010 | |
| aperm | 0.001 | 0.001 | 0.002 | |
| append | 0.002 | 0.000 | 0.002 | |
| as.data.frame | 0.002 | 0.000 | 0.002 | |
| as.list | 0.019 | 0.003 | 0.023 | |
| as.vector | 0.003 | 0.000 | 0.002 | |
| boxplot | 0.118 | 0.005 | 0.123 | |
| cbind | 0.019 | 0.000 | 0.020 | |
| combine | 0.038 | 0.002 | 0.039 | |
| containsOutOfMemoryData | 3.734 | 0.120 | 3.854 | |
| dbconn | 0.052 | 0.000 | 0.051 | |
| density | 0.006 | 0.000 | 0.006 | |
| dims | 0.026 | 0.000 | 0.026 | |
| do.call | 0.001 | 0.000 | 0.002 | |
| duplicated | 0.003 | 0.000 | 0.004 | |
| eval | 0.002 | 0.000 | 0.002 | |
| evalq | 0 | 0 | 0 | |
| fileName | 5.593 | 0.233 | 5.826 | |
| format | 0.010 | 0.000 | 0.011 | |
| funprog | 0.006 | 0.000 | 0.006 | |
| get | 0.001 | 0.002 | 0.003 | |
| grep | 0.002 | 0.000 | 0.002 | |
| image | 0.029 | 0.000 | 0.030 | |
| is.unsorted | 0.002 | 0.001 | 0.002 | |
| lapply | 0.003 | 0.000 | 0.003 | |
| longForm | 0.097 | 0.005 | 0.102 | |
| mad | 0.002 | 0.000 | 0.001 | |
| mapply | 0.001 | 0.000 | 0.001 | |
| match | 0.153 | 0.000 | 0.153 | |
| mean | 0.01 | 0.00 | 0.01 | |
| normalize | 0.024 | 0.000 | 0.025 | |
| nrow | 0.039 | 0.000 | 0.039 | |
| order | 0.002 | 0.000 | 0.002 | |
| organism_species | 0.157 | 0.003 | 0.160 | |
| paste | 0.002 | 0.000 | 0.002 | |
| paste2 | 0.004 | 0.000 | 0.005 | |
| path | 0.023 | 0.001 | 0.025 | |
| plotMA | 3.224 | 0.231 | 3.455 | |
| plotPCA | 1.932 | 0.024 | 1.956 | |
| rank | 0.004 | 0.000 | 0.004 | |
| relist | 0.010 | 0.002 | 0.013 | |
| rep | 0.010 | 0.000 | 0.011 | |
| residuals | 0.01 | 0.00 | 0.01 | |
| row_colnames | 0.029 | 0.000 | 0.028 | |
| saveRDS | 0.002 | 0.000 | 0.001 | |
| score | 0.059 | 0.002 | 0.061 | |
| setops | 0.042 | 0.001 | 0.042 | |
| sort | 0.011 | 0.000 | 0.010 | |
| start | 0.068 | 0.001 | 0.068 | |
| strand | 0.070 | 0.001 | 0.072 | |
| subset | 0.033 | 0.000 | 0.034 | |
| t | 0.011 | 0.000 | 0.010 | |
| table | 0.002 | 0.000 | 0.002 | |
| tapply | 0.002 | 0.000 | 0.002 | |
| testPackage | 0.261 | 0.005 | 0.267 | |
| toTable | 0.057 | 0.000 | 0.057 | |
| type | 0.283 | 0.020 | 0.304 | |
| unique | 0.003 | 0.000 | 0.003 | |
| unlist | 0.002 | 0.000 | 0.002 | |
| unsplit | 0.001 | 0.000 | 0.001 | |
| updateObject | 0.135 | 0.000 | 0.135 | |
| var | 0.002 | 0.000 | 0.002 | |
| weights | 0.009 | 0.000 | 0.009 | |
| which | 0.114 | 0.003 | 0.118 | |
| which.min | 0.037 | 0.000 | 0.037 | |
| xtabs | 0.021 | 0.001 | 0.022 | |