Back to Multiple platform build/check report for BioC 3.22:   simplified   long
A[B]CDEFGHIJKLMNOPQRSTUVWXYZ

This page was generated on 2025-05-28 12:08 -0400 (Wed, 28 May 2025).

HostnameOSArch (*)R versionInstalled pkgs
nebbiolo2Linux (Ubuntu 24.04.1 LTS)x86_644.5.0 (2025-04-11) -- "How About a Twenty-Six" 4756
palomino8Windows Server 2022 Datacenterx644.5.0 (2025-04-11 ucrt) -- "How About a Twenty-Six" 4531
lconwaymacOS 12.7.1 Montereyx86_644.5.0 Patched (2025-04-21 r88169) -- "How About a Twenty-Six" 4568
kjohnson3macOS 13.7.1 Venturaarm644.5.0 Patched (2025-04-21 r88169) -- "How About a Twenty-Six" 4508
taishanLinux (openEuler 24.03 LTS)aarch644.5.0 (2025-04-11) -- "How About a Twenty-Six" 4464
Click on any hostname to see more info about the system (e.g. compilers)      (*) as reported by 'uname -p', except on Windows and Mac OS X

Package 259/2306HostnameOS / ArchINSTALLBUILDCHECKBUILD BIN
BUSpaRse 1.23.0  (landing page)
Lambda Moses
Snapshot Date: 2025-05-27 13:25 -0400 (Tue, 27 May 2025)
git_url: https://git.bioconductor.org/packages/BUSpaRse
git_branch: devel
git_last_commit: 84331dc
git_last_commit_date: 2025-04-15 11:49:15 -0400 (Tue, 15 Apr 2025)
nebbiolo2Linux (Ubuntu 24.04.1 LTS) / x86_64  OK    ERROR  skipped
palomino8Windows Server 2022 Datacenter / x64  OK    ERROR  skippedskipped
lconwaymacOS 12.7.1 Monterey / x86_64  OK    ERROR  skippedskipped
kjohnson3macOS 13.7.1 Ventura / arm64  OK    ERROR  skippedskipped
taishanLinux (openEuler 24.03 LTS) / aarch64  OK    ERROR  skipped


BUILD results for BUSpaRse on lconway

To the developers/maintainers of the BUSpaRse package:
- Allow up to 24 hours (and sometimes 48 hours) for your latest push to git@git.bioconductor.org:packages/BUSpaRse.git to reflect on this report. See Troubleshooting Build Report for more information.
- Use the following Renviron settings to reproduce errors and warnings.
- If 'R CMD check' started to fail recently on the Linux builder(s) over a missing dependency, add the missing dependency to 'Suggests:' in your DESCRIPTION file. See Renviron.bioc for more information.

raw results


Summary

Package: BUSpaRse
Version: 1.23.0
Command: /Library/Frameworks/R.framework/Resources/bin/R CMD build --keep-empty-dirs --no-resave-data BUSpaRse
StartedAt: 2025-05-27 16:10:19 -0400 (Tue, 27 May 2025)
EndedAt: 2025-05-27 16:12:36 -0400 (Tue, 27 May 2025)
EllapsedTime: 137.0 seconds
RetCode: 1
Status:   ERROR  
PackageFile: None
PackageFileSize: NA

Command output

##############################################################################
##############################################################################
###
### Running command:
###
###   /Library/Frameworks/R.framework/Resources/bin/R CMD build --keep-empty-dirs --no-resave-data BUSpaRse
###
##############################################################################
##############################################################################


* checking for file ‘BUSpaRse/DESCRIPTION’ ... OK
* preparing ‘BUSpaRse’:
* checking DESCRIPTION meta-information ... OK
* cleaning src
* installing the package to build vignettes
* creating vignettes ... ERROR
--- re-building ‘sparse-matrix.Rmd’ using rmarkdown
0%   10   20   30   40   50   60   70   80   90   100%
[----|----|----|----|----|----|----|----|----|----|
**************************************************|
0%   10   20   30   40   50   60   70   80   90   100%
[----|----|----|----|----|----|----|----|----|----|
**************************************************|
0%   10   20   30   40   50   60   70   80   90   100%
[----|----|----|----|----|----|----|----|----|----|
**************************************************|
0%   10   20   30   40   50   60   70   80   90   100%
[----|----|----|----|----|----|----|----|----|----|
**************************************************|
2025-05-27 16:12:12.052 R[30801:109837274] XType: com.apple.fonts is not accessible.
2025-05-27 16:12:12.052 R[30801:109837274] XType: XTFontStaticRegistry is enabled.
--- finished re-building ‘sparse-matrix.Rmd’

--- re-building ‘tr2g.Rmd’ using rmarkdown

Quitting from tr2g.Rmd:37-42 [unnamed-chunk-2]
~~~~~~~~~~~~~~~~~~~~~~~~~~~~~~~~~~~~~~~~~~~~~~~~~~~~~~~~~~~~~~~~~~~~~~~~~~~~~~~~
<error/rlang_error>
Error:
! Your query has been redirected to http://status.ensembl.org indicating this Ensembl service is currently unavailable.
Look at ?useEnsembl for details on how to try a mirror site.
---
Backtrace:
    ▆
 1. └─BUSpaRse::dl_transcriptome(...)
 2.   └─BUSpaRse:::my_useMart(ensembl_version, mart_use, ds_name, host_use)
 3.     └─biomaRt::useMart(biomart = mart_use, dataset = ds_name, host = host_use)
 4.       └─biomaRt:::.useMart(...)
 5.         └─biomaRt:::.listMarts(...)
~~~~~~~~~~~~~~~~~~~~~~~~~~~~~~~~~~~~~~~~~~~~~~~~~~~~~~~~~~~~~~~~~~~~~~~~~~~~~~~~

Error: processing vignette 'tr2g.Rmd' failed with diagnostics:
Your query has been redirected to http://status.ensembl.org indicating this Ensembl service is currently unavailable.
Look at ?useEnsembl for details on how to try a mirror site.
--- failed re-building ‘tr2g.Rmd’

SUMMARY: processing the following file failed:
  ‘tr2g.Rmd’

Error: Vignette re-building failed.
Execution halted