| Back to Multiple platform build/check report for BioC 3.9 | 
 | 
This page was generated on 2019-04-09 12:00:08 -0400 (Tue, 09 Apr 2019).
| Package 468/1703 | Hostname | OS / Arch | INSTALL | BUILD | CHECK | BUILD BIN | ||||||
| easyRNASeq 2.19.2 Nicolas Delhomme 
 | malbec2 | Linux (Ubuntu 18.04.2 LTS) / x86_64 | OK | ERROR | skipped | |||||||
| tokay2 | Windows Server 2012 R2 Standard / x64 | OK | [ ERROR ] | skipped | skipped | |||||||
| celaya2 | OS X 10.11.6 El Capitan / x86_64 | OK | ERROR | skipped | skipped | |||||||
| merida2 | OS X 10.11.6 El Capitan / x86_64 | OK | ERROR | skipped | skipped | 
| Package: easyRNASeq | 
| Version: 2.19.2 | 
| Command: chmod a+r easyRNASeq -R && C:\Users\biocbuild\bbs-3.9-bioc\R\bin\R.exe CMD build --keep-empty-dirs --no-resave-data easyRNASeq | 
| StartedAt: 2019-04-08 21:39:44 -0400 (Mon, 08 Apr 2019) | 
| EndedAt: 2019-04-08 21:42:16 -0400 (Mon, 08 Apr 2019) | 
| EllapsedTime: 151.9 seconds | 
| RetCode: 1 | 
| Status: ERROR | 
| PackageFile: None | 
| PackageFileSize: NA | 
##############################################################################
##############################################################################
###
### Running command:
###
###   chmod a+r easyRNASeq -R && C:\Users\biocbuild\bbs-3.9-bioc\R\bin\R.exe CMD build --keep-empty-dirs --no-resave-data easyRNASeq
###
##############################################################################
##############################################################################
* checking for file 'easyRNASeq/DESCRIPTION' ... OK
* preparing 'easyRNASeq':
* checking DESCRIPTION meta-information ... OK
* installing the package to build vignettes
* creating vignettes ... ERROR
--- re-building 'simpleRNASeq.Rmd' using rmarkdown
Quitting from lines 21-26 (./Chapters/02-AnnotParam.Rmd) 
Quitting from lines NA-40 (./Chapters/02-AnnotParam.Rmd) 
Error: processing vignette 'simpleRNASeq.Rmd' failed with diagnostics:
Timeout was reached: Connection time-out
--- failed re-building 'simpleRNASeq.Rmd'
--- re-building 'easyRNASeq.Rnw' using Sweave
--- finished re-building 'easyRNASeq.Rnw'
C:/Users/BIOCBU˜1/BBS-3˜1.9-B/R/bin/R CMD Sweave easyRNASeq.Rnw
Output file:  easyRNASeq.tex
C:/Users/BIOCBU˜1/BBS-3˜1.9-B/R/bin/Rscript -e "tools::texi2pdf('easyRNASeq.tex')"
C:/Users/BIOCBU˜1/BBS-3˜1.9-B/R/bin/Rscript -e "rmarkdown::render('simpleRNASeq.Rmd')"
processing file: simpleRNASeq.Rmd
  |                                                                       
  |                                                                 |   0%
  |                                                                       
  |..                                                               |   4%
   inline R code fragments
  |                                                                       
  |.....                                                            |   7%
label: style (with options) 
List of 2
 $ echo   : logi FALSE
 $ results: chr "asis"
  |                                                                       
  |.......                                                          |  11%
  ordinary text without R code
  |                                                                       
  |..........                                                       |  15%
label: unnamed-chunk-1 (with options) 
List of 4
 $ message: logi FALSE
 $ warning: logi FALSE
 $ results: chr "hide"
 $ echo   : logi FALSE
  |                                                                       
  |............                                                     |  19%
  ordinary text without R code
  |                                                                       
  |..............                                                   |  22%
label: unnamed-chunk-2 (with options) 
List of 1
 $ child: chr "Chapters/01-Introduction.Rmd"
processing file: ./Chapters/01-Introduction.Rmd
  |                                                                       
  |                                                                 |   0%
  |                                                                       
  |......................                                           |  33%
  ordinary text without R code
  |                                                                       
  |...........................................                      |  67%
label: library
  |                                                                       
  |.................................................................| 100%
  ordinary text without R code
  |                                                                       
  |.................                                                |  26%
  ordinary text without R code
  |                                                                       
  |...................                                              |  30%
label: unnamed-chunk-3 (with options) 
List of 1
 $ child: chr "Chapters/02-AnnotParam.Rmd"
processing file: ./Chapters/02-AnnotParam.Rmd
  |                                                                       
  |                                                                 |   0%
  |                                                                       
  |.............                                                    |  20%
  ordinary text without R code
  |                                                                       
  |..........................                                       |  40%
label: P trichocarpa annotation
  |                                                                       
  |.......................................                          |  60%
  ordinary text without R code
  |                                                                       
  |....................................................             |  80%
label: AnnotParam
  |                                                                       
  |.................................................................| 100%
  ordinary text without R code
  |                                                                       
  |......................                                           |  33%
  ordinary text without R code
  |                                                                       
  |........................                                         |  37%
label: unnamed-chunk-4 (with options) 
List of 1
 $ child: chr "Chapters/03-SyntheticTranscripts.Rmd"
processing file: ./Chapters/03-SyntheticTranscripts.Rmd
  |                                                                       
  |                                                                 |   0%
  |                                                                       
  |.......                                                          |  11%
  ordinary text without R code
  |                                                                       
  |..............                                                   |  22%
label: create synthetic transcripts
  |                                                                       
  |......................                                           |  33%
  ordinary text without R code
  |                                                                       
  |.............................                                    |  44%
label: save the object
  |                                                                       
  |....................................                             |  56%
  ordinary text without R code
  |                                                                       
  |...........................................                      |  67%
label: create synthetic transcripts as gI
  |                                                                       
  |...................................................              |  78%
  ordinary text without R code
  |                                                                       
  |..........................................................       |  89%
label: export the file
  |                                                                       
  |.................................................................| 100%
  ordinary text without R code
  |                                                                       
  |..........................                                       |  41%
  ordinary text without R code
  |                                                                       
  |.............................                                    |  44%
label: unnamed-chunk-5 (with options) 
List of 1
 $ child: chr "Chapters/04-BamParam.Rmd"
processing file: ./Chapters/04-BamParam.Rmd
  |                                                                       
  |                                                                 |   0%
  |                                                                       
  |.........                                                        |  14%
  ordinary text without R code
  |                                                                       
  |...................                                              |  29%
label: bam files
  |                                                                       
  |............................                                     |  43%
  ordinary text without R code
  |                                                                       
  |.....................................                            |  57%
label: data
  |                                                                       
  |..............................................                   |  71%
  ordinary text without R code
  |                                                                       
  |........................................................         |  86%
label: bamParam
  |                                                                       
  |.................................................................| 100%
  ordinary text without R code
  |                                                                       
  |...............................                                  |  48%
  ordinary text without R code
  |                                                                       
  |..................................                               |  52%
label: unnamed-chunk-6 (with options) 
List of 1
 $ child: chr "Chapters/05-RnaSeqParam.Rmd"
processing file: ./Chapters/05-RnaSeqParam.Rmd
  |                                                                       
  |                                                                 |   0%
  |                                                                       
  |......................                                           |  33%
  ordinary text without R code
  |                                                                       
  |...........................................                      |  67%
label: rnaSeqParam
  |                                                                       
  |.................................................................| 100%
  ordinary text without R code
  |                                                                       
  |....................................                             |  56%
  ordinary text without R code
  |                                                                       
  |.......................................                          |  59%
label: unnamed-chunk-7 (with options) 
List of 1
 $ child: chr "Chapters/06-simpleRNASeq.Rmd"
  |                                                                       
  |.........................................                        |  63%
  ordinary text without R code
  |                                                                       
  |...........................................                      |  67%
label: unnamed-chunk-8 (with options) 
List of 1
 $ child: chr "Chapters/08-Session-Info.Rmd"
processing file: ./Chapters/08-Session-Info.Rmd
  |                                                                       
  |                                                                 |   0%
  |                                                                       
  |................                                                 |  25%
  ordinary text without R code
  |                                                                       
  |................................                                 |  50%
label: session info (with options) 
List of 1
 $ echo: logi FALSE
  |                                                                       
  |.................................................                |  75%
  ordinary text without R code
  |                                                                       
  |.................................................................| 100%
label: cleanup (with options) 
List of 1
 $ echo: logi FALSE
  |                                                                       
  |..............................................                   |  70%
  ordinary text without R code
  |                                                                       
  |................................................                 |  74%
label: unnamed-chunk-9 (with options) 
List of 1
 $ child: chr "Chapters/09-Acknowledgments.Rmd"
  |                                                                       
  |...................................................              |  78%
  ordinary text without R code
  |                                                                       
  |.....................................................            |  81%
label: unnamed-chunk-10 (with options) 
List of 1
 $ child: chr "Chapters/10-Foonotes.Rmd"
processing file: ./Chapters/10-Foonotes.Rmd
  |                                                                       
  |                                                                 |   0%
  |                                                                       
  |.................................................................| 100%
  ordinary text without R code
  |                                                                       
  |.......................................................          |  85%
  ordinary text without R code
  |                                                                       
  |..........................................................       |  89%
label: unnamed-chunk-11 (with options) 
List of 1
 $ child: chr "Chapters/11-Images.Rmd"
  |                                                                       
  |............................................................     |  93%
  ordinary text without R code
  |                                                                       
  |...............................................................  |  96%
label: unnamed-chunk-12 (with options) 
List of 1
 $ child: chr "Chapters/12-Appendix.Rmd"
processing file: ./Chapters/12-Appendix.Rmd
  |                                                                       
  |                                                                 |   0%
  |                                                                       
  |.................................................................| 100%
  ordinary text without R code
  |                                                                       
  |.................................................................| 100%
  ordinary text without R code
output file: simpleRNASeq.knit.md
"C:/PROGRA˜2/Pandoc/pandoc" +RTS -K512m -RTS simpleRNASeq.utf8.md --to html4 --from markdown+autolink_bare_uris+ascii_identifiers+tex_math_single_backslash+smart --output simpleRNASeq.html --email-obfuscation none --self-contained +RTS -K500m -RTS --standalone --section-divs --table-of-contents --toc-depth 3 --template "C:\Users\biocbuild\bbs-3.9-bioc\R\library\rmarkdown\rmd\h\default.html" --no-highlight --variable highlightjs=1 --variable "theme:bootstrap" --include-in-header "C:\Users\biocbuild\bbs-3.9-bioc\tmpdir\RtmpA5Wt4M\rmarkdown-str2850683234ad.html" --mathjax --variable "mathjax-url:https://mathjax.rstudio.com/latest/MathJax.js?config=TeX-AMS-MML_HTMLorMML" --filter pandoc-citeproc 
Output created: simpleRNASeq.html
SUMMARY: processing the following file failed:
  'simpleRNASeq.Rmd'
Error: Vignette re-building failed.
Execution halted