| Back to Multiple platform build/check report for BioC 3.9 | 
 | 
This page was generated on 2019-04-09 13:06:06 -0400 (Tue, 09 Apr 2019).
| Package 1671/1703 | Hostname | OS / Arch | INSTALL | BUILD | CHECK | BUILD BIN | ||||||
| VariantTools 1.25.1 Michael Lawrence 
 | malbec2 | Linux (Ubuntu 18.04.2 LTS) / x86_64 | OK | OK | WARNINGS |  | ||||||
| tokay2 | Windows Server 2012 R2 Standard / x64 | OK | OK | WARNINGS | OK |  | ||||||
| celaya2 | OS X 10.11.6 El Capitan / x86_64 | OK | OK | [ WARNINGS ] | OK |  | ||||||
| merida2 | OS X 10.11.6 El Capitan / x86_64 | OK | OK | WARNINGS | OK | 
| Package: VariantTools | 
| Version: 1.25.1 | 
| Command: /Library/Frameworks/R.framework/Versions/Current/Resources/bin/R CMD check --install=check:VariantTools.install-out.txt --library=/Library/Frameworks/R.framework/Versions/Current/Resources/library --no-vignettes --timings VariantTools_1.25.1.tar.gz | 
| StartedAt: 2019-04-09 06:14:01 -0400 (Tue, 09 Apr 2019) | 
| EndedAt: 2019-04-09 06:21:23 -0400 (Tue, 09 Apr 2019) | 
| EllapsedTime: 442.7 seconds | 
| RetCode: 0 | 
| Status: WARNINGS | 
| CheckDir: VariantTools.Rcheck | 
| Warnings: 1 | 
##############################################################################
##############################################################################
###
### Running command:
###
###   /Library/Frameworks/R.framework/Versions/Current/Resources/bin/R CMD check --install=check:VariantTools.install-out.txt --library=/Library/Frameworks/R.framework/Versions/Current/Resources/library --no-vignettes --timings VariantTools_1.25.1.tar.gz
###
##############################################################################
##############################################################################
* using log directory ‘/Users/biocbuild/bbs-3.9-bioc/meat/VariantTools.Rcheck’
* using R Under development (unstable) (2019-03-18 r76245)
* using platform: x86_64-apple-darwin15.6.0 (64-bit)
* using session charset: UTF-8
* using option ‘--no-vignettes’
* checking for file ‘VariantTools/DESCRIPTION’ ... OK
* checking extension type ... Package
* this is package ‘VariantTools’ version ‘1.25.1’
* checking package namespace information ... OK
* checking package dependencies ... OK
* checking if this is a source package ... OK
* checking if there is a namespace ... OK
* checking for hidden files and directories ... NOTE
Found the following hidden files and directories:
  .BBSoptions
These were most likely included in error. See section ‘Package
structure’ in the ‘Writing R Extensions’ manual.
* checking for portable file names ... OK
* checking for sufficient/correct file permissions ... OK
* checking whether package ‘VariantTools’ can be installed ... OK
* checking installed package size ... NOTE
  installed size is  6.4Mb
  sub-directories of 1Mb or more:
    doc   5.4Mb
* checking package directory ... OK
* checking ‘build’ directory ... OK
* checking DESCRIPTION meta-information ... OK
* checking top-level files ... OK
* checking for left-over files ... OK
* checking index information ... OK
* checking package subdirectories ... OK
* checking R files for non-ASCII characters ... OK
* checking R files for syntax errors ... OK
* checking whether the package can be loaded ... OK
* checking whether the package can be loaded with stated dependencies ... OK
* checking whether the package can be unloaded cleanly ... OK
* checking whether the namespace can be loaded with stated dependencies ... OK
* checking whether the namespace can be unloaded cleanly ... OK
* checking dependencies in R code ... NOTE
Unexported objects imported by ':::' calls:
  ‘BiocGenerics:::testPackage’ ‘IRanges:::unlist_as_integer’
  ‘gmapR:::showSlots’
  See the note in ?`:::` about the use of this operator.
* checking S3 generic/method consistency ... OK
* checking replacement functions ... OK
* checking foreign function calls ... OK
* checking R code for possible problems ... NOTE
LowerFrequencyInOtherFilter : <anonymous>: no visible binding for
  global variable ‘control.alt.depth’
LowerFrequencyInOtherFilter : <anonymous>: no visible binding for
  global variable ‘control.total.depth’
ReadPositionTTestFilter : <anonymous>: no visible binding for global
  variable ‘read.pos.mean’
ReadPositionTTestFilter : <anonymous>: no visible binding for global
  variable ‘read.pos.mean.ref’
ReadPositionTTestFilter : <anonymous>: no visible binding for global
  variable ‘read.pos.var’
ReadPositionTTestFilter : <anonymous>: no visible binding for global
  variable ‘read.pos.var.ref’
ReadPositionTTestFilter : <anonymous>: no visible global function
  definition for ‘rawDepth’
StrandFETFilter : <anonymous>: no visible binding for global variable
  ‘count.plus.ref’
StrandFETFilter : <anonymous>: no visible binding for global variable
  ‘count.minus.ref’
StrandFETFilter : <anonymous>: no visible binding for global variable
  ‘count.plus’
StrandFETFilter : <anonymous>: no visible binding for global variable
  ‘count.minus’
calculateConcordanceMatrix: no visible binding for global variable ‘x’
caseControlFET: no visible binding for global variable
  ‘control.alt.depth’
caseControlFET: no visible binding for global variable
  ‘control.total.depth’
variantGR2Vcf: no visible global function definition for
  ‘variantGRangesIsDeprecated’
variantGR2Vcf: no visible global function definition for
  ‘makeVRangesFromVariantGRanges’
callVariants,GenomicRanges: no visible global function definition for
  ‘variantGRangesIsDeprecated’
callVariants,GenomicRanges: no visible global function definition for
  ‘variantGRangesToVRanges’
Undefined global functions or variables:
  control.alt.depth control.total.depth count.minus count.minus.ref
  count.plus count.plus.ref makeVRangesFromVariantGRanges rawDepth
  read.pos.mean read.pos.mean.ref read.pos.var read.pos.var.ref
  variantGRangesIsDeprecated variantGRangesToVRanges x
* checking Rd files ... WARNING
man/tallyVariants.Rd: non-ASCII input and no declared encoding
problem found in ‘tallyVariants.Rd’
* checking Rd metadata ... OK
* checking Rd cross-references ... OK
* checking for missing documentation entries ... OK
* checking for code/documentation mismatches ... OK
* checking Rd \usage sections ... OK
* checking Rd contents ... OK
* checking for unstated dependencies in examples ... OK
* checking contents of ‘data’ directory ... OK
* checking data for non-ASCII characters ... OK
* checking data for ASCII and uncompressed saves ... OK
* checking sizes of PDF files under ‘inst/doc’ ... OK
* checking installed files from ‘inst/doc’ ... NOTE
The following directories should probably not be installed:
  ‘fig’
Consider the use of a .Rinstignore file: see ‘Writing R Extensions’,
or move the vignette sources from ‘inst/doc’ to ‘vignettes’.
* checking files in ‘vignettes’ ... OK
* checking examples ... OK
Examples with CPU or elapsed time > 5s
                             user system elapsed
callGenotypes              94.576 10.653  63.141
callSampleSpecificVariants 12.306 10.653   8.110
tallyVariants               5.649  5.508   3.297
callVariants                5.692  5.157   3.704
* checking for unstated dependencies in ‘tests’ ... OK
* checking tests ...
  Running ‘VariantTools_unit_tests.R’
 OK
* checking for unstated dependencies in vignettes ... OK
* checking package vignettes in ‘inst/doc’ ... OK
* checking running R code from vignettes ... SKIPPED
* checking re-building of vignette outputs ... SKIPPED
* checking PDF version of manual ... OK
* DONE
Status: 1 WARNING, 5 NOTEs
See
  ‘/Users/biocbuild/bbs-3.9-bioc/meat/VariantTools.Rcheck/00check.log’
for details.
VariantTools.Rcheck/00install.out
############################################################################## ############################################################################## ### ### Running command: ### ### /Library/Frameworks/R.framework/Versions/Current/Resources/bin/R CMD INSTALL VariantTools ### ############################################################################## ############################################################################## * installing to library ‘/Library/Frameworks/R.framework/Versions/3.6/Resources/library’ * installing *source* package ‘VariantTools’ ... ** using staged installation ** R ** data ** inst ** byte-compile and prepare package for lazy loading ** help *** installing help indices ** building package indices ** installing vignettes ‘VariantTools.Rnw’ ** testing if installed package can be loaded from temporary location ** testing if installed package can be loaded from final location ** testing if installed package keeps a record of temporary installation path * DONE (VariantTools)
VariantTools.Rcheck/tests/VariantTools_unit_tests.Rout
R Under development (unstable) (2019-03-18 r76245) -- "Unsuffered Consequences"
Copyright (C) 2019 The R Foundation for Statistical Computing
Platform: x86_64-apple-darwin15.6.0 (64-bit)
R is free software and comes with ABSOLUTELY NO WARRANTY.
You are welcome to redistribute it under certain conditions.
Type 'license()' or 'licence()' for distribution details.
R is a collaborative project with many contributors.
Type 'contributors()' for more information and
'citation()' on how to cite R or R packages in publications.
Type 'demo()' for some demos, 'help()' for on-line help, or
'help.start()' for an HTML browser interface to help.
Type 'q()' to quit R.
> ##require("VariantTools") || stop("unable to load VariantTools package")
> ##VariantTools:::.test()
> 
> proc.time()
   user  system elapsed 
  0.365   0.147   0.455 
VariantTools.Rcheck/VariantTools-Ex.timings
| name | user | system | elapsed | |
| FilterConstructors | 1.728 | 0.178 | 1.912 | |
| annnotateWithControlDepth | 1.412 | 0.017 | 1.429 | |
| callGenotypes | 94.576 | 10.653 | 63.141 | |
| callSampleSpecificVariants | 12.306 | 10.653 | 8.110 | |
| callVariants | 5.692 | 5.157 | 3.704 | |
| callWildtype | 0.595 | 0.112 | 0.706 | |
| pileupVariants | 0.389 | 0.116 | 0.510 | |
| postFilterVariants | 0.593 | 0.093 | 0.685 | |
| qaVariants | 0.390 | 0.067 | 0.456 | |
| tallyVariants | 5.649 | 5.508 | 3.297 | |
| variantGR2Vcf | 0 | 0 | 0 | |
| vignette | 0.015 | 0.011 | 0.026 | |