| Back to Multiple platform build/check report for BioC 3.9 | 
 | 
This page was generated on 2019-04-09 13:36:25 -0400 (Tue, 09 Apr 2019).
| Package 1650/1703 | Hostname | OS / Arch | INSTALL | BUILD | CHECK | BUILD BIN | ||||||
| TTMap 1.5.0 Rachel Jeitziner 
 | malbec2 | Linux (Ubuntu 18.04.2 LTS) / x86_64 | OK | OK | OK |  | ||||||
| tokay2 | Windows Server 2012 R2 Standard / x64 | OK | OK | OK | OK |  | ||||||
| celaya2 | OS X 10.11.6 El Capitan / x86_64 | OK | OK | WARNINGS | OK |  | ||||||
| merida2 | OS X 10.11.6 El Capitan / x86_64 | OK | OK | [ WARNINGS ] | OK | 
| Package: TTMap | 
| Version: 1.5.0 | 
| Command: /Library/Frameworks/R.framework/Versions/Current/Resources/bin/R CMD check --install=check:TTMap.install-out.txt --library=/Library/Frameworks/R.framework/Versions/Current/Resources/library --no-vignettes --timings TTMap_1.5.0.tar.gz | 
| StartedAt: 2019-04-09 04:15:48 -0400 (Tue, 09 Apr 2019) | 
| EndedAt: 2019-04-09 04:20:17 -0400 (Tue, 09 Apr 2019) | 
| EllapsedTime: 269.5 seconds | 
| RetCode: 0 | 
| Status: WARNINGS | 
| CheckDir: TTMap.Rcheck | 
| Warnings: 1 | 
##############################################################################
##############################################################################
###
### Running command:
###
###   /Library/Frameworks/R.framework/Versions/Current/Resources/bin/R CMD check --install=check:TTMap.install-out.txt --library=/Library/Frameworks/R.framework/Versions/Current/Resources/library --no-vignettes --timings TTMap_1.5.0.tar.gz
###
##############################################################################
##############################################################################
* using log directory ‘/Users/biocbuild/bbs-3.9-bioc/meat/TTMap.Rcheck’
* using R Under development (unstable) (2018-11-27 r75683)
* using platform: x86_64-apple-darwin15.6.0 (64-bit)
* using session charset: UTF-8
* using option ‘--no-vignettes’
* checking for file ‘TTMap/DESCRIPTION’ ... OK
* checking extension type ... Package
* this is package ‘TTMap’ version ‘1.5.0’
* checking package namespace information ... OK
* checking package dependencies ... OK
* checking if this is a source package ... OK
* checking if there is a namespace ... OK
* checking for hidden files and directories ... OK
* checking for portable file names ... OK
* checking for sufficient/correct file permissions ... OK
* checking whether package ‘TTMap’ can be installed ... WARNING
Found the following significant warnings:
  Warning: 'rgl_init' failed, running with rgl.useNULL = TRUE
See ‘/Users/biocbuild/bbs-3.9-bioc/meat/TTMap.Rcheck/00install.out’ for details.
* checking installed package size ... OK
* checking package directory ... OK
* checking ‘build’ directory ... OK
* checking DESCRIPTION meta-information ... OK
* checking top-level files ... OK
* checking for left-over files ... OK
* checking index information ... OK
* checking package subdirectories ... OK
* checking R files for non-ASCII characters ... OK
* checking R files for syntax errors ... OK
* checking whether the package can be loaded ... OK
* checking whether the package can be loaded with stated dependencies ... OK
* checking whether the package can be unloaded cleanly ... OK
* checking whether the namespace can be loaded with stated dependencies ... OK
* checking whether the namespace can be unloaded cleanly ... OK
* checking dependencies in R code ... OK
* checking S3 generic/method consistency ... OK
* checking replacement functions ... OK
* checking foreign function calls ... OK
* checking R code for possible problems ... OK
* checking Rd files ... OK
* checking Rd metadata ... OK
* checking Rd cross-references ... OK
* checking for missing documentation entries ... OK
* checking for code/documentation mismatches ... OK
* checking Rd \usage sections ... OK
* checking Rd contents ... OK
* checking for unstated dependencies in examples ... OK
* checking sizes of PDF files under ‘inst/doc’ ... OK
* checking files in ‘vignettes’ ... OK
* checking examples ... OK
Examples with CPU or elapsed time > 5s
                                      user system elapsed
ttmap                               20.773  0.275  21.420
ttmap_sgn_genes                     20.597  0.248  20.999
calcul_e                            19.506  0.471  20.171
hyperrectangle_deviation_assessment 17.011  0.315  17.716
control_adjustment                  16.721  0.214  17.094
* checking for unstated dependencies in vignettes ... OK
* checking package vignettes in ‘inst/doc’ ... OK
* checking running R code from vignettes ... SKIPPED
* checking re-building of vignette outputs ... SKIPPED
* checking PDF version of manual ... OK
* DONE
Status: 1 WARNING
See
  ‘/Users/biocbuild/bbs-3.9-bioc/meat/TTMap.Rcheck/00check.log’
for details.
TTMap.Rcheck/00install.out
############################################################################## ############################################################################## ### ### Running command: ### ### /Library/Frameworks/R.framework/Versions/Current/Resources/bin/R CMD INSTALL TTMap ### ############################################################################## ############################################################################## * installing to library ‘/Library/Frameworks/R.framework/Versions/3.6/Resources/library’ * installing *source* package ‘TTMap’ ... ** R ** byte-compile and prepare package for lazy loading Warning in rgl.init(initValue, onlyNULL) : RGL: GLX extension missing on server Warning: 'rgl_init' failed, running with rgl.useNULL = TRUE ** help *** installing help indices ** building package indices ** installing vignettes ** testing if installed package can be loaded Warning in rgl.init(initValue, onlyNULL) : RGL: GLX extension missing on server Warning: 'rgl_init' failed, running with rgl.useNULL = TRUE * DONE (TTMap)
TTMap.Rcheck/TTMap-Ex.timings
| name | user | system | elapsed | |
| TTMap-package | 0 | 0 | 0 | |
| calcul_e | 19.506 | 0.471 | 20.171 | |
| control_adjustment | 16.721 | 0.214 | 17.094 | |
| generate_correlation | 0.003 | 0.001 | 0.003 | |
| hyperrectangle_deviation_assessment | 17.011 | 0.315 | 17.716 | |
| make_matrices | 4.171 | 0.131 | 4.334 | |
| ttmap | 20.773 | 0.275 | 21.420 | |
| ttmap_sgn_genes | 20.597 | 0.248 | 20.999 | |
| write_pcl | 3.574 | 0.107 | 3.697 | |