| Back to Multiple platform build/check report for BioC 3.8 |
|
This page was generated on 2019-04-16 11:55:05 -0400 (Tue, 16 Apr 2019).
| Package 1164/1649 | Hostname | OS / Arch | INSTALL | BUILD | CHECK | BUILD BIN | ||||||
| plateCore 1.40.1 Errol Strain
| malbec1 | Linux (Ubuntu 16.04.6 LTS) / x86_64 | OK | OK | WARNINGS | |||||||
| merida1 | OS X 10.11.6 El Capitan / x86_64 | OK | OK | [ WARNINGS ] | OK |
| Package: plateCore |
| Version: 1.40.1 |
| Command: /Library/Frameworks/R.framework/Versions/Current/Resources/bin/R CMD check --install=check:plateCore.install-out.txt --library=/Library/Frameworks/R.framework/Versions/Current/Resources/library --no-vignettes --timings plateCore_1.40.1.tar.gz |
| StartedAt: 2019-04-16 01:55:37 -0400 (Tue, 16 Apr 2019) |
| EndedAt: 2019-04-16 01:58:31 -0400 (Tue, 16 Apr 2019) |
| EllapsedTime: 174.4 seconds |
| RetCode: 0 |
| Status: WARNINGS |
| CheckDir: plateCore.Rcheck |
| Warnings: 1 |
##############################################################################
##############################################################################
###
### Running command:
###
### /Library/Frameworks/R.framework/Versions/Current/Resources/bin/R CMD check --install=check:plateCore.install-out.txt --library=/Library/Frameworks/R.framework/Versions/Current/Resources/library --no-vignettes --timings plateCore_1.40.1.tar.gz
###
##############################################################################
##############################################################################
* using log directory ‘/Users/biocbuild/bbs-3.8-bioc/meat/plateCore.Rcheck’
* using R version 3.5.3 (2019-03-11)
* using platform: x86_64-apple-darwin15.6.0 (64-bit)
* using session charset: UTF-8
* using option ‘--no-vignettes’
* checking for file ‘plateCore/DESCRIPTION’ ... OK
* this is package ‘plateCore’ version ‘1.40.1’
* checking package namespace information ... OK
* checking package dependencies ... OK
* checking if this is a source package ... OK
* checking if there is a namespace ... OK
* checking for hidden files and directories ... OK
* checking for portable file names ... OK
* checking for sufficient/correct file permissions ... OK
* checking whether package ‘plateCore’ can be installed ... OK
* checking installed package size ... OK
* checking package directory ... OK
* checking ‘build’ directory ... OK
* checking DESCRIPTION meta-information ... NOTE
Packages listed in more than one of Depends, Imports, Suggests, Enhances:
‘flowCore’ ‘lattice’
A package should be listed in only one of these fields.
* checking top-level files ... OK
* checking for left-over files ... OK
* checking index information ... OK
* checking package subdirectories ... OK
* checking R files for non-ASCII characters ... OK
* checking R files for syntax errors ... OK
* checking whether the package can be loaded ... OK
* checking whether the package can be loaded with stated dependencies ... OK
* checking whether the package can be unloaded cleanly ... OK
* checking whether the namespace can be loaded with stated dependencies ... OK
* checking whether the namespace can be unloaded cleanly ... OK
* checking dependencies in R code ... NOTE
Packages in Depends field not imported from:
‘flowViz’ ‘latticeExtra’
These packages need to be imported from (in the NAMESPACE file)
for when this namespace is loaded but not attached.
* checking S3 generic/method consistency ... OK
* checking replacement functions ... OK
* checking foreign function calls ... OK
* checking R code for possible problems ... NOTE
panel.xyplot.flowPlate: warning in filterBoundary(filter =
filter[[nm]], parameters = c(channel.x.name, channel.y.name), frame =
frames[[nm]]): partial argument match of 'filter' to 'filter.object'
fixAutoFl,flowPlate: no visible binding for global variable
‘Sample.Type’
fpbind,flowPlate-flowPlate : <anonymous>: no visible binding for global
variable ‘name’
gutterPlot,flowPlate: no visible global function definition for ‘plot’
mfiPlot,flowPlate: no visible global function definition for ‘plot’
plotPlate,flowPlate: no visible global function definition for ‘plot’
setControlGates,flowPlate: no visible binding for global variable
‘Sample.Type’
setControlGates,flowPlate: no visible binding for global variable
‘Channel’
setControlGates,flowPlate : <anonymous>: no visible binding for global
variable ‘Well.Id’
setControlGates,flowPlate : <anonymous>: no visible binding for global
variable ‘plateName’
setControlGates,flowPlate : <anonymous>: no visible binding for global
variable ‘name’
Undefined global functions or variables:
Channel Sample.Type Well.Id name plateName plot
Consider adding
importFrom("graphics", "plot")
to your NAMESPACE file.
* checking Rd files ... OK
* checking Rd metadata ... OK
* checking Rd cross-references ... OK
* checking for missing documentation entries ... WARNING
Undocumented S4 methods:
generic '[' and siglist 'flowPlate,ANY,ANY,ANY'
All user-level objects in a package (including S4 classes and methods)
should have documentation entries.
See chapter ‘Writing R documentation files’ in the ‘Writing R
Extensions’ manual.
* checking for code/documentation mismatches ... OK
* checking Rd \usage sections ... OK
* checking Rd contents ... OK
* checking for unstated dependencies in examples ... OK
* checking contents of ‘data’ directory ... OK
* checking data for non-ASCII characters ... OK
* checking data for ASCII and uncompressed saves ... OK
* checking sizes of PDF files under ‘inst/doc’ ... OK
* checking files in ‘vignettes’ ... OK
* checking examples ... OK
Examples with CPU or elapsed time > 5s
user system elapsed
applyControlGates-methods 8.157 0.063 8.380
summaryStats-methods 7.505 0.047 7.610
mfiPlot-methods 7.010 0.094 7.236
on-methods 5.069 0.070 5.258
* checking for unstated dependencies in vignettes ... OK
* checking package vignettes in ‘inst/doc’ ... OK
* checking running R code from vignettes ... SKIPPED
* checking re-building of vignette outputs ... SKIPPED
* checking PDF version of manual ... OK
* DONE
Status: 1 WARNING, 3 NOTEs
See
‘/Users/biocbuild/bbs-3.8-bioc/meat/plateCore.Rcheck/00check.log’
for details.
plateCore.Rcheck/00install.out
############################################################################## ############################################################################## ### ### Running command: ### ### /Library/Frameworks/R.framework/Versions/Current/Resources/bin/R CMD INSTALL plateCore ### ############################################################################## ############################################################################## * installing to library ‘/Library/Frameworks/R.framework/Versions/3.5/Resources/library’ * installing *source* package ‘plateCore’ ... ** R ** data ** byte-compile and prepare package for lazy loading No methods found in package ‘flowStats’ for request: ‘%on%’ when loading ‘plateCore’ ** help *** installing help indices ** building package indices ** installing vignettes ** testing if installed package can be loaded No methods found in package ‘flowStats’ for request: ‘%on%’ when loading ‘plateCore’ * DONE (plateCore)
plateCore.Rcheck/plateCore-Ex.timings
| name | user | system | elapsed | |
| Subset-methods | 2.151 | 0.037 | 2.198 | |
| applyControlGates-methods | 8.157 | 0.063 | 8.380 | |
| compensate-methods | 2.598 | 0.023 | 2.642 | |
| compensationSet | 0.177 | 0.010 | 0.189 | |
| densityplot-methods | 0.999 | 0.021 | 1.021 | |
| fixAutoFl-methods | 3.178 | 0.046 | 3.248 | |
| flowPlate-class | 2.054 | 0.019 | 2.092 | |
| flowPlate-method | 1.660 | 0.050 | 1.718 | |
| fpbind-methods | 3.328 | 0.023 | 3.361 | |
| getGroups-methods | 0.807 | 0.011 | 0.821 | |
| gutterPlot-methods | 0.841 | 0.019 | 0.864 | |
| mfiPlot-methods | 7.010 | 0.094 | 7.236 | |
| on-methods | 5.069 | 0.070 | 5.258 | |
| panel.densityplot.flowPlate | 0.972 | 0.014 | 0.989 | |
| panel.xyplot.flowPlate | 0.966 | 0.016 | 0.986 | |
| plateCore-package | 1.461 | 0.017 | 1.488 | |
| plateSet-methods | 1.619 | 0.018 | 1.643 | |
| plotPlate-methods | 2.105 | 0.016 | 2.148 | |
| prepanel.densityplot.flowPlate | 1.068 | 0.023 | 1.110 | |
| prepanel.xyplot.flowPlate | 0.915 | 0.014 | 0.942 | |
| setControlGates-methods | 2.280 | 0.024 | 2.366 | |
| summaryStats-methods | 7.505 | 0.047 | 7.610 | |
| wellAnnotation-methods | 0.823 | 0.011 | 0.844 | |
| xyplot-methods | 1.040 | 0.011 | 1.057 | |