| Back to Multiple platform build/check report for BioC 3.8 |
|
This page was generated on 2019-04-16 11:52:43 -0400 (Tue, 16 Apr 2019).
| Package 624/1649 | Hostname | OS / Arch | INSTALL | BUILD | CHECK | BUILD BIN | ||||||
| GenomicDataCommons 1.6.0 Sean Davis
| malbec1 | Linux (Ubuntu 16.04.6 LTS) / x86_64 | OK | OK | [ WARNINGS ] | |||||||
| merida1 | OS X 10.11.6 El Capitan / x86_64 | OK | OK | WARNINGS | OK |
| Package: GenomicDataCommons |
| Version: 1.6.0 |
| Command: /home/biocbuild/bbs-3.8-bioc/R/bin/R CMD check --install=check:GenomicDataCommons.install-out.txt --library=/home/biocbuild/bbs-3.8-bioc/R/library --no-vignettes --timings GenomicDataCommons_1.6.0.tar.gz |
| StartedAt: 2019-04-16 00:11:17 -0400 (Tue, 16 Apr 2019) |
| EndedAt: 2019-04-16 00:13:47 -0400 (Tue, 16 Apr 2019) |
| EllapsedTime: 149.6 seconds |
| RetCode: 0 |
| Status: WARNINGS |
| CheckDir: GenomicDataCommons.Rcheck |
| Warnings: 1 |
############################################################################## ############################################################################## ### ### Running command: ### ### /home/biocbuild/bbs-3.8-bioc/R/bin/R CMD check --install=check:GenomicDataCommons.install-out.txt --library=/home/biocbuild/bbs-3.8-bioc/R/library --no-vignettes --timings GenomicDataCommons_1.6.0.tar.gz ### ############################################################################## ############################################################################## * using log directory ‘/home/biocbuild/bbs-3.8-bioc/meat/GenomicDataCommons.Rcheck’ * using R version 3.5.3 (2019-03-11) * using platform: x86_64-pc-linux-gnu (64-bit) * using session charset: UTF-8 * using option ‘--no-vignettes’ * checking for file ‘GenomicDataCommons/DESCRIPTION’ ... OK * checking extension type ... Package * this is package ‘GenomicDataCommons’ version ‘1.6.0’ * checking package namespace information ... OK * checking package dependencies ... OK * checking if this is a source package ... OK * checking if there is a namespace ... OK * checking for hidden files and directories ... OK * checking for portable file names ... OK * checking for sufficient/correct file permissions ... OK * checking whether package ‘GenomicDataCommons’ can be installed ... OK * checking installed package size ... OK * checking package directory ... OK * checking ‘build’ directory ... OK * checking DESCRIPTION meta-information ... OK * checking top-level files ... OK * checking for left-over files ... OK * checking index information ... OK * checking package subdirectories ... OK * checking R files for non-ASCII characters ... OK * checking R files for syntax errors ... OK * checking whether the package can be loaded ... OK * checking whether the package can be loaded with stated dependencies ... OK * checking whether the package can be unloaded cleanly ... OK * checking whether the namespace can be loaded with stated dependencies ... OK * checking whether the namespace can be unloaded cleanly ... OK * checking dependencies in R code ... OK * checking S3 generic/method consistency ... OK * checking replacement functions ... OK * checking foreign function calls ... OK * checking R code for possible problems ... NOTE default_fields.character: no visible binding for global variable ‘defaults’ gdc_rnaseq: no visible binding for global variable ‘case_id’ gdc_rnaseq: no visible binding for global variable ‘file_id’ Undefined global functions or variables: case_id defaults file_id * checking Rd files ... OK * checking Rd metadata ... OK * checking Rd cross-references ... OK * checking for missing documentation entries ... OK * checking for code/documentation mismatches ... OK * checking Rd \usage sections ... WARNING Undocumented arguments in documentation object '.htseq_importer' ‘fnames’ Functions with \usage entries need to have the appropriate \alias entries, and all their arguments documented. The \usage entries must correspond to syntactically valid R code. See chapter ‘Writing R documentation files’ in the ‘Writing R Extensions’ manual. * checking Rd contents ... OK * checking for unstated dependencies in examples ... OK * checking R/sysdata.rda ... OK * checking files in ‘vignettes’ ... OK * checking examples ... OK * checking for unstated dependencies in ‘tests’ ... OK * checking tests ... Running ‘testthat.R’ OK * checking for unstated dependencies in vignettes ... OK * checking package vignettes in ‘inst/doc’ ... OK * checking running R code from vignettes ... SKIPPED * checking re-building of vignette outputs ... SKIPPED * checking PDF version of manual ... OK * DONE Status: 1 WARNING, 1 NOTE See ‘/home/biocbuild/bbs-3.8-bioc/meat/GenomicDataCommons.Rcheck/00check.log’ for details.
GenomicDataCommons.Rcheck/00install.out
############################################################################## ############################################################################## ### ### Running command: ### ### /home/biocbuild/bbs-3.8-bioc/R/bin/R CMD INSTALL GenomicDataCommons ### ############################################################################## ############################################################################## * installing to library ‘/home/biocbuild/bbs-3.8-bioc/R/library’ * installing *source* package ‘GenomicDataCommons’ ... ** R ** inst ** byte-compile and prepare package for lazy loading ** help *** installing help indices ** building package indices ** installing vignettes ** testing if installed package can be loaded * DONE (GenomicDataCommons)
GenomicDataCommons.Rcheck/tests/testthat.Rout
R version 3.5.3 (2019-03-11) -- "Great Truth"
Copyright (C) 2019 The R Foundation for Statistical Computing
Platform: x86_64-pc-linux-gnu (64-bit)
R is free software and comes with ABSOLUTELY NO WARRANTY.
You are welcome to redistribute it under certain conditions.
Type 'license()' or 'licence()' for distribution details.
R is a collaborative project with many contributors.
Type 'contributors()' for more information and
'citation()' on how to cite R or R packages in publications.
Type 'demo()' for some demos, 'help()' for on-line help, or
'help.start()' for an HTML browser interface to help.
Type 'q()' to quit R.
> library(testthat)
> library(GenomicDataCommons)
Loading required package: magrittr
Attaching package: 'magrittr'
The following objects are masked from 'package:testthat':
equals, is_less_than, not
Attaching package: 'GenomicDataCommons'
The following object is masked from 'package:stats':
filter
>
> test_check("GenomicDataCommons")
══ testthat results ═══════════════════════════════════════════════════════════
OK: 48 SKIPPED: 0 FAILED: 0
>
> proc.time()
user system elapsed
9.524 0.312 18.846
GenomicDataCommons.Rcheck/GenomicDataCommons-Ex.timings
| name | user | system | elapsed | |
| aggregations | 0.236 | 0.012 | 0.694 | |
| available_expand | 0.020 | 0.004 | 0.071 | |
| available_fields | 0.060 | 0.000 | 0.171 | |
| available_values | 0.052 | 0.000 | 0.293 | |
| constants | 0.000 | 0.000 | 0.002 | |
| count | 0.088 | 0.004 | 0.271 | |
| default_fields | 0.056 | 0.004 | 0.172 | |
| entity_name | 0.056 | 0.000 | 0.142 | |
| expand | 0.124 | 0.000 | 0.354 | |
| faceting | 0.068 | 0.004 | 0.216 | |
| filtering | 0.432 | 0.012 | 1.132 | |
| gdc_cache | 0.008 | 0.000 | 0.007 | |
| gdc_client | 0.004 | 0.032 | 0.038 | |
| gdc_clinical | 0.228 | 0.012 | 0.632 | |
| gdc_rnaseq | 0.096 | 0.000 | 0.285 | |
| gdc_token | 0.000 | 0.000 | 0.001 | |
| gdcdata | 0.260 | 0.008 | 0.790 | |
| grep_fields | 0.040 | 0.000 | 0.084 | |
| id_field | 0.060 | 0.000 | 0.107 | |
| ids | 0.260 | 0.012 | 0.773 | |
| manifest | 0.196 | 0.004 | 0.344 | |
| mapping | 0.024 | 0.000 | 0.062 | |
| query | 0.068 | 0.000 | 0.169 | |
| readDNAcopy | 0.080 | 0.000 | 0.091 | |
| readHTSeqFile | 0.036 | 0.004 | 0.038 | |
| response | 0.068 | 0.000 | 0.177 | |
| results | 0.064 | 0.004 | 0.177 | |
| results_all | 0.120 | 0.000 | 0.339 | |
| select | 0.136 | 0.004 | 0.376 | |
| slicing | 0 | 0 | 0 | |
| status | 0.016 | 0.000 | 0.055 | |
| transfer | 0 | 0 | 0 | |
| write_manifest | 0.088 | 0.000 | 0.233 | |