| Back to Multiple platform build/check report for BioC 3.6 | 
 | 
This page was generated on 2018-04-12 13:17:37 -0400 (Thu, 12 Apr 2018).
| Package 876/1472 | Hostname | OS / Arch | INSTALL | BUILD | CHECK | BUILD BIN | ||||||
| MLInterfaces 1.58.1 V. Carey 
 | malbec1 | Linux (Ubuntu 16.04.1 LTS) / x86_64 | OK | OK | OK |  | ||||||
| tokay1 | Windows Server 2012 R2 Standard / x64 | OK | OK | [ WARNINGS ] | OK |  | ||||||
| veracruz1 | OS X 10.11.6 El Capitan / x86_64 | OK | OK | OK | OK |  | 
| Package: MLInterfaces | 
| Version: 1.58.1 | 
| Command: rm -rf MLInterfaces.buildbin-libdir MLInterfaces.Rcheck && mkdir MLInterfaces.buildbin-libdir MLInterfaces.Rcheck && C:\Users\biocbuild\bbs-3.6-bioc\R\bin\R.exe CMD INSTALL --build --merge-multiarch --library=MLInterfaces.buildbin-libdir MLInterfaces_1.58.1.tar.gz >MLInterfaces.Rcheck\00install.out 2>&1 && cp MLInterfaces.Rcheck\00install.out MLInterfaces-install.out && C:\Users\biocbuild\bbs-3.6-bioc\R\bin\R.exe CMD check --library=MLInterfaces.buildbin-libdir --install="check:MLInterfaces-install.out" --force-multiarch --no-vignettes --timings MLInterfaces_1.58.1.tar.gz | 
| StartedAt: 2018-04-12 01:33:02 -0400 (Thu, 12 Apr 2018) | 
| EndedAt: 2018-04-12 01:37:30 -0400 (Thu, 12 Apr 2018) | 
| EllapsedTime: 267.6 seconds | 
| RetCode: 0 | 
| Status: WARNINGS | 
| CheckDir: MLInterfaces.Rcheck | 
| Warnings: 1 | 
##############################################################################
##############################################################################
###
### Running command:
###
###   rm -rf MLInterfaces.buildbin-libdir MLInterfaces.Rcheck && mkdir MLInterfaces.buildbin-libdir MLInterfaces.Rcheck && C:\Users\biocbuild\bbs-3.6-bioc\R\bin\R.exe CMD INSTALL --build --merge-multiarch --library=MLInterfaces.buildbin-libdir MLInterfaces_1.58.1.tar.gz >MLInterfaces.Rcheck\00install.out 2>&1 && cp MLInterfaces.Rcheck\00install.out MLInterfaces-install.out  &&  C:\Users\biocbuild\bbs-3.6-bioc\R\bin\R.exe CMD check --library=MLInterfaces.buildbin-libdir --install="check:MLInterfaces-install.out" --force-multiarch --no-vignettes --timings MLInterfaces_1.58.1.tar.gz
###
##############################################################################
##############################################################################
* using log directory 'C:/Users/biocbuild/bbs-3.6-bioc/meat/MLInterfaces.Rcheck'
* using R version 3.4.4 (2018-03-15)
* using platform: x86_64-w64-mingw32 (64-bit)
* using session charset: ISO8859-1
* using option '--no-vignettes'
* checking for file 'MLInterfaces/DESCRIPTION' ... OK
* this is package 'MLInterfaces' version '1.58.1'
* checking package namespace information ... OK
* checking package dependencies ... OK
* checking if this is a source package ... OK
* checking if there is a namespace ... OK
* checking for hidden files and directories ... OK
* checking for portable file names ... OK
* checking whether package 'MLInterfaces' can be installed ... WARNING
Found the following significant warnings:
  Rd warning: C:/Users/biocbuild/bbs-3.6-bioc/tmpdir/RtmpuGBpAz/R.INSTALL32082bb6d39/MLInterfaces/man/MLearn-new.Rd:163: missing file link 'mclapply'
  Rd warning: C:/Users/biocbuild/bbs-3.6-bioc/tmpdir/RtmpuGBpAz/R.INSTALL32082bb6d39/MLInterfaces/man/hclustWidget.Rd:35: missing file link 'ExpressionSet-class'
  Rd warning: C:/Users/biocbuild/bbs-3.6-bioc/tmpdir/RtmpuGBpAz/R.INSTALL32082bb6d39/MLInterfaces/man/xvalSpec.Rd:43: missing file link 'mclapply'
See 'C:/Users/biocbuild/bbs-3.6-bioc/meat/MLInterfaces.Rcheck/00install.out' for details.
* checking installed package size ... OK
* checking package directory ... OK
* checking 'build' directory ... OK
* checking DESCRIPTION meta-information ... OK
* checking top-level files ... OK
* checking for left-over files ... OK
* checking index information ... OK
* checking package subdirectories ... OK
* checking R files for non-ASCII characters ... OK
* checking R files for syntax errors ... OK
* loading checks for arch 'i386'
** checking whether the package can be loaded ... OK
** checking whether the package can be loaded with stated dependencies ... OK
** checking whether the package can be unloaded cleanly ... OK
** checking whether the namespace can be loaded with stated dependencies ... OK
** checking whether the namespace can be unloaded cleanly ... OK
* loading checks for arch 'x64'
** checking whether the package can be loaded ... OK
** checking whether the package can be loaded with stated dependencies ... OK
** checking whether the package can be unloaded cleanly ... OK
** checking whether the namespace can be loaded with stated dependencies ... OK
** checking whether the namespace can be unloaded cleanly ... OK
* checking dependencies in R code ... NOTE
Unexported objects imported by ':::' calls:
  'MASS:::predict.lda' 'ada:::predict.ada' 'e1071:::predict.svm'
  'rpart:::predict.rpart' 'stats:::plot.hclust'
  See the note in ?`:::` about the use of this operator.
* checking S3 generic/method consistency ... OK
* checking replacement functions ... OK
* checking foreign function calls ... OK
* checking R code for possible problems ... NOTE
hclustWidget : <anonymous>: no visible global function definition for
  ':='
hclustWidget : <anonymous>: no visible binding for global variable
  'key'
Undefined global functions or variables:
  := key
* checking Rd files ... NOTE
prepare_Rd: plspinHcube.Rd:17-19: Dropping empty section \details
* checking Rd metadata ... OK
* checking Rd cross-references ... OK
* checking for missing documentation entries ... OK
* checking for code/documentation mismatches ... OK
* checking Rd \usage sections ... OK
* checking Rd contents ... OK
* checking for unstated dependencies in examples ... OK
* checking installed files from 'inst/doc' ... OK
* checking files in 'vignettes' ... OK
* checking examples ...
** running examples for arch 'i386' ... OK
Examples with CPU or elapsed time > 5s
            user system elapsed
MLearn-new 14.59   0.36   16.87
** running examples for arch 'x64' ... OK
Examples with CPU or elapsed time > 5s
            user system elapsed
MLearn-new 16.39   0.24   17.04
* checking for unstated dependencies in 'tests' ... OK
* checking tests ...
** running tests for arch 'i386' ...
  Running 'runTests.R'
 OK
** running tests for arch 'x64' ...
  Running 'runTests.R'
 OK
* checking for unstated dependencies in vignettes ... OK
* checking package vignettes in 'inst/doc' ... OK
* checking running R code from vignettes ... SKIPPED
* checking re-building of vignette outputs ... SKIPPED
* checking PDF version of manual ... OK
* DONE
Status: 1 WARNING, 3 NOTEs
See
  'C:/Users/biocbuild/bbs-3.6-bioc/meat/MLInterfaces.Rcheck/00check.log'
for details.
MLInterfaces.Rcheck/00install.out
install for i386
* installing *source* package 'MLInterfaces' ...
** R
** inst
** preparing package for lazy loading
** help
*** installing help indices
  converting help for package 'MLInterfaces'
    finding HTML links ... done
    MLIntInternals                          html  
    MLearn-new                              html  
Rd warning: C:/Users/biocbuild/bbs-3.6-bioc/tmpdir/RtmpuGBpAz/R.INSTALL32082bb6d39/MLInterfaces/man/MLearn-new.Rd:163: missing file link 'mclapply'
    RAB                                     html  
    balKfold.xvspec                         html  
    classifierOutput-class                  html  
    clusteringOutput-class                  html  
    confuMat-methods                        html  
    confuTab                                html  
    fs.absT                                 html  
    fsHistory                               html  
    hclustWidget                            html  
Rd warning: C:/Users/biocbuild/bbs-3.6-bioc/tmpdir/RtmpuGBpAz/R.INSTALL32082bb6d39/MLInterfaces/man/hclustWidget.Rd:35: missing file link 'ExpressionSet-class'
    learnerSchema-class                     html  
    performance-analytics                   html  
    planarPlot-methods                      html  
    plspinHcube                             html  
    predict.classifierOutput                html  
    projectLearnerToGrid                    html  
    projectedLearner-class                  html  
    raboostCont-class                       html  
    varImpStruct-class                      html  
    xvalLoop                                html  
    xvalSpec                                html  
Rd warning: C:/Users/biocbuild/bbs-3.6-bioc/tmpdir/RtmpuGBpAz/R.INSTALL32082bb6d39/MLInterfaces/man/xvalSpec.Rd:43: missing file link 'mclapply'
** building package indices
** installing vignettes
** testing if installed package can be loaded
In R CMD INSTALL
install for x64
* installing *source* package 'MLInterfaces' ...
** testing if installed package can be loaded
* MD5 sums
packaged installation of 'MLInterfaces' as MLInterfaces_1.58.1.zip
* DONE (MLInterfaces)
In R CMD INSTALL
In R CMD INSTALL
| MLInterfaces.Rcheck/tests_i386/runTests.Rout 
R version 3.4.4 (2018-03-15) -- "Someone to Lean On"
Copyright (C) 2018 The R Foundation for Statistical Computing
Platform: i386-w64-mingw32/i386 (32-bit)
R is free software and comes with ABSOLUTELY NO WARRANTY.
You are welcome to redistribute it under certain conditions.
Type 'license()' or 'licence()' for distribution details.
R is a collaborative project with many contributors.
Type 'contributors()' for more information and
'citation()' on how to cite R or R packages in publications.
Type 'demo()' for some demos, 'help()' for on-line help, or
'help.start()' for an HTML browser interface to help.
Type 'q()' to quit R.
> BiocGenerics:::testPackage("MLInterfaces")
Attaching package: 'BiocGenerics'
The following objects are masked from 'package:parallel':
    clusterApply, clusterApplyLB, clusterCall, clusterEvalQ,
    clusterExport, clusterMap, parApply, parCapply, parLapply,
    parLapplyLB, parRapply, parSapply, parSapplyLB
The following objects are masked from 'package:stats':
    IQR, mad, sd, var, xtabs
The following objects are masked from 'package:base':
    Filter, Find, Map, Position, Reduce, anyDuplicated, append,
    as.data.frame, cbind, colMeans, colSums, colnames, do.call,
    duplicated, eval, evalq, get, grep, grepl, intersect, is.unsorted,
    lapply, lengths, mapply, match, mget, order, paste, pmax, pmax.int,
    pmin, pmin.int, rank, rbind, rowMeans, rowSums, rownames, sapply,
    setdiff, sort, table, tapply, union, unique, unsplit, which,
    which.max, which.min
Welcome to Bioconductor
    Vignettes contain introductory material; view with
    'browseVignettes()'. To cite Bioconductor, see
    'citation("Biobase")', and for packages 'citation("pkgname")'.
Attaching package: 'S4Vectors'
The following object is masked from 'package:base':
    expand.grid
RUNIT TEST PROTOCOL -- Thu Apr 12 01:37:17 2018 
*********************************************** 
Number of test functions: 0 
Number of errors: 0 
Number of failures: 0 
 
1 Test Suite : 
MLInterfaces RUnit Tests - 0 test functions, 0 errors, 0 failures
Number of test functions: 0 
Number of errors: 0 
Number of failures: 0 
> 
> proc.time()
   user  system elapsed 
   5.87    0.35    6.21 
 | MLInterfaces.Rcheck/tests_x64/runTests.Rout 
R version 3.4.4 (2018-03-15) -- "Someone to Lean On"
Copyright (C) 2018 The R Foundation for Statistical Computing
Platform: x86_64-w64-mingw32/x64 (64-bit)
R is free software and comes with ABSOLUTELY NO WARRANTY.
You are welcome to redistribute it under certain conditions.
Type 'license()' or 'licence()' for distribution details.
R is a collaborative project with many contributors.
Type 'contributors()' for more information and
'citation()' on how to cite R or R packages in publications.
Type 'demo()' for some demos, 'help()' for on-line help, or
'help.start()' for an HTML browser interface to help.
Type 'q()' to quit R.
> BiocGenerics:::testPackage("MLInterfaces")
Attaching package: 'BiocGenerics'
The following objects are masked from 'package:parallel':
    clusterApply, clusterApplyLB, clusterCall, clusterEvalQ,
    clusterExport, clusterMap, parApply, parCapply, parLapply,
    parLapplyLB, parRapply, parSapply, parSapplyLB
The following objects are masked from 'package:stats':
    IQR, mad, sd, var, xtabs
The following objects are masked from 'package:base':
    Filter, Find, Map, Position, Reduce, anyDuplicated, append,
    as.data.frame, cbind, colMeans, colSums, colnames, do.call,
    duplicated, eval, evalq, get, grep, grepl, intersect, is.unsorted,
    lapply, lengths, mapply, match, mget, order, paste, pmax, pmax.int,
    pmin, pmin.int, rank, rbind, rowMeans, rowSums, rownames, sapply,
    setdiff, sort, table, tapply, union, unique, unsplit, which,
    which.max, which.min
Welcome to Bioconductor
    Vignettes contain introductory material; view with
    'browseVignettes()'. To cite Bioconductor, see
    'citation("Biobase")', and for packages 'citation("pkgname")'.
Attaching package: 'S4Vectors'
The following object is masked from 'package:base':
    expand.grid
RUNIT TEST PROTOCOL -- Thu Apr 12 01:37:24 2018 
*********************************************** 
Number of test functions: 0 
Number of errors: 0 
Number of failures: 0 
 
1 Test Suite : 
MLInterfaces RUnit Tests - 0 test functions, 0 errors, 0 failures
Number of test functions: 0 
Number of errors: 0 
Number of failures: 0 
> 
> proc.time()
   user  system elapsed 
   6.51    0.12    6.65 
 | 
| MLInterfaces.Rcheck/examples_i386/MLInterfaces-Ex.timings 
 | MLInterfaces.Rcheck/examples_x64/MLInterfaces-Ex.timings 
 |