| Back to Multiple platform build/check report for BioC 3.6 |
|
This page was generated on 2018-04-12 13:28:32 -0400 (Thu, 12 Apr 2018).
| Package 195/1472 | Hostname | OS / Arch | INSTALL | BUILD | CHECK | BUILD BIN | ||||||
| CellMapper 1.4.0 Brad Nelms
| malbec1 | Linux (Ubuntu 16.04.1 LTS) / x86_64 | OK | OK | WARNINGS | |||||||
| tokay1 | Windows Server 2012 R2 Standard / x64 | OK | OK | [ WARNINGS ] | OK | |||||||
| veracruz1 | OS X 10.11.6 El Capitan / x86_64 | OK | ERROR | skipped | skipped |
| Package: CellMapper |
| Version: 1.4.0 |
| Command: rm -rf CellMapper.buildbin-libdir CellMapper.Rcheck && mkdir CellMapper.buildbin-libdir CellMapper.Rcheck && C:\Users\biocbuild\bbs-3.6-bioc\R\bin\R.exe CMD INSTALL --build --merge-multiarch --library=CellMapper.buildbin-libdir CellMapper_1.4.0.tar.gz >CellMapper.Rcheck\00install.out 2>&1 && cp CellMapper.Rcheck\00install.out CellMapper-install.out && C:\Users\biocbuild\bbs-3.6-bioc\R\bin\R.exe CMD check --library=CellMapper.buildbin-libdir --install="check:CellMapper-install.out" --force-multiarch --no-vignettes --timings CellMapper_1.4.0.tar.gz |
| StartedAt: 2018-04-11 22:46:05 -0400 (Wed, 11 Apr 2018) |
| EndedAt: 2018-04-11 22:52:43 -0400 (Wed, 11 Apr 2018) |
| EllapsedTime: 397.7 seconds |
| RetCode: 0 |
| Status: WARNINGS |
| CheckDir: CellMapper.Rcheck |
| Warnings: 1 |
##############################################################################
##############################################################################
###
### Running command:
###
### rm -rf CellMapper.buildbin-libdir CellMapper.Rcheck && mkdir CellMapper.buildbin-libdir CellMapper.Rcheck && C:\Users\biocbuild\bbs-3.6-bioc\R\bin\R.exe CMD INSTALL --build --merge-multiarch --library=CellMapper.buildbin-libdir CellMapper_1.4.0.tar.gz >CellMapper.Rcheck\00install.out 2>&1 && cp CellMapper.Rcheck\00install.out CellMapper-install.out && C:\Users\biocbuild\bbs-3.6-bioc\R\bin\R.exe CMD check --library=CellMapper.buildbin-libdir --install="check:CellMapper-install.out" --force-multiarch --no-vignettes --timings CellMapper_1.4.0.tar.gz
###
##############################################################################
##############################################################################
* using log directory 'C:/Users/biocbuild/bbs-3.6-bioc/meat/CellMapper.Rcheck'
* using R version 3.4.4 (2018-03-15)
* using platform: x86_64-w64-mingw32 (64-bit)
* using session charset: ISO8859-1
* using option '--no-vignettes'
* checking for file 'CellMapper/DESCRIPTION' ... OK
* checking extension type ... Package
* this is package 'CellMapper' version '1.4.0'
* checking package namespace information ... OK
* checking package dependencies ... OK
* checking if this is a source package ... OK
* checking if there is a namespace ... OK
* checking for hidden files and directories ... NOTE
Found the following hidden files and directories:
.BBSoptions
These were most likely included in error. See section 'Package
structure' in the 'Writing R Extensions' manual.
* checking for portable file names ... OK
* checking whether package 'CellMapper' can be installed ... WARNING
Found the following significant warnings:
Rd warning: C:/Users/biocbuild/bbs-3.6-bioc/tmpdir/RtmpIXQ9L7/R.INSTALL19305dcd3ae2/CellMapper/man/CMprep.Rd:51: missing file link 'ExpressionSet'
Rd warning: C:/Users/biocbuild/bbs-3.6-bioc/tmpdir/RtmpIXQ9L7/R.INSTALL19305dcd3ae2/CellMapper/man/CMprep.Rd:52: missing file link 'CellMapperData'
Rd warning: C:/Users/biocbuild/bbs-3.6-bioc/tmpdir/RtmpIXQ9L7/R.INSTALL19305dcd3ae2/CellMapper/man/CMsearch.Rd:74: missing file link 'CellMapperData'
Rd warning: C:/Users/biocbuild/bbs-3.6-bioc/tmpdir/RtmpIXQ9L7/R.INSTALL19305dcd3ae2/CellMapper/man/ExampleGeneLists.Rd:51: missing file link 'CellMapperData'
Rd warning: C:/Users/biocbuild/bbs-3.6-bioc/tmpdir/RtmpIXQ9L7/R.INSTALL19305dcd3ae2/CellMapper/man/ExampleGeneLists.Rd:52: missing file link 'ExperimentHub'
Rd warning: C:/Users/biocbuild/bbs-3.6-bioc/tmpdir/RtmpIXQ9L7/R.INSTALL19305dcd3ae2/CellMapper/man/ReplicateManuscript.Rd:33: missing file link 'CellMapperData'
Rd warning: C:/Users/biocbuild/bbs-3.6-bioc/tmpdir/RtmpIXQ9L7/R.INSTALL19305dcd3ae2/CellMapper/man/ReplicateManuscript.Rd:34: missing file link 'ExperimentHub'
Warning: replacing previous import 'stats::var' by 'S4Vectors::var' when loading 'CellMapper'
Warning: replacing previous import 'stats::sd' by 'S4Vectors::sd' when loading 'CellMapper'
See 'C:/Users/biocbuild/bbs-3.6-bioc/meat/CellMapper.Rcheck/00install.out' for details.
* checking installed package size ... OK
* checking package directory ... OK
* checking 'build' directory ... OK
* checking DESCRIPTION meta-information ... OK
* checking top-level files ... OK
* checking for left-over files ... OK
* checking index information ... OK
* checking package subdirectories ... OK
* checking R files for non-ASCII characters ... OK
* checking R files for syntax errors ... OK
* loading checks for arch 'i386'
** checking whether the package can be loaded ... OK
** checking whether the package can be loaded with stated dependencies ... OK
** checking whether the package can be unloaded cleanly ... OK
** checking whether the namespace can be loaded with stated dependencies ... OK
** checking whether the namespace can be unloaded cleanly ... OK
* loading checks for arch 'x64'
** checking whether the package can be loaded ... OK
** checking whether the package can be loaded with stated dependencies ... OK
** checking whether the package can be unloaded cleanly ... OK
** checking whether the namespace can be loaded with stated dependencies ... OK
** checking whether the namespace can be unloaded cleanly ... OK
* checking dependencies in R code ... OK
* checking S3 generic/method consistency ... OK
* checking replacement functions ... OK
* checking foreign function calls ... OK
* checking R code for possible problems ... OK
* checking Rd files ... OK
* checking Rd metadata ... OK
* checking Rd cross-references ... OK
* checking for missing documentation entries ... OK
* checking for code/documentation mismatches ... OK
* checking Rd \usage sections ... OK
* checking Rd contents ... OK
* checking for unstated dependencies in examples ... OK
* checking contents of 'data' directory ... OK
* checking data for non-ASCII characters ... OK
* checking data for ASCII and uncompressed saves ... OK
* checking installed files from 'inst/doc' ... OK
* checking files in 'vignettes' ... OK
* checking examples ...
** running examples for arch 'i386' ... OK
Examples with CPU or elapsed time > 5s
user system elapsed
ReplicateManuscript 140.13 12.44 180.66
** running examples for arch 'x64' ... OK
Examples with CPU or elapsed time > 5s
user system elapsed
ReplicateManuscript 139.85 10.96 151.17
* checking for unstated dependencies in vignettes ... OK
* checking package vignettes in 'inst/doc' ... OK
* checking running R code from vignettes ... SKIPPED
* checking re-building of vignette outputs ... SKIPPED
* checking PDF version of manual ... OK
* DONE
Status: 1 WARNING, 1 NOTE
See
'C:/Users/biocbuild/bbs-3.6-bioc/meat/CellMapper.Rcheck/00check.log'
for details.
CellMapper.Rcheck/00install.out
install for i386
* installing *source* package 'CellMapper' ...
** R
** data
** inst
** preparing package for lazy loading
Warning: replacing previous import 'stats::var' by 'S4Vectors::var' when loading 'CellMapper'
Warning: replacing previous import 'stats::sd' by 'S4Vectors::sd' when loading 'CellMapper'
** help
*** installing help indices
converting help for package 'CellMapper'
finding HTML links ... done
CMprep html
Rd warning: C:/Users/biocbuild/bbs-3.6-bioc/tmpdir/RtmpIXQ9L7/R.INSTALL19305dcd3ae2/CellMapper/man/CMprep.Rd:51: missing file link 'ExpressionSet'
Rd warning: C:/Users/biocbuild/bbs-3.6-bioc/tmpdir/RtmpIXQ9L7/R.INSTALL19305dcd3ae2/CellMapper/man/CMprep.Rd:52: missing file link 'CellMapperData'
CMsearch html
Rd warning: C:/Users/biocbuild/bbs-3.6-bioc/tmpdir/RtmpIXQ9L7/R.INSTALL19305dcd3ae2/CellMapper/man/CMsearch.Rd:74: missing file link 'CellMapperData'
CellMapperList-class html
ExampleGeneLists html
Rd warning: C:/Users/biocbuild/bbs-3.6-bioc/tmpdir/RtmpIXQ9L7/R.INSTALL19305dcd3ae2/CellMapper/man/ExampleGeneLists.Rd:51: missing file link 'CellMapperData'
Rd warning: C:/Users/biocbuild/bbs-3.6-bioc/tmpdir/RtmpIXQ9L7/R.INSTALL19305dcd3ae2/CellMapper/man/ExampleGeneLists.Rd:52: missing file link 'ExperimentHub'
ReplicateManuscript html
Rd warning: C:/Users/biocbuild/bbs-3.6-bioc/tmpdir/RtmpIXQ9L7/R.INSTALL19305dcd3ae2/CellMapper/man/ReplicateManuscript.Rd:33: missing file link 'CellMapperData'
Rd warning: C:/Users/biocbuild/bbs-3.6-bioc/tmpdir/RtmpIXQ9L7/R.INSTALL19305dcd3ae2/CellMapper/man/ReplicateManuscript.Rd:34: missing file link 'ExperimentHub'
** building package indices
** installing vignettes
** testing if installed package can be loaded
Warning: replacing previous import 'stats::var' by 'S4Vectors::var' when loading 'CellMapper'
Warning: replacing previous import 'stats::sd' by 'S4Vectors::sd' when loading 'CellMapper'
In R CMD INSTALL
install for x64
* installing *source* package 'CellMapper' ...
** testing if installed package can be loaded
Warning: replacing previous import 'stats::sd' by 'S4Vectors::sd' when loading 'CellMapper'
Warning: replacing previous import 'stats::var' by 'S4Vectors::var' when loading 'CellMapper'
* MD5 sums
packaged installation of 'CellMapper' as CellMapper_1.4.0.zip
* DONE (CellMapper)
In R CMD INSTALL
In R CMD INSTALL
|
CellMapper.Rcheck/examples_i386/CellMapper-Ex.timings
|
CellMapper.Rcheck/examples_x64/CellMapper-Ex.timings
|