Back to Build/check report for BioC 3.23:   simplified   long
ABCDE[F]GHIJKLMNOPQRSTUVWXYZ

This page was generated on 2025-11-08 11:32 -0500 (Sat, 08 Nov 2025).

HostnameOSArch (*)R versionInstalled pkgs
nebbiolo1Linux (Ubuntu 24.04.3 LTS)x86_64R Under development (unstable) (2025-10-20 r88955) -- "Unsuffered Consequences" 4821
Click on any hostname to see more info about the system (e.g. compilers)      (*) as reported by 'uname -p', except on Windows and Mac OS X

Package 772/2323HostnameOS / ArchINSTALLBUILDCHECKBUILD BIN
funtooNorm 1.35.0  (landing page)
Kathleen Klein
Snapshot Date: 2025-11-07 13:40 -0500 (Fri, 07 Nov 2025)
git_url: https://git.bioconductor.org/packages/funtooNorm
git_branch: devel
git_last_commit: d940549
git_last_commit_date: 2025-10-29 10:36:21 -0500 (Wed, 29 Oct 2025)
nebbiolo1Linux (Ubuntu 24.04.3 LTS) / x86_64  OK    OK    WARNINGS  UNNEEDED, same version is already published


CHECK results for funtooNorm on nebbiolo1

To the developers/maintainers of the funtooNorm package:
- Allow up to 24 hours (and sometimes 48 hours) for your latest push to git@git.bioconductor.org:packages/funtooNorm.git to reflect on this report. See Troubleshooting Build Report for more information.
- Use the following Renviron settings to reproduce errors and warnings.
- If 'R CMD check' started to fail recently on the Linux builder(s) over a missing dependency, add the missing dependency to 'Suggests:' in your DESCRIPTION file. See Renviron.bioc for more information.

raw results


Summary

Package: funtooNorm
Version: 1.35.0
Command: /home/biocbuild/bbs-3.23-bioc/R/bin/R CMD check --install=check:funtooNorm.install-out.txt --library=/home/biocbuild/bbs-3.23-bioc/R/site-library --timings funtooNorm_1.35.0.tar.gz
StartedAt: 2025-11-07 23:41:16 -0500 (Fri, 07 Nov 2025)
EndedAt: 2025-11-07 23:48:18 -0500 (Fri, 07 Nov 2025)
EllapsedTime: 421.6 seconds
RetCode: 0
Status:   WARNINGS  
CheckDir: funtooNorm.Rcheck
Warnings: 2

Command output

##############################################################################
##############################################################################
###
### Running command:
###
###   /home/biocbuild/bbs-3.23-bioc/R/bin/R CMD check --install=check:funtooNorm.install-out.txt --library=/home/biocbuild/bbs-3.23-bioc/R/site-library --timings funtooNorm_1.35.0.tar.gz
###
##############################################################################
##############################################################################


* using log directory ‘/home/biocbuild/bbs-3.23-bioc/meat/funtooNorm.Rcheck’
* using R Under development (unstable) (2025-10-20 r88955)
* using platform: x86_64-pc-linux-gnu
* R was compiled by
    gcc (Ubuntu 13.3.0-6ubuntu2~24.04) 13.3.0
    GNU Fortran (Ubuntu 13.3.0-6ubuntu2~24.04) 13.3.0
* running under: Ubuntu 24.04.3 LTS
* using session charset: UTF-8
* checking for file ‘funtooNorm/DESCRIPTION’ ... OK
* checking extension type ... Package
* this is package ‘funtooNorm’ version ‘1.35.0’
* checking package namespace information ... OK
* checking package dependencies ... OK
* checking if this is a source package ... OK
* checking if there is a namespace ... OK
* checking for hidden files and directories ... OK
* checking for portable file names ... OK
* checking for sufficient/correct file permissions ... OK
* checking whether package ‘funtooNorm’ can be installed ... OK
* checking installed package size ... OK
* checking package directory ... OK
* checking DESCRIPTION meta-information ... OK
* checking top-level files ... OK
* checking for left-over files ... OK
* checking index information ... OK
* checking package subdirectories ... OK
* checking code files for non-ASCII characters ... OK
* checking R files for syntax errors ... OK
* checking whether the package can be loaded ... OK
* checking whether the package can be loaded with stated dependencies ... OK
* checking whether the package can be unloaded cleanly ... OK
* checking whether the namespace can be loaded with stated dependencies ... OK
* checking whether the namespace can be unloaded cleanly ... OK
* checking loading without being on the library search path ... OK
* checking dependencies in R code ... OK
* checking S3 generic/method consistency ... OK
* checking replacement functions ... OK
* checking foreign function calls ... OK
* checking R code for possible problems ... OK
* checking Rd files ... NOTE
checkRd: (-1) fromRGChannelSet.Rd:5: Lost braces; missing escapes or markup?
     5 | \title{Creates an object of class SampleSet from a RGChannelSet {minfi}}
       |                                                                 ^
* checking Rd metadata ... OK
* checking Rd cross-references ... OK
* checking for missing documentation entries ... OK
* checking for code/documentation mismatches ... OK
* checking Rd \usage sections ... WARNING
Documented arguments not in \usage in Rd file 'show-SampleSet-method.Rd':
  ‘...’

Functions with \usage entries need to have the appropriate \alias
entries, and all their arguments documented.
The \usage entries must correspond to syntactically valid R code.
See chapter ‘Writing R documentation files’ in the ‘Writing R
Extensions’ manual.
* checking Rd contents ... OK
* checking for unstated dependencies in examples ... OK
* checking R/sysdata.rda ... OK
* checking files in ‘vignettes’ ... WARNING
Files in the 'vignettes' directory but no files in 'inst/doc':
  ‘MyEndnoteLibrary.bib’ ‘funtooNorm.Rmd’ ‘funtooNorm.pdf’
  ‘validationcurvesPCRlow.jpg’
Files named as vignettes but with no recognized vignette engine:
   ‘vignettes/funtooNorm.Rmd’
(Is a VignetteBuilder field missing?)
* checking examples ... OK
Examples with CPU (user + system) or elapsed time > 5s
                        user system elapsed
funtooNorm            23.900  0.510  24.412
getNormBeta           23.733  0.405  24.140
getNormM              20.543  0.205  20.750
getSnpM               20.116  0.184  20.305
plotValidationGraph   17.935  0.157  18.104
fromRGChannelSet      12.068  0.618  12.690
getGRanges             6.255  0.125   6.380
show-SampleSet-method  5.292  0.094   5.386
* checking package vignettes ... NOTE
Package has ‘vignettes’ subdirectory but apparently no vignettes.
Perhaps the ‘VignetteBuilder’ information is missing from the
DESCRIPTION file?
* checking PDF version of manual ... OK
* DONE

Status: 2 WARNINGs, 2 NOTEs
See
  ‘/home/biocbuild/bbs-3.23-bioc/meat/funtooNorm.Rcheck/00check.log’
for details.


Installation output

funtooNorm.Rcheck/00install.out

##############################################################################
##############################################################################
###
### Running command:
###
###   /home/biocbuild/bbs-3.23-bioc/R/bin/R CMD INSTALL funtooNorm
###
##############################################################################
##############################################################################


* installing to library ‘/home/biocbuild/bbs-3.23-bioc/R/site-library’
* installing *source* package ‘funtooNorm’ ...
** this is package ‘funtooNorm’ version ‘1.35.0’
** using staged installation
** R
** inst
** byte-compile and prepare package for lazy loading
** help
*** installing help indices
** building package indices
** installing vignettes
** testing if installed package can be loaded from temporary location
** testing if installed package can be loaded from final location
** testing if installed package keeps a record of temporary installation path
* DONE (funtooNorm)

Tests output


Example timings

funtooNorm.Rcheck/funtooNorm-Ex.timings

nameusersystemelapsed
SampleSet-class0.0020.0000.001
agreement0.0010.0000.001
fromRGChannelSet12.068 0.61812.690
funtooNorm23.900 0.51024.412
getGRanges6.2550.1256.380
getNormBeta23.733 0.40524.140
getNormM20.543 0.20520.750
getRawBeta4.6630.0774.740
getSnpM20.116 0.18420.305
plotValidationGraph17.935 0.15718.104
show-SampleSet-method5.2920.0945.386