| Back to Build/check report for BioC 3.23: simplified long |
|
This page was generated on 2025-11-13 11:32 -0500 (Thu, 13 Nov 2025).
| Hostname | OS | Arch (*) | R version | Installed pkgs |
|---|---|---|---|---|
| kjohnson3 | macOS 13.7.7 Ventura | arm64 | R Under development (unstable) (2025-11-04 r88984) -- "Unsuffered Consequences" | 4013 |
| Click on any hostname to see more info about the system (e.g. compilers) (*) as reported by 'uname -p', except on Windows and Mac OS X | ||||
| Package 992/2325 | Hostname | OS / Arch | INSTALL | BUILD | CHECK | BUILD BIN | ||||||||
| HPiP 1.17.0 (landing page) Matineh Rahmatbakhsh
| kjohnson3 | macOS 13.7.7 Ventura / arm64 | OK | ERROR | skipped | skipped | ||||||||
|
To the developers/maintainers of the HPiP package: - Allow up to 24 hours (and sometimes 48 hours) for your latest push to git@git.bioconductor.org:packages/HPiP.git to reflect on this report. See Troubleshooting Build Report for more information. - Use the following Renviron settings to reproduce errors and warnings. - If 'R CMD check' started to fail recently on the Linux builder(s) over a missing dependency, add the missing dependency to 'Suggests:' in your DESCRIPTION file. See Renviron.bioc for more information. |
| Package: HPiP |
| Version: 1.17.0 |
| Command: /Library/Frameworks/R.framework/Resources/bin/R CMD build --keep-empty-dirs --no-resave-data HPiP |
| StartedAt: 2025-11-12 16:29:43 -0500 (Wed, 12 Nov 2025) |
| EndedAt: 2025-11-12 16:35:11 -0500 (Wed, 12 Nov 2025) |
| EllapsedTime: 327.8 seconds |
| RetCode: 1 |
| Status: ERROR |
| PackageFile: None |
| PackageFileSize: NA |
##############################################################################
##############################################################################
###
### Running command:
###
### /Library/Frameworks/R.framework/Resources/bin/R CMD build --keep-empty-dirs --no-resave-data HPiP
###
##############################################################################
##############################################################################
* checking for file ‘HPiP/DESCRIPTION’ ... OK
* preparing ‘HPiP’:
* checking DESCRIPTION meta-information ... OK
* installing the package (it is needed to build vignettes)
* creating vignettes ... ERROR
--- re-building ‘HPiP_tutorial.Rmd’ using rmarkdown
2025-11-12 16:34:48.657 R[64007:2350774] XType: Using static font registry.
Quitting from HPiP_tutorial.Rmd:1123-1133 [unnamed-chunk-57]
~~~~~~~~~~~~~~~~~~~~~~~~~~~~~~~~~~~~~~~~~~~~~~~~~~~~~~~~~~~~~~~~~~~~~~~~~~~~~~~~
NULL
~~~~~~~~~~~~~~~~~~~~~~~~~~~~~~~~~~~~~~~~~~~~~~~~~~~~~~~~~~~~~~~~~~~~~~~~~~~~~~~~
Error: processing vignette 'HPiP_tutorial.Rmd' failed with diagnostics:
Problem while converting geom to grob.
ℹ Error occurred in the 3rd layer.
Caused by error in `UseMethod()`:
! no applicable method for 'rescale' applied to an object of class "c('simpleUnit', 'unit', 'unit_v2')"
--- failed re-building ‘HPiP_tutorial.Rmd’
SUMMARY: processing the following file failed:
‘HPiP_tutorial.Rmd’
Error: Vignette re-building failed.
Execution halted