Back to Multiple platform build/check report for BioC 3.22:   simplified   long
ABCDEFGHIJKLMNOPQR[S]TUVWXYZ

This page was generated on 2025-11-20 12:05 -0500 (Thu, 20 Nov 2025).

HostnameOSArch (*)R versionInstalled pkgs
nebbiolo2Linux (Ubuntu 24.04.3 LTS)x86_644.5.2 (2025-10-31) -- "[Not] Part in a Rumble" 4615
merida1macOS 12.7.6 Montereyx86_644.5.2 Patched (2025-11-05 r88990) -- "[Not] Part in a Rumble" 4610
kjohnson1macOS 13.7.5 Venturaarm644.5.2 Patched (2025-11-04 r88984) -- "[Not] Part in a Rumble" 4598
taishanLinux (openEuler 24.03 LTS)aarch644.5.0 (2025-04-11) -- "How About a Twenty-Six" 4668
Click on any hostname to see more info about the system (e.g. compilers)      (*) as reported by 'uname -p', except on Windows and Mac OS X

Package 1965/2361HostnameOS / ArchINSTALLBUILDCHECKBUILD BIN
scviR 1.10.0  (landing page)
Vincent Carey
Snapshot Date: 2025-11-17 13:45 -0500 (Mon, 17 Nov 2025)
git_url: https://git.bioconductor.org/packages/scviR
git_branch: RELEASE_3_22
git_last_commit: 76c9278
git_last_commit_date: 2025-10-29 11:21:42 -0500 (Wed, 29 Oct 2025)
nebbiolo2Linux (Ubuntu 24.04.3 LTS) / x86_64  OK    OK    OK  UNNEEDED, same version is already published
merida1macOS 12.7.6 Monterey / x86_64  OK    ERROR  skippedskipped
kjohnson1macOS 13.7.5 Ventura / arm64  OK    ERROR  skippedskipped
taishanLinux (openEuler 24.03 LTS) / aarch64  OK    OK    OK  


BUILD results for scviR on merida1

To the developers/maintainers of the scviR package:
- Allow up to 24 hours (and sometimes 48 hours) for your latest push to git@git.bioconductor.org:packages/scviR.git to reflect on this report. See Troubleshooting Build Report for more information.
- Use the following Renviron settings to reproduce errors and warnings.
- If 'R CMD check' started to fail recently on the Linux builder(s) over a missing dependency, add the missing dependency to 'Suggests:' in your DESCRIPTION file. See Renviron.bioc for more information.

raw results


Summary

Package: scviR
Version: 1.10.0
Command: /Library/Frameworks/R.framework/Resources/bin/R CMD build --keep-empty-dirs --no-resave-data scviR
StartedAt: 2025-11-18 02:09:10 -0500 (Tue, 18 Nov 2025)
EndedAt: 2025-11-18 02:12:32 -0500 (Tue, 18 Nov 2025)
EllapsedTime: 201.8 seconds
RetCode: 1
Status:   ERROR  
PackageFile: None
PackageFileSize: NA

Command output

##############################################################################
##############################################################################
###
### Running command:
###
###   /Library/Frameworks/R.framework/Resources/bin/R CMD build --keep-empty-dirs --no-resave-data scviR
###
##############################################################################
##############################################################################


* checking for file ‘scviR/DESCRIPTION’ ... OK
* preparing ‘scviR’:
* checking DESCRIPTION meta-information ... OK
* installing the package to build vignettes
* creating vignettes ... ERROR
--- re-building ‘citeseq_tut.Rmd’ using rmarkdown
--- finished re-building ‘citeseq_tut.Rmd’

--- re-building ‘compch12.Rmd’ using rmarkdown
trying URL 'https://mghp.osn.xsede.org/bir190004-bucket01/BiocScviR/ch12sce.rda'
Content type 'application/octet-stream' length 58079368 bytes (55.4 MB)
==================================================
downloaded 55.4 MB

trying URL 'https://mghp.osn.xsede.org/bir190004-bucket01/BiocScviR/full_5k10k_totalVI.h5ad'
Content type 'application/octet-stream' length 1216903940 bytes (1160.5 MB)
==================================================
downloaded 1160.5 MB

2025-11-18 02:11:43.482 R[71096:24281157] XType: com.apple.fonts is not accessible.
2025-11-18 02:11:43.482 R[71096:24281157] XType: XTFontStaticRegistry is enabled.
trying URL 'https://mghp.osn.xsede.org/bir190004-bucket01/BiocScviR/ch12_allsce.rda'
Content type 'application/octet-stream' length 73798386 bytes (70.4 MB)
==================================================
downloaded 70.4 MB

--- finished re-building ‘compch12.Rmd’

--- re-building ‘new_citeseq.Rmd’ using rmarkdown
trying URL 'https://mghp.osn.xsede.org/bir190004-bucket01/BiocScviR/E44_1_restPBMC_DCpos_filtered_feature_bc_matrix.h5'
Content type 'application/octet-stream' length 40800849 bytes (38.9 MB)
==================================================
downloaded 38.9 MB


Quitting from new_citeseq.Rmd:41-48 [doe44]
~~~~~~~~~~~~~~~~~~~~~~~~~~~~~~~~~~~~~~~~~~~~~~~~~~~~~~~~~~~~~~~~~~~~~~~~~~~~~~~~
<error/rlang_error>
Error in `py_module_import()`:
! ModuleNotFoundError: No module named 'muon'
Run `reticulate::py_last_error()` for details.
---
Backtrace:
    ▆
 1. └─scviR::muonR()
 2.   └─reticulate::import("muon")
 3.     └─reticulate:::py_module_import(module, convert = convert)
~~~~~~~~~~~~~~~~~~~~~~~~~~~~~~~~~~~~~~~~~~~~~~~~~~~~~~~~~~~~~~~~~~~~~~~~~~~~~~~~

Error: processing vignette 'new_citeseq.Rmd' failed with diagnostics:
ModuleNotFoundError: No module named 'muon'
Run `reticulate::py_last_error()` for details.
--- failed re-building ‘new_citeseq.Rmd’

--- re-building ‘scviR.Rmd’ using rmarkdown
--- finished re-building ‘scviR.Rmd’

SUMMARY: processing the following file failed:
  ‘new_citeseq.Rmd’

Error: Vignette re-building failed.
Execution halted