| Back to Multiple platform build/check report for BioC 3.22: simplified long |
|
This page was generated on 2025-11-20 12:06 -0500 (Thu, 20 Nov 2025).
| Hostname | OS | Arch (*) | R version | Installed pkgs |
|---|---|---|---|---|
| nebbiolo2 | Linux (Ubuntu 24.04.3 LTS) | x86_64 | 4.5.2 (2025-10-31) -- "[Not] Part in a Rumble" | 4615 |
| merida1 | macOS 12.7.6 Monterey | x86_64 | 4.5.2 Patched (2025-11-05 r88990) -- "[Not] Part in a Rumble" | 4610 |
| kjohnson1 | macOS 13.7.5 Ventura | arm64 | 4.5.2 Patched (2025-11-04 r88984) -- "[Not] Part in a Rumble" | 4598 |
| taishan | Linux (openEuler 24.03 LTS) | aarch64 | 4.5.0 (2025-04-11) -- "How About a Twenty-Six" | 4668 |
| Click on any hostname to see more info about the system (e.g. compilers) (*) as reported by 'uname -p', except on Windows and Mac OS X | ||||
| Package 1965/2361 | Hostname | OS / Arch | INSTALL | BUILD | CHECK | BUILD BIN | ||||||||
| scviR 1.10.0 (landing page) Vincent Carey
| nebbiolo2 | Linux (Ubuntu 24.04.3 LTS) / x86_64 | OK | OK | OK | |||||||||
| merida1 | macOS 12.7.6 Monterey / x86_64 | OK | ERROR | skipped | skipped | |||||||||
| kjohnson1 | macOS 13.7.5 Ventura / arm64 | OK | ERROR | skipped | skipped | |||||||||
| taishan | Linux (openEuler 24.03 LTS) / aarch64 | OK | OK | OK | ||||||||||
|
To the developers/maintainers of the scviR package: - Allow up to 24 hours (and sometimes 48 hours) for your latest push to git@git.bioconductor.org:packages/scviR.git to reflect on this report. See Troubleshooting Build Report for more information. - Use the following Renviron settings to reproduce errors and warnings. - If 'R CMD check' started to fail recently on the Linux builder(s) over a missing dependency, add the missing dependency to 'Suggests:' in your DESCRIPTION file. See Renviron.bioc for more information. |
| Package: scviR |
| Version: 1.10.0 |
| Command: /Library/Frameworks/R.framework/Resources/bin/R CMD build --keep-empty-dirs --no-resave-data scviR |
| StartedAt: 2025-11-18 00:48:22 -0500 (Tue, 18 Nov 2025) |
| EndedAt: 2025-11-18 00:54:19 -0500 (Tue, 18 Nov 2025) |
| EllapsedTime: 356.9 seconds |
| RetCode: 1 |
| Status: ERROR |
| PackageFile: None |
| PackageFileSize: NA |
##############################################################################
##############################################################################
###
### Running command:
###
### /Library/Frameworks/R.framework/Resources/bin/R CMD build --keep-empty-dirs --no-resave-data scviR
###
##############################################################################
##############################################################################
* checking for file ‘scviR/DESCRIPTION’ ... OK
* preparing ‘scviR’:
* checking DESCRIPTION meta-information ... OK
* installing the package to build vignettes
* creating vignettes ... ERROR
--- re-building ‘citeseq_tut.Rmd’ using rmarkdown
--- finished re-building ‘citeseq_tut.Rmd’
--- re-building ‘compch12.Rmd’ using rmarkdown
trying URL 'https://mghp.osn.xsede.org/bir190004-bucket01/BiocScviR/ch12sce.rda'
Content type 'application/octet-stream' length 58079368 bytes (55.4 MB)
==================================================
downloaded 55.4 MB
trying URL 'https://mghp.osn.xsede.org/bir190004-bucket01/BiocScviR/full_5k10k_totalVI.h5ad'
Content type 'application/octet-stream' length 1216903940 bytes (1160.5 MB)
==================================================
downloaded 1160.5 MB
2025-11-18 00:49:22.938 R[44722:3800975] XType: Using static font registry.
trying URL 'https://mghp.osn.xsede.org/bir190004-bucket01/BiocScviR/ch12_allsce.rda'
Content type 'application/octet-stream' length 73798386 bytes (70.4 MB)
==================================================
downloaded 70.4 MB
--- finished re-building ‘compch12.Rmd’
--- re-building ‘new_citeseq.Rmd’ using rmarkdown
trying URL 'https://mghp.osn.xsede.org/bir190004-bucket01/BiocScviR/E44_1_restPBMC_DCpos_filtered_feature_bc_matrix.h5'
Content type 'application/octet-stream' length 40800849 bytes (38.9 MB)
==================================================
downloaded 38.9 MB
Quitting from new_citeseq.Rmd:41-48 [doe44]
~~~~~~~~~~~~~~~~~~~~~~~~~~~~~~~~~~~~~~~~~~~~~~~~~~~~~~~~~~~~~~~~~~~~~~~~~~~~~~~~
<error/rlang_error>
Error in `py_module_import()`:
! ModuleNotFoundError: No module named 'muon'
Run `reticulate::py_last_error()` for details.
---
Backtrace:
▆
1. └─scviR::muonR()
2. └─reticulate::import("muon")
3. └─reticulate:::py_module_import(module, convert = convert)
~~~~~~~~~~~~~~~~~~~~~~~~~~~~~~~~~~~~~~~~~~~~~~~~~~~~~~~~~~~~~~~~~~~~~~~~~~~~~~~~
Error: processing vignette 'new_citeseq.Rmd' failed with diagnostics:
ModuleNotFoundError: No module named 'muon'
Run `reticulate::py_last_error()` for details.
--- failed re-building ‘new_citeseq.Rmd’
--- re-building ‘scviR.Rmd’ using rmarkdown
--- finished re-building ‘scviR.Rmd’
SUMMARY: processing the following file failed:
‘new_citeseq.Rmd’
Error: Vignette re-building failed.
Execution halted