| Back to Multiple platform build/check report for BioC 3.22: simplified long |
|
This page was generated on 2025-11-20 12:06 -0500 (Thu, 20 Nov 2025).
| Hostname | OS | Arch (*) | R version | Installed pkgs |
|---|---|---|---|---|
| nebbiolo2 | Linux (Ubuntu 24.04.3 LTS) | x86_64 | 4.5.2 (2025-10-31) -- "[Not] Part in a Rumble" | 4615 |
| merida1 | macOS 12.7.6 Monterey | x86_64 | 4.5.2 Patched (2025-11-05 r88990) -- "[Not] Part in a Rumble" | 4610 |
| kjohnson1 | macOS 13.7.5 Ventura | arm64 | 4.5.2 Patched (2025-11-04 r88984) -- "[Not] Part in a Rumble" | 4598 |
| taishan | Linux (openEuler 24.03 LTS) | aarch64 | 4.5.0 (2025-04-11) -- "How About a Twenty-Six" | 4668 |
| Click on any hostname to see more info about the system (e.g. compilers) (*) as reported by 'uname -p', except on Windows and Mac OS X | ||||
| Package 743/2361 | Hostname | OS / Arch | INSTALL | BUILD | CHECK | BUILD BIN | ||||||||
| flagme 1.66.0 (landing page) Mark Robinson
| nebbiolo2 | Linux (Ubuntu 24.04.3 LTS) / x86_64 | OK | OK | WARNINGS | |||||||||
| merida1 | macOS 12.7.6 Monterey / x86_64 | OK | OK | WARNINGS | OK | |||||||||
| kjohnson1 | macOS 13.7.5 Ventura / arm64 | OK | OK | WARNINGS | OK | |||||||||
| taishan | Linux (openEuler 24.03 LTS) / aarch64 | OK | OK | WARNINGS | ||||||||||
|
To the developers/maintainers of the flagme package: - Allow up to 24 hours (and sometimes 48 hours) for your latest push to git@git.bioconductor.org:packages/flagme.git to reflect on this report. See Troubleshooting Build Report for more information. - Use the following Renviron settings to reproduce errors and warnings. - If 'R CMD check' started to fail recently on the Linux builder(s) over a missing dependency, add the missing dependency to 'Suggests:' in your DESCRIPTION file. See Renviron.bioc for more information. |
| Package: flagme |
| Version: 1.66.0 |
| Command: /Library/Frameworks/R.framework/Resources/bin/R CMD check --install=check:flagme.install-out.txt --library=/Library/Frameworks/R.framework/Resources/library --no-vignettes --timings flagme_1.66.0.tar.gz |
| StartedAt: 2025-11-18 06:28:00 -0500 (Tue, 18 Nov 2025) |
| EndedAt: 2025-11-18 06:34:33 -0500 (Tue, 18 Nov 2025) |
| EllapsedTime: 392.6 seconds |
| RetCode: 0 |
| Status: WARNINGS |
| CheckDir: flagme.Rcheck |
| Warnings: 2 |
##############################################################################
##############################################################################
###
### Running command:
###
### /Library/Frameworks/R.framework/Resources/bin/R CMD check --install=check:flagme.install-out.txt --library=/Library/Frameworks/R.framework/Resources/library --no-vignettes --timings flagme_1.66.0.tar.gz
###
##############################################################################
##############################################################################
* using log directory ‘/Users/biocbuild/bbs-3.22-bioc/meat/flagme.Rcheck’
* using R version 4.5.2 Patched (2025-11-04 r88984)
* using platform: aarch64-apple-darwin20
* R was compiled by
Apple clang version 16.0.0 (clang-1600.0.26.6)
GNU Fortran (GCC) 14.2.0
* running under: macOS Ventura 13.7.8
* using session charset: UTF-8
* using option ‘--no-vignettes’
* checking for file ‘flagme/DESCRIPTION’ ... OK
* this is package ‘flagme’ version ‘1.66.0’
* package encoding: UTF-8
* checking package namespace information ... OK
* checking package dependencies ... OK
* checking if this is a source package ... OK
* checking if there is a namespace ... OK
* checking for hidden files and directories ... OK
* checking for portable file names ... OK
* checking for sufficient/correct file permissions ... OK
* checking whether package ‘flagme’ can be installed ... OK
* used C compiler: ‘Apple clang version 15.0.0 (clang-1500.0.40.1)’
* used SDK: ‘MacOSX11.3.1.sdk’
* checking installed package size ... OK
* checking package directory ... OK
* checking ‘build’ directory ... OK
* checking DESCRIPTION meta-information ... OK
* checking top-level files ... OK
* checking for left-over files ... OK
* checking index information ... OK
* checking package subdirectories ... OK
* checking code files for non-ASCII characters ... OK
* checking R files for syntax errors ... OK
* checking whether the package can be loaded ... OK
* checking whether the package can be loaded with stated dependencies ... OK
* checking whether the package can be unloaded cleanly ... OK
* checking whether the namespace can be loaded with stated dependencies ... OK
* checking whether the namespace can be unloaded cleanly ... OK
* checking whether startup messages can be suppressed ... OK
* checking dependencies in R code ... NOTE
Unexported object imported by a ':::' call: ‘xcms:::rectUnique’
See the note in ?`:::` about the use of this operator.
* checking S3 generic/method consistency ... OK
* checking replacement functions ... OK
* checking foreign function calls ... OK
* checking R code for possible problems ... NOTE
addXCMSPeaks: no visible global function definition for ‘bpparam’
addXCMSPeaks: no visible global function definition for ‘sampnames’
addXCMSPeaks : <anonymous> : <anonymous>: no visible global function
definition for ‘setNames’
importSpec : <anonymous>: no visible global function definition for
‘setNames’
Undefined global functions or variables:
bpparam sampnames setNames
Consider adding
importFrom("stats", "setNames")
to your NAMESPACE file.
* checking Rd files ... OK
* checking Rd metadata ... OK
* checking Rd cross-references ... WARNING
Missing link(s) in Rd file 'addXCMSPeaks.Rd':
‘[xcms]{findPeaks-matchedFilter}’ ‘[xcms]{findPeaks-centWave}’
‘[xcms]{peaksDataset}’
Missing link(s) in Rd file 'plotAlignment-peaksAlignment-method.Rd':
‘plotAlignment’
Missing link(s) in Rd file 'plotClustAlignment-clusterAlignment-method.Rd':
‘plotAlignment’
See section 'Cross-references' in the 'Writing R Extensions' manual.
Found the following Rd file(s) with Rd \link{} targets missing package
anchors:
plotAlignment-peaksAlignment-method.Rd: plotAlignment
plotClustAlignment-clusterAlignment-method.Rd: plotAlignment
Please provide package anchors for all Rd \link{} targets not in the
package itself and the base packages.
* checking for missing documentation entries ... WARNING
Undocumented code objects:
‘plotAlignment’ ‘plotChrom’ ‘plotClustAlignment’
Undocumented S4 methods:
generic 'show' and siglist 'betweenAlignment'
All user-level objects in a package (including S4 classes and methods)
should have documentation entries.
See chapter ‘Writing R documentation files’ in the ‘Writing R
Extensions’ manual.
* checking for code/documentation mismatches ... OK
* checking Rd \usage sections ... OK
* checking Rd contents ... OK
* checking for unstated dependencies in examples ... OK
* checking line endings in C/C++/Fortran sources/headers ... OK
* checking compiled code ... NOTE
Note: information on .o files is not available
* checking sizes of PDF files under ‘inst/doc’ ... OK
* checking files in ‘vignettes’ ... OK
* checking examples ... OK
Examples with CPU (user + system) or elapsed time > 5s
user system elapsed
plotAlignedFrags 36.146 6.260 25.736
addXCMSPeaks 21.158 2.834 21.452
progressiveAlignment-class 19.555 3.189 18.780
plotAlignment-peaksAlignment-method 19.069 3.190 17.687
dynRT 19.248 2.900 18.844
plotFrags 18.768 3.095 17.131
retFatMatrix 18.303 3.211 16.851
peaksAlignment-class 18.448 3.011 16.999
corPrt 18.293 2.922 16.810
ndpRT 17.879 3.032 16.810
* checking for unstated dependencies in vignettes ... OK
* checking package vignettes ... OK
* checking running R code from vignettes ... SKIPPED
* checking re-building of vignette outputs ... SKIPPED
* checking PDF version of manual ... OK
* DONE
Status: 2 WARNINGs, 3 NOTEs
See
‘/Users/biocbuild/bbs-3.22-bioc/meat/flagme.Rcheck/00check.log’
for details.
flagme.Rcheck/00install.out
############################################################################## ############################################################################## ### ### Running command: ### ### /Library/Frameworks/R.framework/Resources/bin/R CMD INSTALL flagme ### ############################################################################## ############################################################################## * installing to library ‘/Library/Frameworks/R.framework/Versions/4.5-arm64/Resources/library’ * installing *source* package ‘flagme’ ... ** this is package ‘flagme’ version ‘1.66.0’ ** using staged installation ** libs using C compiler: ‘Apple clang version 15.0.0 (clang-1500.0.40.1)’ using SDK: ‘MacOSX11.3.1.sdk’ clang -arch arm64 -std=gnu2x -I"/Library/Frameworks/R.framework/Resources/include" -DNDEBUG -I/opt/R/arm64/include -fPIC -falign-functions=64 -Wall -g -O2 -c dp.c -o dp.o clang -arch arm64 -std=gnu2x -I"/Library/Frameworks/R.framework/Resources/include" -DNDEBUG -I/opt/R/arm64/include -fPIC -falign-functions=64 -Wall -g -O2 -c init.c -o init.o clang -arch arm64 -std=gnu2x -I"/Library/Frameworks/R.framework/Resources/include" -DNDEBUG -I/opt/R/arm64/include -fPIC -falign-functions=64 -Wall -g -O2 -c pearson.c -o pearson.o clang -arch arm64 -std=gnu2x -dynamiclib -Wl,-headerpad_max_install_names -undefined dynamic_lookup -L/Library/Frameworks/R.framework/Resources/lib -L/opt/R/arm64/lib -o flagme.so dp.o init.o pearson.o -F/Library/Frameworks/R.framework/.. -framework R installing to /Library/Frameworks/R.framework/Versions/4.5-arm64/Resources/library/00LOCK-flagme/00new/flagme/libs ** R ** inst ** byte-compile and prepare package for lazy loading ** help *** installing help indices ** building package indices ** installing vignettes ** testing if installed package can be loaded from temporary location ** checking absolute paths in shared objects and dynamic libraries ** testing if installed package can be loaded from final location ** testing if installed package keeps a record of temporary installation path * DONE (flagme)
flagme.Rcheck/flagme-Ex.timings
| name | user | system | elapsed | |
| addAMDISPeaks | 1.880 | 0.047 | 2.217 | |
| addChromaTOFPeaks | 1.860 | 0.035 | 2.105 | |
| addXCMSPeaks | 21.158 | 2.834 | 21.452 | |
| betweenAlignment | 0 | 0 | 0 | |
| calcTimeDiffs | 3.088 | 0.090 | 3.916 | |
| clusterAlignment | 3.128 | 0.054 | 4.026 | |
| corPrt | 18.293 | 2.922 | 16.810 | |
| dp | 3.187 | 0.060 | 3.861 | |
| dynRT | 19.248 | 2.900 | 18.844 | |
| gatherInfo | 2.761 | 0.068 | 2.996 | |
| imputePeaks | 4.216 | 0.077 | 4.672 | |
| multipleAlignment-class | 2.752 | 0.041 | 3.045 | |
| ndpRT | 17.879 | 3.032 | 16.810 | |
| normDotProduct | 2.790 | 0.067 | 3.119 | |
| parseChromaTOF | 0.849 | 0.015 | 0.959 | |
| parseELU | 0.680 | 0.005 | 0.777 | |
| peaksAlignment-class | 18.448 | 3.011 | 16.999 | |
| peaksDataset | 2.206 | 0.058 | 2.602 | |
| plotAlignedFrags | 36.146 | 6.260 | 25.736 | |
| plotAlignment-peaksAlignment-method | 19.069 | 3.190 | 17.687 | |
| plotChrom-peaksDataset-method | 3.771 | 0.163 | 4.425 | |
| plotClustAlignment-clusterAlignment-method | 2.274 | 0.056 | 2.665 | |
| plotFrags | 18.768 | 3.095 | 17.131 | |
| plotImage | 1.867 | 0.043 | 2.141 | |
| progressiveAlignment-class | 19.555 | 3.189 | 18.780 | |
| retFatMatrix | 18.303 | 3.211 | 16.851 | |
| rmaFitUnit | 3.196 | 0.134 | 3.738 | |