Back to Multiple platform build/check report for BioC 3.22:   simplified   long
ABCDE[F]GHIJKLMNOPQRSTUVWXYZ

This page was generated on 2025-11-20 12:07 -0500 (Thu, 20 Nov 2025).

HostnameOSArch (*)R versionInstalled pkgs
nebbiolo2Linux (Ubuntu 24.04.3 LTS)x86_644.5.2 (2025-10-31) -- "[Not] Part in a Rumble" 4615
merida1macOS 12.7.6 Montereyx86_644.5.2 Patched (2025-11-05 r88990) -- "[Not] Part in a Rumble" 4610
kjohnson1macOS 13.7.5 Venturaarm644.5.2 Patched (2025-11-04 r88984) -- "[Not] Part in a Rumble" 4598
taishanLinux (openEuler 24.03 LTS)aarch644.5.0 (2025-04-11) -- "How About a Twenty-Six" 4668
Click on any hostname to see more info about the system (e.g. compilers)      (*) as reported by 'uname -p', except on Windows and Mac OS X

Package 743/2361HostnameOS / ArchINSTALLBUILDCHECKBUILD BIN
flagme 1.66.0  (landing page)
Mark Robinson , Riccardo Romoli
Snapshot Date: 2025-11-17 13:45 -0500 (Mon, 17 Nov 2025)
git_url: https://git.bioconductor.org/packages/flagme
git_branch: RELEASE_3_22
git_last_commit: cfc1743
git_last_commit_date: 2025-10-29 10:02:01 -0500 (Wed, 29 Oct 2025)
nebbiolo2Linux (Ubuntu 24.04.3 LTS) / x86_64  OK    OK    WARNINGS  UNNEEDED, same version is already published
merida1macOS 12.7.6 Monterey / x86_64  OK    OK    WARNINGS    OK  NO, package depends on 'CAMERA' which is only available as a source package that needs compilation
kjohnson1macOS 13.7.5 Ventura / arm64  OK    OK    WARNINGS    OK  NO, package depends on 'CAMERA' which is only available as a source package that needs compilation
taishanLinux (openEuler 24.03 LTS) / aarch64  OK    OK    WARNINGS  


CHECK results for flagme on taishan

To the developers/maintainers of the flagme package:
- Allow up to 24 hours (and sometimes 48 hours) for your latest push to git@git.bioconductor.org:packages/flagme.git to reflect on this report. See Troubleshooting Build Report for more information.
- Use the following Renviron settings to reproduce errors and warnings.
- If 'R CMD check' started to fail recently on the Linux builder(s) over a missing dependency, add the missing dependency to 'Suggests:' in your DESCRIPTION file. See Renviron.bioc for more information.
- See Martin Grigorov's blog post for how to debug Linux ARM64 related issues on a x86_64 host.

raw results


Summary

Package: flagme
Version: 1.66.0
Command: /home/biocbuild/R/R/bin/R CMD check --install=check:flagme.install-out.txt --library=/home/biocbuild/R/R/site-library --no-vignettes --timings flagme_1.66.0.tar.gz
StartedAt: 2025-11-18 09:52:06 -0000 (Tue, 18 Nov 2025)
EndedAt: 2025-11-18 10:09:02 -0000 (Tue, 18 Nov 2025)
EllapsedTime: 1016.0 seconds
RetCode: 0
Status:   WARNINGS  
CheckDir: flagme.Rcheck
Warnings: 2

Command output

##############################################################################
##############################################################################
###
### Running command:
###
###   /home/biocbuild/R/R/bin/R CMD check --install=check:flagme.install-out.txt --library=/home/biocbuild/R/R/site-library --no-vignettes --timings flagme_1.66.0.tar.gz
###
##############################################################################
##############################################################################


* using log directory ‘/home/biocbuild/bbs-3.22-bioc/meat/flagme.Rcheck’
* using R version 4.5.0 (2025-04-11)
* using platform: aarch64-unknown-linux-gnu
* R was compiled by
    aarch64-unknown-linux-gnu-gcc (GCC) 14.2.0
    GNU Fortran (GCC) 14.2.0
* running under: openEuler 24.03 (LTS)
* using session charset: UTF-8
* using option ‘--no-vignettes’
* checking for file ‘flagme/DESCRIPTION’ ... OK
* this is package ‘flagme’ version ‘1.66.0’
* package encoding: UTF-8
* checking package namespace information ... OK
* checking package dependencies ... OK
* checking if this is a source package ... OK
* checking if there is a namespace ... OK
* checking for hidden files and directories ... OK
* checking for portable file names ... OK
* checking for sufficient/correct file permissions ... OK
* checking whether package ‘flagme’ can be installed ... OK
* used C compiler: ‘aarch64-unknown-linux-gnu-gcc (GCC) 14.2.0’
* checking installed package size ... OK
* checking package directory ... OK
* checking ‘build’ directory ... OK
* checking DESCRIPTION meta-information ... OK
* checking top-level files ... OK
* checking for left-over files ... OK
* checking index information ... OK
* checking package subdirectories ... OK
* checking code files for non-ASCII characters ... OK
* checking R files for syntax errors ... OK
* checking whether the package can be loaded ... OK
* checking whether the package can be loaded with stated dependencies ... OK
* checking whether the package can be unloaded cleanly ... OK
* checking whether the namespace can be loaded with stated dependencies ... OK
* checking whether the namespace can be unloaded cleanly ... OK
* checking loading without being on the library search path ... OK
* checking whether startup messages can be suppressed ... OK
* checking dependencies in R code ... NOTE
Unexported object imported by a ':::' call: ‘xcms:::rectUnique’
  See the note in ?`:::` about the use of this operator.
* checking S3 generic/method consistency ... OK
* checking replacement functions ... OK
* checking foreign function calls ... OK
* checking R code for possible problems ... NOTE
addXCMSPeaks: no visible global function definition for ‘bpparam’
addXCMSPeaks: no visible global function definition for ‘sampnames’
addXCMSPeaks : <anonymous> : <anonymous>: no visible global function
  definition for ‘setNames’
importSpec : <anonymous>: no visible global function definition for
  ‘setNames’
Undefined global functions or variables:
  bpparam sampnames setNames
Consider adding
  importFrom("stats", "setNames")
to your NAMESPACE file.
* checking Rd files ... OK
* checking Rd metadata ... OK
* checking Rd cross-references ... WARNING
Missing link(s) in Rd file 'addXCMSPeaks.Rd':
  ‘[xcms]{findPeaks-matchedFilter}’ ‘[xcms]{findPeaks-centWave}’
  ‘[xcms]{peaksDataset}’

Missing link(s) in Rd file 'plotAlignment-peaksAlignment-method.Rd':
  ‘plotAlignment’

Missing link(s) in Rd file 'plotClustAlignment-clusterAlignment-method.Rd':
  ‘plotAlignment’

See section 'Cross-references' in the 'Writing R Extensions' manual.

Found the following Rd file(s) with Rd \link{} targets missing package
anchors:
  plotAlignment-peaksAlignment-method.Rd: plotAlignment
  plotClustAlignment-clusterAlignment-method.Rd: plotAlignment
Please provide package anchors for all Rd \link{} targets not in the
package itself and the base packages.
* checking for missing documentation entries ... WARNING
Undocumented code objects:
  ‘plotAlignment’ ‘plotChrom’ ‘plotClustAlignment’
Undocumented S4 methods:
  generic 'show' and siglist 'betweenAlignment'
All user-level objects in a package (including S4 classes and methods)
should have documentation entries.
See chapter ‘Writing R documentation files’ in the ‘Writing R
Extensions’ manual.
* checking for code/documentation mismatches ... OK
* checking Rd \usage sections ... OK
* checking Rd contents ... OK
* checking for unstated dependencies in examples ... OK
* checking line endings in C/C++/Fortran sources/headers ... OK
* checking compiled code ... NOTE
Note: information on .o files is not available
* checking files in ‘vignettes’ ... OK
* checking examples ... OK
Examples with CPU (user + system) or elapsed time > 5s
                                             user system elapsed
plotAlignedFrags                           99.031 18.593  66.720
addXCMSPeaks                               57.986 10.509  50.764
corPrt                                     52.655 10.165  45.899
dynRT                                      51.848  9.807  44.900
ndpRT                                      50.059  9.833  43.448
plotFrags                                  50.995  8.422  42.514
plotAlignment-peaksAlignment-method        51.118  7.009  41.432
peaksAlignment-class                       48.987  8.962  42.128
retFatMatrix                               49.317  6.940  40.226
progressiveAlignment-class                 48.262  7.217  40.025
imputePeaks                                11.613  0.239  11.908
plotChrom-peaksDataset-method              10.631  0.060  10.711
calcTimeDiffs                               9.879  0.570  10.481
rmaFitUnit                                  9.505  0.039   9.573
gatherInfo                                  8.137  0.539   8.696
dp                                          8.026  0.443   8.490
clusterAlignment                            8.176  0.291   8.490
multipleAlignment-class                     8.032  0.076   8.130
normDotProduct                              7.333  0.307   7.660
plotClustAlignment-clusterAlignment-method  6.901  0.060   6.976
peaksDataset                                6.426  0.171   6.618
addAMDISPeaks                               5.400  0.224   5.712
addChromaTOFPeaks                           5.219  0.227   5.463
plotImage                                   5.156  0.012   5.180
* checking for unstated dependencies in vignettes ... OK
* checking package vignettes ... OK
* checking running R code from vignettes ... SKIPPED
* checking re-building of vignette outputs ... SKIPPED
* checking PDF version of manual ... OK
* DONE

Status: 2 WARNINGs, 3 NOTEs
See
  ‘/home/biocbuild/bbs-3.22-bioc/meat/flagme.Rcheck/00check.log’
for details.


Installation output

flagme.Rcheck/00install.out

##############################################################################
##############################################################################
###
### Running command:
###
###   /home/biocbuild/R/R/bin/R CMD INSTALL flagme
###
##############################################################################
##############################################################################


* installing to library ‘/home/biocbuild/R/R-4.5.0/site-library’
* installing *source* package ‘flagme’ ...
** this is package ‘flagme’ version ‘1.66.0’
** using staged installation
** libs
using C compiler: ‘aarch64-unknown-linux-gnu-gcc (GCC) 14.2.0’
/opt/ohpc/pub/compiler/gcc/14.2.0/bin/aarch64-unknown-linux-gnu-gcc -std=gnu23 -I"/home/biocbuild/R/R-4.5.0/include" -DNDEBUG   -I/usr/local/include    -fPIC  -g -O2  -Wall -Werror=format-security -c dp.c -o dp.o
dp.c: In function ‘dp’:
dp.c:264:35: warning: ‘tb’ may be used uninitialized [-Wmaybe-uninitialized]
  264 |           phi[(i+1)+(j+1)*(nr+1)] = tb;
      |           ~~~~~~~~~~~~~~~~~~~~~~~~^~~~
dp.c:217:30: note: ‘tb’ was declared here
  217 |   int i,j, nr=*nr_, nc=*nc_, tb, count=0, done=0;
      |                              ^~
dp.c:263:33: warning: ‘cur_min’ may be used uninitialized [-Wmaybe-uninitialized]
  263 |           D[(i+1)+(j+1)*(nr+1)] = cur_min;
      |           ~~~~~~~~~~~~~~~~~~~~~~^~~~~~~~~
dp.c:218:21: note: ‘cur_min’ was declared here
  218 |   double gap=*gap_, cur_min, a, b, c;
      |                     ^~~~~~~
/opt/ohpc/pub/compiler/gcc/14.2.0/bin/aarch64-unknown-linux-gnu-gcc -std=gnu23 -I"/home/biocbuild/R/R-4.5.0/include" -DNDEBUG   -I/usr/local/include    -fPIC  -g -O2  -Wall -Werror=format-security -c init.c -o init.o
/opt/ohpc/pub/compiler/gcc/14.2.0/bin/aarch64-unknown-linux-gnu-gcc -std=gnu23 -I"/home/biocbuild/R/R-4.5.0/include" -DNDEBUG   -I/usr/local/include    -fPIC  -g -O2  -Wall -Werror=format-security -c pearson.c -o pearson.o
/opt/ohpc/pub/compiler/gcc/14.2.0/bin/aarch64-unknown-linux-gnu-gcc -std=gnu23 -shared -L/home/biocbuild/R/R-4.5.0/lib -L/usr/local/lib -o flagme.so dp.o init.o pearson.o -L/home/biocbuild/R/R-4.5.0/lib -lR
installing to /home/biocbuild/R/R-4.5.0/site-library/00LOCK-flagme/00new/flagme/libs
** R
** inst
** byte-compile and prepare package for lazy loading
** help
*** installing help indices
** building package indices
** installing vignettes
** testing if installed package can be loaded from temporary location
** checking absolute paths in shared objects and dynamic libraries
** testing if installed package can be loaded from final location
** testing if installed package keeps a record of temporary installation path
* DONE (flagme)

Tests output


Example timings

flagme.Rcheck/flagme-Ex.timings

nameusersystemelapsed
addAMDISPeaks5.4000.2245.712
addChromaTOFPeaks5.2190.2275.463
addXCMSPeaks57.98610.50950.764
betweenAlignment0.0010.0000.000
calcTimeDiffs 9.879 0.57010.481
clusterAlignment8.1760.2918.490
corPrt52.65510.16545.899
dp8.0260.4438.490
dynRT51.848 9.80744.900
gatherInfo8.1370.5398.696
imputePeaks11.613 0.23911.908
multipleAlignment-class8.0320.0768.130
ndpRT50.059 9.83343.448
normDotProduct7.3330.3077.660
parseChromaTOF2.8640.0082.882
parseELU2.7470.0202.774
peaksAlignment-class48.987 8.96242.128
peaksDataset6.4260.1716.618
plotAlignedFrags99.03118.59366.720
plotAlignment-peaksAlignment-method51.118 7.00941.432
plotChrom-peaksDataset-method10.631 0.06010.711
plotClustAlignment-clusterAlignment-method6.9010.0606.976
plotFrags50.995 8.42242.514
plotImage5.1560.0125.180
progressiveAlignment-class48.262 7.21740.025
retFatMatrix49.317 6.94040.226
rmaFitUnit9.5050.0399.573