Back to Multiple platform build/check report for BioC 3.22:   simplified   long
AB[C]DEFGHIJKLMNOPQRSTUVWXYZ

This page was generated on 2025-11-20 12:04 -0500 (Thu, 20 Nov 2025).

HostnameOSArch (*)R versionInstalled pkgs
nebbiolo2Linux (Ubuntu 24.04.3 LTS)x86_644.5.2 (2025-10-31) -- "[Not] Part in a Rumble" 4615
merida1macOS 12.7.6 Montereyx86_644.5.2 Patched (2025-11-05 r88990) -- "[Not] Part in a Rumble" 4610
kjohnson1macOS 13.7.5 Venturaarm644.5.2 Patched (2025-11-04 r88984) -- "[Not] Part in a Rumble" 4598
taishanLinux (openEuler 24.03 LTS)aarch644.5.0 (2025-04-11) -- "How About a Twenty-Six" 4668
Click on any hostname to see more info about the system (e.g. compilers)      (*) as reported by 'uname -p', except on Windows and Mac OS X

Package 362/2361HostnameOS / ArchINSTALLBUILDCHECKBUILD BIN
ChromSCape 1.20.0  (landing page)
Pacome Prompsy
Snapshot Date: 2025-11-17 13:45 -0500 (Mon, 17 Nov 2025)
git_url: https://git.bioconductor.org/packages/ChromSCape
git_branch: RELEASE_3_22
git_last_commit: a5a7bda
git_last_commit_date: 2025-10-29 11:02:56 -0500 (Wed, 29 Oct 2025)
nebbiolo2Linux (Ubuntu 24.04.3 LTS) / x86_64  OK    OK    WARNINGS  UNNEEDED, same version is already published
merida1macOS 12.7.6 Monterey / x86_64  OK    OK    WARNINGS    OK  UNNEEDED, same version is already published
kjohnson1macOS 13.7.5 Ventura / arm64  OK    OK    WARNINGS    OK  UNNEEDED, same version is already published
taishanLinux (openEuler 24.03 LTS) / aarch64  OK    OK    WARNINGS  


CHECK results for ChromSCape on merida1

To the developers/maintainers of the ChromSCape package:
- Allow up to 24 hours (and sometimes 48 hours) for your latest push to git@git.bioconductor.org:packages/ChromSCape.git to reflect on this report. See Troubleshooting Build Report for more information.
- Use the following Renviron settings to reproduce errors and warnings.
- If 'R CMD check' started to fail recently on the Linux builder(s) over a missing dependency, add the missing dependency to 'Suggests:' in your DESCRIPTION file. See Renviron.bioc for more information.

raw results


Summary

Package: ChromSCape
Version: 1.20.0
Command: /Library/Frameworks/R.framework/Resources/bin/R CMD check --install=check:ChromSCape.install-out.txt --library=/Library/Frameworks/R.framework/Resources/library --no-vignettes --timings ChromSCape_1.20.0.tar.gz
StartedAt: 2025-11-18 05:13:51 -0500 (Tue, 18 Nov 2025)
EndedAt: 2025-11-18 05:42:34 -0500 (Tue, 18 Nov 2025)
EllapsedTime: 1723.1 seconds
RetCode: 0
Status:   WARNINGS  
CheckDir: ChromSCape.Rcheck
Warnings: 1

Command output

##############################################################################
##############################################################################
###
### Running command:
###
###   /Library/Frameworks/R.framework/Resources/bin/R CMD check --install=check:ChromSCape.install-out.txt --library=/Library/Frameworks/R.framework/Resources/library --no-vignettes --timings ChromSCape_1.20.0.tar.gz
###
##############################################################################
##############################################################################


* using log directory ‘/Users/biocbuild/bbs-3.22-bioc/meat/ChromSCape.Rcheck’
* using R version 4.5.2 Patched (2025-11-05 r88990)
* using platform: x86_64-apple-darwin20
* R was compiled by
    Apple clang version 14.0.0 (clang-1400.0.29.202)
    GNU Fortran (GCC) 14.2.0
* running under: macOS Monterey 12.7.6
* using session charset: UTF-8
* using option ‘--no-vignettes’
* checking for file ‘ChromSCape/DESCRIPTION’ ... OK
* this is package ‘ChromSCape’ version ‘1.20.0’
* package encoding: UTF-8
* checking package namespace information ... OK
* checking package dependencies ... INFO
Imports includes 51 non-default packages.
Importing from so many packages makes the package vulnerable to any of
them becoming unavailable.  Move as many as possible to Suggests and
use conditionally.
* checking if this is a source package ... OK
* checking if there is a namespace ... OK
* checking for hidden files and directories ... NOTE
Found the following hidden files and directories:
  .BBSoptions
These were most likely included in error. See section ‘Package
structure’ in the ‘Writing R Extensions’ manual.
* checking for portable file names ... OK
* checking for sufficient/correct file permissions ... OK
* checking whether package ‘ChromSCape’ can be installed ... OK
* used C++ compiler: ‘Apple clang version 14.0.0 (clang-1400.0.29.202)’
* used SDK: ‘MacOSX11.3.1.sdk’
* checking installed package size ... OK
* checking package directory ... OK
* checking ‘build’ directory ... OK
* checking DESCRIPTION meta-information ... OK
* checking top-level files ... OK
* checking for left-over files ... OK
* checking index information ... OK
* checking package subdirectories ... OK
* checking code files for non-ASCII characters ... OK
* checking R files for syntax errors ... OK
* checking whether the package can be loaded ... OK
* checking whether the package can be loaded with stated dependencies ... OK
* checking whether the package can be unloaded cleanly ... OK
* checking whether the namespace can be loaded with stated dependencies ... OK
* checking whether the namespace can be unloaded cleanly ... OK
* checking whether startup messages can be suppressed ... OK
* checking dependencies in R code ... WARNING
'loadNamespace' or 'requireNamespace' call not declared from: ‘flexdashboard’
* checking S3 generic/method consistency ... OK
* checking replacement functions ... OK
* checking foreign function calls ... OK
* checking R code for possible problems ... NOTE
bams_to_matrix_indexes: no visible binding for global variable
  ‘files_dir_list’
enrich_TF_ChEA3_genes: no visible binding for global variable
  ‘CheA3_TF_nTargets’
filter_correlated_cell_scExp: no visible binding for global variable
  ‘run_tsne’
generate_analysis: no visible global function definition for ‘head’
generate_analysis: no visible binding for global variable ‘k’
generate_analysis: no visible binding for global variable
  ‘clusterConsensus’
get_most_variable_cyto: no visible binding for global variable
  ‘cytoBand’
get_most_variable_cyto: no visible binding for global variable
  ‘Fri_cyto’
num_cell_after_QC_filt_scExp: no visible binding for global variable
  ‘sample_id’
num_cell_after_QC_filt_scExp: no visible binding for global variable
  ‘total_counts’
num_cell_scExp: no visible binding for global variable ‘sample_id’
num_cell_scExp: no visible binding for global variable ‘total_counts’
plot_correlation_PCA_scExp: no visible binding for global variable
  ‘Component’
plot_coverage_BigWig: no visible binding for global variable ‘molecule’
plot_coverage_BigWig: no visible binding for global variable
  ‘orientation’
plot_coverage_BigWig: no visible binding for global variable ‘Gene’
plot_gain_or_loss_barplots: no visible binding for global variable
  ‘Gain_or_Loss’
plot_gain_or_loss_barplots: no visible binding for global variable
  ‘ncells’
plot_gain_or_loss_barplots: no visible binding for global variable
  ‘cytoBand’
plot_most_contributing_features: no visible binding for global variable
  ‘genes’
plot_percent_active_feature_scExp: no visible binding for global
  variable ‘group’
plot_percent_active_feature_scExp: no visible binding for global
  variable ‘percent_active’
plot_pie_most_contributing_chr: no visible binding for global variable
  ‘absolute_value’
plot_reduced_dim_scExp: no visible binding for global variable ‘V1’
plot_reduced_dim_scExp: no visible binding for global variable ‘V2’
plot_reduced_dim_scExp: no visible binding for global variable
  ‘cluster’
plot_top_TF_scExp: no visible binding for global variable ‘TF’
rebin_helper: no visible binding for global variable ‘new_row’
rebin_helper: no visible binding for global variable ‘origin_value’
rebin_matrix: no visible binding for global variable ‘group’
subset_bam_call_peaks: no visible binding for global variable
  ‘merged_bam’
Undefined global functions or variables:
  CheA3_TF_nTargets Component Fri_cyto Gain_or_Loss Gene TF V1 V2
  absolute_value cluster clusterConsensus cytoBand files_dir_list genes
  group head k merged_bam molecule ncells new_row orientation
  origin_value percent_active run_tsne sample_id total_counts
Consider adding
  importFrom("utils", "head")
to your NAMESPACE file.
* checking Rd files ... OK
* checking Rd metadata ... OK
* checking Rd cross-references ... OK
* checking for missing documentation entries ... OK
* checking for code/documentation mismatches ... OK
* checking Rd \usage sections ... OK
* checking Rd contents ... OK
* checking for unstated dependencies in examples ... OK
* checking contents of ‘data’ directory ... OK
* checking data for non-ASCII characters ... OK
* checking data for ASCII and uncompressed saves ... OK
* checking line endings in C/C++/Fortran sources/headers ... OK
* checking compiled code ... NOTE
Note: information on .o files is not available
* checking files in ‘vignettes’ ... OK
* checking examples ... OK
Examples with CPU (user + system) or elapsed time > 5s
                                         user system elapsed
get_pathway_mat_scExp                 172.242 12.111 193.878
plot_gain_or_loss_barplots            115.737  0.686 125.582
calculate_CNA                          54.034  4.720  62.774
plot_reduced_dim_scExp_CNA             54.152  0.335  58.639
calculate_logRatio_CNA                 52.424  2.032  62.997
calculate_gain_or_loss                 52.145  1.695  62.584
calculate_cyto_mat                     51.171  1.901  62.463
get_most_variable_cyto                 50.828  0.316  54.866
get_cyto_features                      47.625  0.233  54.073
num_cell_after_cor_filt_scExp          15.493  0.176  16.890
preprocessing_filtering_and_reduction  13.429  0.228  14.296
differential_activation                12.380  0.100  14.150
filter_correlated_cell_scExp           11.435  0.111  13.357
import_scExp                            9.890  1.524  11.899
create_scDataset_raw                    9.616  0.738  12.407
CompareedgeRGLM                         9.135  0.495   9.699
rebin_matrix                            9.079  0.091  41.658
CompareWilcox                           8.121  0.679   7.972
choose_cluster_scExp                    6.232  0.555   7.965
differential_analysis_scExp             6.523  0.042   7.706
consensus_clustering_scExp              5.679  0.495   7.337
enrich_TF_ChEA3_scExp                   1.943  0.104   5.784
enrich_TF_ChEA3_genes                   0.946  0.423   8.745
* checking for unstated dependencies in ‘tests’ ... OK
* checking tests ...
  Running ‘testthat.R’
 OK
* checking for unstated dependencies in vignettes ... OK
* checking package vignettes ... OK
* checking running R code from vignettes ... SKIPPED
* checking re-building of vignette outputs ... SKIPPED
* checking PDF version of manual ... OK
* DONE

Status: 1 WARNING, 3 NOTEs
See
  ‘/Users/biocbuild/bbs-3.22-bioc/meat/ChromSCape.Rcheck/00check.log’
for details.


Installation output

ChromSCape.Rcheck/00install.out

##############################################################################
##############################################################################
###
### Running command:
###
###   /Library/Frameworks/R.framework/Resources/bin/R CMD INSTALL ChromSCape
###
##############################################################################
##############################################################################


* installing to library ‘/Library/Frameworks/R.framework/Versions/4.5-x86_64/Resources/library’
* installing *source* package ‘ChromSCape’ ...
** this is package ‘ChromSCape’ version ‘1.20.0’
** using staged installation
** libs
using C++ compiler: ‘Apple clang version 14.0.0 (clang-1400.0.29.202)’
using SDK: ‘MacOSX11.3.1.sdk’
clang++ -arch x86_64 -std=gnu++17 -I"/Library/Frameworks/R.framework/Resources/include" -DNDEBUG  -I'/Library/Frameworks/R.framework/Versions/4.5-x86_64/Resources/library/Rcpp/include' -I/opt/R/x86_64/include    -fPIC  -falign-functions=64 -Wall -g -O2   -c RcppExports.cpp -o RcppExports.o
clang++ -arch x86_64 -std=gnu++17 -I"/Library/Frameworks/R.framework/Resources/include" -DNDEBUG  -I'/Library/Frameworks/R.framework/Versions/4.5-x86_64/Resources/library/Rcpp/include' -I/opt/R/x86_64/include    -fPIC  -falign-functions=64 -Wall -g -O2   -c as_dist.cpp -o as_dist.o
clang++ -arch x86_64 -std=gnu++17 -dynamiclib -Wl,-headerpad_max_install_names -undefined dynamic_lookup -L/Library/Frameworks/R.framework/Resources/lib -L/opt/R/x86_64/lib -o ChromSCape.so RcppExports.o as_dist.o -F/Library/Frameworks/R.framework/.. -framework R
installing to /Library/Frameworks/R.framework/Versions/4.5-x86_64/Resources/library/00LOCK-ChromSCape/00new/ChromSCape/libs
** R
** data
** inst
** byte-compile and prepare package for lazy loading
** help
*** installing help indices
** building package indices
** installing vignettes
** testing if installed package can be loaded from temporary location
** checking absolute paths in shared objects and dynamic libraries
** testing if installed package can be loaded from final location
** testing if installed package keeps a record of temporary installation path
* DONE (ChromSCape)

Tests output

ChromSCape.Rcheck/tests/testthat.Rout


R version 4.5.2 Patched (2025-11-05 r88990) -- "[Not] Part in a Rumble"
Copyright (C) 2025 The R Foundation for Statistical Computing
Platform: x86_64-apple-darwin20

R is free software and comes with ABSOLUTELY NO WARRANTY.
You are welcome to redistribute it under certain conditions.
Type 'license()' or 'licence()' for distribution details.

R is a collaborative project with many contributors.
Type 'contributors()' for more information and
'citation()' on how to cite R or R packages in publications.

Type 'demo()' for some demos, 'help()' for on-line help, or
'help.start()' for an HTML browser interface to help.
Type 'q()' to quit R.

> library(testthat)
> library(ChromSCape)
> 
> test_check("ChromSCape")
[ FAIL 0 | WARN 2 | SKIP 0 | PASS 11 ]

[ FAIL 0 | WARN 2 | SKIP 0 | PASS 11 ]
> 
> proc.time()
   user  system elapsed 
 62.368   4.159  70.344 

Example timings

ChromSCape.Rcheck/ChromSCape-Ex.timings

nameusersystemelapsed
CheA3_TF_nTargets0.0110.0050.016
CompareWilcox8.1210.6797.972
CompareedgeRGLM9.1350.4959.699
annotToCol21.8320.1101.951
calculate_CNA54.034 4.72062.774
calculate_cyto_mat51.171 1.90162.463
calculate_gain_or_loss52.145 1.69562.584
calculate_logRatio_CNA52.424 2.03262.997
choose_cluster_scExp6.2320.5557.965
colors_scExp0.5550.0110.744
consensus_clustering_scExp5.6790.4957.337
correlation_and_hierarchical_clust_scExp0.6530.0140.816
create_project_folder0.0030.0060.012
create_scDataset_raw 9.616 0.73812.407
create_scExp1.0110.0121.197
define_feature0.2660.0070.318
detect_samples1.2300.0581.498
differential_activation12.38 0.1014.15
differential_analysis_scExp6.5230.0427.706
enrich_TF_ChEA3_genes0.9460.4238.745
enrich_TF_ChEA3_scExp1.9430.1045.784
exclude_features_scExp1.0210.0121.168
feature_annotation_scExp3.0100.0923.634
filter_correlated_cell_scExp11.435 0.11113.357
filter_scExp1.2620.0121.508
find_clusters_louvain_scExp0.6400.0110.756
find_top_features0.6440.0100.833
gene_set_enrichment_analysis_scExp0.3950.0100.435
generate_analysis0.0010.0000.001
generate_coverage_tracks0.0000.0010.001
generate_report0.0000.0000.001
getExperimentNames0.4690.0110.530
getMainExperiment0.5590.0140.645
get_cyto_features47.625 0.23354.073
get_genomic_coordinates0.8810.0101.043
get_most_variable_cyto50.828 0.31654.866
get_pathway_mat_scExp172.242 12.111193.878
has_genomic_coordinates1.4000.0241.481
import_scExp 9.890 1.52411.899
inter_correlation_scExp0.7380.0480.819
intra_correlation_scExp0.7680.0280.843
launchApp0.0000.0000.001
normalize_scExp0.9320.0591.026
num_cell_after_QC_filt_scExp0.9280.0080.972
num_cell_after_cor_filt_scExp15.493 0.17616.890
num_cell_before_cor_filt_scExp0.4220.0140.447
num_cell_in_cluster_scExp0.8310.0160.955
num_cell_scExp0.7850.0070.845
plot_cluster_consensus_scExp2.4960.0322.708
plot_correlation_PCA_scExp2.8830.0673.163
plot_coverage_BigWig0.4120.0130.454
plot_differential_summary_scExp0.4550.0070.500
plot_differential_volcano_scExp0.5880.0210.664
plot_distribution_scExp0.9510.0261.031
plot_gain_or_loss_barplots115.737 0.686125.582
plot_heatmap_scExp0.6360.0220.716
plot_inter_correlation_scExp1.4730.0291.617
plot_intra_correlation_scExp1.4440.0371.635
plot_most_contributing_features1.0420.0181.278
plot_percent_active_feature_scExp1.1770.0201.307
plot_pie_most_contributing_chr0.6050.0240.676
plot_reduced_dim_scExp3.7730.0434.143
plot_reduced_dim_scExp_CNA54.152 0.33558.639
plot_top_TF_scExp1.4150.0311.512
plot_violin_feature_scExp1.4210.0371.526
preprocess_CPM0.8920.0550.991
preprocess_RPKM0.9510.0591.052
preprocess_TFIDF0.9170.0551.008
preprocess_TPM1.0370.1401.244
preprocess_feature_size_only0.9150.0650.999
preprocessing_filtering_and_reduction13.429 0.22814.296
read_sparse_matrix0.0000.0000.001
rebin_matrix 9.079 0.09141.658
reduce_dims_scExp3.6040.0643.709
scExp2.2730.0512.449
subsample_scExp1.2520.0341.361
subset_bam_call_peaks0.0000.0010.001
summary_DA0.4360.0170.485
swapAltExp_sameColData0.6210.0190.683
table_enriched_genes_scExp0.4220.0130.458
wrapper_Signac_FeatureMatrix0.0010.0010.001