Back to Multiple platform build/check report for BioC 3.22:   simplified   long
AB[C]DEFGHIJKLMNOPQRSTUVWXYZ

This page was generated on 2025-10-25 12:03 -0400 (Sat, 25 Oct 2025).

HostnameOSArch (*)R versionInstalled pkgs
nebbiolo2Linux (Ubuntu 24.04.3 LTS)x86_644.5.1 Patched (2025-08-23 r88802) -- "Great Square Root" 4901
lconwaymacOS 12.7.6 Montereyx86_644.5.1 Patched (2025-09-10 r88807) -- "Great Square Root" 4691
kjohnson3macOS 13.7.7 Venturaarm644.5.1 Patched (2025-09-10 r88807) -- "Great Square Root" 4637
taishanLinux (openEuler 24.03 LTS)aarch644.5.0 (2025-04-11) -- "How About a Twenty-Six" 4658
Click on any hostname to see more info about the system (e.g. compilers)      (*) as reported by 'uname -p', except on Windows and Mac OS X

Package 362/2361HostnameOS / ArchINSTALLBUILDCHECKBUILD BIN
ChromSCape 1.19.1  (landing page)
Pacome Prompsy
Snapshot Date: 2025-10-24 13:45 -0400 (Fri, 24 Oct 2025)
git_url: https://git.bioconductor.org/packages/ChromSCape
git_branch: devel
git_last_commit: a4985c2
git_last_commit_date: 2025-08-01 10:39:23 -0400 (Fri, 01 Aug 2025)
nebbiolo2Linux (Ubuntu 24.04.3 LTS) / x86_64  OK    OK    WARNINGS  UNNEEDED, same version is already published
lconwaymacOS 12.7.6 Monterey / x86_64  OK    OK    WARNINGS    OK  UNNEEDED, same version is already published
kjohnson3macOS 13.7.7 Ventura / arm64  OK    OK    WARNINGS    OK  UNNEEDED, same version is already published
taishanLinux (openEuler 24.03 LTS) / aarch64  OK    NA    NA  


CHECK results for ChromSCape on nebbiolo2

To the developers/maintainers of the ChromSCape package:
- Allow up to 24 hours (and sometimes 48 hours) for your latest push to git@git.bioconductor.org:packages/ChromSCape.git to reflect on this report. See Troubleshooting Build Report for more information.
- Use the following Renviron settings to reproduce errors and warnings.
- If 'R CMD check' started to fail recently on the Linux builder(s) over a missing dependency, add the missing dependency to 'Suggests:' in your DESCRIPTION file. See Renviron.bioc for more information.

raw results


Summary

Package: ChromSCape
Version: 1.19.1
Command: /home/biocbuild/bbs-3.22-bioc/R/bin/R CMD check --install=check:ChromSCape.install-out.txt --library=/home/biocbuild/bbs-3.22-bioc/R/site-library --timings ChromSCape_1.19.1.tar.gz
StartedAt: 2025-10-24 22:11:59 -0400 (Fri, 24 Oct 2025)
EndedAt: 2025-10-24 22:25:03 -0400 (Fri, 24 Oct 2025)
EllapsedTime: 783.8 seconds
RetCode: 0
Status:   WARNINGS  
CheckDir: ChromSCape.Rcheck
Warnings: 1

Command output

##############################################################################
##############################################################################
###
### Running command:
###
###   /home/biocbuild/bbs-3.22-bioc/R/bin/R CMD check --install=check:ChromSCape.install-out.txt --library=/home/biocbuild/bbs-3.22-bioc/R/site-library --timings ChromSCape_1.19.1.tar.gz
###
##############################################################################
##############################################################################


* using log directory ‘/home/biocbuild/bbs-3.22-bioc/meat/ChromSCape.Rcheck’
* using R version 4.5.1 Patched (2025-08-23 r88802)
* using platform: x86_64-pc-linux-gnu
* R was compiled by
    gcc (Ubuntu 13.3.0-6ubuntu2~24.04) 13.3.0
    GNU Fortran (Ubuntu 13.3.0-6ubuntu2~24.04) 13.3.0
* running under: Ubuntu 24.04.3 LTS
* using session charset: UTF-8
* checking for file ‘ChromSCape/DESCRIPTION’ ... OK
* this is package ‘ChromSCape’ version ‘1.19.1’
* package encoding: UTF-8
* checking package namespace information ... OK
* checking package dependencies ... INFO
Imports includes 51 non-default packages.
Importing from so many packages makes the package vulnerable to any of
them becoming unavailable.  Move as many as possible to Suggests and
use conditionally.
* checking if this is a source package ... OK
* checking if there is a namespace ... OK
* checking for hidden files and directories ... NOTE
Found the following hidden files and directories:
  .BBSoptions
These were most likely included in error. See section ‘Package
structure’ in the ‘Writing R Extensions’ manual.
* checking for portable file names ... OK
* checking for sufficient/correct file permissions ... OK
* checking whether package ‘ChromSCape’ can be installed ... OK
* used C++ compiler: ‘g++ (Ubuntu 13.3.0-6ubuntu2~24.04) 13.3.0’
* checking installed package size ... INFO
  installed size is  5.8Mb
  sub-directories of 1Mb or more:
    data   1.7Mb
    www    2.1Mb
* checking package directory ... OK
* checking ‘build’ directory ... OK
* checking DESCRIPTION meta-information ... OK
* checking top-level files ... OK
* checking for left-over files ... OK
* checking index information ... OK
* checking package subdirectories ... OK
* checking code files for non-ASCII characters ... OK
* checking R files for syntax errors ... OK
* checking whether the package can be loaded ... OK
* checking whether the package can be loaded with stated dependencies ... OK
* checking whether the package can be unloaded cleanly ... OK
* checking whether the namespace can be loaded with stated dependencies ... OK
* checking whether the namespace can be unloaded cleanly ... OK
* checking loading without being on the library search path ... OK
* checking whether startup messages can be suppressed ... OK
* checking dependencies in R code ... WARNING
'loadNamespace' or 'requireNamespace' call not declared from: ‘flexdashboard’
* checking S3 generic/method consistency ... OK
* checking replacement functions ... OK
* checking foreign function calls ... OK
* checking R code for possible problems ... NOTE
bams_to_matrix_indexes: no visible binding for global variable
  ‘files_dir_list’
enrich_TF_ChEA3_genes: no visible binding for global variable
  ‘CheA3_TF_nTargets’
filter_correlated_cell_scExp: no visible binding for global variable
  ‘run_tsne’
generate_analysis: no visible global function definition for ‘head’
generate_analysis: no visible binding for global variable ‘k’
generate_analysis: no visible binding for global variable
  ‘clusterConsensus’
get_most_variable_cyto: no visible binding for global variable
  ‘cytoBand’
get_most_variable_cyto: no visible binding for global variable
  ‘Fri_cyto’
num_cell_after_QC_filt_scExp: no visible binding for global variable
  ‘sample_id’
num_cell_after_QC_filt_scExp: no visible binding for global variable
  ‘total_counts’
num_cell_scExp: no visible binding for global variable ‘sample_id’
num_cell_scExp: no visible binding for global variable ‘total_counts’
plot_correlation_PCA_scExp: no visible binding for global variable
  ‘Component’
plot_coverage_BigWig: no visible binding for global variable ‘molecule’
plot_coverage_BigWig: no visible binding for global variable
  ‘orientation’
plot_coverage_BigWig: no visible binding for global variable ‘Gene’
plot_gain_or_loss_barplots: no visible binding for global variable
  ‘Gain_or_Loss’
plot_gain_or_loss_barplots: no visible binding for global variable
  ‘ncells’
plot_gain_or_loss_barplots: no visible binding for global variable
  ‘cytoBand’
plot_most_contributing_features: no visible binding for global variable
  ‘genes’
plot_percent_active_feature_scExp: no visible binding for global
  variable ‘group’
plot_percent_active_feature_scExp: no visible binding for global
  variable ‘percent_active’
plot_pie_most_contributing_chr: no visible binding for global variable
  ‘absolute_value’
plot_reduced_dim_scExp: no visible binding for global variable ‘V1’
plot_reduced_dim_scExp: no visible binding for global variable ‘V2’
plot_reduced_dim_scExp: no visible binding for global variable
  ‘cluster’
plot_top_TF_scExp: no visible binding for global variable ‘TF’
rebin_helper: no visible binding for global variable ‘new_row’
rebin_helper: no visible binding for global variable ‘origin_value’
rebin_matrix: no visible binding for global variable ‘group’
subset_bam_call_peaks: no visible binding for global variable
  ‘merged_bam’
Undefined global functions or variables:
  CheA3_TF_nTargets Component Fri_cyto Gain_or_Loss Gene TF V1 V2
  absolute_value cluster clusterConsensus cytoBand files_dir_list genes
  group head k merged_bam molecule ncells new_row orientation
  origin_value percent_active run_tsne sample_id total_counts
Consider adding
  importFrom("utils", "head")
to your NAMESPACE file.
* checking Rd files ... OK
* checking Rd metadata ... OK
* checking Rd cross-references ... OK
* checking for missing documentation entries ... OK
* checking for code/documentation mismatches ... OK
* checking Rd \usage sections ... OK
* checking Rd contents ... OK
* checking for unstated dependencies in examples ... OK
* checking contents of ‘data’ directory ... OK
* checking data for non-ASCII characters ... OK
* checking data for ASCII and uncompressed saves ... OK
* checking line endings in C/C++/Fortran sources/headers ... OK
* checking compiled code ... NOTE
Note: information on .o files is not available
* checking files in ‘vignettes’ ... OK
* checking examples ... OK
Examples with CPU (user + system) or elapsed time > 5s
                                        user system elapsed
get_pathway_mat_scExp                 70.679  2.263  72.942
plot_gain_or_loss_barplots            47.959  0.323  48.283
calculate_CNA                         22.424  1.029  23.456
calculate_logRatio_CNA                22.269  0.433  22.702
calculate_gain_or_loss                21.818  0.483  22.301
plot_reduced_dim_scExp_CNA            21.787  0.289  22.076
calculate_cyto_mat                    21.437  0.494  21.932
get_most_variable_cyto                20.600  0.311  20.914
get_cyto_features                     18.962  0.155  19.118
num_cell_after_cor_filt_scExp         12.393  0.184  12.554
filter_correlated_cell_scExp           9.977  0.176  10.140
preprocessing_filtering_and_reduction  8.804  0.003   8.801
rebin_matrix                           7.542  0.489  23.636
import_scExp                           7.184  0.096   7.280
CompareWilcox                          6.437  0.332   6.720
create_scDataset_raw                   6.522  0.217   6.740
differential_activation                5.089  0.007   5.096
* checking for unstated dependencies in ‘tests’ ... OK
* checking tests ...
  Running ‘testthat.R’
 OK
* checking for unstated dependencies in vignettes ... OK
* checking package vignettes ... OK
* checking re-building of vignette outputs ... OK
* checking PDF version of manual ... OK
* DONE

Status: 1 WARNING, 3 NOTEs
See
  ‘/home/biocbuild/bbs-3.22-bioc/meat/ChromSCape.Rcheck/00check.log’
for details.


Installation output

ChromSCape.Rcheck/00install.out

##############################################################################
##############################################################################
###
### Running command:
###
###   /home/biocbuild/bbs-3.22-bioc/R/bin/R CMD INSTALL ChromSCape
###
##############################################################################
##############################################################################


* installing to library ‘/home/biocbuild/bbs-3.22-bioc/R/site-library’
* installing *source* package ‘ChromSCape’ ...
** this is package ‘ChromSCape’ version ‘1.19.1’
** using staged installation
** libs
using C++ compiler: ‘g++ (Ubuntu 13.3.0-6ubuntu2~24.04) 13.3.0’
g++ -std=gnu++17 -I"/home/biocbuild/bbs-3.22-bioc/R/include" -DNDEBUG  -I'/home/biocbuild/bbs-3.22-bioc/R/site-library/Rcpp/include' -I/usr/local/include    -fpic  -g -O2  -Wall -Werror=format-security  -c RcppExports.cpp -o RcppExports.o
g++ -std=gnu++17 -I"/home/biocbuild/bbs-3.22-bioc/R/include" -DNDEBUG  -I'/home/biocbuild/bbs-3.22-bioc/R/site-library/Rcpp/include' -I/usr/local/include    -fpic  -g -O2  -Wall -Werror=format-security  -c as_dist.cpp -o as_dist.o
g++ -std=gnu++17 -shared -L/home/biocbuild/bbs-3.22-bioc/R/lib -L/usr/local/lib -o ChromSCape.so RcppExports.o as_dist.o -L/home/biocbuild/bbs-3.22-bioc/R/lib -lR
installing to /home/biocbuild/bbs-3.22-bioc/R/site-library/00LOCK-ChromSCape/00new/ChromSCape/libs
** R
** data
** inst
** byte-compile and prepare package for lazy loading
** help
*** installing help indices
** building package indices
** installing vignettes
** testing if installed package can be loaded from temporary location
** checking absolute paths in shared objects and dynamic libraries
** testing if installed package can be loaded from final location
** testing if installed package keeps a record of temporary installation path
* DONE (ChromSCape)

Tests output

ChromSCape.Rcheck/tests/testthat.Rout


R version 4.5.1 Patched (2025-08-23 r88802) -- "Great Square Root"
Copyright (C) 2025 The R Foundation for Statistical Computing
Platform: x86_64-pc-linux-gnu

R is free software and comes with ABSOLUTELY NO WARRANTY.
You are welcome to redistribute it under certain conditions.
Type 'license()' or 'licence()' for distribution details.

R is a collaborative project with many contributors.
Type 'contributors()' for more information and
'citation()' on how to cite R or R packages in publications.

Type 'demo()' for some demos, 'help()' for on-line help, or
'help.start()' for an HTML browser interface to help.
Type 'q()' to quit R.

> library(testthat)
> library(ChromSCape)
> 
> test_check("ChromSCape")
[ FAIL 0 | WARN 2 | SKIP 0 | PASS 11 ]

[ FAIL 0 | WARN 2 | SKIP 0 | PASS 11 ]
> 
> proc.time()
   user  system elapsed 
 39.746   3.212  42.745 

Example timings

ChromSCape.Rcheck/ChromSCape-Ex.timings

nameusersystemelapsed
CheA3_TF_nTargets0.0060.0000.006
CompareWilcox6.4370.3326.720
CompareedgeRGLM4.4220.3544.590
annotToCol20.8460.0250.870
calculate_CNA22.424 1.02923.456
calculate_cyto_mat21.437 0.49421.932
calculate_gain_or_loss21.818 0.48322.301
calculate_logRatio_CNA22.269 0.43322.702
choose_cluster_scExp3.2400.0703.302
colors_scExp0.2600.0010.261
consensus_clustering_scExp2.8970.0672.956
correlation_and_hierarchical_clust_scExp0.3030.0000.298
create_project_folder0.0000.0010.002
create_scDataset_raw6.5220.2176.740
create_scExp0.4340.0010.435
define_feature0.1280.0020.130
detect_samples1.0720.0251.002
differential_activation5.0890.0075.096
differential_analysis_scExp2.7020.0032.705
enrich_TF_ChEA3_genes0.4700.0161.635
enrich_TF_ChEA3_scExp1.0580.0224.986
exclude_features_scExp0.4120.0200.432
feature_annotation_scExp1.3180.0581.376
filter_correlated_cell_scExp 9.977 0.17610.140
filter_scExp0.5040.0020.506
find_clusters_louvain_scExp0.2960.0010.298
find_top_features0.3040.0030.307
gene_set_enrichment_analysis_scExp0.1930.0030.196
generate_analysis000
generate_coverage_tracks0.0000.0000.001
generate_report000
getExperimentNames0.2240.0010.225
getMainExperiment0.2620.0020.264
get_cyto_features18.962 0.15519.118
get_genomic_coordinates0.3560.0170.373
get_most_variable_cyto20.600 0.31120.914
get_pathway_mat_scExp70.679 2.26372.942
has_genomic_coordinates0.5980.0040.601
import_scExp7.1840.0967.280
inter_correlation_scExp0.3240.0020.326
intra_correlation_scExp0.3510.0000.351
launchApp0.0000.0000.001
normalize_scExp0.3990.0050.405
num_cell_after_QC_filt_scExp0.3980.0000.398
num_cell_after_cor_filt_scExp12.393 0.18412.554
num_cell_before_cor_filt_scExp0.1940.0010.195
num_cell_in_cluster_scExp0.3660.0000.360
num_cell_scExp0.3410.0000.340
plot_cluster_consensus_scExp1.0070.0041.011
plot_correlation_PCA_scExp1.1380.0041.142
plot_coverage_BigWig0.1920.0000.192
plot_differential_summary_scExp0.2150.0110.226
plot_differential_volcano_scExp0.2970.0030.300
plot_distribution_scExp0.4110.0050.416
plot_gain_or_loss_barplots47.959 0.32348.283
plot_heatmap_scExp0.2950.0010.296
plot_inter_correlation_scExp0.6300.0010.631
plot_intra_correlation_scExp0.6110.0020.612
plot_most_contributing_features0.4630.0020.465
plot_percent_active_feature_scExp0.4920.0040.496
plot_pie_most_contributing_chr0.2690.0020.271
plot_reduced_dim_scExp1.5740.0041.578
plot_reduced_dim_scExp_CNA21.787 0.28922.076
plot_top_TF_scExp0.5860.0030.589
plot_violin_feature_scExp0.6090.0010.610
preprocess_CPM0.3800.0090.389
preprocess_RPKM0.3990.0130.412
preprocess_TFIDF0.3820.0100.392
preprocess_TPM0.4210.0140.435
preprocess_feature_size_only0.3600.0070.367
preprocessing_filtering_and_reduction8.8040.0038.801
read_sparse_matrix000
rebin_matrix 7.542 0.48923.636
reduce_dims_scExp1.5710.1041.675
scExp1.0540.0721.127
subsample_scExp0.5560.0540.610
subset_bam_call_peaks000
summary_DA0.2230.0020.225
swapAltExp_sameColData0.2890.0100.299
table_enriched_genes_scExp0.2020.0010.203
wrapper_Signac_FeatureMatrix000