Back to Multiple platform build/check report for BioC 3.21: simplified long |
|
This page was generated on 2025-02-11 11:43 -0500 (Tue, 11 Feb 2025).
Hostname | OS | Arch (*) | R version | Installed pkgs |
---|---|---|---|---|
nebbiolo1 | Linux (Ubuntu 24.04.1 LTS) | x86_64 | R Under development (unstable) (2025-01-20 r87609) -- "Unsuffered Consequences" | 4719 |
palomino7 | Windows Server 2022 Datacenter | x64 | R Under development (unstable) (2025-01-21 r87610 ucrt) -- "Unsuffered Consequences" | 4480 |
lconway | macOS 12.7.1 Monterey | x86_64 | R Under development (unstable) (2025-01-22 r87618) -- "Unsuffered Consequences" | 4491 |
kjohnson3 | macOS 13.7.1 Ventura | arm64 | R Under development (unstable) (2025-01-20 r87609) -- "Unsuffered Consequences" | 4444 |
Click on any hostname to see more info about the system (e.g. compilers) (*) as reported by 'uname -p', except on Windows and Mac OS X |
Package 1017/2295 | Hostname | OS / Arch | INSTALL | BUILD | CHECK | BUILD BIN | ||||||||
ILoReg 1.17.0 (landing page) Johannes Smolander
| nebbiolo1 | Linux (Ubuntu 24.04.1 LTS) / x86_64 | OK | OK | WARNINGS | |||||||||
palomino7 | Windows Server 2022 Datacenter / x64 | OK | OK | WARNINGS | OK | |||||||||
lconway | macOS 12.7.1 Monterey / x86_64 | OK | OK | WARNINGS | OK | |||||||||
kjohnson3 | macOS 13.7.1 Ventura / arm64 | OK | OK | WARNINGS | OK | |||||||||
To the developers/maintainers of the ILoReg package: - Allow up to 24 hours (and sometimes 48 hours) for your latest push to git@git.bioconductor.org:packages/ILoReg.git to reflect on this report. See Troubleshooting Build Report for more information. - Use the following Renviron settings to reproduce errors and warnings. - If 'R CMD check' started to fail recently on the Linux builder(s) over a missing dependency, add the missing dependency to 'Suggests:' in your DESCRIPTION file. See Renviron.bioc for more information. |
Package: ILoReg |
Version: 1.17.0 |
Command: /Library/Frameworks/R.framework/Resources/bin/R CMD check --install=check:ILoReg.install-out.txt --library=/Library/Frameworks/R.framework/Resources/library --no-vignettes --timings ILoReg_1.17.0.tar.gz |
StartedAt: 2025-02-10 19:43:37 -0500 (Mon, 10 Feb 2025) |
EndedAt: 2025-02-10 19:45:33 -0500 (Mon, 10 Feb 2025) |
EllapsedTime: 116.3 seconds |
RetCode: 0 |
Status: WARNINGS |
CheckDir: ILoReg.Rcheck |
Warnings: 2 |
############################################################################## ############################################################################## ### ### Running command: ### ### /Library/Frameworks/R.framework/Resources/bin/R CMD check --install=check:ILoReg.install-out.txt --library=/Library/Frameworks/R.framework/Resources/library --no-vignettes --timings ILoReg_1.17.0.tar.gz ### ############################################################################## ############################################################################## * using log directory ‘/Users/biocbuild/bbs-3.21-bioc/meat/ILoReg.Rcheck’ * using R Under development (unstable) (2025-01-20 r87609) * using platform: aarch64-apple-darwin20 * R was compiled by Apple clang version 14.0.0 (clang-1400.0.29.202) GNU Fortran (GCC) 14.2.0 * running under: macOS Ventura 13.7.1 * using session charset: UTF-8 * using option ‘--no-vignettes’ * checking for file ‘ILoReg/DESCRIPTION’ ... OK * checking extension type ... Package * this is package ‘ILoReg’ version ‘1.17.0’ * package encoding: UTF-8 * checking package namespace information ... OK * checking package dependencies ... INFO Imports includes 25 non-default packages. Importing from so many packages makes the package vulnerable to any of them becoming unavailable. Move as many as possible to Suggests and use conditionally. * checking if this is a source package ... OK * checking if there is a namespace ... OK * checking for hidden files and directories ... OK * checking for portable file names ... OK * checking for sufficient/correct file permissions ... OK * checking whether package ‘ILoReg’ can be installed ... WARNING Found the following significant warnings: Warning: replacing previous import ‘Matrix::det’ by ‘SparseM::det’ when loading ‘ILoReg’ See ‘/Users/biocbuild/bbs-3.21-bioc/meat/ILoReg.Rcheck/00install.out’ for details. * checking installed package size ... OK * checking package directory ... OK * checking ‘build’ directory ... OK * checking DESCRIPTION meta-information ... OK * checking top-level files ... OK * checking for left-over files ... OK * checking index information ... OK * checking package subdirectories ... OK * checking code files for non-ASCII characters ... OK * checking R files for syntax errors ... OK * checking whether the package can be loaded ... OK * checking whether the package can be loaded with stated dependencies ... OK * checking whether the package can be unloaded cleanly ... OK * checking whether the namespace can be loaded with stated dependencies ... OK * checking whether the namespace can be unloaded cleanly ... OK * checking dependencies in R code ... OK * checking S3 generic/method consistency ... OK * checking replacement functions ... OK * checking foreign function calls ... OK * checking R code for possible problems ... OK * checking Rd files ... OK * checking Rd metadata ... OK * checking Rd cross-references ... OK * checking for missing documentation entries ... OK * checking for code/documentation mismatches ... WARNING Codoc mismatches from Rd file 'FindAllGeneMarkers.Rd': FindAllGeneMarkers.SingleCellExperiment Code: function(object, clustering.type, test, log2fc.threshold, min.pct, min.diff.pct, min.cells.group, max.cells.per.cluster, return.thresh, only.pos) Docs: function(object, clustering.type, test, log2fc.threshold, min.pct, min.diff.pct, min.cells.group, max.cells.per.cluster, pseudocount.use, return.thresh, only.pos) Argument names in docs not in code: pseudocount.use Mismatches in argument names: Position: 9 Code: return.thresh Docs: pseudocount.use Position: 10 Code: only.pos Docs: return.thresh \S4method{FindAllGeneMarkers}{SingleCellExperiment} Code: function(object, clustering.type = "manual", test = "wilcox", log2fc.threshold = 0.25, min.pct = 0.1, min.diff.pct = NULL, min.cells.group = 3, max.cells.per.cluster = NULL, return.thresh = 0.01, only.pos = FALSE) Docs: function(object, clustering.type = "manual", test = "wilcox", log2fc.threshold = 0.25, min.pct = 0.1, min.diff.pct = NULL, min.cells.group = 3, max.cells.per.cluster = NULL, pseudocount.use = 1, return.thresh = 0.01, only.pos = FALSE) Argument names in docs not in code: pseudocount.use Mismatches in argument names: Position: 9 Code: return.thresh Docs: pseudocount.use Position: 10 Code: only.pos Docs: return.thresh Codoc mismatches from Rd file 'FindGeneMarkers.Rd': FindGeneMarkers.SingleCellExperiment Code: function(object, clusters.1, clusters.2, clustering.type, test, logfc.threshold, min.pct, min.diff.pct, min.cells.group, max.cells.per.cluster, return.thresh, only.pos) Docs: function(object, clusters.1, clusters.2, clustering.type, test, logfc.threshold, min.pct, min.diff.pct, min.cells.group, max.cells.per.cluster, pseudocount.use, return.thresh, only.pos) Argument names in docs not in code: pseudocount.use Mismatches in argument names: Position: 11 Code: return.thresh Docs: pseudocount.use Position: 12 Code: only.pos Docs: return.thresh \S4method{FindGeneMarkers}{SingleCellExperiment} Code: function(object, clusters.1 = NULL, clusters.2 = NULL, clustering.type = "", test = "wilcox", logfc.threshold = 0.25, min.pct = 0.1, min.diff.pct = NULL, min.cells.group = 3, max.cells.per.cluster = NULL, return.thresh = 0.01, only.pos = FALSE) Docs: function(object, clusters.1 = NULL, clusters.2 = NULL, clustering.type = "", test = "wilcox", logfc.threshold = 0.25, min.pct = 0.1, min.diff.pct = NULL, min.cells.group = 3, max.cells.per.cluster = NULL, pseudocount.use = 1, return.thresh = 0.01, only.pos = FALSE) Argument names in docs not in code: pseudocount.use Mismatches in argument names: Position: 11 Code: return.thresh Docs: pseudocount.use Position: 12 Code: only.pos Docs: return.thresh Codoc mismatches from Rd file 'RunICP.Rd': RunICP Code: function(normalized.data = NULL, k = 15, d = 0.3, r = 5, C = 5, reg.type = "L1", max.iter = 200, icp.batch.size = Inf) Docs: function(normalized.data = NULL, k = 15, d = 0.3, r = 5, C = 5, reg.type = "L1", max.iter = 200) Argument names in code not in docs: icp.batch.size Codoc mismatches from Rd file 'RunParallelICP.Rd': RunParallelICP.SingleCellExperiment Code: function(object, k, d, L, r, C, reg.type, max.iter, threads, icp.batch.size) Docs: function(object, k, d, L, r, C, reg.type, max.iter, threads) Argument names in code not in docs: icp.batch.size \S4method{RunParallelICP}{SingleCellExperiment} Code: function(object, k = 15, d = 0.3, L = 200, r = 5, C = 0.3, reg.type = "L1", max.iter = 200, threads = 0, icp.batch.size = Inf) Docs: function(object, k = 15, d = 0.3, L = 200, r = 5, C = 0.3, reg.type = "L1", max.iter = 200, threads = 0) Argument names in code not in docs: icp.batch.size * checking Rd \usage sections ... OK * checking Rd contents ... OK * checking for unstated dependencies in examples ... OK * checking contents of ‘data’ directory ... OK * checking data for non-ASCII characters ... OK * checking LazyData ... OK * checking data for ASCII and uncompressed saves ... OK * checking files in ‘vignettes’ ... OK * checking examples ... OK * checking for unstated dependencies in vignettes ... OK * checking package vignettes ... OK * checking running R code from vignettes ... SKIPPED * checking re-building of vignette outputs ... SKIPPED * checking PDF version of manual ... OK * DONE Status: 2 WARNINGs See ‘/Users/biocbuild/bbs-3.21-bioc/meat/ILoReg.Rcheck/00check.log’ for details.
ILoReg.Rcheck/00install.out
############################################################################## ############################################################################## ### ### Running command: ### ### /Library/Frameworks/R.framework/Resources/bin/R CMD INSTALL ILoReg ### ############################################################################## ############################################################################## * installing to library ‘/Library/Frameworks/R.framework/Versions/4.5-arm64/Resources/library’ * installing *source* package ‘ILoReg’ ... ** this is package ‘ILoReg’ version ‘1.17.0’ ** using staged installation ** R ** data *** moving datasets to lazyload DB ** inst ** byte-compile and prepare package for lazy loading Warning: replacing previous import ‘Matrix::det’ by ‘SparseM::det’ when loading ‘ILoReg’ ** help *** installing help indices ** building package indices ** installing vignettes ** testing if installed package can be loaded from temporary location Warning: replacing previous import ‘Matrix::det’ by ‘SparseM::det’ when loading ‘ILoReg’ ** testing if installed package can be loaded from final location Warning: replacing previous import ‘Matrix::det’ by ‘SparseM::det’ when loading ‘ILoReg’ ** testing if installed package keeps a record of temporary installation path * DONE (ILoReg)
ILoReg.Rcheck/ILoReg-Ex.timings
name | user | system | elapsed | |
AnnotationScatterPlot | 3.171 | 0.255 | 3.430 | |
CalcSilhInfo | 1.523 | 0.222 | 1.745 | |
ClusteringScatterPlot | 3.510 | 0.292 | 3.807 | |
FindAllGeneMarkers | 4.199 | 0.455 | 4.656 | |
FindGeneMarkers | 1.927 | 0.290 | 2.218 | |
GeneHeatmap | 3.397 | 0.327 | 3.725 | |
GeneScatterPlot | 2.940 | 0.275 | 3.219 | |
HierarchicalClustering | 1.480 | 0.226 | 1.710 | |
MergeClusters | 1.185 | 0.205 | 1.391 | |
PCAElbowPlot | 1.179 | 0.152 | 1.332 | |
PrepareILoReg | 0.088 | 0.006 | 0.093 | |
RenameAllClusters | 1.443 | 0.155 | 1.598 | |
RenameCluster | 1.135 | 0.171 | 1.312 | |
RunPCA | 1.086 | 0.110 | 1.196 | |
RunParallelICP | 1.397 | 0.173 | 1.570 | |
RunTSNE | 1.585 | 0.192 | 1.779 | |
RunUMAP | 2.114 | 0.192 | 2.307 | |
SelectKClusters | 1.195 | 0.240 | 1.440 | |
SelectTopGenes | 4.338 | 0.438 | 4.777 | |
SilhouetteCurve | 1.549 | 0.156 | 1.708 | |
VlnPlot | 1.430 | 0.231 | 1.671 | |
pbmc3k_500 | 0.001 | 0.000 | 0.002 | |