Back to Multiple platform build/check report for BioC 3.21:   simplified   long
ABCDEFGH[I]JKLMNOPQRSTUVWXYZ

This page was generated on 2025-02-15 11:40 -0500 (Sat, 15 Feb 2025).

HostnameOSArch (*)R versionInstalled pkgs
nebbiolo1Linux (Ubuntu 24.04.1 LTS)x86_64R Under development (unstable) (2025-01-20 r87609) -- "Unsuffered Consequences" 4720
palomino7Windows Server 2022 Datacenterx64R Under development (unstable) (2025-01-21 r87610 ucrt) -- "Unsuffered Consequences" 4482
lconwaymacOS 12.7.1 Montereyx86_64R Under development (unstable) (2025-01-22 r87618) -- "Unsuffered Consequences" 4493
kjohnson3macOS 13.7.1 Venturaarm64R Under development (unstable) (2025-01-20 r87609) -- "Unsuffered Consequences" 4446
Click on any hostname to see more info about the system (e.g. compilers)      (*) as reported by 'uname -p', except on Windows and Mac OS X

Package 1017/2295HostnameOS / ArchINSTALLBUILDCHECKBUILD BIN
ILoReg 1.17.0  (landing page)
Johannes Smolander
Snapshot Date: 2025-02-14 13:40 -0500 (Fri, 14 Feb 2025)
git_url: https://git.bioconductor.org/packages/ILoReg
git_branch: devel
git_last_commit: 8522e63
git_last_commit_date: 2024-10-29 10:48:50 -0500 (Tue, 29 Oct 2024)
nebbiolo1Linux (Ubuntu 24.04.1 LTS) / x86_64  OK    OK    WARNINGS  UNNEEDED, same version is already published
palomino7Windows Server 2022 Datacenter / x64  OK    OK    WARNINGS    OK  UNNEEDED, same version is already published
lconwaymacOS 12.7.1 Monterey / x86_64  OK    OK    WARNINGS    OK  UNNEEDED, same version is already published
kjohnson3macOS 13.7.1 Ventura / arm64  OK    OK    WARNINGS    OK  UNNEEDED, same version is already published


CHECK results for ILoReg on nebbiolo1

To the developers/maintainers of the ILoReg package:
- Allow up to 24 hours (and sometimes 48 hours) for your latest push to git@git.bioconductor.org:packages/ILoReg.git to reflect on this report. See Troubleshooting Build Report for more information.
- Use the following Renviron settings to reproduce errors and warnings.
- If 'R CMD check' started to fail recently on the Linux builder(s) over a missing dependency, add the missing dependency to 'Suggests:' in your DESCRIPTION file. See Renviron.bioc for more information.

raw results


Summary

Package: ILoReg
Version: 1.17.0
Command: /home/biocbuild/bbs-3.21-bioc/R/bin/R CMD check --install=check:ILoReg.install-out.txt --library=/home/biocbuild/bbs-3.21-bioc/R/site-library --timings ILoReg_1.17.0.tar.gz
StartedAt: 2025-02-14 23:04:08 -0500 (Fri, 14 Feb 2025)
EndedAt: 2025-02-14 23:10:52 -0500 (Fri, 14 Feb 2025)
EllapsedTime: 404.5 seconds
RetCode: 0
Status:   WARNINGS  
CheckDir: ILoReg.Rcheck
Warnings: 2

Command output

##############################################################################
##############################################################################
###
### Running command:
###
###   /home/biocbuild/bbs-3.21-bioc/R/bin/R CMD check --install=check:ILoReg.install-out.txt --library=/home/biocbuild/bbs-3.21-bioc/R/site-library --timings ILoReg_1.17.0.tar.gz
###
##############################################################################
##############################################################################


* using log directory ‘/home/biocbuild/bbs-3.21-bioc/meat/ILoReg.Rcheck’
* using R Under development (unstable) (2025-01-20 r87609)
* using platform: x86_64-pc-linux-gnu
* R was compiled by
    gcc (Ubuntu 13.3.0-6ubuntu2~24.04) 13.3.0
    GNU Fortran (Ubuntu 13.3.0-6ubuntu2~24.04) 13.3.0
* running under: Ubuntu 24.04.2 LTS
* using session charset: UTF-8
* checking for file ‘ILoReg/DESCRIPTION’ ... OK
* checking extension type ... Package
* this is package ‘ILoReg’ version ‘1.17.0’
* package encoding: UTF-8
* checking package namespace information ... OK
* checking package dependencies ... INFO
Imports includes 25 non-default packages.
Importing from so many packages makes the package vulnerable to any of
them becoming unavailable.  Move as many as possible to Suggests and
use conditionally.
* checking if this is a source package ... OK
* checking if there is a namespace ... OK
* checking for hidden files and directories ... OK
* checking for portable file names ... OK
* checking for sufficient/correct file permissions ... OK
* checking whether package ‘ILoReg’ can be installed ... WARNING
Found the following significant warnings:
  Warning: replacing previous import ‘Matrix::det’ by ‘SparseM::det’ when loading ‘ILoReg’
See ‘/home/biocbuild/bbs-3.21-bioc/meat/ILoReg.Rcheck/00install.out’ for details.
* checking installed package size ... OK
* checking package directory ... OK
* checking ‘build’ directory ... OK
* checking DESCRIPTION meta-information ... OK
* checking top-level files ... OK
* checking for left-over files ... OK
* checking index information ... OK
* checking package subdirectories ... OK
* checking code files for non-ASCII characters ... OK
* checking R files for syntax errors ... OK
* checking whether the package can be loaded ... OK
* checking whether the package can be loaded with stated dependencies ... OK
* checking whether the package can be unloaded cleanly ... OK
* checking whether the namespace can be loaded with stated dependencies ... OK
* checking whether the namespace can be unloaded cleanly ... OK
* checking loading without being on the library search path ... OK
* checking dependencies in R code ... OK
* checking S3 generic/method consistency ... OK
* checking replacement functions ... OK
* checking foreign function calls ... OK
* checking R code for possible problems ... OK
* checking Rd files ... OK
* checking Rd metadata ... OK
* checking Rd cross-references ... OK
* checking for missing documentation entries ... OK
* checking for code/documentation mismatches ... WARNING
Codoc mismatches from Rd file 'FindAllGeneMarkers.Rd':
FindAllGeneMarkers.SingleCellExperiment
  Code: function(object, clustering.type, test, log2fc.threshold,
                 min.pct, min.diff.pct, min.cells.group,
                 max.cells.per.cluster, return.thresh, only.pos)
  Docs: function(object, clustering.type, test, log2fc.threshold,
                 min.pct, min.diff.pct, min.cells.group,
                 max.cells.per.cluster, pseudocount.use, return.thresh,
                 only.pos)
  Argument names in docs not in code:
    pseudocount.use
  Mismatches in argument names:
    Position: 9 Code: return.thresh Docs: pseudocount.use
    Position: 10 Code: only.pos Docs: return.thresh
\S4method{FindAllGeneMarkers}{SingleCellExperiment}
  Code: function(object, clustering.type = "manual", test = "wilcox",
                 log2fc.threshold = 0.25, min.pct = 0.1, min.diff.pct =
                 NULL, min.cells.group = 3, max.cells.per.cluster =
                 NULL, return.thresh = 0.01, only.pos = FALSE)
  Docs: function(object, clustering.type = "manual", test = "wilcox",
                 log2fc.threshold = 0.25, min.pct = 0.1, min.diff.pct =
                 NULL, min.cells.group = 3, max.cells.per.cluster =
                 NULL, pseudocount.use = 1, return.thresh = 0.01,
                 only.pos = FALSE)
  Argument names in docs not in code:
    pseudocount.use
  Mismatches in argument names:
    Position: 9 Code: return.thresh Docs: pseudocount.use
    Position: 10 Code: only.pos Docs: return.thresh

Codoc mismatches from Rd file 'FindGeneMarkers.Rd':
FindGeneMarkers.SingleCellExperiment
  Code: function(object, clusters.1, clusters.2, clustering.type, test,
                 logfc.threshold, min.pct, min.diff.pct,
                 min.cells.group, max.cells.per.cluster, return.thresh,
                 only.pos)
  Docs: function(object, clusters.1, clusters.2, clustering.type, test,
                 logfc.threshold, min.pct, min.diff.pct,
                 min.cells.group, max.cells.per.cluster,
                 pseudocount.use, return.thresh, only.pos)
  Argument names in docs not in code:
    pseudocount.use
  Mismatches in argument names:
    Position: 11 Code: return.thresh Docs: pseudocount.use
    Position: 12 Code: only.pos Docs: return.thresh
\S4method{FindGeneMarkers}{SingleCellExperiment}
  Code: function(object, clusters.1 = NULL, clusters.2 = NULL,
                 clustering.type = "", test = "wilcox", logfc.threshold
                 = 0.25, min.pct = 0.1, min.diff.pct = NULL,
                 min.cells.group = 3, max.cells.per.cluster = NULL,
                 return.thresh = 0.01, only.pos = FALSE)
  Docs: function(object, clusters.1 = NULL, clusters.2 = NULL,
                 clustering.type = "", test = "wilcox", logfc.threshold
                 = 0.25, min.pct = 0.1, min.diff.pct = NULL,
                 min.cells.group = 3, max.cells.per.cluster = NULL,
                 pseudocount.use = 1, return.thresh = 0.01, only.pos =
                 FALSE)
  Argument names in docs not in code:
    pseudocount.use
  Mismatches in argument names:
    Position: 11 Code: return.thresh Docs: pseudocount.use
    Position: 12 Code: only.pos Docs: return.thresh

Codoc mismatches from Rd file 'RunICP.Rd':
RunICP
  Code: function(normalized.data = NULL, k = 15, d = 0.3, r = 5, C = 5,
                 reg.type = "L1", max.iter = 200, icp.batch.size = Inf)
  Docs: function(normalized.data = NULL, k = 15, d = 0.3, r = 5, C = 5,
                 reg.type = "L1", max.iter = 200)
  Argument names in code not in docs:
    icp.batch.size

Codoc mismatches from Rd file 'RunParallelICP.Rd':
RunParallelICP.SingleCellExperiment
  Code: function(object, k, d, L, r, C, reg.type, max.iter, threads,
                 icp.batch.size)
  Docs: function(object, k, d, L, r, C, reg.type, max.iter, threads)
  Argument names in code not in docs:
    icp.batch.size
\S4method{RunParallelICP}{SingleCellExperiment}
  Code: function(object, k = 15, d = 0.3, L = 200, r = 5, C = 0.3,
                 reg.type = "L1", max.iter = 200, threads = 0,
                 icp.batch.size = Inf)
  Docs: function(object, k = 15, d = 0.3, L = 200, r = 5, C = 0.3,
                 reg.type = "L1", max.iter = 200, threads = 0)
  Argument names in code not in docs:
    icp.batch.size

* checking Rd \usage sections ... OK
* checking Rd contents ... OK
* checking for unstated dependencies in examples ... OK
* checking contents of ‘data’ directory ... OK
* checking data for non-ASCII characters ... OK
* checking LazyData ... OK
* checking data for ASCII and uncompressed saves ... OK
* checking files in ‘vignettes’ ... OK
* checking examples ... OK
Examples with CPU (user + system) or elapsed time > 5s
                        user system elapsed
FindAllGeneMarkers    14.306  0.370  14.677
SelectTopGenes        11.125  0.215  11.341
ClusteringScatterPlot  8.732  0.141   8.874
AnnotationScatterPlot  8.198  0.195   8.392
GeneHeatmap            7.183  0.264   7.448
GeneScatterPlot        6.784  0.117   6.901
FindGeneMarkers        5.429  0.099   5.529
RunTSNE                5.071  0.027   5.098
* checking for unstated dependencies in vignettes ... OK
* checking package vignettes ... OK
* checking re-building of vignette outputs ... OK
* checking PDF version of manual ... OK
* DONE

Status: 2 WARNINGs
See
  ‘/home/biocbuild/bbs-3.21-bioc/meat/ILoReg.Rcheck/00check.log’
for details.


Installation output

ILoReg.Rcheck/00install.out

##############################################################################
##############################################################################
###
### Running command:
###
###   /home/biocbuild/bbs-3.21-bioc/R/bin/R CMD INSTALL ILoReg
###
##############################################################################
##############################################################################


* installing to library ‘/home/biocbuild/bbs-3.21-bioc/R/site-library’
* installing *source* package ‘ILoReg’ ...
** this is package ‘ILoReg’ version ‘1.17.0’
** using staged installation
** R
** data
*** moving datasets to lazyload DB
** inst
** byte-compile and prepare package for lazy loading
Warning: replacing previous import ‘Matrix::det’ by ‘SparseM::det’ when loading ‘ILoReg’
** help
*** installing help indices
** building package indices
** installing vignettes
** testing if installed package can be loaded from temporary location
Warning: replacing previous import ‘Matrix::det’ by ‘SparseM::det’ when loading ‘ILoReg’
** testing if installed package can be loaded from final location
Warning: replacing previous import ‘Matrix::det’ by ‘SparseM::det’ when loading ‘ILoReg’
** testing if installed package keeps a record of temporary installation path
* DONE (ILoReg)

Tests output


Example timings

ILoReg.Rcheck/ILoReg-Ex.timings

nameusersystemelapsed
AnnotationScatterPlot8.1980.1958.392
CalcSilhInfo4.6960.0964.792
ClusteringScatterPlot8.7320.1418.874
FindAllGeneMarkers14.306 0.37014.677
FindGeneMarkers5.4290.0995.529
GeneHeatmap7.1830.2647.448
GeneScatterPlot6.7840.1176.901
HierarchicalClustering3.7560.1003.858
MergeClusters3.1530.0083.161
PCAElbowPlot3.6780.0153.692
PrepareILoReg0.2330.0070.240
RenameAllClusters3.0910.0313.122
RenameCluster3.8010.0293.830
RunPCA3.1200.0283.149
RunParallelICP3.1090.0093.118
RunTSNE5.0710.0275.098
RunUMAP4.8830.0094.893
SelectKClusters3.7150.0233.738
SelectTopGenes11.125 0.21511.341
SilhouetteCurve4.0300.0334.063
VlnPlot3.8040.0093.813
pbmc3k_5000.0020.0000.002