Back to Multiple platform build/check report for BioC 3.21:   simplified   long
AB[C]DEFGHIJKLMNOPQRSTUVWXYZ

This page was generated on 2025-02-11 11:39 -0500 (Tue, 11 Feb 2025).

HostnameOSArch (*)R versionInstalled pkgs
nebbiolo1Linux (Ubuntu 24.04.1 LTS)x86_64R Under development (unstable) (2025-01-20 r87609) -- "Unsuffered Consequences" 4719
palomino7Windows Server 2022 Datacenterx64R Under development (unstable) (2025-01-21 r87610 ucrt) -- "Unsuffered Consequences" 4480
lconwaymacOS 12.7.1 Montereyx86_64R Under development (unstable) (2025-01-22 r87618) -- "Unsuffered Consequences" 4491
kjohnson3macOS 13.7.1 Venturaarm64R Under development (unstable) (2025-01-20 r87609) -- "Unsuffered Consequences" 4444
Click on any hostname to see more info about the system (e.g. compilers)      (*) as reported by 'uname -p', except on Windows and Mac OS X

Package 347/2295HostnameOS / ArchINSTALLBUILDCHECKBUILD BIN
ChromSCape 1.17.0  (landing page)
Pacome Prompsy
Snapshot Date: 2025-02-10 13:40 -0500 (Mon, 10 Feb 2025)
git_url: https://git.bioconductor.org/packages/ChromSCape
git_branch: devel
git_last_commit: 237c895
git_last_commit_date: 2024-10-29 10:51:14 -0500 (Tue, 29 Oct 2024)
nebbiolo1Linux (Ubuntu 24.04.1 LTS) / x86_64  OK    OK    WARNINGS  UNNEEDED, same version is already published
palomino7Windows Server 2022 Datacenter / x64  OK    OK    WARNINGS    OK  UNNEEDED, same version is already published
lconwaymacOS 12.7.1 Monterey / x86_64  OK    OK    WARNINGS    OK  UNNEEDED, same version is already published
kjohnson3macOS 13.7.1 Ventura / arm64  OK    OK    WARNINGS    OK  UNNEEDED, same version is already published


CHECK results for ChromSCape on nebbiolo1

To the developers/maintainers of the ChromSCape package:
- Allow up to 24 hours (and sometimes 48 hours) for your latest push to git@git.bioconductor.org:packages/ChromSCape.git to reflect on this report. See Troubleshooting Build Report for more information.
- Use the following Renviron settings to reproduce errors and warnings.
- If 'R CMD check' started to fail recently on the Linux builder(s) over a missing dependency, add the missing dependency to 'Suggests:' in your DESCRIPTION file. See Renviron.bioc for more information.

raw results


Summary

Package: ChromSCape
Version: 1.17.0
Command: /home/biocbuild/bbs-3.21-bioc/R/bin/R CMD check --install=check:ChromSCape.install-out.txt --library=/home/biocbuild/bbs-3.21-bioc/R/site-library --timings ChromSCape_1.17.0.tar.gz
StartedAt: 2025-02-10 21:04:22 -0500 (Mon, 10 Feb 2025)
EndedAt: 2025-02-10 21:16:58 -0500 (Mon, 10 Feb 2025)
EllapsedTime: 756.0 seconds
RetCode: 0
Status:   WARNINGS  
CheckDir: ChromSCape.Rcheck
Warnings: 3

Command output

##############################################################################
##############################################################################
###
### Running command:
###
###   /home/biocbuild/bbs-3.21-bioc/R/bin/R CMD check --install=check:ChromSCape.install-out.txt --library=/home/biocbuild/bbs-3.21-bioc/R/site-library --timings ChromSCape_1.17.0.tar.gz
###
##############################################################################
##############################################################################


* using log directory ‘/home/biocbuild/bbs-3.21-bioc/meat/ChromSCape.Rcheck’
* using R Under development (unstable) (2025-01-20 r87609)
* using platform: x86_64-pc-linux-gnu
* R was compiled by
    gcc (Ubuntu 13.3.0-6ubuntu2~24.04) 13.3.0
    GNU Fortran (Ubuntu 13.3.0-6ubuntu2~24.04) 13.3.0
* running under: Ubuntu 24.04.1 LTS
* using session charset: UTF-8
* checking for file ‘ChromSCape/DESCRIPTION’ ... OK
* this is package ‘ChromSCape’ version ‘1.17.0’
* package encoding: UTF-8
* checking package namespace information ... OK
* checking package dependencies ... INFO
Imports includes 51 non-default packages.
Importing from so many packages makes the package vulnerable to any of
them becoming unavailable.  Move as many as possible to Suggests and
use conditionally.
* checking if this is a source package ... OK
* checking if there is a namespace ... OK
* checking for hidden files and directories ... NOTE
Found the following hidden files and directories:
  .BBSoptions
These were most likely included in error. See section ‘Package
structure’ in the ‘Writing R Extensions’ manual.
* checking for portable file names ... OK
* checking for sufficient/correct file permissions ... OK
* checking whether package ‘ChromSCape’ can be installed ... OK
* used C++ compiler: ‘g++ (Ubuntu 13.3.0-6ubuntu2~24.04) 13.3.0’
* checking installed package size ... OK
* checking package directory ... OK
* checking ‘build’ directory ... OK
* checking DESCRIPTION meta-information ... OK
* checking top-level files ... OK
* checking for left-over files ... OK
* checking index information ... OK
* checking package subdirectories ... OK
* checking code files for non-ASCII characters ... OK
* checking R files for syntax errors ... OK
* checking whether the package can be loaded ... OK
* checking whether the package can be loaded with stated dependencies ... OK
* checking whether the package can be unloaded cleanly ... OK
* checking whether the namespace can be loaded with stated dependencies ... OK
* checking whether the namespace can be unloaded cleanly ... OK
* checking loading without being on the library search path ... OK
* checking whether startup messages can be suppressed ... OK
* checking dependencies in R code ... WARNING
'library' or 'require' call not declared from: ‘dplyr’
'library' or 'require' call to ‘dplyr’ in package code.
  Please use :: or requireNamespace() instead.
  See section 'Suggested packages' in the 'Writing R Extensions' manual.
* checking S3 generic/method consistency ... OK
* checking replacement functions ... OK
* checking foreign function calls ... OK
* checking R code for possible problems ... NOTE
bams_to_matrix_indexes: no visible binding for global variable
  ‘files_dir_list’
enrich_TF_ChEA3_genes: no visible binding for global variable
  ‘CheA3_TF_nTargets’
filter_correlated_cell_scExp: no visible binding for global variable
  ‘run_tsne’
generate_analysis: no visible global function definition for ‘head’
generate_analysis: no visible binding for global variable ‘k’
generate_analysis: no visible binding for global variable
  ‘clusterConsensus’
get_most_variable_cyto: no visible binding for global variable
  ‘cytoBand’
get_most_variable_cyto: no visible binding for global variable
  ‘Fri_cyto’
num_cell_after_QC_filt_scExp: no visible binding for global variable
  ‘sample_id’
num_cell_after_QC_filt_scExp: no visible binding for global variable
  ‘total_counts’
num_cell_scExp: no visible binding for global variable ‘sample_id’
num_cell_scExp: no visible binding for global variable ‘total_counts’
plot_correlation_PCA_scExp: no visible binding for global variable
  ‘Component’
plot_coverage_BigWig: no visible binding for global variable ‘molecule’
plot_coverage_BigWig: no visible binding for global variable
  ‘orientation’
plot_coverage_BigWig: no visible binding for global variable ‘Gene’
plot_gain_or_loss_barplots: no visible binding for global variable
  ‘Gain_or_Loss’
plot_gain_or_loss_barplots: no visible binding for global variable
  ‘ncells’
plot_gain_or_loss_barplots: no visible binding for global variable
  ‘cytoBand’
plot_most_contributing_features: no visible binding for global variable
  ‘genes’
plot_percent_active_feature_scExp: no visible binding for global
  variable ‘group’
plot_percent_active_feature_scExp: no visible binding for global
  variable ‘percent_active’
plot_pie_most_contributing_chr: no visible binding for global variable
  ‘absolute_value’
plot_reduced_dim_scExp: no visible binding for global variable ‘V1’
plot_reduced_dim_scExp: no visible binding for global variable ‘V2’
plot_reduced_dim_scExp: no visible binding for global variable
  ‘cluster’
plot_top_TF_scExp: no visible binding for global variable ‘TF’
rebin_helper: no visible binding for global variable ‘new_row’
rebin_helper: no visible binding for global variable ‘origin_value’
rebin_matrix: no visible binding for global variable ‘group’
subset_bam_call_peaks: no visible binding for global variable
  ‘merged_bam’
Undefined global functions or variables:
  CheA3_TF_nTargets Component Fri_cyto Gain_or_Loss Gene TF V1 V2
  absolute_value cluster clusterConsensus cytoBand files_dir_list genes
  group head k merged_bam molecule ncells new_row orientation
  origin_value percent_active run_tsne sample_id total_counts
Consider adding
  importFrom("utils", "head")
to your NAMESPACE file.
* checking Rd files ... NOTE
prepare_Rd: raw_counts_to_sparse_matrix.Rd:6-8: Dropping empty section \source
* checking Rd metadata ... OK
* checking Rd cross-references ... OK
* checking for missing documentation entries ... OK
* checking for code/documentation mismatches ... WARNING
Codoc mismatches from Rd file 'generate_analysis.Rd':
generate_analysis
  Code: function(input_data_folder, analysis_name = "Analysis_1",
                 output_directory = "./", input_data_type = c("scBED",
                 "DenseMatrix", "SparseMatrix", "scBAM")[1],
                 feature_count_on = c("bins", "genebody", "peaks")[1],
                 feature_count_parameter = 50000, rebin_sparse_matrix =
                 FALSE, ref_genome = c("hg38", "mm10")[1], run =
                 c("filter", "CNA", "cluster", "consensus", "coverage",
                 "DA", "GSA", "report")[c(1, 3, 5, 6, 7, 8)],
                 min_reads_per_cell = 1000, max_quantile_read_per_cell
                 = 99, n_top_features = 40000, norm_type = "CPM",
                 subsample_n = NULL, exclude_regions = NULL, n_clust =
                 NULL, corr_threshold = 99, percent_correlation = 1,
                 maxK = 10, qval.th = 0.1, logFC.th = 1,
                 enrichment_qval = 0.1, doBatchCorr = FALSE, batch_sels
                 = NULL, control_samples_CNA = NULL, genes_to_plot =
                 c("Krt8", "Krt5", "Tgfb1", "Foxq1", "Cdkn2b",
                 "Cdkn2a", "chr7:15000000-20000000"))
  Docs: function(input_data_folder, analysis_name = "Analysis_1",
                 output_directory = "./", input_data_type = c("scBED",
                 "DenseMatrix", "SparseMatrix", "scBAM")[1],
                 rebin_sparse_matrix = FALSE, feature_count_on =
                 c("bins", "genebody", "peaks")[1],
                 feature_count_parameter = 50000, ref_genome =
                 c("hg38", "mm10")[1], run = c("filter", "CNA",
                 "cluster", "consensus", "peak_call", "coverage", "DA",
                 "GSA", "report")[c(1, 3, 6, 7, 8, 9)],
                 min_reads_per_cell = 1000, max_quantile_read_per_cell
                 = 99, n_top_features = 40000, norm_type = "CPM",
                 subsample_n = NULL, exclude_regions = NULL, n_clust =
                 NULL, corr_threshold = 99, percent_correlation = 1,
                 maxK = 10, qval.th = 0.1, logFC.th = 1,
                 enrichment_qval = 0.1, doBatchCorr = FALSE, batch_sels
                 = NULL, control_samples_CNA = NULL, genes_to_plot =
                 c("Krt8", "Krt5", "Tgfb1", "Foxq1", "Cdkn2b",
                 "Cdkn2a", "chr7:15000000-20000000"))
  Mismatches in argument names:
    Position: 5 Code: feature_count_on Docs: rebin_sparse_matrix
    Position: 6 Code: feature_count_parameter Docs: feature_count_on
    Position: 7 Code: rebin_sparse_matrix Docs: feature_count_parameter
  Mismatches in argument default values:
    Name: 'run'
    Code: c("filter", "CNA", "cluster", "consensus", "coverage", "DA", 
          "GSA", "report")[c(1, 3, 5, 6, 7, 8)]
    Docs: c("filter", "CNA", "cluster", "consensus", "peak_call", "coverage", 
          "DA", "GSA", "report")[c(1, 3, 6, 7, 8, 9)]

* checking Rd \usage sections ... WARNING
Undocumented arguments in Rd file 'rebin_matrix.Rd'
  ‘rebin_function’

Functions with \usage entries need to have the appropriate \alias
entries, and all their arguments documented.
The \usage entries must correspond to syntactically valid R code.
See chapter ‘Writing R documentation files’ in the ‘Writing R
Extensions’ manual.
* checking Rd contents ... OK
* checking for unstated dependencies in examples ... OK
* checking contents of ‘data’ directory ... OK
* checking data for non-ASCII characters ... OK
* checking data for ASCII and uncompressed saves ... OK
* checking line endings in C/C++/Fortran sources/headers ... OK
* checking compiled code ... NOTE
Note: information on .o files is not available
* checking files in ‘vignettes’ ... OK
* checking examples ... OK
Examples with CPU (user + system) or elapsed time > 5s
                                        user system elapsed
plot_gain_or_loss_barplots            48.505  0.363  48.871
get_pathway_mat_scExp                 31.698  1.390  33.089
calculate_CNA                         23.397  2.343  25.740
plot_reduced_dim_scExp_CNA            23.287  0.148  23.436
calculate_cyto_mat                    21.373  1.010  22.397
calculate_gain_or_loss                21.405  0.943  22.349
get_most_variable_cyto                21.811  0.310  22.124
calculate_logRatio_CNA                20.796  0.792  21.587
get_cyto_features                     18.752  0.074  18.831
num_cell_after_cor_filt_scExp         10.950  0.002  10.934
filter_correlated_cell_scExp           9.901  0.129  10.016
preprocessing_filtering_and_reduction  8.809  0.105   8.909
rebin_matrix                           6.816  0.308  21.704
create_scDataset_raw                   6.266  0.301   6.567
import_scExp                           6.497  0.036   6.535
CompareWilcox                          5.667  0.496   5.892
differential_activation                4.957  0.068   5.027
* checking for unstated dependencies in ‘tests’ ... OK
* checking tests ...
  Running ‘testthat.R’
 OK
* checking for unstated dependencies in vignettes ... OK
* checking package vignettes ... OK
* checking re-building of vignette outputs ... OK
* checking PDF version of manual ... OK
* DONE

Status: 3 WARNINGs, 4 NOTEs
See
  ‘/home/biocbuild/bbs-3.21-bioc/meat/ChromSCape.Rcheck/00check.log’
for details.


Installation output

ChromSCape.Rcheck/00install.out

##############################################################################
##############################################################################
###
### Running command:
###
###   /home/biocbuild/bbs-3.21-bioc/R/bin/R CMD INSTALL ChromSCape
###
##############################################################################
##############################################################################


* installing to library ‘/home/biocbuild/bbs-3.21-bioc/R/site-library’
* installing *source* package ‘ChromSCape’ ...
** this is package ‘ChromSCape’ version ‘1.17.0’
** using staged installation
** libs
using C++ compiler: ‘g++ (Ubuntu 13.3.0-6ubuntu2~24.04) 13.3.0’
g++ -std=gnu++17 -I"/home/biocbuild/bbs-3.21-bioc/R/include" -DNDEBUG  -I'/home/biocbuild/bbs-3.21-bioc/R/site-library/Rcpp/include' -I/usr/local/include    -fpic  -g -O2  -DR_NO_REMAP -c RcppExports.cpp -o RcppExports.o
g++ -std=gnu++17 -I"/home/biocbuild/bbs-3.21-bioc/R/include" -DNDEBUG  -I'/home/biocbuild/bbs-3.21-bioc/R/site-library/Rcpp/include' -I/usr/local/include    -fpic  -g -O2  -DR_NO_REMAP -c as_dist.cpp -o as_dist.o
g++ -std=gnu++17 -shared -L/home/biocbuild/bbs-3.21-bioc/R/lib -L/usr/local/lib -o ChromSCape.so RcppExports.o as_dist.o -L/home/biocbuild/bbs-3.21-bioc/R/lib -lR
installing to /home/biocbuild/bbs-3.21-bioc/R/site-library/00LOCK-ChromSCape/00new/ChromSCape/libs
** R
** data
** inst
** byte-compile and prepare package for lazy loading
** help
*** installing help indices
** building package indices
** installing vignettes
** testing if installed package can be loaded from temporary location
** checking absolute paths in shared objects and dynamic libraries
** testing if installed package can be loaded from final location
** testing if installed package keeps a record of temporary installation path
* DONE (ChromSCape)

Tests output

ChromSCape.Rcheck/tests/testthat.Rout


R Under development (unstable) (2025-01-20 r87609) -- "Unsuffered Consequences"
Copyright (C) 2025 The R Foundation for Statistical Computing
Platform: x86_64-pc-linux-gnu

R is free software and comes with ABSOLUTELY NO WARRANTY.
You are welcome to redistribute it under certain conditions.
Type 'license()' or 'licence()' for distribution details.

R is a collaborative project with many contributors.
Type 'contributors()' for more information and
'citation()' on how to cite R or R packages in publications.

Type 'demo()' for some demos, 'help()' for on-line help, or
'help.start()' for an HTML browser interface to help.
Type 'q()' to quit R.

> library(testthat)
> library(ChromSCape)
> 
> test_check("ChromSCape")
[ FAIL 0 | WARN 2 | SKIP 0 | PASS 11 ]

[ FAIL 0 | WARN 2 | SKIP 0 | PASS 11 ]
> 
> proc.time()
   user  system elapsed 
 41.066   1.907  42.761 

Example timings

ChromSCape.Rcheck/ChromSCape-Ex.timings

nameusersystemelapsed
CheA3_TF_nTargets0.0070.0010.008
CompareWilcox5.6670.4965.892
CompareedgeRGLM4.4690.1104.572
annotToCol20.8420.0620.904
calculate_CNA23.397 2.34325.740
calculate_cyto_mat21.373 1.01022.397
calculate_gain_or_loss21.405 0.94322.349
calculate_logRatio_CNA20.796 0.79221.587
choose_cluster_scExp3.1320.0593.184
colors_scExp0.2640.0010.265
consensus_clustering_scExp3.0450.0513.087
correlation_and_hierarchical_clust_scExp0.3070.0010.299
create_project_folder0.0010.0010.002
create_scDataset_raw6.2660.3016.567
create_scExp0.4240.0010.426
define_feature0.1370.0010.138
detect_samples1.1260.0211.049
differential_activation4.9570.0685.027
differential_analysis_scExp2.6160.0612.679
enrich_TF_ChEA3_genes0.4290.1141.721
enrich_TF_ChEA3_scExp1.0830.0194.811
exclude_features_scExp0.4300.0020.432
feature_annotation_scExp1.2680.0531.321
filter_correlated_cell_scExp 9.901 0.12910.016
filter_scExp0.4870.0030.490
find_clusters_louvain_scExp0.2960.0030.299
find_top_features0.3110.0030.314
gene_set_enrichment_analysis_scExp0.1890.0050.194
generate_analysis000
generate_coverage_tracks0.0010.0000.001
generate_report000
getExperimentNames0.2210.0000.221
getMainExperiment0.2600.0030.263
get_cyto_features18.752 0.07418.831
get_genomic_coordinates0.3720.0110.383
get_most_variable_cyto21.811 0.31022.124
get_pathway_mat_scExp31.698 1.39033.089
has_genomic_coordinates0.5920.0040.595
import_scExp6.4970.0366.535
inter_correlation_scExp0.3220.0050.327
intra_correlation_scExp0.3230.0020.325
launchApp0.0010.0000.000
normalize_scExp0.3770.0140.393
num_cell_after_QC_filt_scExp0.3880.0000.390
num_cell_after_cor_filt_scExp10.950 0.00210.934
num_cell_before_cor_filt_scExp0.2090.0020.211
num_cell_in_cluster_scExp0.3750.0010.370
num_cell_scExp0.3830.0030.387
plot_cluster_consensus_scExp0.8060.0050.812
plot_correlation_PCA_scExp0.9930.0000.994
plot_coverage_BigWig0.2090.0020.210
plot_differential_summary_scExp0.2350.0000.236
plot_differential_volcano_scExp0.3210.0000.321
plot_distribution_scExp0.3980.0020.400
plot_gain_or_loss_barplots48.505 0.36348.871
plot_heatmap_scExp0.3130.0020.315
plot_inter_correlation_scExp0.5460.0040.551
plot_intra_correlation_scExp0.4910.0040.494
plot_most_contributing_features0.4660.0010.467
plot_percent_active_feature_scExp1.7920.0141.805
plot_pie_most_contributing_chr0.2780.0010.278
plot_reduced_dim_scExp2.7330.0012.734
plot_reduced_dim_scExp_CNA23.287 0.14823.436
plot_top_TF_scExp0.4670.0050.472
plot_violin_feature_scExp1.9080.0021.910
preprocess_CPM0.3950.0240.419
preprocess_RPKM0.4270.0180.446
preprocess_TFIDF0.4160.0160.432
preprocess_TPM0.4130.0260.439
preprocess_feature_size_only0.3750.0350.411
preprocessing_filtering_and_reduction8.8090.1058.909
read_sparse_matrix0.0000.0010.000
rebin_matrix 6.816 0.30821.704
reduce_dims_scExp1.5780.1391.718
scExp0.990.061.05
subsample_scExp0.5540.0430.597
subset_bam_call_peaks000
summary_DA0.2330.0080.240
swapAltExp_sameColData0.2990.0070.306
table_enriched_genes_scExp0.2170.0110.228
wrapper_Signac_FeatureMatrix000