| Back to Multiple platform build/check report for BioC 3.21: simplified long |
|
This page was generated on 2025-10-16 11:40 -0400 (Thu, 16 Oct 2025).
| Hostname | OS | Arch (*) | R version | Installed pkgs |
|---|---|---|---|---|
| nebbiolo1 | Linux (Ubuntu 24.04.3 LTS) | x86_64 | 4.5.1 (2025-06-13) -- "Great Square Root" | 4833 |
| merida1 | macOS 12.7.6 Monterey | x86_64 | 4.5.1 RC (2025-06-05 r88288) -- "Great Square Root" | 4614 |
| kjohnson1 | macOS 13.7.5 Ventura | arm64 | 4.5.1 Patched (2025-06-14 r88325) -- "Great Square Root" | 4555 |
| kunpeng2 | Linux (openEuler 24.03 LTS) | aarch64 | R Under development (unstable) (2025-02-19 r87757) -- "Unsuffered Consequences" | 4586 |
| Click on any hostname to see more info about the system (e.g. compilers) (*) as reported by 'uname -p', except on Windows and Mac OS X | ||||
| Package 354/2341 | Hostname | OS / Arch | INSTALL | BUILD | CHECK | BUILD BIN | ||||||||
| ChromSCape 1.18.0 (landing page) Pacome Prompsy
| nebbiolo1 | Linux (Ubuntu 24.04.3 LTS) / x86_64 | OK | OK | ERROR | |||||||||
| merida1 | macOS 12.7.6 Monterey / x86_64 | OK | OK | ERROR | OK | |||||||||
| kjohnson1 | macOS 13.7.5 Ventura / arm64 | OK | OK | ERROR | OK | |||||||||
| kunpeng2 | Linux (openEuler 24.03 LTS) / aarch64 | OK | OK | ERROR | ||||||||||
|
To the developers/maintainers of the ChromSCape package: - Allow up to 24 hours (and sometimes 48 hours) for your latest push to git@git.bioconductor.org:packages/ChromSCape.git to reflect on this report. See Troubleshooting Build Report for more information. - Use the following Renviron settings to reproduce errors and warnings. - If 'R CMD check' started to fail recently on the Linux builder(s) over a missing dependency, add the missing dependency to 'Suggests:' in your DESCRIPTION file. See Renviron.bioc for more information. |
| Package: ChromSCape |
| Version: 1.18.0 |
| Command: /Library/Frameworks/R.framework/Resources/bin/R CMD check --install=check:ChromSCape.install-out.txt --library=/Library/Frameworks/R.framework/Resources/library --no-vignettes --timings ChromSCape_1.18.0.tar.gz |
| StartedAt: 2025-10-14 16:06:59 -0400 (Tue, 14 Oct 2025) |
| EndedAt: 2025-10-14 16:18:15 -0400 (Tue, 14 Oct 2025) |
| EllapsedTime: 676.2 seconds |
| RetCode: 1 |
| Status: ERROR |
| CheckDir: ChromSCape.Rcheck |
| Warnings: NA |
##############################################################################
##############################################################################
###
### Running command:
###
### /Library/Frameworks/R.framework/Resources/bin/R CMD check --install=check:ChromSCape.install-out.txt --library=/Library/Frameworks/R.framework/Resources/library --no-vignettes --timings ChromSCape_1.18.0.tar.gz
###
##############################################################################
##############################################################################
* using log directory ‘/Users/biocbuild/bbs-3.21-bioc/meat/ChromSCape.Rcheck’
* using R version 4.5.1 Patched (2025-06-14 r88325)
* using platform: aarch64-apple-darwin20
* R was compiled by
Apple clang version 16.0.0 (clang-1600.0.26.6)
GNU Fortran (GCC) 14.2.0
* running under: macOS Ventura 13.7.5
* using session charset: UTF-8
* using option ‘--no-vignettes’
* checking for file ‘ChromSCape/DESCRIPTION’ ... OK
* this is package ‘ChromSCape’ version ‘1.18.0’
* package encoding: UTF-8
* checking package namespace information ... OK
* checking package dependencies ... INFO
Imports includes 51 non-default packages.
Importing from so many packages makes the package vulnerable to any of
them becoming unavailable. Move as many as possible to Suggests and
use conditionally.
* checking if this is a source package ... OK
* checking if there is a namespace ... OK
* checking for hidden files and directories ... NOTE
Found the following hidden files and directories:
.BBSoptions
These were most likely included in error. See section ‘Package
structure’ in the ‘Writing R Extensions’ manual.
* checking for portable file names ... OK
* checking for sufficient/correct file permissions ... OK
* checking whether package ‘ChromSCape’ can be installed ... OK
* used C++ compiler: ‘Apple clang version 15.0.0 (clang-1500.0.40.1)’
* used SDK: ‘MacOSX11.3.sdk’
* checking installed package size ... OK
* checking package directory ... OK
* checking ‘build’ directory ... OK
* checking DESCRIPTION meta-information ... OK
* checking top-level files ... OK
* checking for left-over files ... OK
* checking index information ... OK
* checking package subdirectories ... OK
* checking code files for non-ASCII characters ... OK
* checking R files for syntax errors ... OK
* checking whether the package can be loaded ... OK
* checking whether the package can be loaded with stated dependencies ... OK
* checking whether the package can be unloaded cleanly ... OK
* checking whether the namespace can be loaded with stated dependencies ... OK
* checking whether the namespace can be unloaded cleanly ... OK
* checking whether startup messages can be suppressed ... OK
* checking dependencies in R code ... WARNING
'library' or 'require' call not declared from: ‘dplyr’
'library' or 'require' call to ‘dplyr’ in package code.
Please use :: or requireNamespace() instead.
See section 'Suggested packages' in the 'Writing R Extensions' manual.
* checking S3 generic/method consistency ... OK
* checking replacement functions ... OK
* checking foreign function calls ... OK
* checking R code for possible problems ... NOTE
bams_to_matrix_indexes: no visible binding for global variable
‘files_dir_list’
enrich_TF_ChEA3_genes: no visible binding for global variable
‘CheA3_TF_nTargets’
filter_correlated_cell_scExp: no visible binding for global variable
‘run_tsne’
generate_analysis: no visible global function definition for ‘head’
generate_analysis: no visible binding for global variable ‘k’
generate_analysis: no visible binding for global variable
‘clusterConsensus’
get_most_variable_cyto: no visible binding for global variable
‘cytoBand’
get_most_variable_cyto: no visible binding for global variable
‘Fri_cyto’
num_cell_after_QC_filt_scExp: no visible binding for global variable
‘sample_id’
num_cell_after_QC_filt_scExp: no visible binding for global variable
‘total_counts’
num_cell_scExp: no visible binding for global variable ‘sample_id’
num_cell_scExp: no visible binding for global variable ‘total_counts’
plot_correlation_PCA_scExp: no visible binding for global variable
‘Component’
plot_coverage_BigWig: no visible binding for global variable ‘molecule’
plot_coverage_BigWig: no visible binding for global variable
‘orientation’
plot_coverage_BigWig: no visible binding for global variable ‘Gene’
plot_gain_or_loss_barplots: no visible binding for global variable
‘Gain_or_Loss’
plot_gain_or_loss_barplots: no visible binding for global variable
‘ncells’
plot_gain_or_loss_barplots: no visible binding for global variable
‘cytoBand’
plot_most_contributing_features: no visible binding for global variable
‘genes’
plot_percent_active_feature_scExp: no visible binding for global
variable ‘group’
plot_percent_active_feature_scExp: no visible binding for global
variable ‘percent_active’
plot_pie_most_contributing_chr: no visible binding for global variable
‘absolute_value’
plot_reduced_dim_scExp: no visible binding for global variable ‘V1’
plot_reduced_dim_scExp: no visible binding for global variable ‘V2’
plot_reduced_dim_scExp: no visible binding for global variable
‘cluster’
plot_top_TF_scExp: no visible binding for global variable ‘TF’
rebin_helper: no visible binding for global variable ‘new_row’
rebin_helper: no visible binding for global variable ‘origin_value’
rebin_matrix: no visible binding for global variable ‘group’
subset_bam_call_peaks: no visible binding for global variable
‘merged_bam’
Undefined global functions or variables:
CheA3_TF_nTargets Component Fri_cyto Gain_or_Loss Gene TF V1 V2
absolute_value cluster clusterConsensus cytoBand files_dir_list genes
group head k merged_bam molecule ncells new_row orientation
origin_value percent_active run_tsne sample_id total_counts
Consider adding
importFrom("utils", "head")
to your NAMESPACE file.
* checking Rd files ... NOTE
prepare_Rd: raw_counts_to_sparse_matrix.Rd:6-8: Dropping empty section \source
* checking Rd metadata ... OK
* checking Rd cross-references ... OK
* checking for missing documentation entries ... OK
* checking for code/documentation mismatches ... WARNING
Codoc mismatches from Rd file 'generate_analysis.Rd':
generate_analysis
Code: function(input_data_folder, analysis_name = "Analysis_1",
output_directory = "./", input_data_type = c("scBED",
"DenseMatrix", "SparseMatrix", "scBAM")[1],
feature_count_on = c("bins", "genebody", "peaks")[1],
feature_count_parameter = 50000, rebin_sparse_matrix =
FALSE, ref_genome = c("hg38", "mm10")[1], run =
c("filter", "CNA", "cluster", "consensus", "coverage",
"DA", "GSA", "report")[c(1, 3, 5, 6, 7, 8)],
min_reads_per_cell = 1000, max_quantile_read_per_cell
= 99, n_top_features = 40000, norm_type = "CPM",
subsample_n = NULL, exclude_regions = NULL, n_clust =
NULL, corr_threshold = 99, percent_correlation = 1,
maxK = 10, qval.th = 0.1, logFC.th = 1,
enrichment_qval = 0.1, doBatchCorr = FALSE, batch_sels
= NULL, control_samples_CNA = NULL, genes_to_plot =
c("Krt8", "Krt5", "Tgfb1", "Foxq1", "Cdkn2b",
"Cdkn2a", "chr7:15000000-20000000"))
Docs: function(input_data_folder, analysis_name = "Analysis_1",
output_directory = "./", input_data_type = c("scBED",
"DenseMatrix", "SparseMatrix", "scBAM")[1],
rebin_sparse_matrix = FALSE, feature_count_on =
c("bins", "genebody", "peaks")[1],
feature_count_parameter = 50000, ref_genome =
c("hg38", "mm10")[1], run = c("filter", "CNA",
"cluster", "consensus", "peak_call", "coverage", "DA",
"GSA", "report")[c(1, 3, 6, 7, 8, 9)],
min_reads_per_cell = 1000, max_quantile_read_per_cell
= 99, n_top_features = 40000, norm_type = "CPM",
subsample_n = NULL, exclude_regions = NULL, n_clust =
NULL, corr_threshold = 99, percent_correlation = 1,
maxK = 10, qval.th = 0.1, logFC.th = 1,
enrichment_qval = 0.1, doBatchCorr = FALSE, batch_sels
= NULL, control_samples_CNA = NULL, genes_to_plot =
c("Krt8", "Krt5", "Tgfb1", "Foxq1", "Cdkn2b",
"Cdkn2a", "chr7:15000000-20000000"))
Mismatches in argument names:
Position: 5 Code: feature_count_on Docs: rebin_sparse_matrix
Position: 6 Code: feature_count_parameter Docs: feature_count_on
Position: 7 Code: rebin_sparse_matrix Docs: feature_count_parameter
Mismatches in argument default values:
Name: 'run'
Code: c("filter", "CNA", "cluster", "consensus", "coverage", "DA",
"GSA", "report")[c(1, 3, 5, 6, 7, 8)]
Docs: c("filter", "CNA", "cluster", "consensus", "peak_call", "coverage",
"DA", "GSA", "report")[c(1, 3, 6, 7, 8, 9)]
* checking Rd \usage sections ... WARNING
Undocumented arguments in Rd file 'rebin_matrix.Rd'
‘rebin_function’
Functions with \usage entries need to have the appropriate \alias
entries, and all their arguments documented.
The \usage entries must correspond to syntactically valid R code.
See chapter ‘Writing R documentation files’ in the ‘Writing R
Extensions’ manual.
* checking Rd contents ... OK
* checking for unstated dependencies in examples ... OK
* checking contents of ‘data’ directory ... OK
* checking data for non-ASCII characters ... OK
* checking data for ASCII and uncompressed saves ... OK
* checking line endings in C/C++/Fortran sources/headers ... OK
* checking compiled code ... NOTE
Note: information on .o files is not available
* checking files in ‘vignettes’ ... OK
* checking examples ... ERROR
Running examples in ‘ChromSCape-Ex.R’ failed
The error most likely occurred in:
> base::assign(".ptime", proc.time(), pos = "CheckExEnv")
> ### Name: get_pathway_mat_scExp
> ### Title: Get pathway matrix
> ### Aliases: get_pathway_mat_scExp
>
> ### ** Examples
>
> data(scExp)
> mat = get_pathway_mat_scExp(scExp, pathways = "KEGG_T_CELL_RECEPTOR_SIGNALING_PATHWAY")
ChromSCape::gene_set_enrichment_analysis_scExp - Loading hg38 MSigDB gene sets.
Error: nchar(db_species) not equal to 2
Execution halted
Examples with CPU (user + system) or elapsed time > 5s
user system elapsed
calculate_CNA 25.820 1.825 28.030
calculate_logRatio_CNA 25.961 0.787 27.039
calculate_cyto_mat 24.722 0.718 25.656
calculate_gain_or_loss 24.355 0.654 25.481
get_most_variable_cyto 23.973 0.205 24.434
get_cyto_features 21.125 0.160 21.553
filter_correlated_cell_scExp 13.543 0.097 13.777
create_scDataset_raw 8.920 0.995 10.053
CompareWilcox 8.667 0.699 8.940
CompareedgeRGLM 4.807 0.553 5.431
differential_activation 4.679 0.069 5.122
enrich_TF_ChEA3_scExp 0.911 0.099 8.615
* checking for unstated dependencies in ‘tests’ ... OK
* checking tests ...
Running ‘testthat.R’
OK
* checking for unstated dependencies in vignettes ... OK
* checking package vignettes ... OK
* checking running R code from vignettes ... SKIPPED
* checking re-building of vignette outputs ... SKIPPED
* checking PDF version of manual ... OK
* DONE
Status: 1 ERROR, 3 WARNINGs, 4 NOTEs
See
‘/Users/biocbuild/bbs-3.21-bioc/meat/ChromSCape.Rcheck/00check.log’
for details.
ChromSCape.Rcheck/00install.out
############################################################################## ############################################################################## ### ### Running command: ### ### /Library/Frameworks/R.framework/Resources/bin/R CMD INSTALL ChromSCape ### ############################################################################## ############################################################################## * installing to library ‘/Library/Frameworks/R.framework/Versions/4.5-arm64/Resources/library’ * installing *source* package ‘ChromSCape’ ... ** this is package ‘ChromSCape’ version ‘1.18.0’ ** using staged installation ** libs using C++ compiler: ‘Apple clang version 15.0.0 (clang-1500.0.40.1)’ using SDK: ‘MacOSX11.3.sdk’ clang++ -arch arm64 -std=gnu++17 -I"/Library/Frameworks/R.framework/Resources/include" -DNDEBUG -I'/Library/Frameworks/R.framework/Versions/4.5-arm64/Resources/library/Rcpp/include' -I/opt/R/arm64/include -fPIC -falign-functions=64 -Wall -g -O2 -c RcppExports.cpp -o RcppExports.o clang++ -arch arm64 -std=gnu++17 -I"/Library/Frameworks/R.framework/Resources/include" -DNDEBUG -I'/Library/Frameworks/R.framework/Versions/4.5-arm64/Resources/library/Rcpp/include' -I/opt/R/arm64/include -fPIC -falign-functions=64 -Wall -g -O2 -c as_dist.cpp -o as_dist.o clang++ -arch arm64 -std=gnu++17 -dynamiclib -Wl,-headerpad_max_install_names -undefined dynamic_lookup -L/Library/Frameworks/R.framework/Resources/lib -L/opt/R/arm64/lib -o ChromSCape.so RcppExports.o as_dist.o -F/Library/Frameworks/R.framework/.. -framework R installing to /Library/Frameworks/R.framework/Versions/4.5-arm64/Resources/library/00LOCK-ChromSCape/00new/ChromSCape/libs ** R ** data ** inst ** byte-compile and prepare package for lazy loading ** help *** installing help indices ** building package indices ** installing vignettes ** testing if installed package can be loaded from temporary location ** checking absolute paths in shared objects and dynamic libraries ** testing if installed package can be loaded from final location ** testing if installed package keeps a record of temporary installation path * DONE (ChromSCape)
ChromSCape.Rcheck/tests/testthat.Rout
R version 4.5.1 Patched (2025-06-14 r88325) -- "Great Square Root"
Copyright (C) 2025 The R Foundation for Statistical Computing
Platform: aarch64-apple-darwin20
R is free software and comes with ABSOLUTELY NO WARRANTY.
You are welcome to redistribute it under certain conditions.
Type 'license()' or 'licence()' for distribution details.
R is a collaborative project with many contributors.
Type 'contributors()' for more information and
'citation()' on how to cite R or R packages in publications.
Type 'demo()' for some demos, 'help()' for on-line help, or
'help.start()' for an HTML browser interface to help.
Type 'q()' to quit R.
> library(testthat)
> library(ChromSCape)
>
> test_check("ChromSCape")
[ FAIL 0 | WARN 2 | SKIP 0 | PASS 11 ]
[ FAIL 0 | WARN 2 | SKIP 0 | PASS 11 ]
>
> proc.time()
user system elapsed
49.736 4.524 54.808
ChromSCape.Rcheck/ChromSCape-Ex.timings
| name | user | system | elapsed | |
| CheA3_TF_nTargets | 0.009 | 0.003 | 0.012 | |
| CompareWilcox | 8.667 | 0.699 | 8.940 | |
| CompareedgeRGLM | 4.807 | 0.553 | 5.431 | |
| annotToCol2 | 1.130 | 0.083 | 1.222 | |
| calculate_CNA | 25.820 | 1.825 | 28.030 | |
| calculate_cyto_mat | 24.722 | 0.718 | 25.656 | |
| calculate_gain_or_loss | 24.355 | 0.654 | 25.481 | |
| calculate_logRatio_CNA | 25.961 | 0.787 | 27.039 | |
| choose_cluster_scExp | 3.906 | 0.584 | 4.541 | |
| colors_scExp | 0.423 | 0.011 | 0.441 | |
| consensus_clustering_scExp | 3.709 | 0.532 | 4.277 | |
| correlation_and_hierarchical_clust_scExp | 0.449 | 0.012 | 0.468 | |
| create_project_folder | 0.002 | 0.002 | 0.004 | |
| create_scDataset_raw | 8.920 | 0.995 | 10.053 | |
| create_scExp | 0.541 | 0.029 | 0.578 | |
| define_feature | 0.198 | 0.023 | 0.223 | |
| detect_samples | 1.582 | 0.038 | 1.654 | |
| differential_activation | 4.679 | 0.069 | 5.122 | |
| differential_analysis_scExp | 3.298 | 0.046 | 3.381 | |
| enrich_TF_ChEA3_genes | 0.557 | 0.113 | 2.473 | |
| enrich_TF_ChEA3_scExp | 0.911 | 0.099 | 8.615 | |
| exclude_features_scExp | 0.488 | 0.031 | 0.525 | |
| feature_annotation_scExp | 1.638 | 0.129 | 1.792 | |
| filter_correlated_cell_scExp | 13.543 | 0.097 | 13.777 | |
| filter_scExp | 0.593 | 0.021 | 0.626 | |
| find_clusters_louvain_scExp | 0.436 | 0.011 | 0.449 | |
| find_top_features | 0.451 | 0.015 | 0.477 | |
| gene_set_enrichment_analysis_scExp | 0.333 | 0.010 | 0.345 | |
| generate_analysis | 0 | 0 | 0 | |
| generate_coverage_tracks | 0.000 | 0.001 | 0.001 | |
| generate_report | 0.000 | 0.001 | 0.001 | |
| getExperimentNames | 0.359 | 0.010 | 0.372 | |
| getMainExperiment | 0.395 | 0.013 | 0.413 | |
| get_cyto_features | 21.125 | 0.160 | 21.553 | |
| get_genomic_coordinates | 0.519 | 0.056 | 0.585 | |
| get_most_variable_cyto | 23.973 | 0.205 | 24.434 | |