| Back to Multiple platform build/check report for BioC 3.20: simplified long |
|
This page was generated on 2025-04-02 19:36 -0400 (Wed, 02 Apr 2025).
| Hostname | OS | Arch (*) | R version | Installed pkgs |
|---|---|---|---|---|
| nebbiolo2 | Linux (Ubuntu 24.04.1 LTS) | x86_64 | 4.4.3 (2025-02-28) -- "Trophy Case" | 4764 |
| palomino8 | Windows Server 2022 Datacenter | x64 | 4.4.3 (2025-02-28 ucrt) -- "Trophy Case" | 4495 |
| merida1 | macOS 12.7.5 Monterey | x86_64 | 4.4.3 (2025-02-28) -- "Trophy Case" | 4522 |
| kjohnson1 | macOS 13.6.6 Ventura | arm64 | 4.4.3 (2025-02-28) -- "Trophy Case" | 4449 |
| taishan | Linux (openEuler 24.03 LTS) | aarch64 | 4.4.3 (2025-02-28) -- "Trophy Case" | 4426 |
| Click on any hostname to see more info about the system (e.g. compilers) (*) as reported by 'uname -p', except on Windows and Mac OS X | ||||
| Package 2287/2289 | Hostname | OS / Arch | INSTALL | BUILD | CHECK | BUILD BIN | ||||||||
| zitools 1.0.0 (landing page) Carlotta Meyring
| nebbiolo2 | Linux (Ubuntu 24.04.1 LTS) / x86_64 | OK | OK | WARNINGS | |||||||||
| palomino8 | Windows Server 2022 Datacenter / x64 | OK | OK | WARNINGS | OK | |||||||||
| merida1 | macOS 12.7.5 Monterey / x86_64 | OK | OK | WARNINGS | OK | |||||||||
| kjohnson1 | macOS 13.6.6 Ventura / arm64 | OK | OK | WARNINGS | OK | |||||||||
| taishan | Linux (openEuler 24.03 LTS) / aarch64 | OK | OK | WARNINGS | ||||||||||
|
To the developers/maintainers of the zitools package: - Allow up to 24 hours (and sometimes 48 hours) for your latest push to git@git.bioconductor.org:packages/zitools.git to reflect on this report. See Troubleshooting Build Report for more information. - Use the following Renviron settings to reproduce errors and warnings. - If 'R CMD check' started to fail recently on the Linux builder(s) over a missing dependency, add the missing dependency to 'Suggests:' in your DESCRIPTION file. See Renviron.bioc for more information. - See Martin Grigorov's blog post for how to debug Linux ARM64 related issues on a x86_64 host. |
| Package: zitools |
| Version: 1.0.0 |
| Command: /home/biocbuild/R/R/bin/R CMD check --install=check:zitools.install-out.txt --library=/home/biocbuild/R/R/site-library --no-vignettes --timings zitools_1.0.0.tar.gz |
| StartedAt: 2025-04-01 11:50:21 -0000 (Tue, 01 Apr 2025) |
| EndedAt: 2025-04-01 11:58:12 -0000 (Tue, 01 Apr 2025) |
| EllapsedTime: 470.8 seconds |
| RetCode: 0 |
| Status: WARNINGS |
| CheckDir: zitools.Rcheck |
| Warnings: 1 |
##############################################################################
##############################################################################
###
### Running command:
###
### /home/biocbuild/R/R/bin/R CMD check --install=check:zitools.install-out.txt --library=/home/biocbuild/R/R/site-library --no-vignettes --timings zitools_1.0.0.tar.gz
###
##############################################################################
##############################################################################
* using log directory ‘/home/biocbuild/bbs-3.20-bioc/meat/zitools.Rcheck’
* using R version 4.4.3 (2025-02-28)
* using platform: aarch64-unknown-linux-gnu
* R was compiled by
aarch64-unknown-linux-gnu-gcc (GCC) 14.2.0
GNU Fortran (GCC) 14.2.0
* running under: openEuler 24.03 (LTS)
* using session charset: UTF-8
* using option ‘--no-vignettes’
* checking for file ‘zitools/DESCRIPTION’ ... OK
* this is package ‘zitools’ version ‘1.0.0’
* package encoding: UTF-8
* checking package namespace information ... OK
* checking package dependencies ... OK
* checking if this is a source package ... OK
* checking if there is a namespace ... OK
* checking for hidden files and directories ... OK
* checking for portable file names ... OK
* checking for sufficient/correct file permissions ... OK
* checking whether package ‘zitools’ can be installed ... OK
* checking installed package size ... OK
* checking package directory ... OK
* checking ‘build’ directory ... OK
* checking DESCRIPTION meta-information ... NOTE
License stub is invalid DCF.
* checking top-level files ... OK
* checking for left-over files ... OK
* checking index information ... OK
* checking package subdirectories ... OK
* checking code files for non-ASCII characters ... OK
* checking R files for syntax errors ... OK
* checking whether the package can be loaded ... OK
* checking whether the package can be loaded with stated dependencies ... OK
* checking whether the package can be unloaded cleanly ... OK
* checking whether the namespace can be loaded with stated dependencies ... OK
* checking whether the namespace can be unloaded cleanly ... OK
* checking loading without being on the library search path ... OK
* checking dependencies in R code ... OK
* checking S3 generic/method consistency ... OK
* checking replacement functions ... OK
* checking foreign function calls ... OK
* checking R code for possible problems ... NOTE
calcWeights: no visible global function definition for ‘predict’
omit_str_zero: no visible global function definition for ‘predict’
Undefined global functions or variables:
predict
Consider adding
importFrom("stats", "predict")
to your NAMESPACE file.
* checking Rd files ... OK
* checking Rd metadata ... OK
* checking Rd cross-references ... OK
* checking for missing documentation entries ... OK
* checking for code/documentation mismatches ... WARNING
Codoc mismatches from Rd file 'rowQuantiles.Rd':
\S4method{rowQuantiles}{Zi}
Code: function(x, rows = NULL, cols = NULL, probs = seq(from = 0, to
= 1, by = 0.25), na.rm = FALSE, type = 7L, digits =
7L, ..., useNames = TRUE, drop = TRUE)
Docs: function(x, rows = NULL, cols = NULL, probs = seq(from = 0, to
= 1, by = 0.25), na.rm = TRUE, type = 7L, ...,
useNames = TRUE, drop = TRUE)
Argument names in code not in docs:
digits
Mismatches in argument names:
Position: 7 Code: digits Docs: ...
Position: 8 Code: ... Docs: useNames
Position: 9 Code: useNames Docs: drop
Mismatches in argument default values:
Name: 'na.rm' Code: FALSE Docs: TRUE
\S4method{colQuantiles}{Zi}
Code: function(x, rows = NULL, cols = NULL, probs = seq(from = 0, to
= 1, by = 0.25), na.rm = FALSE, type = 7L, digits =
7L, ..., useNames = TRUE, drop = TRUE)
Docs: function(x, rows = NULL, cols = NULL, probs = seq(from = 0, to
= 1, by = 0.25), na.rm = TRUE, type = 7L, ...,
useNames = TRUE, drop = TRUE)
Argument names in code not in docs:
digits
Mismatches in argument names:
Position: 7 Code: digits Docs: ...
Position: 8 Code: ... Docs: useNames
Position: 9 Code: useNames Docs: drop
Mismatches in argument default values:
Name: 'na.rm' Code: FALSE Docs: TRUE
* checking Rd \usage sections ... OK
* checking Rd contents ... OK
* checking for unstated dependencies in examples ... OK
* checking contents of ‘data’ directory ... OK
* checking data for non-ASCII characters ... OK
* checking data for ASCII and uncompressed saves ... OK
* checking files in ‘vignettes’ ... OK
* checking examples ... OK
Examples with CPU (user + system) or elapsed time > 5s
user system elapsed
plus 7.591 0.024 7.627
assays 5.045 0.043 5.098
* checking for unstated dependencies in ‘tests’ ... OK
* checking tests ...
Running ‘testthat.R’
OK
* checking for unstated dependencies in vignettes ... OK
* checking package vignettes ... OK
* checking running R code from vignettes ... SKIPPED
* checking re-building of vignette outputs ... SKIPPED
* checking PDF version of manual ... OK
* DONE
Status: 1 WARNING, 2 NOTEs
See
‘/home/biocbuild/bbs-3.20-bioc/meat/zitools.Rcheck/00check.log’
for details.
zitools.Rcheck/00install.out
############################################################################## ############################################################################## ### ### Running command: ### ### /home/biocbuild/R/R/bin/R CMD INSTALL zitools ### ############################################################################## ############################################################################## * installing to library ‘/home/biocbuild/R/R-4.4.3/site-library’ * installing *source* package ‘zitools’ ... ** using staged installation ** R ** data ** byte-compile and prepare package for lazy loading Creating a new generic function for ‘weights’ in package ‘zitools’ Creating a new generic function for ‘weightedSd’ in package ‘zitools’ Creating a generic function for ‘cov’ from package ‘stats’ in package ‘zitools’ ** help *** installing help indices ** building package indices ** installing vignettes ** testing if installed package can be loaded from temporary location ** testing if installed package can be loaded from final location ** testing if installed package keeps a record of temporary installation path * DONE (zitools)
zitools.Rcheck/tests/testthat.Rout
R version 4.4.3 (2025-02-28) -- "Trophy Case"
Copyright (C) 2025 The R Foundation for Statistical Computing
Platform: aarch64-unknown-linux-gnu
R is free software and comes with ABSOLUTELY NO WARRANTY.
You are welcome to redistribute it under certain conditions.
Type 'license()' or 'licence()' for distribution details.
R is a collaborative project with many contributors.
Type 'contributors()' for more information and
'citation()' on how to cite R or R packages in publications.
Type 'demo()' for some demos, 'help()' for on-line help, or
'help.start()' for an HTML browser interface to help.
Type 'q()' to quit R.
> library(testthat)
> library(zitools)
Attaching package: 'zitools'
The following objects are masked from 'package:stats':
heatmap, weights
>
> test_check("zitools")
[ FAIL 0 | WARN 0 | SKIP 0 | PASS 9 ]
>
>
> proc.time()
user system elapsed
41.151 1.005 42.211
zitools.Rcheck/zitools-Ex.timings
| name | user | system | elapsed | |
| MissingValueHeatmap | 0.002 | 0.000 | 0.003 | |
| assays | 5.045 | 0.043 | 5.098 | |
| boxplot | 3.962 | 0.024 | 3.994 | |
| colData | 4.386 | 0.032 | 4.426 | |
| colMeans2 | 4.347 | 0.008 | 4.363 | |
| colMedians | 4.379 | 0.028 | 4.414 | |
| cor | 3.708 | 0.008 | 3.722 | |
| cov | 3.724 | 0.000 | 3.729 | |
| deinflatedcounts | 3.773 | 0.004 | 3.781 | |
| heatmap | 4.286 | 0.000 | 4.291 | |
| inputcounts | 3.776 | 0.006 | 3.787 | |
| inputdata | 3.770 | 0.006 | 3.781 | |
| log1p | 3.804 | 0.000 | 3.809 | |
| log2p | 4.256 | 0.004 | 4.267 | |
| mean | 3.733 | 0.008 | 3.747 | |
| median | 3.767 | 0.012 | 3.785 | |
| model | 3.781 | 0.000 | 3.787 | |
| otu_table | 4.363 | 0.024 | 4.401 | |
| plot | 3.791 | 0.004 | 3.802 | |
| plus | 7.591 | 0.024 | 7.627 | |
| quantile | 4.314 | 0.012 | 4.332 | |
| resample_deinflatedcounts | 3.831 | 0.004 | 3.842 | |
| rowData | 3.839 | 0.004 | 3.849 | |
| rowQuantiles | 3.813 | 0.008 | 3.827 | |
| rowSds | 4.360 | 0.000 | 4.366 | |
| rowVars | 3.773 | 0.004 | 3.784 | |
| rowWeightedMeans | 3.828 | 0.000 | 3.835 | |
| rowWeightedSds | 3.837 | 0.010 | 3.853 | |
| sample_data | 4.376 | 0.022 | 4.405 | |
| sd | 3.760 | 0.008 | 3.775 | |
| show | 3.826 | 0.000 | 3.832 | |
| slash | 3.825 | 0.000 | 3.832 | |
| subset_feature | 4.427 | 0.000 | 4.434 | |
| subset_sample | 3.808 | 0.016 | 3.830 | |
| t | 3.802 | 0.000 | 3.807 | |
| tax_table | 3.821 | 0.008 | 3.834 | |
| times | 4.357 | 0.000 | 4.363 | |
| var | 3.718 | 0.008 | 3.731 | |
| weighted.mean | 3.795 | 0.016 | 3.816 | |
| weightedVar | 3.797 | 0.008 | 3.811 | |
| weights | 3.797 | 0.028 | 3.830 | |
| zi2deseq2 | 4.651 | 0.012 | 4.669 | |
| zi2phyloseq | 3.840 | 0.004 | 3.850 | |
| ziMain | 3.811 | 0.000 | 3.817 | |