| Back to Multiple platform build/check report for BioC 3.20: simplified long |
|
This page was generated on 2025-04-02 19:29 -0400 (Wed, 02 Apr 2025).
| Hostname | OS | Arch (*) | R version | Installed pkgs |
|---|---|---|---|---|
| nebbiolo2 | Linux (Ubuntu 24.04.1 LTS) | x86_64 | 4.4.3 (2025-02-28) -- "Trophy Case" | 4764 |
| palomino8 | Windows Server 2022 Datacenter | x64 | 4.4.3 (2025-02-28 ucrt) -- "Trophy Case" | 4495 |
| merida1 | macOS 12.7.5 Monterey | x86_64 | 4.4.3 (2025-02-28) -- "Trophy Case" | 4522 |
| kjohnson1 | macOS 13.6.6 Ventura | arm64 | 4.4.3 (2025-02-28) -- "Trophy Case" | 4449 |
| taishan | Linux (openEuler 24.03 LTS) | aarch64 | 4.4.3 (2025-02-28) -- "Trophy Case" | 4426 |
| Click on any hostname to see more info about the system (e.g. compilers) (*) as reported by 'uname -p', except on Windows and Mac OS X | ||||
| Package 2287/2289 | Hostname | OS / Arch | INSTALL | BUILD | CHECK | BUILD BIN | ||||||||
| zitools 1.0.0 (landing page) Carlotta Meyring
| nebbiolo2 | Linux (Ubuntu 24.04.1 LTS) / x86_64 | OK | OK | WARNINGS | |||||||||
| palomino8 | Windows Server 2022 Datacenter / x64 | OK | OK | WARNINGS | OK | |||||||||
| merida1 | macOS 12.7.5 Monterey / x86_64 | OK | OK | WARNINGS | OK | |||||||||
| kjohnson1 | macOS 13.6.6 Ventura / arm64 | OK | OK | WARNINGS | OK | |||||||||
| taishan | Linux (openEuler 24.03 LTS) / aarch64 | OK | OK | WARNINGS | ||||||||||
|
To the developers/maintainers of the zitools package: - Allow up to 24 hours (and sometimes 48 hours) for your latest push to git@git.bioconductor.org:packages/zitools.git to reflect on this report. See Troubleshooting Build Report for more information. - Use the following Renviron settings to reproduce errors and warnings. - If 'R CMD check' started to fail recently on the Linux builder(s) over a missing dependency, add the missing dependency to 'Suggests:' in your DESCRIPTION file. See Renviron.bioc for more information. |
| Package: zitools |
| Version: 1.0.0 |
| Command: /home/biocbuild/bbs-3.20-bioc/R/bin/R CMD check --install=check:zitools.install-out.txt --library=/home/biocbuild/bbs-3.20-bioc/R/site-library --timings zitools_1.0.0.tar.gz |
| StartedAt: 2025-04-01 03:23:44 -0400 (Tue, 01 Apr 2025) |
| EndedAt: 2025-04-01 03:29:47 -0400 (Tue, 01 Apr 2025) |
| EllapsedTime: 362.6 seconds |
| RetCode: 0 |
| Status: WARNINGS |
| CheckDir: zitools.Rcheck |
| Warnings: 1 |
##############################################################################
##############################################################################
###
### Running command:
###
### /home/biocbuild/bbs-3.20-bioc/R/bin/R CMD check --install=check:zitools.install-out.txt --library=/home/biocbuild/bbs-3.20-bioc/R/site-library --timings zitools_1.0.0.tar.gz
###
##############################################################################
##############################################################################
* using log directory ‘/home/biocbuild/bbs-3.20-bioc/meat/zitools.Rcheck’
* using R version 4.4.3 (2025-02-28)
* using platform: x86_64-pc-linux-gnu
* R was compiled by
gcc (Ubuntu 13.3.0-6ubuntu2~24.04) 13.3.0
GNU Fortran (Ubuntu 13.3.0-6ubuntu2~24.04) 13.3.0
* running under: Ubuntu 24.04.2 LTS
* using session charset: UTF-8
* checking for file ‘zitools/DESCRIPTION’ ... OK
* this is package ‘zitools’ version ‘1.0.0’
* package encoding: UTF-8
* checking package namespace information ... OK
* checking package dependencies ... OK
* checking if this is a source package ... OK
* checking if there is a namespace ... OK
* checking for hidden files and directories ... OK
* checking for portable file names ... OK
* checking for sufficient/correct file permissions ... OK
* checking whether package ‘zitools’ can be installed ... OK
* checking installed package size ... OK
* checking package directory ... OK
* checking ‘build’ directory ... OK
* checking DESCRIPTION meta-information ... NOTE
License stub is invalid DCF.
* checking top-level files ... OK
* checking for left-over files ... OK
* checking index information ... OK
* checking package subdirectories ... OK
* checking code files for non-ASCII characters ... OK
* checking R files for syntax errors ... OK
* checking whether the package can be loaded ... OK
* checking whether the package can be loaded with stated dependencies ... OK
* checking whether the package can be unloaded cleanly ... OK
* checking whether the namespace can be loaded with stated dependencies ... OK
* checking whether the namespace can be unloaded cleanly ... OK
* checking loading without being on the library search path ... OK
* checking dependencies in R code ... OK
* checking S3 generic/method consistency ... OK
* checking replacement functions ... OK
* checking foreign function calls ... OK
* checking R code for possible problems ... NOTE
calcWeights: no visible global function definition for ‘predict’
omit_str_zero: no visible global function definition for ‘predict’
Undefined global functions or variables:
predict
Consider adding
importFrom("stats", "predict")
to your NAMESPACE file.
* checking Rd files ... OK
* checking Rd metadata ... OK
* checking Rd cross-references ... OK
* checking for missing documentation entries ... OK
* checking for code/documentation mismatches ... WARNING
Codoc mismatches from Rd file 'rowQuantiles.Rd':
\S4method{rowQuantiles}{Zi}
Code: function(x, rows = NULL, cols = NULL, probs = seq(from = 0, to
= 1, by = 0.25), na.rm = FALSE, type = 7L, digits =
7L, ..., useNames = TRUE, drop = TRUE)
Docs: function(x, rows = NULL, cols = NULL, probs = seq(from = 0, to
= 1, by = 0.25), na.rm = TRUE, type = 7L, ...,
useNames = TRUE, drop = TRUE)
Argument names in code not in docs:
digits
Mismatches in argument names:
Position: 7 Code: digits Docs: ...
Position: 8 Code: ... Docs: useNames
Position: 9 Code: useNames Docs: drop
Mismatches in argument default values:
Name: 'na.rm' Code: FALSE Docs: TRUE
\S4method{colQuantiles}{Zi}
Code: function(x, rows = NULL, cols = NULL, probs = seq(from = 0, to
= 1, by = 0.25), na.rm = FALSE, type = 7L, digits =
7L, ..., useNames = TRUE, drop = TRUE)
Docs: function(x, rows = NULL, cols = NULL, probs = seq(from = 0, to
= 1, by = 0.25), na.rm = TRUE, type = 7L, ...,
useNames = TRUE, drop = TRUE)
Argument names in code not in docs:
digits
Mismatches in argument names:
Position: 7 Code: digits Docs: ...
Position: 8 Code: ... Docs: useNames
Position: 9 Code: useNames Docs: drop
Mismatches in argument default values:
Name: 'na.rm' Code: FALSE Docs: TRUE
* checking Rd \usage sections ... OK
* checking Rd contents ... OK
* checking for unstated dependencies in examples ... OK
* checking contents of ‘data’ directory ... OK
* checking data for non-ASCII characters ... OK
* checking data for ASCII and uncompressed saves ... OK
* checking files in ‘vignettes’ ... OK
* checking examples ... OK
* checking for unstated dependencies in ‘tests’ ... OK
* checking tests ...
Running ‘testthat.R’
OK
* checking for unstated dependencies in vignettes ... OK
* checking package vignettes ... OK
* checking re-building of vignette outputs ... OK
* checking PDF version of manual ... OK
* DONE
Status: 1 WARNING, 2 NOTEs
See
‘/home/biocbuild/bbs-3.20-bioc/meat/zitools.Rcheck/00check.log’
for details.
zitools.Rcheck/00install.out
############################################################################## ############################################################################## ### ### Running command: ### ### /home/biocbuild/bbs-3.20-bioc/R/bin/R CMD INSTALL zitools ### ############################################################################## ############################################################################## * installing to library ‘/home/biocbuild/bbs-3.20-bioc/R/site-library’ * installing *source* package ‘zitools’ ... ** using staged installation ** R ** data ** byte-compile and prepare package for lazy loading Creating a new generic function for ‘weights’ in package ‘zitools’ Creating a new generic function for ‘weightedSd’ in package ‘zitools’ Creating a generic function for ‘cov’ from package ‘stats’ in package ‘zitools’ ** help *** installing help indices ** building package indices ** installing vignettes ** testing if installed package can be loaded from temporary location ** testing if installed package can be loaded from final location ** testing if installed package keeps a record of temporary installation path * DONE (zitools)
zitools.Rcheck/tests/testthat.Rout
R version 4.4.3 (2025-02-28) -- "Trophy Case"
Copyright (C) 2025 The R Foundation for Statistical Computing
Platform: x86_64-pc-linux-gnu
R is free software and comes with ABSOLUTELY NO WARRANTY.
You are welcome to redistribute it under certain conditions.
Type 'license()' or 'licence()' for distribution details.
R is a collaborative project with many contributors.
Type 'contributors()' for more information and
'citation()' on how to cite R or R packages in publications.
Type 'demo()' for some demos, 'help()' for on-line help, or
'help.start()' for an HTML browser interface to help.
Type 'q()' to quit R.
> library(testthat)
> library(zitools)
Attaching package: 'zitools'
The following objects are masked from 'package:stats':
heatmap, weights
>
> test_check("zitools")
[ FAIL 0 | WARN 0 | SKIP 0 | PASS 9 ]
>
>
> proc.time()
user system elapsed
25.220 1.552 26.759
zitools.Rcheck/zitools-Ex.timings
| name | user | system | elapsed | |
| MissingValueHeatmap | 0.002 | 0.000 | 0.002 | |
| assays | 3.097 | 0.079 | 3.177 | |
| boxplot | 1.810 | 0.006 | 1.816 | |
| colData | 2.336 | 0.028 | 2.364 | |
| colMeans2 | 2.414 | 0.043 | 2.457 | |
| colMedians | 2.427 | 0.006 | 2.433 | |
| cor | 1.743 | 0.033 | 1.777 | |
| cov | 1.701 | 0.006 | 1.707 | |
| deinflatedcounts | 1.706 | 0.011 | 1.718 | |
| heatmap | 2.289 | 0.040 | 2.329 | |
| inputcounts | 1.684 | 0.001 | 1.686 | |
| inputdata | 1.711 | 0.012 | 1.724 | |
| log1p | 1.701 | 0.006 | 1.707 | |
| log2p | 2.342 | 0.011 | 2.353 | |
| mean | 1.686 | 0.009 | 1.696 | |
| median | 1.708 | 0.008 | 1.716 | |
| model | 1.738 | 0.017 | 1.755 | |
| otu_table | 2.391 | 0.014 | 2.405 | |
| plot | 1.708 | 0.010 | 1.718 | |
| plus | 3.469 | 0.022 | 3.491 | |
| quantile | 2.337 | 0.016 | 2.353 | |
| resample_deinflatedcounts | 1.719 | 0.014 | 1.733 | |
| rowData | 1.713 | 0.013 | 1.727 | |
| rowQuantiles | 1.711 | 0.019 | 1.731 | |
| rowSds | 1.728 | 0.009 | 1.737 | |
| rowVars | 2.255 | 0.004 | 2.259 | |
| rowWeightedMeans | 1.686 | 0.008 | 1.694 | |
| rowWeightedSds | 1.721 | 0.004 | 1.725 | |
| sample_data | 1.725 | 0.004 | 1.729 | |
| sd | 2.299 | 0.018 | 2.317 | |
| show | 1.713 | 0.012 | 1.725 | |
| slash | 1.716 | 0.011 | 1.727 | |
| subset_feature | 1.774 | 0.005 | 1.780 | |
| subset_sample | 2.278 | 0.006 | 2.285 | |
| t | 1.688 | 0.008 | 1.696 | |
| tax_table | 1.710 | 0.011 | 1.721 | |
| times | 1.771 | 0.017 | 1.788 | |
| var | 2.311 | 0.024 | 2.334 | |
| weighted.mean | 1.707 | 0.009 | 1.716 | |
| weightedVar | 1.702 | 0.005 | 1.707 | |
| weights | 1.719 | 0.005 | 1.725 | |
| zi2deseq2 | 2.571 | 0.017 | 2.589 | |
| zi2phyloseq | 1.786 | 0.013 | 1.799 | |
| ziMain | 1.732 | 0.005 | 1.737 | |