| Back to Multiple platform build/check report for BioC 3.20: simplified long |
|
This page was generated on 2024-11-20 12:07 -0500 (Wed, 20 Nov 2024).
| Hostname | OS | Arch (*) | R version | Installed pkgs |
|---|---|---|---|---|
| teran2 | Linux (Ubuntu 24.04.1 LTS) | x86_64 | 4.4.2 (2024-10-31) -- "Pile of Leaves" | 4481 |
| nebbiolo2 | Linux (Ubuntu 24.04.1 LTS) | x86_64 | 4.4.2 (2024-10-31) -- "Pile of Leaves" | 4479 |
| palomino8 | Windows Server 2022 Datacenter | x64 | 4.4.2 (2024-10-31 ucrt) -- "Pile of Leaves" | 4359 |
| lconway | macOS 12.7.1 Monterey | x86_64 | 4.4.1 (2024-06-14) -- "Race for Your Life" | 4539 |
| kunpeng2 | Linux (openEuler 22.03 LTS-SP1) | aarch64 | 4.4.1 (2024-06-14) -- "Race for Your Life" | 4493 |
| Click on any hostname to see more info about the system (e.g. compilers) (*) as reported by 'uname -p', except on Windows and Mac OS X | ||||
| Package 2287/2289 | Hostname | OS / Arch | INSTALL | BUILD | CHECK | BUILD BIN | ||||||||
| zitools 1.0.0 (landing page) Carlotta Meyring
| teran2 | Linux (Ubuntu 24.04.1 LTS) / x86_64 | OK | OK | WARNINGS | |||||||||
| nebbiolo2 | Linux (Ubuntu 24.04.1 LTS) / x86_64 | OK | OK | WARNINGS | ||||||||||
| palomino8 | Windows Server 2022 Datacenter / x64 | OK | OK | WARNINGS | OK | |||||||||
| lconway | macOS 12.7.1 Monterey / x86_64 | OK | OK | WARNINGS | OK | |||||||||
| kunpeng2 | Linux (openEuler 22.03 LTS-SP1) / aarch64 | OK | OK | WARNINGS | ||||||||||
|
To the developers/maintainers of the zitools package: - Allow up to 24 hours (and sometimes 48 hours) for your latest push to git@git.bioconductor.org:packages/zitools.git to reflect on this report. See Troubleshooting Build Report for more information. - Use the following Renviron settings to reproduce errors and warnings. - If 'R CMD check' started to fail recently on the Linux builder(s) over a missing dependency, add the missing dependency to 'Suggests:' in your DESCRIPTION file. See Renviron.bioc for more information. |
| Package: zitools |
| Version: 1.0.0 |
| Command: /Library/Frameworks/R.framework/Resources/bin/R CMD check --install=check:zitools.install-out.txt --library=/Library/Frameworks/R.framework/Resources/library --no-vignettes --timings zitools_1.0.0.tar.gz |
| StartedAt: 2024-11-20 03:56:53 -0500 (Wed, 20 Nov 2024) |
| EndedAt: 2024-11-20 04:05:23 -0500 (Wed, 20 Nov 2024) |
| EllapsedTime: 510.7 seconds |
| RetCode: 0 |
| Status: WARNINGS |
| CheckDir: zitools.Rcheck |
| Warnings: 1 |
##############################################################################
##############################################################################
###
### Running command:
###
### /Library/Frameworks/R.framework/Resources/bin/R CMD check --install=check:zitools.install-out.txt --library=/Library/Frameworks/R.framework/Resources/library --no-vignettes --timings zitools_1.0.0.tar.gz
###
##############################################################################
##############################################################################
* using log directory ‘/Users/biocbuild/bbs-3.20-bioc/meat/zitools.Rcheck’
* using R version 4.4.1 (2024-06-14)
* using platform: x86_64-apple-darwin20
* R was compiled by
Apple clang version 14.0.0 (clang-1400.0.29.202)
GNU Fortran (GCC) 12.2.0
* running under: macOS Monterey 12.7.6
* using session charset: UTF-8
* using option ‘--no-vignettes’
* checking for file ‘zitools/DESCRIPTION’ ... OK
* this is package ‘zitools’ version ‘1.0.0’
* package encoding: UTF-8
* checking package namespace information ... OK
* checking package dependencies ...Warning: unable to access index for repository https://CRAN.R-project.org/src/contrib:
cannot open URL 'https://CRAN.R-project.org/src/contrib/PACKAGES'
OK
* checking if this is a source package ... OK
* checking if there is a namespace ... OK
* checking for hidden files and directories ... OK
* checking for portable file names ... OK
* checking for sufficient/correct file permissions ... OK
* checking whether package ‘zitools’ can be installed ... OK
* checking installed package size ... OK
* checking package directory ... OK
* checking ‘build’ directory ... OK
* checking DESCRIPTION meta-information ... NOTE
License stub is invalid DCF.
* checking top-level files ... OK
* checking for left-over files ... OK
* checking index information ... OK
* checking package subdirectories ... OK
* checking code files for non-ASCII characters ... OK
* checking R files for syntax errors ... OK
* checking whether the package can be loaded ... OK
* checking whether the package can be loaded with stated dependencies ... OK
* checking whether the package can be unloaded cleanly ... OK
* checking whether the namespace can be loaded with stated dependencies ... OK
* checking whether the namespace can be unloaded cleanly ... OK
* checking dependencies in R code ... OK
* checking S3 generic/method consistency ... OK
* checking replacement functions ... OK
* checking foreign function calls ... OK
* checking R code for possible problems ... NOTE
calcWeights: no visible global function definition for ‘predict’
omit_str_zero: no visible global function definition for ‘predict’
Undefined global functions or variables:
predict
Consider adding
importFrom("stats", "predict")
to your NAMESPACE file.
* checking Rd files ... OK
* checking Rd metadata ... OK
* checking Rd cross-references ... OK
* checking for missing documentation entries ... OK
* checking for code/documentation mismatches ... WARNING
Codoc mismatches from Rd file 'rowQuantiles.Rd':
\S4method{rowQuantiles}{Zi}
Code: function(x, rows = NULL, cols = NULL, probs = seq(from = 0, to
= 1, by = 0.25), na.rm = FALSE, type = 7L, digits =
7L, ..., useNames = TRUE, drop = TRUE)
Docs: function(x, rows = NULL, cols = NULL, probs = seq(from = 0, to
= 1, by = 0.25), na.rm = TRUE, type = 7L, ...,
useNames = TRUE, drop = TRUE)
Argument names in code not in docs:
digits
Mismatches in argument names:
Position: 7 Code: digits Docs: ...
Position: 8 Code: ... Docs: useNames
Position: 9 Code: useNames Docs: drop
Mismatches in argument default values:
Name: 'na.rm' Code: FALSE Docs: TRUE
\S4method{colQuantiles}{Zi}
Code: function(x, rows = NULL, cols = NULL, probs = seq(from = 0, to
= 1, by = 0.25), na.rm = FALSE, type = 7L, digits =
7L, ..., useNames = TRUE, drop = TRUE)
Docs: function(x, rows = NULL, cols = NULL, probs = seq(from = 0, to
= 1, by = 0.25), na.rm = TRUE, type = 7L, ...,
useNames = TRUE, drop = TRUE)
Argument names in code not in docs:
digits
Mismatches in argument names:
Position: 7 Code: digits Docs: ...
Position: 8 Code: ... Docs: useNames
Position: 9 Code: useNames Docs: drop
Mismatches in argument default values:
Name: 'na.rm' Code: FALSE Docs: TRUE
* checking Rd \usage sections ... OK
* checking Rd contents ... OK
* checking for unstated dependencies in examples ... OK
* checking contents of ‘data’ directory ... OK
* checking data for non-ASCII characters ... OK
* checking data for ASCII and uncompressed saves ... OK
* checking sizes of PDF files under ‘inst/doc’ ... OK
* checking files in ‘vignettes’ ... OK
* checking examples ... OK
* checking for unstated dependencies in ‘tests’ ... OK
* checking tests ...
Running ‘testthat.R’
OK
* checking for unstated dependencies in vignettes ... OK
* checking package vignettes ... OK
* checking running R code from vignettes ... SKIPPED
* checking re-building of vignette outputs ... SKIPPED
* checking PDF version of manual ... OK
* DONE
Status: 1 WARNING, 2 NOTEs
See
‘/Users/biocbuild/bbs-3.20-bioc/meat/zitools.Rcheck/00check.log’
for details.
zitools.Rcheck/00install.out
############################################################################## ############################################################################## ### ### Running command: ### ### /Library/Frameworks/R.framework/Resources/bin/R CMD INSTALL zitools ### ############################################################################## ############################################################################## * installing to library ‘/Library/Frameworks/R.framework/Versions/4.4-x86_64/Resources/library’ * installing *source* package ‘zitools’ ... ** using staged installation ** R ** data ** byte-compile and prepare package for lazy loading Creating a new generic function for ‘weights’ in package ‘zitools’ Creating a new generic function for ‘weightedSd’ in package ‘zitools’ Creating a generic function for ‘cov’ from package ‘stats’ in package ‘zitools’ ** help *** installing help indices ** building package indices ** installing vignettes ** testing if installed package can be loaded from temporary location ** testing if installed package can be loaded from final location ** testing if installed package keeps a record of temporary installation path * DONE (zitools)
zitools.Rcheck/tests/testthat.Rout
R version 4.4.1 (2024-06-14) -- "Race for Your Life"
Copyright (C) 2024 The R Foundation for Statistical Computing
Platform: x86_64-apple-darwin20
R is free software and comes with ABSOLUTELY NO WARRANTY.
You are welcome to redistribute it under certain conditions.
Type 'license()' or 'licence()' for distribution details.
R is a collaborative project with many contributors.
Type 'contributors()' for more information and
'citation()' on how to cite R or R packages in publications.
Type 'demo()' for some demos, 'help()' for on-line help, or
'help.start()' for an HTML browser interface to help.
Type 'q()' to quit R.
> library(testthat)
> library(zitools)
Attaching package: 'zitools'
The following objects are masked from 'package:stats':
heatmap, weights
>
> test_check("zitools")
[ FAIL 0 | WARN 0 | SKIP 0 | PASS 9 ]
>
>
> proc.time()
user system elapsed
19.592 3.338 22.937
zitools.Rcheck/zitools-Ex.timings
| name | user | system | elapsed | |
| MissingValueHeatmap | 0.001 | 0.001 | 0.003 | |
| assays | 2.674 | 0.566 | 3.246 | |
| boxplot | 2.065 | 0.520 | 2.595 | |
| colData | 1.457 | 0.655 | 2.125 | |
| colMeans2 | 1.431 | 0.555 | 1.993 | |
| colMedians | 1.454 | 0.537 | 1.996 | |
| cor | 1.961 | 0.651 | 2.624 | |
| cov | 1.395 | 0.450 | 1.848 | |
| deinflatedcounts | 1.445 | 0.628 | 2.081 | |
| heatmap | 1.473 | 0.618 | 2.100 | |
| inputcounts | 1.925 | 0.557 | 2.486 | |
| inputdata | 1.413 | 0.596 | 2.017 | |
| log1p | 1.408 | 0.643 | 2.053 | |
| log2p | 1.405 | 0.508 | 1.914 | |
| mean | 1.915 | 0.627 | 2.576 | |
| median | 1.355 | 0.587 | 1.943 | |
| model | 1.363 | 0.696 | 2.063 | |
| otu_table | 1.430 | 0.588 | 2.019 | |
| plot | 1.891 | 0.603 | 2.497 | |
| plus | 2.777 | 1.223 | 4.035 | |
| quantile | 1.436 | 0.550 | 1.991 | |
| resample_deinflatedcounts | 1.911 | 0.606 | 2.520 | |
| rowData | 1.417 | 0.609 | 2.029 | |
| rowQuantiles | 1.396 | 0.625 | 2.026 | |
| rowSds | 1.383 | 0.513 | 1.897 | |
| rowVars | 1.869 | 0.548 | 2.418 | |
| rowWeightedMeans | 1.373 | 0.514 | 1.887 | |
| rowWeightedSds | 1.399 | 0.621 | 2.027 | |
| sample_data | 1.425 | 0.570 | 2.000 | |
| sd | 1.891 | 0.616 | 2.512 | |
| show | 1.349 | 0.532 | 1.883 | |
| slash | 1.361 | 0.549 | 1.915 | |
| subset_feature | 1.445 | 0.537 | 1.986 | |
| subset_sample | 1.885 | 0.614 | 2.503 | |
| t | 1.362 | 0.594 | 1.960 | |
| tax_table | 1.344 | 0.583 | 1.927 | |
| times | 1.321 | 0.512 | 1.834 | |
| var | 1.769 | 0.641 | 2.411 | |
| weighted.mean | 1.263 | 0.537 | 1.801 | |
| weightedVar | 1.274 | 0.510 | 1.785 | |
| weights | 1.298 | 0.453 | 1.751 | |
| zi2deseq2 | 1.874 | 0.372 | 2.246 | |
| zi2phyloseq | 1.284 | 0.463 | 1.747 | |
| ziMain | 1.276 | 0.507 | 1.784 | |