| Back to Multiple platform build/check report for BioC 3.20: simplified long | 
 | 
This page was generated on 2024-11-20 12:03 -0500 (Wed, 20 Nov 2024).
| Hostname | OS | Arch (*) | R version | Installed pkgs | 
|---|---|---|---|---|
| teran2 | Linux (Ubuntu 24.04.1 LTS) | x86_64 | 4.4.2 (2024-10-31) -- "Pile of Leaves" | 4481 | 
| nebbiolo2 | Linux (Ubuntu 24.04.1 LTS) | x86_64 | 4.4.2 (2024-10-31) -- "Pile of Leaves" | 4479 | 
| palomino8 | Windows Server 2022 Datacenter | x64 | 4.4.2 (2024-10-31 ucrt) -- "Pile of Leaves" | 4359 | 
| lconway | macOS 12.7.1 Monterey | x86_64 | 4.4.1 (2024-06-14) -- "Race for Your Life" | 4539 | 
| kunpeng2 | Linux (openEuler 22.03 LTS-SP1) | aarch64 | 4.4.1 (2024-06-14) -- "Race for Your Life" | 4493 | 
| Click on any hostname to see more info about the system (e.g. compilers) (*) as reported by 'uname -p', except on Windows and Mac OS X | ||||
| Package 2088/2289 | Hostname | OS / Arch | INSTALL | BUILD | CHECK | BUILD BIN | ||||||||
| supraHex 1.44.0  (landing page) Hai Fang 
 | teran2 | Linux (Ubuntu 24.04.1 LTS) / x86_64 | OK | ERROR | skipped | |||||||||
| nebbiolo2 | Linux (Ubuntu 24.04.1 LTS) / x86_64 | OK | ERROR | skipped | ||||||||||
| palomino8 | Windows Server 2022 Datacenter / x64 | OK | ERROR | skipped | skipped | |||||||||
| lconway | macOS 12.7.1 Monterey / x86_64 | OK | ERROR | skipped | skipped | |||||||||
| kunpeng2 | Linux (openEuler 22.03 LTS-SP1) / aarch64 | OK | OK | OK | ||||||||||
| To the developers/maintainers of the supraHex package: - Allow up to 24 hours (and sometimes 48 hours) for your latest push to git@git.bioconductor.org:packages/supraHex.git to reflect on this report. See Troubleshooting Build Report for more information. - Use the following Renviron settings to reproduce errors and warnings. - If 'R CMD check' started to fail recently on the Linux builder(s) over a missing dependency, add the missing dependency to 'Suggests:' in your DESCRIPTION file. See Renviron.bioc for more information. | 
| Package: supraHex | 
| Version: 1.44.0 | 
| Command: /home/biocbuild/bbs-3.20-bioc/R/bin/R CMD build --keep-empty-dirs --no-resave-data supraHex | 
| StartedAt: 2024-11-19 22:07:47 -0500 (Tue, 19 Nov 2024) | 
| EndedAt: 2024-11-19 22:07:56 -0500 (Tue, 19 Nov 2024) | 
| EllapsedTime: 9.0 seconds | 
| RetCode: 1 | 
| Status: ERROR | 
| PackageFile: None | 
| PackageFileSize: NA | 
############################################################################## ############################################################################## ### ### Running command: ### ### /home/biocbuild/bbs-3.20-bioc/R/bin/R CMD build --keep-empty-dirs --no-resave-data supraHex ### ############################################################################## ############################################################################## * checking for file ‘supraHex/DESCRIPTION’ ... OK * preparing ‘supraHex’: * checking DESCRIPTION meta-information ... OK * installing the package to build vignettes * creating vignettes ... ERROR --- re-building ‘supraHex_vignettes.Rnw’ using Sweave Loading required package: hexbin Start at 2024-11-19 22:07:54.057484 First, define topology of a map grid (2024-11-19 22:07:54.058193)... Second, initialise the codebook matrix (169 X 6) using 'linear' initialisation, given a topology and input data (2024-11-19 22:07:54.058193)... Third, get training at the rough stage (2024-11-19 22:07:54.069443)... 1 out of 2 (2024-11-19 22:07:54.071082) updated (2024-11-19 22:07:54.090167) 2 out of 2 (2024-11-19 22:07:54.09042) updated (2024-11-19 22:07:54.109646) Fourth, get training at the finetune stage (2024-11-19 22:07:54.109919)... 1 out of 7 (2024-11-19 22:07:54.111068) updated (2024-11-19 22:07:54.134297) 2 out of 7 (2024-11-19 22:07:54.134572) updated (2024-11-19 22:07:54.146046) 3 out of 7 (2024-11-19 22:07:54.146262) updated (2024-11-19 22:07:54.158206) 4 out of 7 (2024-11-19 22:07:54.158424) updated (2024-11-19 22:07:54.173322) 5 out of 7 (2024-11-19 22:07:54.173541) updated (2024-11-19 22:07:54.194127) 6 out of 7 (2024-11-19 22:07:54.194389) updated (2024-11-19 22:07:54.20578) 7 out of 7 (2024-11-19 22:07:54.206014) updated (2024-11-19 22:07:54.217143) Next, identify the best-matching hexagon/rectangle for the input data (2024-11-19 22:07:54.217386)... Finally, append the response data (hits and mqe) into the sMap object (2024-11-19 22:07:54.22841)... Below are the summaries of the training results: dimension of input data: 1000x6 xy-dimension of map grid: xdim=15, ydim=15, r=8 grid lattice: hexa grid shape: suprahex dimension of grid coord: 169x2 initialisation method: linear dimension of codebook matrix: 169x6 mean quantization error: 2.02944405798805 Below are the details of trainology: training algorithm: batch alpha type: invert training neighborhood kernel: gaussian trainlength (x input data length): 2 at rough stage; 7 at finetune stage radius (at rough stage): from 4 to 1 radius (at finetune stage): from 1 to 1 End at 2024-11-19 22:07:54.542434 Runtime in total is: 0 secs Warning: The `path` argument of `write_delim()` is deprecated as of readr 1.4.0. ℹ Please use the `file` argument instead. ℹ The deprecated feature was likely used in the supraHex package. Please report the issue to the authors. Error: processing vignette 'supraHex_vignettes.Rnw' failed with diagnostics: chunk 18 Error in igraph::as_data_frame(., what = "edge") : `arg` must be one of "edges", "vertices", or "both", not "edge". ℹ Did you mean "edges"? --- failed re-building ‘supraHex_vignettes.Rnw’ SUMMARY: processing the following file failed: ‘supraHex_vignettes.Rnw’ Error: Vignette re-building failed. Execution halted