| Back to Multiple platform build/check report for BioC 3.20: simplified long |
|
This page was generated on 2024-11-20 12:08 -0500 (Wed, 20 Nov 2024).
| Hostname | OS | Arch (*) | R version | Installed pkgs |
|---|---|---|---|---|
| teran2 | Linux (Ubuntu 24.04.1 LTS) | x86_64 | 4.4.2 (2024-10-31) -- "Pile of Leaves" | 4481 |
| nebbiolo2 | Linux (Ubuntu 24.04.1 LTS) | x86_64 | 4.4.2 (2024-10-31) -- "Pile of Leaves" | 4479 |
| palomino8 | Windows Server 2022 Datacenter | x64 | 4.4.2 (2024-10-31 ucrt) -- "Pile of Leaves" | 4359 |
| lconway | macOS 12.7.1 Monterey | x86_64 | 4.4.1 (2024-06-14) -- "Race for Your Life" | 4539 |
| kunpeng2 | Linux (openEuler 22.03 LTS-SP1) | aarch64 | 4.4.1 (2024-06-14) -- "Race for Your Life" | 4493 |
| Click on any hostname to see more info about the system (e.g. compilers) (*) as reported by 'uname -p', except on Windows and Mac OS X | ||||
| Package 1755/2289 | Hostname | OS / Arch | INSTALL | BUILD | CHECK | BUILD BIN | ||||||||
| rifi 1.10.0 (landing page) Jens Georg
| teran2 | Linux (Ubuntu 24.04.1 LTS) / x86_64 | OK | OK | WARNINGS | |||||||||
| nebbiolo2 | Linux (Ubuntu 24.04.1 LTS) / x86_64 | OK | OK | WARNINGS | ||||||||||
| palomino8 | Windows Server 2022 Datacenter / x64 | ... NOT SUPPORTED ... | ||||||||||||
| lconway | macOS 12.7.1 Monterey / x86_64 | OK | OK | WARNINGS | OK | |||||||||
| kunpeng2 | Linux (openEuler 22.03 LTS-SP1) / aarch64 | OK | OK | WARNINGS | ||||||||||
|
To the developers/maintainers of the rifi package: - Allow up to 24 hours (and sometimes 48 hours) for your latest push to git@git.bioconductor.org:packages/rifi.git to reflect on this report. See Troubleshooting Build Report for more information. - Use the following Renviron settings to reproduce errors and warnings. - If 'R CMD check' started to fail recently on the Linux builder(s) over a missing dependency, add the missing dependency to 'Suggests:' in your DESCRIPTION file. See Renviron.bioc for more information. - See Martin Grigorov's blog post for how to debug Linux ARM64 related issues on a x86_64 host. |
| Package: rifi |
| Version: 1.10.0 |
| Command: /home/biocbuild/R/R/bin/R CMD check --install=check:rifi.install-out.txt --library=/home/biocbuild/R/R/site-library --no-vignettes --timings rifi_1.10.0.tar.gz |
| StartedAt: 2024-11-20 11:42:00 -0000 (Wed, 20 Nov 2024) |
| EndedAt: 2024-11-20 11:55:30 -0000 (Wed, 20 Nov 2024) |
| EllapsedTime: 809.4 seconds |
| RetCode: 0 |
| Status: WARNINGS |
| CheckDir: rifi.Rcheck |
| Warnings: 2 |
##############################################################################
##############################################################################
###
### Running command:
###
### /home/biocbuild/R/R/bin/R CMD check --install=check:rifi.install-out.txt --library=/home/biocbuild/R/R/site-library --no-vignettes --timings rifi_1.10.0.tar.gz
###
##############################################################################
##############################################################################
* using log directory ‘/home/biocbuild/bbs-3.20-bioc/meat/rifi.Rcheck’
* using R version 4.4.1 (2024-06-14)
* using platform: aarch64-unknown-linux-gnu
* R was compiled by
gcc (GCC) 12.2.1 20220819 (openEuler 12.2.1-14)
GNU Fortran (GCC) 10.3.1
* running under: openEuler 22.03 (LTS-SP1)
* using session charset: UTF-8
* using option ‘--no-vignettes’
* checking for file ‘rifi/DESCRIPTION’ ... OK
* this is package ‘rifi’ version ‘1.10.0’
* package encoding: UTF-8
* checking package namespace information ... OK
* checking package dependencies ... OK
* checking if this is a source package ... OK
* checking if there is a namespace ... OK
* checking for hidden files and directories ... NOTE
Found the following hidden files and directories:
.BBSoptions
R/.ipynb_checkpoints
vignettes/.ipynb_checkpoints
These were most likely included in error. See section ‘Package
structure’ in the ‘Writing R Extensions’ manual.
* checking for portable file names ... OK
* checking for sufficient/correct file permissions ... OK
* checking whether package ‘rifi’ can be installed ... WARNING
Found the following significant warnings:
Note: next used in wrong context: no loop is visible
Warning: /home/biocbuild/bbs-3.20-bioc/meat/rifi/man/apply_Ttest_delay.Rd:55: unexpected '}'
Warning: /home/biocbuild/bbs-3.20-bioc/meat/rifi/man/predict_ps_itss.Rd:57: unexpected '}'
See ‘/home/biocbuild/bbs-3.20-bioc/meat/rifi.Rcheck/00install.out’ for details.
Information on the location(s) of code generating the ‘Note’s can be
obtained by re-running with environment variable R_KEEP_PKG_SOURCE set
to ‘yes’.
* checking installed package size ... OK
* checking package directory ... OK
* checking ‘build’ directory ... OK
* checking DESCRIPTION meta-information ... OK
* checking top-level files ... OK
* checking for left-over files ... OK
* checking index information ... OK
* checking package subdirectories ... OK
* checking code files for non-ASCII characters ... OK
* checking R files for syntax errors ... OK
* checking whether the package can be loaded ... OK
* checking whether the package can be loaded with stated dependencies ... OK
* checking whether the package can be unloaded cleanly ... OK
* checking whether the namespace can be loaded with stated dependencies ... OK
* checking whether the namespace can be unloaded cleanly ... OK
* checking loading without being on the library search path ... OK
* checking dependencies in R code ... OK
* checking S3 generic/method consistency ... OK
* checking replacement functions ... OK
* checking foreign function calls ... OK
* checking R code for possible problems ... OK
* checking Rd files ... WARNING
prepare_Rd: ./man/apply_Ttest_delay.Rd:55: unexpected '}'
prepare_Rd: ./man/predict_ps_itss.Rd:57: unexpected '}'
* checking Rd metadata ... OK
* checking Rd cross-references ... OK
* checking for missing documentation entries ... OK
* checking for code/documentation mismatches ... OK
* checking Rd \usage sections ... OK
* checking Rd contents ... OK
* checking for unstated dependencies in examples ... OK
* checking contents of ‘data’ directory ... OK
* checking data for non-ASCII characters ... OK
* checking data for ASCII and uncompressed saves ... OK
* checking files in ‘vignettes’ ... OK
* checking examples ... OK
Examples with CPU (user + system) or elapsed time > 5s
user system elapsed
rifi_wrapper 175.005 70.651 194.935
rifi_penalties 67.135 54.185 95.878
rifi_visualization 63.883 1.134 65.142
nls2_fit 53.762 2.049 33.422
rifi_fit 36.355 0.618 37.113
make_pen 12.262 9.256 17.138
TI_fit 16.884 2.266 11.240
rifi_fragmentation 4.248 1.199 5.023
* checking for unstated dependencies in vignettes ... OK
* checking package vignettes ... OK
* checking running R code from vignettes ... SKIPPED
* checking re-building of vignette outputs ... SKIPPED
* checking PDF version of manual ... OK
* DONE
Status: 2 WARNINGs, 1 NOTE
See
‘/home/biocbuild/bbs-3.20-bioc/meat/rifi.Rcheck/00check.log’
for details.
rifi.Rcheck/00install.out
############################################################################## ############################################################################## ### ### Running command: ### ### /home/biocbuild/R/R/bin/R CMD INSTALL rifi ### ############################################################################## ############################################################################## * installing to library ‘/home/biocbuild/R/R-4.4.1/site-library’ * installing *source* package ‘rifi’ ... ** using staged installation ** R ** data ** inst ** byte-compile and prepare package for lazy loading Note: next used in wrong context: no loop is visible ** help Warning: /home/biocbuild/bbs-3.20-bioc/meat/rifi/man/apply_Ttest_delay.Rd:55: unexpected '}' Warning: /home/biocbuild/bbs-3.20-bioc/meat/rifi/man/predict_ps_itss.Rd:57: unexpected '}' *** installing help indices ** building package indices ** installing vignettes ** testing if installed package can be loaded from temporary location ** testing if installed package can be loaded from final location ** testing if installed package keeps a record of temporary installation path * DONE (rifi)
rifi.Rcheck/rifi-Ex.timings
| name | user | system | elapsed | |
| TI_fit | 16.884 | 2.266 | 11.240 | |
| TUgether | 0.780 | 0.228 | 0.927 | |
| apply_Ttest_delay | 0.144 | 0.012 | 0.156 | |
| apply_ancova | 0.450 | 0.112 | 0.563 | |
| apply_event_position | 0.145 | 0.023 | 0.168 | |
| apply_manova | 1.823 | 0.743 | 2.571 | |
| apply_t_test | 0.895 | 0.068 | 0.966 | |
| apply_t_test_ti | 0.248 | 0.024 | 0.272 | |
| check_input | 0.461 | 0.012 | 0.474 | |
| dataframe_summary | 0.109 | 0.000 | 0.110 | |
| dataframe_summary_TI | 0.056 | 0.000 | 0.056 | |
| dataframe_summary_events | 1.047 | 0.020 | 1.070 | |
| dataframe_summary_events_HL_int | 0.860 | 0.015 | 0.878 | |
| dataframe_summary_events_ps_itss | 0.316 | 0.032 | 0.349 | |
| dataframe_summary_events_velocity | 0.338 | 0.047 | 0.387 | |
| event_dataframe | 1.111 | 0.068 | 1.181 | |
| finding_PDD | 0.300 | 0.194 | 0.401 | |
| finding_TI | 0.452 | 0.262 | 0.630 | |
| fold_change | 4.259 | 0.406 | 4.677 | |
| fragment_HL | 0.813 | 0.231 | 0.927 | |
| fragment_TI | 0.575 | 0.119 | 0.695 | |
| fragment_delay | 1.322 | 0.414 | 1.600 | |
| fragment_inty | 0.802 | 0.328 | 1.029 | |
| gff3_preprocess | 0.683 | 0.080 | 0.764 | |
| make_df | 0.927 | 0.385 | 0.835 | |
| make_pen | 12.262 | 9.256 | 17.138 | |
| nls2_fit | 53.762 | 2.049 | 33.422 | |
| predict_ps_itss | 0.354 | 0.040 | 0.394 | |
| rifi_fit | 36.355 | 0.618 | 37.113 | |
| rifi_fragmentation | 4.248 | 1.199 | 5.023 | |
| rifi_penalties | 67.135 | 54.185 | 95.878 | |
| rifi_preprocess | 2.198 | 0.798 | 2.407 | |
| rifi_stats | 4.371 | 0.355 | 4.737 | |
| rifi_summary | 2.833 | 0.144 | 2.982 | |
| rifi_visualization | 63.883 | 1.134 | 65.142 | |
| rifi_wrapper | 175.005 | 70.651 | 194.935 | |
| segment_pos | 0.253 | 0.005 | 0.258 | |
| viz_pen_obj | 0.009 | 0.000 | 0.009 | |